I20260710 13:18:18.292860  7001 raft_consensus.cc:993] T 64572aa86b774c39aa8c54dde84f160a P 2c48e38b0b264b749c16361dc6f7fda9: : Instructing follower d715efa13cdd4d6c9dc46666732c1f10 to start an election
I20260710 13:18:18.293449  7003 raft_consensus.cc:1081] T 64572aa86b774c39aa8c54dde84f160a P 2c48e38b0b264b749c16361dc6f7fda9 [term 1 LEADER]: Signalling peer d715efa13cdd4d6c9dc46666732c1f10 to start an election
I20260710 13:18:18.294988  6819 tablet_service.cc:2044] Received Run Leader Election RPC: tablet_id: "64572aa86b774c39aa8c54dde84f160a"
dest_uuid: "d715efa13cdd4d6c9dc46666732c1f10"
 from {username='slave'} at 127.0.0.1:41596
I20260710 13:18:18.295382  6819 raft_consensus.cc:493] T 64572aa86b774c39aa8c54dde84f160a P d715efa13cdd4d6c9dc46666732c1f10 [term 1 FOLLOWER]: Starting forced leader election (received explicit request)
I20260710 13:18:18.295606  6819 raft_consensus.cc:3060] T 64572aa86b774c39aa8c54dde84f160a P d715efa13cdd4d6c9dc46666732c1f10 [term 1 FOLLOWER]: Advancing to term 2
I20260710 13:18:18.299540  6819 raft_consensus.cc:515] T 64572aa86b774c39aa8c54dde84f160a P d715efa13cdd4d6c9dc46666732c1f10 [term 2 FOLLOWER]: Starting forced leader election with config: opid_index: -1 OBSOLETE_local: false peers { permanent_uuid: "2a86dd79c83c49f99f842c0a5584ae76" member_type: VOTER last_known_addr { host: "127.5.220.66" port: 45935 } } peers { permanent_uuid: "d715efa13cdd4d6c9dc46666732c1f10" member_type: VOTER last_known_addr { host: "127.5.220.67" port: 33373 } } peers { permanent_uuid: "2c48e38b0b264b749c16361dc6f7fda9" member_type: VOTER last_known_addr { host: "127.5.220.65" port: 39863 } }
I20260710 13:18:18.300904  6819 leader_election.cc:290] T 64572aa86b774c39aa8c54dde84f160a P d715efa13cdd4d6c9dc46666732c1f10 [CANDIDATE]: Term 2 election: Requested vote from peers 2a86dd79c83c49f99f842c0a5584ae76 (127.5.220.66:45935), 2c48e38b0b264b749c16361dc6f7fda9 (127.5.220.65:39863)
I20260710 13:18:18.301771  6748 tablet_service.cc:1917] Received RequestConsensusVote() RPC: tablet_id: "64572aa86b774c39aa8c54dde84f160a" candidate_uuid: "d715efa13cdd4d6c9dc46666732c1f10" candidate_term: 2 candidate_status { last_received { term: 1 index: 1 } } ignore_live_leader: true dest_uuid: "2a86dd79c83c49f99f842c0a5584ae76"
I20260710 13:18:18.301957  6671 tablet_service.cc:1917] Received RequestConsensusVote() RPC: tablet_id: "64572aa86b774c39aa8c54dde84f160a" candidate_uuid: "d715efa13cdd4d6c9dc46666732c1f10" candidate_term: 2 candidate_status { last_received { term: 1 index: 1 } } ignore_live_leader: true dest_uuid: "2c48e38b0b264b749c16361dc6f7fda9"
I20260710 13:18:18.302548  6748 raft_consensus.cc:3060] T 64572aa86b774c39aa8c54dde84f160a P 2a86dd79c83c49f99f842c0a5584ae76 [term 1 FOLLOWER]: Advancing to term 2
I20260710 13:18:18.302655  6671 raft_consensus.cc:3055] T 64572aa86b774c39aa8c54dde84f160a P 2c48e38b0b264b749c16361dc6f7fda9 [term 1 LEADER]: Stepping down as leader of term 1
I20260710 13:18:18.302997  6671 raft_consensus.cc:740] T 64572aa86b774c39aa8c54dde84f160a P 2c48e38b0b264b749c16361dc6f7fda9 [term 1 LEADER]: Becoming Follower/Learner. State: Replica: 2c48e38b0b264b749c16361dc6f7fda9, State: Running, Role: LEADER
I20260710 13:18:18.303633  6671 consensus_queue.cc:260] T 64572aa86b774c39aa8c54dde84f160a P 2c48e38b0b264b749c16361dc6f7fda9 [NON_LEADER]: Queue going to NON_LEADER mode. State: All replicated index: 0, Majority replicated index: 1, Committed index: 1, Last appended: 1.1, Last appended by leader: 1, Current term: 1, Majority size: -1, State: 0, Mode: NON_LEADER, active raft config: opid_index: -1 OBSOLETE_local: false peers { permanent_uuid: "2a86dd79c83c49f99f842c0a5584ae76" member_type: VOTER last_known_addr { host: "127.5.220.66" port: 45935 } } peers { permanent_uuid: "d715efa13cdd4d6c9dc46666732c1f10" member_type: VOTER last_known_addr { host: "127.5.220.67" port: 33373 } } peers { permanent_uuid: "2c48e38b0b264b749c16361dc6f7fda9" member_type: VOTER last_known_addr { host: "127.5.220.65" port: 39863 } }
I20260710 13:18:18.305024  6671 raft_consensus.cc:3060] T 64572aa86b774c39aa8c54dde84f160a P 2c48e38b0b264b749c16361dc6f7fda9 [term 1 FOLLOWER]: Advancing to term 2
I20260710 13:18:18.307394  6748 raft_consensus.cc:2468] T 64572aa86b774c39aa8c54dde84f160a P 2a86dd79c83c49f99f842c0a5584ae76 [term 2 FOLLOWER]: Leader election vote request: Granting yes vote for candidate d715efa13cdd4d6c9dc46666732c1f10 in term 2.
I20260710 13:18:18.308753  6788 leader_election.cc:304] T 64572aa86b774c39aa8c54dde84f160a P d715efa13cdd4d6c9dc46666732c1f10 [CANDIDATE]: Term 2 election: Election decided. Result: candidate won. Election summary: received 2 responses out of 3 voters: 2 yes votes; 0 no votes. yes voters: 2a86dd79c83c49f99f842c0a5584ae76, d715efa13cdd4d6c9dc46666732c1f10; no voters: 
I20260710 13:18:18.309552  6956 raft_consensus.cc:2804] T 64572aa86b774c39aa8c54dde84f160a P d715efa13cdd4d6c9dc46666732c1f10 [term 2 FOLLOWER]: Leader election won for term 2
I20260710 13:18:18.310595  6956 raft_consensus.cc:697] T 64572aa86b774c39aa8c54dde84f160a P d715efa13cdd4d6c9dc46666732c1f10 [term 2 LEADER]: Becoming Leader. State: Replica: d715efa13cdd4d6c9dc46666732c1f10, State: Running, Role: LEADER
I20260710 13:18:18.311614  6671 raft_consensus.cc:2468] T 64572aa86b774c39aa8c54dde84f160a P 2c48e38b0b264b749c16361dc6f7fda9 [term 2 FOLLOWER]: Leader election vote request: Granting yes vote for candidate d715efa13cdd4d6c9dc46666732c1f10 in term 2.
I20260710 13:18:18.311496  6956 consensus_queue.cc:237] T 64572aa86b774c39aa8c54dde84f160a P d715efa13cdd4d6c9dc46666732c1f10 [LEADER]: Queue going to LEADER mode. State: All replicated index: 0, Majority replicated index: 1, Committed index: 1, Last appended: 1.1, Last appended by leader: 1, Current term: 2, Majority size: 2, State: 0, Mode: LEADER, active raft config: opid_index: -1 OBSOLETE_local: false peers { permanent_uuid: "2a86dd79c83c49f99f842c0a5584ae76" member_type: VOTER last_known_addr { host: "127.5.220.66" port: 45935 } } peers { permanent_uuid: "d715efa13cdd4d6c9dc46666732c1f10" member_type: VOTER last_known_addr { host: "127.5.220.67" port: 33373 } } peers { permanent_uuid: "2c48e38b0b264b749c16361dc6f7fda9" member_type: VOTER last_known_addr { host: "127.5.220.65" port: 39863 } }
I20260710 13:18:18.319208  6570 catalog_manager.cc:5697] T 64572aa86b774c39aa8c54dde84f160a P d715efa13cdd4d6c9dc46666732c1f10 reported cstate change: term changed from 1 to 2, leader changed from 2c48e38b0b264b749c16361dc6f7fda9 (127.5.220.65) to d715efa13cdd4d6c9dc46666732c1f10 (127.5.220.67). New cstate: current_term: 2 leader_uuid: "d715efa13cdd4d6c9dc46666732c1f10" committed_config { opid_index: -1 OBSOLETE_local: false peers { permanent_uuid: "2a86dd79c83c49f99f842c0a5584ae76" member_type: VOTER last_known_addr { host: "127.5.220.66" port: 45935 } health_report { overall_health: UNKNOWN } } peers { permanent_uuid: "d715efa13cdd4d6c9dc46666732c1f10" member_type: VOTER last_known_addr { host: "127.5.220.67" port: 33373 } health_report { overall_health: HEALTHY } } peers { permanent_uuid: "2c48e38b0b264b749c16361dc6f7fda9" member_type: VOTER last_known_addr { host: "127.5.220.65" port: 39863 } health_report { overall_health: UNKNOWN } } }
I20260710 13:18:18.429378  7003 raft_consensus.cc:993] T 65789359810e42c59e39a3242ebc4d34 P 2c48e38b0b264b749c16361dc6f7fda9: : Instructing follower 2a86dd79c83c49f99f842c0a5584ae76 to start an election
I20260710 13:18:18.429840  7001 raft_consensus.cc:1081] T 65789359810e42c59e39a3242ebc4d34 P 2c48e38b0b264b749c16361dc6f7fda9 [term 3 LEADER]: Signalling peer 2a86dd79c83c49f99f842c0a5584ae76 to start an election
I20260710 13:18:18.431186  6748 tablet_service.cc:2044] Received Run Leader Election RPC: tablet_id: "65789359810e42c59e39a3242ebc4d34"
dest_uuid: "2a86dd79c83c49f99f842c0a5584ae76"
 from {username='slave'} at 127.0.0.1:49394
I20260710 13:18:18.431671  6748 raft_consensus.cc:493] T 65789359810e42c59e39a3242ebc4d34 P 2a86dd79c83c49f99f842c0a5584ae76 [term 3 FOLLOWER]: Starting forced leader election (received explicit request)
I20260710 13:18:18.431926  6748 raft_consensus.cc:3060] T 65789359810e42c59e39a3242ebc4d34 P 2a86dd79c83c49f99f842c0a5584ae76 [term 3 FOLLOWER]: Advancing to term 4
I20260710 13:18:18.435962  6748 raft_consensus.cc:515] T 65789359810e42c59e39a3242ebc4d34 P 2a86dd79c83c49f99f842c0a5584ae76 [term 4 FOLLOWER]: Starting forced leader election with config: opid_index: -1 OBSOLETE_local: false peers { permanent_uuid: "2c48e38b0b264b749c16361dc6f7fda9" member_type: VOTER last_known_addr { host: "127.5.220.65" port: 39863 } } peers { permanent_uuid: "2a86dd79c83c49f99f842c0a5584ae76" member_type: VOTER last_known_addr { host: "127.5.220.66" port: 45935 } } peers { permanent_uuid: "d715efa13cdd4d6c9dc46666732c1f10" member_type: VOTER last_known_addr { host: "127.5.220.67" port: 33373 } }
I20260710 13:18:18.437285  6748 leader_election.cc:290] T 65789359810e42c59e39a3242ebc4d34 P 2a86dd79c83c49f99f842c0a5584ae76 [CANDIDATE]: Term 4 election: Requested vote from peers 2c48e38b0b264b749c16361dc6f7fda9 (127.5.220.65:39863), d715efa13cdd4d6c9dc46666732c1f10 (127.5.220.67:33373)
I20260710 13:18:18.438127  6671 tablet_service.cc:1917] Received RequestConsensusVote() RPC: tablet_id: "65789359810e42c59e39a3242ebc4d34" candidate_uuid: "2a86dd79c83c49f99f842c0a5584ae76" candidate_term: 4 candidate_status { last_received { term: 3 index: 3 } } ignore_live_leader: true dest_uuid: "2c48e38b0b264b749c16361dc6f7fda9"
I20260710 13:18:18.438321  6820 tablet_service.cc:1917] Received RequestConsensusVote() RPC: tablet_id: "65789359810e42c59e39a3242ebc4d34" candidate_uuid: "2a86dd79c83c49f99f842c0a5584ae76" candidate_term: 4 candidate_status { last_received { term: 3 index: 3 } } ignore_live_leader: true dest_uuid: "d715efa13cdd4d6c9dc46666732c1f10"
I20260710 13:18:18.438647  6671 raft_consensus.cc:3055] T 65789359810e42c59e39a3242ebc4d34 P 2c48e38b0b264b749c16361dc6f7fda9 [term 3 LEADER]: Stepping down as leader of term 3
I20260710 13:18:18.438874  6820 raft_consensus.cc:3060] T 65789359810e42c59e39a3242ebc4d34 P d715efa13cdd4d6c9dc46666732c1f10 [term 3 FOLLOWER]: Advancing to term 4
I20260710 13:18:18.439009  6671 raft_consensus.cc:740] T 65789359810e42c59e39a3242ebc4d34 P 2c48e38b0b264b749c16361dc6f7fda9 [term 3 LEADER]: Becoming Follower/Learner. State: Replica: 2c48e38b0b264b749c16361dc6f7fda9, State: Running, Role: LEADER
I20260710 13:18:18.439725  6671 consensus_queue.cc:260] T 65789359810e42c59e39a3242ebc4d34 P 2c48e38b0b264b749c16361dc6f7fda9 [NON_LEADER]: Queue going to NON_LEADER mode. State: All replicated index: 0, Majority replicated index: 3, Committed index: 3, Last appended: 3.3, Last appended by leader: 3, Current term: 3, Majority size: -1, State: 0, Mode: NON_LEADER, active raft config: opid_index: -1 OBSOLETE_local: false peers { permanent_uuid: "2c48e38b0b264b749c16361dc6f7fda9" member_type: VOTER last_known_addr { host: "127.5.220.65" port: 39863 } } peers { permanent_uuid: "2a86dd79c83c49f99f842c0a5584ae76" member_type: VOTER last_known_addr { host: "127.5.220.66" port: 45935 } } peers { permanent_uuid: "d715efa13cdd4d6c9dc46666732c1f10" member_type: VOTER last_known_addr { host: "127.5.220.67" port: 33373 } }
I20260710 13:18:18.440608  6671 raft_consensus.cc:3060] T 65789359810e42c59e39a3242ebc4d34 P 2c48e38b0b264b749c16361dc6f7fda9 [term 3 FOLLOWER]: Advancing to term 4
I20260710 13:18:18.443707  6820 raft_consensus.cc:2468] T 65789359810e42c59e39a3242ebc4d34 P d715efa13cdd4d6c9dc46666732c1f10 [term 4 FOLLOWER]: Leader election vote request: Granting yes vote for candidate 2a86dd79c83c49f99f842c0a5584ae76 in term 4.
I20260710 13:18:18.444857  6711 leader_election.cc:304] T 65789359810e42c59e39a3242ebc4d34 P 2a86dd79c83c49f99f842c0a5584ae76 [CANDIDATE]: Term 4 election: Election decided. Result: candidate won. Election summary: received 2 responses out of 3 voters: 2 yes votes; 0 no votes. yes voters: 2a86dd79c83c49f99f842c0a5584ae76, d715efa13cdd4d6c9dc46666732c1f10; no voters: 
I20260710 13:18:18.444995  6671 raft_consensus.cc:2468] T 65789359810e42c59e39a3242ebc4d34 P 2c48e38b0b264b749c16361dc6f7fda9 [term 4 FOLLOWER]: Leader election vote request: Granting yes vote for candidate 2a86dd79c83c49f99f842c0a5584ae76 in term 4.
I20260710 13:18:18.445521  7002 raft_consensus.cc:2804] T 65789359810e42c59e39a3242ebc4d34 P 2a86dd79c83c49f99f842c0a5584ae76 [term 4 FOLLOWER]: Leader election won for term 4
I20260710 13:18:18.446762  7002 raft_consensus.cc:697] T 65789359810e42c59e39a3242ebc4d34 P 2a86dd79c83c49f99f842c0a5584ae76 [term 4 LEADER]: Becoming Leader. State: Replica: 2a86dd79c83c49f99f842c0a5584ae76, State: Running, Role: LEADER
I20260710 13:18:18.447710  7002 consensus_queue.cc:237] T 65789359810e42c59e39a3242ebc4d34 P 2a86dd79c83c49f99f842c0a5584ae76 [LEADER]: Queue going to LEADER mode. State: All replicated index: 0, Majority replicated index: 3, Committed index: 3, Last appended: 3.3, Last appended by leader: 3, Current term: 4, Majority size: 2, State: 0, Mode: LEADER, active raft config: opid_index: -1 OBSOLETE_local: false peers { permanent_uuid: "2c48e38b0b264b749c16361dc6f7fda9" member_type: VOTER last_known_addr { host: "127.5.220.65" port: 39863 } } peers { permanent_uuid: "2a86dd79c83c49f99f842c0a5584ae76" member_type: VOTER last_known_addr { host: "127.5.220.66" port: 45935 } } peers { permanent_uuid: "d715efa13cdd4d6c9dc46666732c1f10" member_type: VOTER last_known_addr { host: "127.5.220.67" port: 33373 } }
I20260710 13:18:18.454439  6570 catalog_manager.cc:5697] T 65789359810e42c59e39a3242ebc4d34 P 2a86dd79c83c49f99f842c0a5584ae76 reported cstate change: term changed from 3 to 4, leader changed from 2c48e38b0b264b749c16361dc6f7fda9 (127.5.220.65) to 2a86dd79c83c49f99f842c0a5584ae76 (127.5.220.66). New cstate: current_term: 4 leader_uuid: "2a86dd79c83c49f99f842c0a5584ae76" committed_config { opid_index: -1 OBSOLETE_local: false peers { permanent_uuid: "2c48e38b0b264b749c16361dc6f7fda9" member_type: VOTER last_known_addr { host: "127.5.220.65" port: 39863 } health_report { overall_health: UNKNOWN } } peers { permanent_uuid: "2a86dd79c83c49f99f842c0a5584ae76" member_type: VOTER last_known_addr { host: "127.5.220.66" port: 45935 } health_report { overall_health: HEALTHY } } peers { permanent_uuid: "d715efa13cdd4d6c9dc46666732c1f10" member_type: VOTER last_known_addr { host: "127.5.220.67" port: 33373 } health_report { overall_health: UNKNOWN } } }
I20260710 13:18:18.463810  7003 raft_consensus.cc:993] T 9f8ec665fd114b8abef8d1e1d3990444 P 2c48e38b0b264b749c16361dc6f7fda9: : Instructing follower d715efa13cdd4d6c9dc46666732c1f10 to start an election
I20260710 13:18:18.464339  7001 raft_consensus.cc:1081] T 9f8ec665fd114b8abef8d1e1d3990444 P 2c48e38b0b264b749c16361dc6f7fda9 [term 2 LEADER]: Signalling peer d715efa13cdd4d6c9dc46666732c1f10 to start an election
I20260710 13:18:18.466197  6820 tablet_service.cc:2044] Received Run Leader Election RPC: tablet_id: "9f8ec665fd114b8abef8d1e1d3990444"
dest_uuid: "d715efa13cdd4d6c9dc46666732c1f10"
 from {username='slave'} at 127.0.0.1:41596
I20260710 13:18:18.466709  6820 raft_consensus.cc:493] T 9f8ec665fd114b8abef8d1e1d3990444 P d715efa13cdd4d6c9dc46666732c1f10 [term 2 FOLLOWER]: Starting forced leader election (received explicit request)
I20260710 13:18:18.467322  6820 raft_consensus.cc:3060] T 9f8ec665fd114b8abef8d1e1d3990444 P d715efa13cdd4d6c9dc46666732c1f10 [term 2 FOLLOWER]: Advancing to term 3
I20260710 13:18:18.472527  6820 raft_consensus.cc:515] T 9f8ec665fd114b8abef8d1e1d3990444 P d715efa13cdd4d6c9dc46666732c1f10 [term 3 FOLLOWER]: Starting forced leader election with config: opid_index: -1 OBSOLETE_local: false peers { permanent_uuid: "2c48e38b0b264b749c16361dc6f7fda9" member_type: VOTER last_known_addr { host: "127.5.220.65" port: 39863 } } peers { permanent_uuid: "2a86dd79c83c49f99f842c0a5584ae76" member_type: VOTER last_known_addr { host: "127.5.220.66" port: 45935 } } peers { permanent_uuid: "d715efa13cdd4d6c9dc46666732c1f10" member_type: VOTER last_known_addr { host: "127.5.220.67" port: 33373 } }
I20260710 13:18:18.474224  6820 leader_election.cc:290] T 9f8ec665fd114b8abef8d1e1d3990444 P d715efa13cdd4d6c9dc46666732c1f10 [CANDIDATE]: Term 3 election: Requested vote from peers 2c48e38b0b264b749c16361dc6f7fda9 (127.5.220.65:39863), 2a86dd79c83c49f99f842c0a5584ae76 (127.5.220.66:45935)
I20260710 13:18:18.475154  6671 tablet_service.cc:1917] Received RequestConsensusVote() RPC: tablet_id: "9f8ec665fd114b8abef8d1e1d3990444" candidate_uuid: "d715efa13cdd4d6c9dc46666732c1f10" candidate_term: 3 candidate_status { last_received { term: 2 index: 2 } } ignore_live_leader: true dest_uuid: "2c48e38b0b264b749c16361dc6f7fda9"
I20260710 13:18:18.475270  6748 tablet_service.cc:1917] Received RequestConsensusVote() RPC: tablet_id: "9f8ec665fd114b8abef8d1e1d3990444" candidate_uuid: "d715efa13cdd4d6c9dc46666732c1f10" candidate_term: 3 candidate_status { last_received { term: 2 index: 2 } } ignore_live_leader: true dest_uuid: "2a86dd79c83c49f99f842c0a5584ae76"
I20260710 13:18:18.475678  6671 raft_consensus.cc:3055] T 9f8ec665fd114b8abef8d1e1d3990444 P 2c48e38b0b264b749c16361dc6f7fda9 [term 2 LEADER]: Stepping down as leader of term 2
I20260710 13:18:18.475768  6748 raft_consensus.cc:3060] T 9f8ec665fd114b8abef8d1e1d3990444 P 2a86dd79c83c49f99f842c0a5584ae76 [term 2 FOLLOWER]: Advancing to term 3
I20260710 13:18:18.475960  6671 raft_consensus.cc:740] T 9f8ec665fd114b8abef8d1e1d3990444 P 2c48e38b0b264b749c16361dc6f7fda9 [term 2 LEADER]: Becoming Follower/Learner. State: Replica: 2c48e38b0b264b749c16361dc6f7fda9, State: Running, Role: LEADER
I20260710 13:18:18.476645  6671 consensus_queue.cc:260] T 9f8ec665fd114b8abef8d1e1d3990444 P 2c48e38b0b264b749c16361dc6f7fda9 [NON_LEADER]: Queue going to NON_LEADER mode. State: All replicated index: 0, Majority replicated index: 2, Committed index: 2, Last appended: 2.2, Last appended by leader: 2, Current term: 2, Majority size: -1, State: 0, Mode: NON_LEADER, active raft config: opid_index: -1 OBSOLETE_local: false peers { permanent_uuid: "2c48e38b0b264b749c16361dc6f7fda9" member_type: VOTER last_known_addr { host: "127.5.220.65" port: 39863 } } peers { permanent_uuid: "2a86dd79c83c49f99f842c0a5584ae76" member_type: VOTER last_known_addr { host: "127.5.220.66" port: 45935 } } peers { permanent_uuid: "d715efa13cdd4d6c9dc46666732c1f10" member_type: VOTER last_known_addr { host: "127.5.220.67" port: 33373 } }
I20260710 13:18:18.477527  6671 raft_consensus.cc:3060] T 9f8ec665fd114b8abef8d1e1d3990444 P 2c48e38b0b264b749c16361dc6f7fda9 [term 2 FOLLOWER]: Advancing to term 3
I20260710 13:18:18.480157  6748 raft_consensus.cc:2468] T 9f8ec665fd114b8abef8d1e1d3990444 P 2a86dd79c83c49f99f842c0a5584ae76 [term 3 FOLLOWER]: Leader election vote request: Granting yes vote for candidate d715efa13cdd4d6c9dc46666732c1f10 in term 3.
I20260710 13:18:18.481438  6788 leader_election.cc:304] T 9f8ec665fd114b8abef8d1e1d3990444 P d715efa13cdd4d6c9dc46666732c1f10 [CANDIDATE]: Term 3 election: Election decided. Result: candidate won. Election summary: received 2 responses out of 3 voters: 2 yes votes; 0 no votes. yes voters: 2a86dd79c83c49f99f842c0a5584ae76, d715efa13cdd4d6c9dc46666732c1f10; no voters: 
I20260710 13:18:18.482259  6956 raft_consensus.cc:2804] T 9f8ec665fd114b8abef8d1e1d3990444 P d715efa13cdd4d6c9dc46666732c1f10 [term 3 FOLLOWER]: Leader election won for term 3
I20260710 13:18:18.482829  6956 raft_consensus.cc:697] T 9f8ec665fd114b8abef8d1e1d3990444 P d715efa13cdd4d6c9dc46666732c1f10 [term 3 LEADER]: Becoming Leader. State: Replica: d715efa13cdd4d6c9dc46666732c1f10, State: Running, Role: LEADER
I20260710 13:18:18.483008  6671 raft_consensus.cc:2468] T 9f8ec665fd114b8abef8d1e1d3990444 P 2c48e38b0b264b749c16361dc6f7fda9 [term 3 FOLLOWER]: Leader election vote request: Granting yes vote for candidate d715efa13cdd4d6c9dc46666732c1f10 in term 3.
I20260710 13:18:18.483687  6956 consensus_queue.cc:237] T 9f8ec665fd114b8abef8d1e1d3990444 P d715efa13cdd4d6c9dc46666732c1f10 [LEADER]: Queue going to LEADER mode. State: All replicated index: 0, Majority replicated index: 2, Committed index: 2, Last appended: 2.2, Last appended by leader: 2, Current term: 3, Majority size: 2, State: 0, Mode: LEADER, active raft config: opid_index: -1 OBSOLETE_local: false peers { permanent_uuid: "2c48e38b0b264b749c16361dc6f7fda9" member_type: VOTER last_known_addr { host: "127.5.220.65" port: 39863 } } peers { permanent_uuid: "2a86dd79c83c49f99f842c0a5584ae76" member_type: VOTER last_known_addr { host: "127.5.220.66" port: 45935 } } peers { permanent_uuid: "d715efa13cdd4d6c9dc46666732c1f10" member_type: VOTER last_known_addr { host: "127.5.220.67" port: 33373 } }
I20260710 13:18:18.491899  6570 catalog_manager.cc:5697] T 9f8ec665fd114b8abef8d1e1d3990444 P d715efa13cdd4d6c9dc46666732c1f10 reported cstate change: term changed from 2 to 3, leader changed from 2c48e38b0b264b749c16361dc6f7fda9 (127.5.220.65) to d715efa13cdd4d6c9dc46666732c1f10 (127.5.220.67). New cstate: current_term: 3 leader_uuid: "d715efa13cdd4d6c9dc46666732c1f10" committed_config { opid_index: -1 OBSOLETE_local: false peers { permanent_uuid: "2c48e38b0b264b749c16361dc6f7fda9" member_type: VOTER last_known_addr { host: "127.5.220.65" port: 39863 } health_report { overall_health: UNKNOWN } } peers { permanent_uuid: "2a86dd79c83c49f99f842c0a5584ae76" member_type: VOTER last_known_addr { host: "127.5.220.66" port: 45935 } health_report { overall_health: UNKNOWN } } peers { permanent_uuid: "d715efa13cdd4d6c9dc46666732c1f10" member_type: VOTER last_known_addr { host: "127.5.220.67" port: 33373 } health_report { overall_health: HEALTHY } } }
I20260710 13:18:18.552275  7003 raft_consensus.cc:993] T 3b7ba90ef85746aea2a18a93aefb0760 P 2c48e38b0b264b749c16361dc6f7fda9: : Instructing follower 2a86dd79c83c49f99f842c0a5584ae76 to start an election
I20260710 13:18:18.552745  7001 raft_consensus.cc:1081] T 3b7ba90ef85746aea2a18a93aefb0760 P 2c48e38b0b264b749c16361dc6f7fda9 [term 1 LEADER]: Signalling peer 2a86dd79c83c49f99f842c0a5584ae76 to start an election
I20260710 13:18:18.554188  6748 tablet_service.cc:2044] Received Run Leader Election RPC: tablet_id: "3b7ba90ef85746aea2a18a93aefb0760"
dest_uuid: "2a86dd79c83c49f99f842c0a5584ae76"
 from {username='slave'} at 127.0.0.1:49394
I20260710 13:18:18.554661  6748 raft_consensus.cc:493] T 3b7ba90ef85746aea2a18a93aefb0760 P 2a86dd79c83c49f99f842c0a5584ae76 [term 1 FOLLOWER]: Starting forced leader election (received explicit request)
I20260710 13:18:18.554925  6748 raft_consensus.cc:3060] T 3b7ba90ef85746aea2a18a93aefb0760 P 2a86dd79c83c49f99f842c0a5584ae76 [term 1 FOLLOWER]: Advancing to term 2
I20260710 13:18:18.558987  6748 raft_consensus.cc:515] T 3b7ba90ef85746aea2a18a93aefb0760 P 2a86dd79c83c49f99f842c0a5584ae76 [term 2 FOLLOWER]: Starting forced leader election with config: opid_index: -1 OBSOLETE_local: false peers { permanent_uuid: "2c48e38b0b264b749c16361dc6f7fda9" member_type: VOTER last_known_addr { host: "127.5.220.65" port: 39863 } } peers { permanent_uuid: "2a86dd79c83c49f99f842c0a5584ae76" member_type: VOTER last_known_addr { host: "127.5.220.66" port: 45935 } } peers { permanent_uuid: "d715efa13cdd4d6c9dc46666732c1f10" member_type: VOTER last_known_addr { host: "127.5.220.67" port: 33373 } }
I20260710 13:18:18.560369  6748 leader_election.cc:290] T 3b7ba90ef85746aea2a18a93aefb0760 P 2a86dd79c83c49f99f842c0a5584ae76 [CANDIDATE]: Term 2 election: Requested vote from peers 2c48e38b0b264b749c16361dc6f7fda9 (127.5.220.65:39863), d715efa13cdd4d6c9dc46666732c1f10 (127.5.220.67:33373)
I20260710 13:18:18.561332  6671 tablet_service.cc:1917] Received RequestConsensusVote() RPC: tablet_id: "3b7ba90ef85746aea2a18a93aefb0760" candidate_uuid: "2a86dd79c83c49f99f842c0a5584ae76" candidate_term: 2 candidate_status { last_received { term: 1 index: 1 } } ignore_live_leader: true dest_uuid: "2c48e38b0b264b749c16361dc6f7fda9"
I20260710 13:18:18.561604  6820 tablet_service.cc:1917] Received RequestConsensusVote() RPC: tablet_id: "3b7ba90ef85746aea2a18a93aefb0760" candidate_uuid: "2a86dd79c83c49f99f842c0a5584ae76" candidate_term: 2 candidate_status { last_received { term: 1 index: 1 } } ignore_live_leader: true dest_uuid: "d715efa13cdd4d6c9dc46666732c1f10"
I20260710 13:18:18.562039  6671 raft_consensus.cc:3055] T 3b7ba90ef85746aea2a18a93aefb0760 P 2c48e38b0b264b749c16361dc6f7fda9 [term 1 LEADER]: Stepping down as leader of term 1
I20260710 13:18:18.562321  6820 raft_consensus.cc:3060] T 3b7ba90ef85746aea2a18a93aefb0760 P d715efa13cdd4d6c9dc46666732c1f10 [term 1 FOLLOWER]: Advancing to term 2
I20260710 13:18:18.562389  6671 raft_consensus.cc:740] T 3b7ba90ef85746aea2a18a93aefb0760 P 2c48e38b0b264b749c16361dc6f7fda9 [term 1 LEADER]: Becoming Follower/Learner. State: Replica: 2c48e38b0b264b749c16361dc6f7fda9, State: Running, Role: LEADER
I20260710 13:18:18.563303  6671 consensus_queue.cc:260] T 3b7ba90ef85746aea2a18a93aefb0760 P 2c48e38b0b264b749c16361dc6f7fda9 [NON_LEADER]: Queue going to NON_LEADER mode. State: All replicated index: 0, Majority replicated index: 1, Committed index: 1, Last appended: 1.1, Last appended by leader: 1, Current term: 1, Majority size: -1, State: 0, Mode: NON_LEADER, active raft config: opid_index: -1 OBSOLETE_local: false peers { permanent_uuid: "2c48e38b0b264b749c16361dc6f7fda9" member_type: VOTER last_known_addr { host: "127.5.220.65" port: 39863 } } peers { permanent_uuid: "2a86dd79c83c49f99f842c0a5584ae76" member_type: VOTER last_known_addr { host: "127.5.220.66" port: 45935 } } peers { permanent_uuid: "d715efa13cdd4d6c9dc46666732c1f10" member_type: VOTER last_known_addr { host: "127.5.220.67" port: 33373 } }
I20260710 13:18:18.564348  6671 raft_consensus.cc:3060] T 3b7ba90ef85746aea2a18a93aefb0760 P 2c48e38b0b264b749c16361dc6f7fda9 [term 1 FOLLOWER]: Advancing to term 2
I20260710 13:18:18.569598  6820 raft_consensus.cc:2468] T 3b7ba90ef85746aea2a18a93aefb0760 P d715efa13cdd4d6c9dc46666732c1f10 [term 2 FOLLOWER]: Leader election vote request: Granting yes vote for candidate 2a86dd79c83c49f99f842c0a5584ae76 in term 2.
I20260710 13:18:18.571276  6671 raft_consensus.cc:2468] T 3b7ba90ef85746aea2a18a93aefb0760 P 2c48e38b0b264b749c16361dc6f7fda9 [term 2 FOLLOWER]: Leader election vote request: Granting yes vote for candidate 2a86dd79c83c49f99f842c0a5584ae76 in term 2.
I20260710 13:18:18.571350  6711 leader_election.cc:304] T 3b7ba90ef85746aea2a18a93aefb0760 P 2a86dd79c83c49f99f842c0a5584ae76 [CANDIDATE]: Term 2 election: Election decided. Result: candidate won. Election summary: received 2 responses out of 3 voters: 2 yes votes; 0 no votes. yes voters: 2a86dd79c83c49f99f842c0a5584ae76, d715efa13cdd4d6c9dc46666732c1f10; no voters: 
I20260710 13:18:18.572212  7002 raft_consensus.cc:2804] T 3b7ba90ef85746aea2a18a93aefb0760 P 2a86dd79c83c49f99f842c0a5584ae76 [term 2 FOLLOWER]: Leader election won for term 2
I20260710 13:18:18.572714  7002 raft_consensus.cc:697] T 3b7ba90ef85746aea2a18a93aefb0760 P 2a86dd79c83c49f99f842c0a5584ae76 [term 2 LEADER]: Becoming Leader. State: Replica: 2a86dd79c83c49f99f842c0a5584ae76, State: Running, Role: LEADER
I20260710 13:18:18.573553  7002 consensus_queue.cc:237] T 3b7ba90ef85746aea2a18a93aefb0760 P 2a86dd79c83c49f99f842c0a5584ae76 [LEADER]: Queue going to LEADER mode. State: All replicated index: 0, Majority replicated index: 1, Committed index: 1, Last appended: 1.1, Last appended by leader: 1, Current term: 2, Majority size: 2, State: 0, Mode: LEADER, active raft config: opid_index: -1 OBSOLETE_local: false peers { permanent_uuid: "2c48e38b0b264b749c16361dc6f7fda9" member_type: VOTER last_known_addr { host: "127.5.220.65" port: 39863 } } peers { permanent_uuid: "2a86dd79c83c49f99f842c0a5584ae76" member_type: VOTER last_known_addr { host: "127.5.220.66" port: 45935 } } peers { permanent_uuid: "d715efa13cdd4d6c9dc46666732c1f10" member_type: VOTER last_known_addr { host: "127.5.220.67" port: 33373 } }
I20260710 13:18:18.581012  6570 catalog_manager.cc:5697] T 3b7ba90ef85746aea2a18a93aefb0760 P 2a86dd79c83c49f99f842c0a5584ae76 reported cstate change: term changed from 1 to 2, leader changed from 2c48e38b0b264b749c16361dc6f7fda9 (127.5.220.65) to 2a86dd79c83c49f99f842c0a5584ae76 (127.5.220.66). New cstate: current_term: 2 leader_uuid: "2a86dd79c83c49f99f842c0a5584ae76" committed_config { opid_index: -1 OBSOLETE_local: false peers { permanent_uuid: "2c48e38b0b264b749c16361dc6f7fda9" member_type: VOTER last_known_addr { host: "127.5.220.65" port: 39863 } health_report { overall_health: UNKNOWN } } peers { permanent_uuid: "2a86dd79c83c49f99f842c0a5584ae76" member_type: VOTER last_known_addr { host: "127.5.220.66" port: 45935 } health_report { overall_health: HEALTHY } } peers { permanent_uuid: "d715efa13cdd4d6c9dc46666732c1f10" member_type: VOTER last_known_addr { host: "127.5.220.67" port: 33373 } health_report { overall_health: UNKNOWN } } }
I20260710 13:18:18.734369  6748 raft_consensus.cc:1275] T 64572aa86b774c39aa8c54dde84f160a P 2a86dd79c83c49f99f842c0a5584ae76 [term 2 FOLLOWER]: Refusing update from remote peer d715efa13cdd4d6c9dc46666732c1f10: Log matching property violated. Preceding OpId in replica: term: 1 index: 1. Preceding OpId from leader: term: 2 index: 2. (index mismatch)
I20260710 13:18:18.735715  6956 consensus_queue.cc:1048] T 64572aa86b774c39aa8c54dde84f160a P d715efa13cdd4d6c9dc46666732c1f10 [LEADER]: Connected to new peer: Peer: permanent_uuid: "2a86dd79c83c49f99f842c0a5584ae76" member_type: VOTER last_known_addr { host: "127.5.220.66" port: 45935 }, Status: LMP_MISMATCH, Last received: 0.0, Next index: 2, Last known committed idx: 1, Time since last communication: 0.000s
I20260710 13:18:18.747859  6671 raft_consensus.cc:1275] T 64572aa86b774c39aa8c54dde84f160a P 2c48e38b0b264b749c16361dc6f7fda9 [term 2 FOLLOWER]: Refusing update from remote peer d715efa13cdd4d6c9dc46666732c1f10: Log matching property violated. Preceding OpId in replica: term: 1 index: 1. Preceding OpId from leader: term: 2 index: 2. (index mismatch)
I20260710 13:18:18.749298  7004 consensus_queue.cc:1048] T 64572aa86b774c39aa8c54dde84f160a P d715efa13cdd4d6c9dc46666732c1f10 [LEADER]: Connected to new peer: Peer: permanent_uuid: "2c48e38b0b264b749c16361dc6f7fda9" member_type: VOTER last_known_addr { host: "127.5.220.65" port: 39863 }, Status: LMP_MISMATCH, Last received: 0.0, Next index: 2, Last known committed idx: 1, Time since last communication: 0.000s
I20260710 13:18:18.885803  6671 raft_consensus.cc:1275] T 9f8ec665fd114b8abef8d1e1d3990444 P 2c48e38b0b264b749c16361dc6f7fda9 [term 3 FOLLOWER]: Refusing update from remote peer d715efa13cdd4d6c9dc46666732c1f10: Log matching property violated. Preceding OpId in replica: term: 2 index: 2. Preceding OpId from leader: term: 3 index: 3. (index mismatch)
I20260710 13:18:18.887030  7004 consensus_queue.cc:1048] T 9f8ec665fd114b8abef8d1e1d3990444 P d715efa13cdd4d6c9dc46666732c1f10 [LEADER]: Connected to new peer: Peer: permanent_uuid: "2c48e38b0b264b749c16361dc6f7fda9" member_type: VOTER last_known_addr { host: "127.5.220.65" port: 39863 }, Status: LMP_MISMATCH, Last received: 0.0, Next index: 3, Last known committed idx: 2, Time since last communication: 0.000s
I20260710 13:18:18.895607  6748 raft_consensus.cc:1275] T 9f8ec665fd114b8abef8d1e1d3990444 P 2a86dd79c83c49f99f842c0a5584ae76 [term 3 FOLLOWER]: Refusing update from remote peer d715efa13cdd4d6c9dc46666732c1f10: Log matching property violated. Preceding OpId in replica: term: 2 index: 2. Preceding OpId from leader: term: 3 index: 3. (index mismatch)
I20260710 13:18:18.897240  6956 consensus_queue.cc:1048] T 9f8ec665fd114b8abef8d1e1d3990444 P d715efa13cdd4d6c9dc46666732c1f10 [LEADER]: Connected to new peer: Peer: permanent_uuid: "2a86dd79c83c49f99f842c0a5584ae76" member_type: VOTER last_known_addr { host: "127.5.220.66" port: 45935 }, Status: LMP_MISMATCH, Last received: 0.0, Next index: 3, Last known committed idx: 2, Time since last communication: 0.000s
I20260710 13:18:18.984534  6671 raft_consensus.cc:1275] T 65789359810e42c59e39a3242ebc4d34 P 2c48e38b0b264b749c16361dc6f7fda9 [term 4 FOLLOWER]: Refusing update from remote peer 2a86dd79c83c49f99f842c0a5584ae76: Log matching property violated. Preceding OpId in replica: term: 3 index: 3. Preceding OpId from leader: term: 4 index: 4. (index mismatch)
I20260710 13:18:18.985688  7002 consensus_queue.cc:1048] T 65789359810e42c59e39a3242ebc4d34 P 2a86dd79c83c49f99f842c0a5584ae76 [LEADER]: Connected to new peer: Peer: permanent_uuid: "2c48e38b0b264b749c16361dc6f7fda9" member_type: VOTER last_known_addr { host: "127.5.220.65" port: 39863 }, Status: LMP_MISMATCH, Last received: 0.0, Next index: 4, Last known committed idx: 3, Time since last communication: 0.000s
I20260710 13:18:18.994134  6820 raft_consensus.cc:1275] T 65789359810e42c59e39a3242ebc4d34 P d715efa13cdd4d6c9dc46666732c1f10 [term 4 FOLLOWER]: Refusing update from remote peer 2a86dd79c83c49f99f842c0a5584ae76: Log matching property violated. Preceding OpId in replica: term: 3 index: 3. Preceding OpId from leader: term: 4 index: 4. (index mismatch)
I20260710 13:18:18.996019  7024 consensus_queue.cc:1048] T 65789359810e42c59e39a3242ebc4d34 P 2a86dd79c83c49f99f842c0a5584ae76 [LEADER]: Connected to new peer: Peer: permanent_uuid: "d715efa13cdd4d6c9dc46666732c1f10" member_type: VOTER last_known_addr { host: "127.5.220.67" port: 33373 }, Status: LMP_MISMATCH, Last received: 0.0, Next index: 4, Last known committed idx: 3, Time since last communication: 0.000s
I20260710 13:18:19.046725  6671 raft_consensus.cc:1275] T 3b7ba90ef85746aea2a18a93aefb0760 P 2c48e38b0b264b749c16361dc6f7fda9 [term 2 FOLLOWER]: Refusing update from remote peer 2a86dd79c83c49f99f842c0a5584ae76: Log matching property violated. Preceding OpId in replica: term: 1 index: 1. Preceding OpId from leader: term: 2 index: 2. (index mismatch)
I20260710 13:18:19.048053  7024 consensus_queue.cc:1048] T 3b7ba90ef85746aea2a18a93aefb0760 P 2a86dd79c83c49f99f842c0a5584ae76 [LEADER]: Connected to new peer: Peer: permanent_uuid: "2c48e38b0b264b749c16361dc6f7fda9" member_type: VOTER last_known_addr { host: "127.5.220.65" port: 39863 }, Status: LMP_MISMATCH, Last received: 0.0, Next index: 2, Last known committed idx: 1, Time since last communication: 0.000s
I20260710 13:18:19.056384  6820 raft_consensus.cc:1275] T 3b7ba90ef85746aea2a18a93aefb0760 P d715efa13cdd4d6c9dc46666732c1f10 [term 2 FOLLOWER]: Refusing update from remote peer 2a86dd79c83c49f99f842c0a5584ae76: Log matching property violated. Preceding OpId in replica: term: 1 index: 1. Preceding OpId from leader: term: 2 index: 2. (index mismatch)
I20260710 13:18:19.058832  7024 consensus_queue.cc:1048] T 3b7ba90ef85746aea2a18a93aefb0760 P 2a86dd79c83c49f99f842c0a5584ae76 [LEADER]: Connected to new peer: Peer: permanent_uuid: "d715efa13cdd4d6c9dc46666732c1f10" member_type: VOTER last_known_addr { host: "127.5.220.67" port: 33373 }, Status: LMP_MISMATCH, Last received: 0.0, Next index: 2, Last known committed idx: 1, Time since last communication: 0.000s
I20260710 13:18:19.278522  6001 auto_leader_rebalancer.cc:141] leader rebalance for table test-workload
I20260710 13:18:19.285712  6001 tablet_server.cc:179] TabletServer@127.5.220.65:0 shutting down...
I20260710 13:18:19.308179  6001 ts_tablet_manager.cc:1507] Shutting down tablet manager...
I20260710 13:18:19.308992  6001 tablet_replica.cc:333] T 0fae18a101b140b38f685bdee383ac8b P 2c48e38b0b264b749c16361dc6f7fda9: stopping tablet replica
I20260710 13:18:19.309688  6001 raft_consensus.cc:2243] T 0fae18a101b140b38f685bdee383ac8b P 2c48e38b0b264b749c16361dc6f7fda9 [term 3 LEADER]: Raft consensus shutting down.
I20260710 13:18:19.310523  6001 raft_consensus.cc:2272] T 0fae18a101b140b38f685bdee383ac8b P 2c48e38b0b264b749c16361dc6f7fda9 [term 3 FOLLOWER]: Raft consensus is shut down!
I20260710 13:18:19.312420  6001 tablet_replica.cc:333] T 65789359810e42c59e39a3242ebc4d34 P 2c48e38b0b264b749c16361dc6f7fda9: stopping tablet replica
I20260710 13:18:19.312991  6001 raft_consensus.cc:2243] T 65789359810e42c59e39a3242ebc4d34 P 2c48e38b0b264b749c16361dc6f7fda9 [term 4 FOLLOWER]: Raft consensus shutting down.
I20260710 13:18:19.313462  6001 raft_consensus.cc:2272] T 65789359810e42c59e39a3242ebc4d34 P 2c48e38b0b264b749c16361dc6f7fda9 [term 4 FOLLOWER]: Raft consensus is shut down!
I20260710 13:18:19.316424  6001 tablet_replica.cc:333] T 9179bd9e52cf4798a9948d29825cca5f P 2c48e38b0b264b749c16361dc6f7fda9: stopping tablet replica
I20260710 13:18:19.317027  6001 raft_consensus.cc:2243] T 9179bd9e52cf4798a9948d29825cca5f P 2c48e38b0b264b749c16361dc6f7fda9 [term 4 LEADER]: Raft consensus shutting down.
I20260710 13:18:19.317922  6001 raft_consensus.cc:2272] T 9179bd9e52cf4798a9948d29825cca5f P 2c48e38b0b264b749c16361dc6f7fda9 [term 4 FOLLOWER]: Raft consensus is shut down!
I20260710 13:18:19.319726  6001 tablet_replica.cc:333] T 2869beda3dd94db5a28fbc2f0d8f9558 P 2c48e38b0b264b749c16361dc6f7fda9: stopping tablet replica
I20260710 13:18:19.320439  6001 raft_consensus.cc:2243] T 2869beda3dd94db5a28fbc2f0d8f9558 P 2c48e38b0b264b749c16361dc6f7fda9 [term 4 LEADER]: Raft consensus shutting down.
I20260710 13:18:19.321280  6001 raft_consensus.cc:2272] T 2869beda3dd94db5a28fbc2f0d8f9558 P 2c48e38b0b264b749c16361dc6f7fda9 [term 4 FOLLOWER]: Raft consensus is shut down!
I20260710 13:18:19.323069  6001 tablet_replica.cc:333] T b7d8f5e876194fdd851bee9372164e2b P 2c48e38b0b264b749c16361dc6f7fda9: stopping tablet replica
I20260710 13:18:19.323568  6001 raft_consensus.cc:2243] T b7d8f5e876194fdd851bee9372164e2b P 2c48e38b0b264b749c16361dc6f7fda9 [term 2 FOLLOWER]: Raft consensus shutting down.
I20260710 13:18:19.323963  6001 raft_consensus.cc:2272] T b7d8f5e876194fdd851bee9372164e2b P 2c48e38b0b264b749c16361dc6f7fda9 [term 2 FOLLOWER]: Raft consensus is shut down!
I20260710 13:18:19.325511  6001 tablet_replica.cc:333] T 9f8ec665fd114b8abef8d1e1d3990444 P 2c48e38b0b264b749c16361dc6f7fda9: stopping tablet replica
I20260710 13:18:19.326072  6001 raft_consensus.cc:2243] T 9f8ec665fd114b8abef8d1e1d3990444 P 2c48e38b0b264b749c16361dc6f7fda9 [term 3 FOLLOWER]: Raft consensus shutting down.
I20260710 13:18:19.326470  6001 raft_consensus.cc:2272] T 9f8ec665fd114b8abef8d1e1d3990444 P 2c48e38b0b264b749c16361dc6f7fda9 [term 3 FOLLOWER]: Raft consensus is shut down!
I20260710 13:18:19.328828  6001 tablet_replica.cc:333] T 07e8dc24ef164f9789329d556aa37c5d P 2c48e38b0b264b749c16361dc6f7fda9: stopping tablet replica
I20260710 13:18:19.329367  6001 raft_consensus.cc:2243] T 07e8dc24ef164f9789329d556aa37c5d P 2c48e38b0b264b749c16361dc6f7fda9 [term 1 FOLLOWER]: Raft consensus shutting down.
I20260710 13:18:19.329763  6001 raft_consensus.cc:2272] T 07e8dc24ef164f9789329d556aa37c5d P 2c48e38b0b264b749c16361dc6f7fda9 [term 1 FOLLOWER]: Raft consensus is shut down!
I20260710 13:18:19.331403  6001 tablet_replica.cc:333] T 41b96cd210c642d7b9720af4cc283e8a P 2c48e38b0b264b749c16361dc6f7fda9: stopping tablet replica
I20260710 13:18:19.331856  6001 raft_consensus.cc:2243] T 41b96cd210c642d7b9720af4cc283e8a P 2c48e38b0b264b749c16361dc6f7fda9 [term 2 LEADER]: Raft consensus shutting down.
I20260710 13:18:19.332535  6001 raft_consensus.cc:2272] T 41b96cd210c642d7b9720af4cc283e8a P 2c48e38b0b264b749c16361dc6f7fda9 [term 2 FOLLOWER]: Raft consensus is shut down!
I20260710 13:18:19.334218  6001 tablet_replica.cc:333] T 64572aa86b774c39aa8c54dde84f160a P 2c48e38b0b264b749c16361dc6f7fda9: stopping tablet replica
I20260710 13:18:19.334687  6001 raft_consensus.cc:2243] T 64572aa86b774c39aa8c54dde84f160a P 2c48e38b0b264b749c16361dc6f7fda9 [term 2 FOLLOWER]: Raft consensus shutting down.
I20260710 13:18:19.335156  6001 raft_consensus.cc:2272] T 64572aa86b774c39aa8c54dde84f160a P 2c48e38b0b264b749c16361dc6f7fda9 [term 2 FOLLOWER]: Raft consensus is shut down!
I20260710 13:18:19.337085  6001 tablet_replica.cc:333] T 3b7ba90ef85746aea2a18a93aefb0760 P 2c48e38b0b264b749c16361dc6f7fda9: stopping tablet replica
I20260710 13:18:19.337536  6001 raft_consensus.cc:2243] T 3b7ba90ef85746aea2a18a93aefb0760 P 2c48e38b0b264b749c16361dc6f7fda9 [term 2 FOLLOWER]: Raft consensus shutting down.
I20260710 13:18:19.337952  6001 raft_consensus.cc:2272] T 3b7ba90ef85746aea2a18a93aefb0760 P 2c48e38b0b264b749c16361dc6f7fda9 [term 2 FOLLOWER]: Raft consensus is shut down!
I20260710 13:18:19.366333  6001 tablet_server.cc:196] TabletServer@127.5.220.65:0 shutdown complete.
I20260710 13:18:19.390225  6001 tablet_server.cc:179] TabletServer@127.5.220.66:0 shutting down...
I20260710 13:18:19.418165  6001 ts_tablet_manager.cc:1507] Shutting down tablet manager...
I20260710 13:18:19.418818  6001 tablet_replica.cc:333] T 3b7ba90ef85746aea2a18a93aefb0760 P 2a86dd79c83c49f99f842c0a5584ae76: stopping tablet replica
I20260710 13:18:19.419497  6001 raft_consensus.cc:2243] T 3b7ba90ef85746aea2a18a93aefb0760 P 2a86dd79c83c49f99f842c0a5584ae76 [term 2 LEADER]: Raft consensus shutting down.
I20260710 13:18:19.420377  6001 raft_consensus.cc:2272] T 3b7ba90ef85746aea2a18a93aefb0760 P 2a86dd79c83c49f99f842c0a5584ae76 [term 2 FOLLOWER]: Raft consensus is shut down!
I20260710 13:18:19.422822  6001 tablet_replica.cc:333] T 64572aa86b774c39aa8c54dde84f160a P 2a86dd79c83c49f99f842c0a5584ae76: stopping tablet replica
I20260710 13:18:19.423554  6001 raft_consensus.cc:2243] T 64572aa86b774c39aa8c54dde84f160a P 2a86dd79c83c49f99f842c0a5584ae76 [term 2 FOLLOWER]: Raft consensus shutting down.
I20260710 13:18:19.424005  6001 raft_consensus.cc:2272] T 64572aa86b774c39aa8c54dde84f160a P 2a86dd79c83c49f99f842c0a5584ae76 [term 2 FOLLOWER]: Raft consensus is shut down!
I20260710 13:18:19.426280  6001 tablet_replica.cc:333] T 65789359810e42c59e39a3242ebc4d34 P 2a86dd79c83c49f99f842c0a5584ae76: stopping tablet replica
I20260710 13:18:19.426852  6001 raft_consensus.cc:2243] T 65789359810e42c59e39a3242ebc4d34 P 2a86dd79c83c49f99f842c0a5584ae76 [term 4 LEADER]: Raft consensus shutting down.
I20260710 13:18:19.427590  6001 raft_consensus.cc:2272] T 65789359810e42c59e39a3242ebc4d34 P 2a86dd79c83c49f99f842c0a5584ae76 [term 4 FOLLOWER]: Raft consensus is shut down!
I20260710 13:18:19.429628  6001 tablet_replica.cc:333] T 0fae18a101b140b38f685bdee383ac8b P 2a86dd79c83c49f99f842c0a5584ae76: stopping tablet replica
I20260710 13:18:19.430209  6001 raft_consensus.cc:2243] T 0fae18a101b140b38f685bdee383ac8b P 2a86dd79c83c49f99f842c0a5584ae76 [term 3 FOLLOWER]: Raft consensus shutting down.
I20260710 13:18:19.430621  6001 raft_consensus.cc:2272] T 0fae18a101b140b38f685bdee383ac8b P 2a86dd79c83c49f99f842c0a5584ae76 [term 3 FOLLOWER]: Raft consensus is shut down!
I20260710 13:18:19.432224  6001 tablet_replica.cc:333] T 9f8ec665fd114b8abef8d1e1d3990444 P 2a86dd79c83c49f99f842c0a5584ae76: stopping tablet replica
I20260710 13:18:19.432737  6001 raft_consensus.cc:2243] T 9f8ec665fd114b8abef8d1e1d3990444 P 2a86dd79c83c49f99f842c0a5584ae76 [term 3 FOLLOWER]: Raft consensus shutting down.
I20260710 13:18:19.433135  6001 raft_consensus.cc:2272] T 9f8ec665fd114b8abef8d1e1d3990444 P 2a86dd79c83c49f99f842c0a5584ae76 [term 3 FOLLOWER]: Raft consensus is shut down!
I20260710 13:18:19.435369  6001 tablet_replica.cc:333] T 07e8dc24ef164f9789329d556aa37c5d P 2a86dd79c83c49f99f842c0a5584ae76: stopping tablet replica
I20260710 13:18:19.435904  6001 raft_consensus.cc:2243] T 07e8dc24ef164f9789329d556aa37c5d P 2a86dd79c83c49f99f842c0a5584ae76 [term 1 LEADER]: Raft consensus shutting down.
I20260710 13:18:19.436717  6001 raft_consensus.cc:2272] T 07e8dc24ef164f9789329d556aa37c5d P 2a86dd79c83c49f99f842c0a5584ae76 [term 1 FOLLOWER]: Raft consensus is shut down!
I20260710 13:18:19.438362  6001 tablet_replica.cc:333] T 41b96cd210c642d7b9720af4cc283e8a P 2a86dd79c83c49f99f842c0a5584ae76: stopping tablet replica
I20260710 13:18:19.438868  6001 raft_consensus.cc:2243] T 41b96cd210c642d7b9720af4cc283e8a P 2a86dd79c83c49f99f842c0a5584ae76 [term 2 FOLLOWER]: Raft consensus shutting down.
I20260710 13:18:19.439284  6001 raft_consensus.cc:2272] T 41b96cd210c642d7b9720af4cc283e8a P 2a86dd79c83c49f99f842c0a5584ae76 [term 2 FOLLOWER]: Raft consensus is shut down!
I20260710 13:18:19.440855  6001 tablet_replica.cc:333] T b7d8f5e876194fdd851bee9372164e2b P 2a86dd79c83c49f99f842c0a5584ae76: stopping tablet replica
I20260710 13:18:19.441359  6001 raft_consensus.cc:2243] T b7d8f5e876194fdd851bee9372164e2b P 2a86dd79c83c49f99f842c0a5584ae76 [term 2 FOLLOWER]: Raft consensus shutting down.
I20260710 13:18:19.441830  6001 raft_consensus.cc:2272] T b7d8f5e876194fdd851bee9372164e2b P 2a86dd79c83c49f99f842c0a5584ae76 [term 2 FOLLOWER]: Raft consensus is shut down!
I20260710 13:18:19.443624  6001 tablet_replica.cc:333] T 9179bd9e52cf4798a9948d29825cca5f P 2a86dd79c83c49f99f842c0a5584ae76: stopping tablet replica
I20260710 13:18:19.444633  6001 raft_consensus.cc:2243] T 9179bd9e52cf4798a9948d29825cca5f P 2a86dd79c83c49f99f842c0a5584ae76 [term 4 FOLLOWER]: Raft consensus shutting down.
I20260710 13:18:19.445106  6001 raft_consensus.cc:2272] T 9179bd9e52cf4798a9948d29825cca5f P 2a86dd79c83c49f99f842c0a5584ae76 [term 4 FOLLOWER]: Raft consensus is shut down!
I20260710 13:18:19.447085  6001 tablet_replica.cc:333] T 2869beda3dd94db5a28fbc2f0d8f9558 P 2a86dd79c83c49f99f842c0a5584ae76: stopping tablet replica
I20260710 13:18:19.447593  6001 raft_consensus.cc:2243] T 2869beda3dd94db5a28fbc2f0d8f9558 P 2a86dd79c83c49f99f842c0a5584ae76 [term 4 FOLLOWER]: Raft consensus shutting down.
I20260710 13:18:19.448035  6001 raft_consensus.cc:2272] T 2869beda3dd94db5a28fbc2f0d8f9558 P 2a86dd79c83c49f99f842c0a5584ae76 [term 4 FOLLOWER]: Raft consensus is shut down!
W20260710 13:18:19.453514  6785 proxy.cc:239] Call had error, refreshing address and retrying: Network error: Client connection negotiation failed: client connection to 127.5.220.65:39863: connect: Connection refused (error 111) [suppressed 3 similar messages]
W20260710 13:18:19.456987  6785 consensus_peers.cc:597] T b7d8f5e876194fdd851bee9372164e2b P d715efa13cdd4d6c9dc46666732c1f10 -> Peer 2c48e38b0b264b749c16361dc6f7fda9 (127.5.220.65:39863): Couldn't send request to peer 2c48e38b0b264b749c16361dc6f7fda9. Status: Network error: Client connection negotiation failed: client connection to 127.5.220.65:39863: connect: Connection refused (error 111). This is attempt 1: this message will repeat every 5th retry.
I20260710 13:18:19.479362  6001 tablet_server.cc:196] TabletServer@127.5.220.66:0 shutdown complete.
I20260710 13:18:19.498617  6001 tablet_server.cc:179] TabletServer@127.5.220.67:0 shutting down...
W20260710 13:18:19.513473  6785 consensus_peers.cc:597] T 9f8ec665fd114b8abef8d1e1d3990444 P d715efa13cdd4d6c9dc46666732c1f10 -> Peer 2c48e38b0b264b749c16361dc6f7fda9 (127.5.220.65:39863): Couldn't send request to peer 2c48e38b0b264b749c16361dc6f7fda9. Status: Network error: Client connection negotiation failed: client connection to 127.5.220.65:39863: connect: Connection refused (error 111). This is attempt 1: this message will repeat every 5th retry.
I20260710 13:18:19.524185  6001 ts_tablet_manager.cc:1507] Shutting down tablet manager...
I20260710 13:18:19.524894  6001 tablet_replica.cc:333] T 41b96cd210c642d7b9720af4cc283e8a P d715efa13cdd4d6c9dc46666732c1f10: stopping tablet replica
I20260710 13:18:19.525570  6001 raft_consensus.cc:2243] T 41b96cd210c642d7b9720af4cc283e8a P d715efa13cdd4d6c9dc46666732c1f10 [term 2 FOLLOWER]: Raft consensus shutting down.
I20260710 13:18:19.526089  6001 raft_consensus.cc:2272] T 41b96cd210c642d7b9720af4cc283e8a P d715efa13cdd4d6c9dc46666732c1f10 [term 2 FOLLOWER]: Raft consensus is shut down!
I20260710 13:18:19.527756  6001 tablet_replica.cc:333] T 3b7ba90ef85746aea2a18a93aefb0760 P d715efa13cdd4d6c9dc46666732c1f10: stopping tablet replica
I20260710 13:18:19.528348  6001 raft_consensus.cc:2243] T 3b7ba90ef85746aea2a18a93aefb0760 P d715efa13cdd4d6c9dc46666732c1f10 [term 2 FOLLOWER]: Raft consensus shutting down.
I20260710 13:18:19.528750  6001 raft_consensus.cc:2272] T 3b7ba90ef85746aea2a18a93aefb0760 P d715efa13cdd4d6c9dc46666732c1f10 [term 2 FOLLOWER]: Raft consensus is shut down!
I20260710 13:18:19.530751  6001 tablet_replica.cc:333] T 0fae18a101b140b38f685bdee383ac8b P d715efa13cdd4d6c9dc46666732c1f10: stopping tablet replica
I20260710 13:18:19.531251  6001 raft_consensus.cc:2243] T 0fae18a101b140b38f685bdee383ac8b P d715efa13cdd4d6c9dc46666732c1f10 [term 3 FOLLOWER]: Raft consensus shutting down.
I20260710 13:18:19.531654  6001 raft_consensus.cc:2272] T 0fae18a101b140b38f685bdee383ac8b P d715efa13cdd4d6c9dc46666732c1f10 [term 3 FOLLOWER]: Raft consensus is shut down!
I20260710 13:18:19.533397  6001 tablet_replica.cc:333] T 65789359810e42c59e39a3242ebc4d34 P d715efa13cdd4d6c9dc46666732c1f10: stopping tablet replica
I20260710 13:18:19.534015  6001 raft_consensus.cc:2243] T 65789359810e42c59e39a3242ebc4d34 P d715efa13cdd4d6c9dc46666732c1f10 [term 4 FOLLOWER]: Raft consensus shutting down.
I20260710 13:18:19.534463  6001 raft_consensus.cc:2272] T 65789359810e42c59e39a3242ebc4d34 P d715efa13cdd4d6c9dc46666732c1f10 [term 4 FOLLOWER]: Raft consensus is shut down!
I20260710 13:18:19.537000  6001 tablet_replica.cc:333] T 2869beda3dd94db5a28fbc2f0d8f9558 P d715efa13cdd4d6c9dc46666732c1f10: stopping tablet replica
I20260710 13:18:19.537458  6001 raft_consensus.cc:2243] T 2869beda3dd94db5a28fbc2f0d8f9558 P d715efa13cdd4d6c9dc46666732c1f10 [term 4 FOLLOWER]: Raft consensus shutting down.
I20260710 13:18:19.537859  6001 raft_consensus.cc:2272] T 2869beda3dd94db5a28fbc2f0d8f9558 P d715efa13cdd4d6c9dc46666732c1f10 [term 4 FOLLOWER]: Raft consensus is shut down!
I20260710 13:18:19.539331  6001 tablet_replica.cc:333] T b7d8f5e876194fdd851bee9372164e2b P d715efa13cdd4d6c9dc46666732c1f10: stopping tablet replica
I20260710 13:18:19.539815  6001 raft_consensus.cc:2243] T b7d8f5e876194fdd851bee9372164e2b P d715efa13cdd4d6c9dc46666732c1f10 [term 2 LEADER]: Raft consensus shutting down.
