I20260710 13:18:26.826557 12689 raft_consensus.cc:1275] T bedabe03cb3849458e4e5512da396d34 P 4a9cc216395b440a99151b6b0fe1d5b1 [term 1 FOLLOWER]: Refusing update from remote peer 51ff0b406bc145449daa9b2f8bb78123: Log matching property violated. Preceding OpId in replica: term: 1 index: 3. Preceding OpId from leader: term: 1 index: 4. (index mismatch)
I20260710 13:18:26.828562 12963 consensus_queue.cc:1048] T bedabe03cb3849458e4e5512da396d34 P 51ff0b406bc145449daa9b2f8bb78123 [LEADER]: Connected to new peer: Peer: permanent_uuid: "4a9cc216395b440a99151b6b0fe1d5b1" member_type: VOTER last_known_addr { host: "127.10.222.132" port: 40999 } attrs { promote: false }, Status: LMP_MISMATCH, Last received: 0.0, Next index: 4, Last known committed idx: 3, Time since last communication: 0.000s
I20260710 13:18:26.840152 12239 raft_consensus.cc:1275] T bedabe03cb3849458e4e5512da396d34 P 2254f03c3dc84c9ea40eaae976b5898c [term 1 FOLLOWER]: Refusing update from remote peer 51ff0b406bc145449daa9b2f8bb78123: Log matching property violated. Preceding OpId in replica: term: 1 index: 3. Preceding OpId from leader: term: 1 index: 4. (index mismatch)
I20260710 13:18:26.840307 12953 raft_consensus.cc:2955] T bedabe03cb3849458e4e5512da396d34 P 51ff0b406bc145449daa9b2f8bb78123 [term 1 LEADER]: Committing config change with OpId 1.4: config changed from index 3 to 4, VOTER 60d99263a645492288edc3d77a32af20 (127.10.222.131) evicted. New config: { opid_index: 4 OBSOLETE_local: false peers { permanent_uuid: "2254f03c3dc84c9ea40eaae976b5898c" member_type: VOTER last_known_addr { host: "127.10.222.129" port: 34139 } } peers { permanent_uuid: "51ff0b406bc145449daa9b2f8bb78123" member_type: VOTER last_known_addr { host: "127.10.222.130" port: 39511 } } peers { permanent_uuid: "4a9cc216395b440a99151b6b0fe1d5b1" member_type: VOTER last_known_addr { host: "127.10.222.132" port: 40999 } attrs { promote: false } } }
I20260710 13:18:26.844378 12963 consensus_queue.cc:1048] T bedabe03cb3849458e4e5512da396d34 P 51ff0b406bc145449daa9b2f8bb78123 [LEADER]: Connected to new peer: Peer: permanent_uuid: "2254f03c3dc84c9ea40eaae976b5898c" member_type: VOTER last_known_addr { host: "127.10.222.129" port: 34139 }, Status: LMP_MISMATCH, Last received: 0.0, Next index: 4, Last known committed idx: 3, Time since last communication: 0.000s
I20260710 13:18:26.847541 12693 raft_consensus.cc:2955] T bedabe03cb3849458e4e5512da396d34 P 4a9cc216395b440a99151b6b0fe1d5b1 [term 1 FOLLOWER]: Committing config change with OpId 1.4: config changed from index 3 to 4, VOTER 60d99263a645492288edc3d77a32af20 (127.10.222.131) evicted. New config: { opid_index: 4 OBSOLETE_local: false peers { permanent_uuid: "2254f03c3dc84c9ea40eaae976b5898c" member_type: VOTER last_known_addr { host: "127.10.222.129" port: 34139 } } peers { permanent_uuid: "51ff0b406bc145449daa9b2f8bb78123" member_type: VOTER last_known_addr { host: "127.10.222.130" port: 39511 } } peers { permanent_uuid: "4a9cc216395b440a99151b6b0fe1d5b1" member_type: VOTER last_known_addr { host: "127.10.222.132" port: 40999 } attrs { promote: false } } }
I20260710 13:18:26.847500 12689 raft_consensus.cc:2955] T 4e7a81539cc744db8f5b5912acbb5f0e P 4a9cc216395b440a99151b6b0fe1d5b1 [term 1 FOLLOWER]: Committing config change with OpId 1.3: config changed from index 2 to 3, 4a9cc216395b440a99151b6b0fe1d5b1 (127.10.222.132) changed from NON_VOTER to VOTER. New config: { opid_index: 3 OBSOLETE_local: false peers { permanent_uuid: "2254f03c3dc84c9ea40eaae976b5898c" member_type: VOTER last_known_addr { host: "127.10.222.129" port: 34139 } attrs { replace: true } } peers { permanent_uuid: "51ff0b406bc145449daa9b2f8bb78123" member_type: VOTER last_known_addr { host: "127.10.222.130" port: 39511 } } peers { permanent_uuid: "60d99263a645492288edc3d77a32af20" member_type: VOTER last_known_addr { host: "127.10.222.131" port: 41179 } } peers { permanent_uuid: "4a9cc216395b440a99151b6b0fe1d5b1" member_type: VOTER last_known_addr { host: "127.10.222.132" port: 40999 } attrs { promote: false } } }
I20260710 13:18:26.855533 12239 raft_consensus.cc:2955] T bedabe03cb3849458e4e5512da396d34 P 2254f03c3dc84c9ea40eaae976b5898c [term 1 FOLLOWER]: Committing config change with OpId 1.4: config changed from index 3 to 4, VOTER 60d99263a645492288edc3d77a32af20 (127.10.222.131) evicted. New config: { opid_index: 4 OBSOLETE_local: false peers { permanent_uuid: "2254f03c3dc84c9ea40eaae976b5898c" member_type: VOTER last_known_addr { host: "127.10.222.129" port: 34139 } } peers { permanent_uuid: "51ff0b406bc145449daa9b2f8bb78123" member_type: VOTER last_known_addr { host: "127.10.222.130" port: 39511 } } peers { permanent_uuid: "4a9cc216395b440a99151b6b0fe1d5b1" member_type: VOTER last_known_addr { host: "127.10.222.132" port: 40999 } attrs { promote: false } } }
I20260710 13:18:26.871058 12986 ts_tablet_manager.cc:1929] T e6c62f7acdb34984893bcefaf5cfc965 P 51ff0b406bc145449daa9b2f8bb78123: tablet deleted with delete type TABLET_DATA_TOMBSTONED: last-logged OpId 1.3
I20260710 13:18:26.871502 12986 log.cc:1199] T e6c62f7acdb34984893bcefaf5cfc965 P 51ff0b406bc145449daa9b2f8bb78123: Deleting WAL directory at /tmp/dist-test-taskDyw2Kg/test-tmp/auto_leader_rebalancer-test.0.LeaderRebalancerTest.AddTserver.1783689466374336-11130-0/minicluster-data/ts-1-root/wals/e6c62f7acdb34984893bcefaf5cfc965
I20260710 13:18:26.877003 12312 raft_consensus.cc:2955] T 4e7a81539cc744db8f5b5912acbb5f0e P 51ff0b406bc145449daa9b2f8bb78123 [term 1 FOLLOWER]: Committing config change with OpId 1.3: config changed from index 2 to 3, 4a9cc216395b440a99151b6b0fe1d5b1 (127.10.222.132) changed from NON_VOTER to VOTER. New config: { opid_index: 3 OBSOLETE_local: false peers { permanent_uuid: "2254f03c3dc84c9ea40eaae976b5898c" member_type: VOTER last_known_addr { host: "127.10.222.129" port: 34139 } attrs { replace: true } } peers { permanent_uuid: "51ff0b406bc145449daa9b2f8bb78123" member_type: VOTER last_known_addr { host: "127.10.222.130" port: 39511 } } peers { permanent_uuid: "60d99263a645492288edc3d77a32af20" member_type: VOTER last_known_addr { host: "127.10.222.131" port: 41179 } } peers { permanent_uuid: "4a9cc216395b440a99151b6b0fe1d5b1" member_type: VOTER last_known_addr { host: "127.10.222.132" port: 40999 } attrs { promote: false } } }
I20260710 13:18:26.907406 12122 catalog_manager.cc:5210] ChangeConfig:REMOVE_PEER RPC for tablet bedabe03cb3849458e4e5512da396d34 with cas_config_opid_index 3: ChangeConfig:REMOVE_PEER succeeded (attempt 1)
I20260710 13:18:26.929885 12134 catalog_manager.cc:5697] T bedabe03cb3849458e4e5512da396d34 P 2254f03c3dc84c9ea40eaae976b5898c reported cstate change: config changed from index 3 to 4, VOTER 60d99263a645492288edc3d77a32af20 (127.10.222.131) evicted. New cstate: current_term: 1 leader_uuid: "51ff0b406bc145449daa9b2f8bb78123" committed_config { opid_index: 4 OBSOLETE_local: false peers { permanent_uuid: "2254f03c3dc84c9ea40eaae976b5898c" member_type: VOTER last_known_addr { host: "127.10.222.129" port: 34139 } } peers { permanent_uuid: "51ff0b406bc145449daa9b2f8bb78123" member_type: VOTER last_known_addr { host: "127.10.222.130" port: 39511 } } peers { permanent_uuid: "4a9cc216395b440a99151b6b0fe1d5b1" member_type: VOTER last_known_addr { host: "127.10.222.132" port: 40999 } attrs { promote: false } } }
I20260710 13:18:26.910009 12122 catalog_manager.cc:5028] TS 51ff0b406bc145449daa9b2f8bb78123 (127.10.222.130:39511): tablet e6c62f7acdb34984893bcefaf5cfc965 (table test-workload [id=0f355c7adb6645a1b801b6221727fb12]) successfully deleted
I20260710 13:18:26.967625 12373 tablet_service.cc:1558] Processing DeleteTablet for tablet bedabe03cb3849458e4e5512da396d34 with delete_type TABLET_DATA_TOMBSTONED (TS 60d99263a645492288edc3d77a32af20 not found in new config with opid_index 4) from {username='slave'} at 127.0.0.1:49370
I20260710 13:18:26.969892 12977 tablet_replica.cc:333] T bedabe03cb3849458e4e5512da396d34 P 60d99263a645492288edc3d77a32af20: stopping tablet replica
I20260710 13:18:26.971369 12977 raft_consensus.cc:2243] T bedabe03cb3849458e4e5512da396d34 P 60d99263a645492288edc3d77a32af20 [term 1 FOLLOWER]: Raft consensus shutting down.
I20260710 13:18:26.973075 12977 raft_consensus.cc:2272] T bedabe03cb3849458e4e5512da396d34 P 60d99263a645492288edc3d77a32af20 [term 1 FOLLOWER]: Raft consensus is shut down!
I20260710 13:18:26.982549 12384 consensus_queue.cc:237] T 4e7a81539cc744db8f5b5912acbb5f0e P 60d99263a645492288edc3d77a32af20 [LEADER]: Queue going to LEADER mode. State: All replicated index: 0, Majority replicated index: 3, Committed index: 3, Last appended: 1.3, Last appended by leader: 0, Current term: 1, Majority size: 2, State: 0, Mode: LEADER, active raft config: opid_index: 4 OBSOLETE_local: false peers { permanent_uuid: "51ff0b406bc145449daa9b2f8bb78123" member_type: VOTER last_known_addr { host: "127.10.222.130" port: 39511 } } peers { permanent_uuid: "60d99263a645492288edc3d77a32af20" member_type: VOTER last_known_addr { host: "127.10.222.131" port: 41179 } } peers { permanent_uuid: "4a9cc216395b440a99151b6b0fe1d5b1" member_type: VOTER last_known_addr { host: "127.10.222.132" port: 40999 } attrs { promote: false } }
I20260710 13:18:26.984573 12977 ts_tablet_manager.cc:1916] T bedabe03cb3849458e4e5512da396d34 P 60d99263a645492288edc3d77a32af20: Deleting tablet data with delete state TABLET_DATA_TOMBSTONED
I20260710 13:18:26.991676 12312 raft_consensus.cc:1275] T 4e7a81539cc744db8f5b5912acbb5f0e P 51ff0b406bc145449daa9b2f8bb78123 [term 1 FOLLOWER]: Refusing update from remote peer 60d99263a645492288edc3d77a32af20: Log matching property violated. Preceding OpId in replica: term: 1 index: 3. Preceding OpId from leader: term: 1 index: 4. (index mismatch)
I20260710 13:18:26.992882 12689 raft_consensus.cc:1275] T 4e7a81539cc744db8f5b5912acbb5f0e P 4a9cc216395b440a99151b6b0fe1d5b1 [term 1 FOLLOWER]: Refusing update from remote peer 60d99263a645492288edc3d77a32af20: Log matching property violated. Preceding OpId in replica: term: 1 index: 3. Preceding OpId from leader: term: 1 index: 4. (index mismatch)
I20260710 13:18:26.997956 12959 consensus_queue.cc:1048] T 4e7a81539cc744db8f5b5912acbb5f0e P 60d99263a645492288edc3d77a32af20 [LEADER]: Connected to new peer: Peer: permanent_uuid: "51ff0b406bc145449daa9b2f8bb78123" member_type: VOTER last_known_addr { host: "127.10.222.130" port: 39511 }, Status: LMP_MISMATCH, Last received: 0.0, Next index: 4, Last known committed idx: 3, Time since last communication: 0.001s
I20260710 13:18:27.001233 12960 consensus_queue.cc:1048] T 4e7a81539cc744db8f5b5912acbb5f0e P 60d99263a645492288edc3d77a32af20 [LEADER]: Connected to new peer: Peer: permanent_uuid: "4a9cc216395b440a99151b6b0fe1d5b1" member_type: VOTER last_known_addr { host: "127.10.222.132" port: 40999 } attrs { promote: false }, Status: LMP_MISMATCH, Last received: 0.0, Next index: 4, Last known committed idx: 3, Time since last communication: 0.000s
I20260710 13:18:27.018548 12932 raft_consensus.cc:2955] T 4e7a81539cc744db8f5b5912acbb5f0e P 60d99263a645492288edc3d77a32af20 [term 1 LEADER]: Committing config change with OpId 1.4: config changed from index 3 to 4, VOTER 2254f03c3dc84c9ea40eaae976b5898c (127.10.222.129) evicted. New config: { opid_index: 4 OBSOLETE_local: false peers { permanent_uuid: "51ff0b406bc145449daa9b2f8bb78123" member_type: VOTER last_known_addr { host: "127.10.222.130" port: 39511 } } peers { permanent_uuid: "60d99263a645492288edc3d77a32af20" member_type: VOTER last_known_addr { host: "127.10.222.131" port: 41179 } } peers { permanent_uuid: "4a9cc216395b440a99151b6b0fe1d5b1" member_type: VOTER last_known_addr { host: "127.10.222.132" port: 40999 } attrs { promote: false } } }
I20260710 13:18:27.024935 12693 raft_consensus.cc:2955] T 4e7a81539cc744db8f5b5912acbb5f0e P 4a9cc216395b440a99151b6b0fe1d5b1 [term 1 FOLLOWER]: Committing config change with OpId 1.4: config changed from index 3 to 4, VOTER 2254f03c3dc84c9ea40eaae976b5898c (127.10.222.129) evicted. New config: { opid_index: 4 OBSOLETE_local: false peers { permanent_uuid: "51ff0b406bc145449daa9b2f8bb78123" member_type: VOTER last_known_addr { host: "127.10.222.130" port: 39511 } } peers { permanent_uuid: "60d99263a645492288edc3d77a32af20" member_type: VOTER last_known_addr { host: "127.10.222.131" port: 41179 } } peers { permanent_uuid: "4a9cc216395b440a99151b6b0fe1d5b1" member_type: VOTER last_known_addr { host: "127.10.222.132" port: 40999 } attrs { promote: false } } }
I20260710 13:18:27.025147 12312 raft_consensus.cc:2955] T 4e7a81539cc744db8f5b5912acbb5f0e P 51ff0b406bc145449daa9b2f8bb78123 [term 1 FOLLOWER]: Committing config change with OpId 1.4: config changed from index 3 to 4, VOTER 2254f03c3dc84c9ea40eaae976b5898c (127.10.222.129) evicted. New config: { opid_index: 4 OBSOLETE_local: false peers { permanent_uuid: "51ff0b406bc145449daa9b2f8bb78123" member_type: VOTER last_known_addr { host: "127.10.222.130" port: 39511 } } peers { permanent_uuid: "60d99263a645492288edc3d77a32af20" member_type: VOTER last_known_addr { host: "127.10.222.131" port: 41179 } } peers { permanent_uuid: "4a9cc216395b440a99151b6b0fe1d5b1" member_type: VOTER last_known_addr { host: "127.10.222.132" port: 40999 } attrs { promote: false } } }
I20260710 13:18:27.053751 12133 catalog_manager.cc:5697] T 4e7a81539cc744db8f5b5912acbb5f0e P 4a9cc216395b440a99151b6b0fe1d5b1 reported cstate change: config changed from index 3 to 4, VOTER 2254f03c3dc84c9ea40eaae976b5898c (127.10.222.129) evicted. New cstate: current_term: 1 leader_uuid: "60d99263a645492288edc3d77a32af20" committed_config { opid_index: 4 OBSOLETE_local: false peers { permanent_uuid: "51ff0b406bc145449daa9b2f8bb78123" member_type: VOTER last_known_addr { host: "127.10.222.130" port: 39511 } } peers { permanent_uuid: "60d99263a645492288edc3d77a32af20" member_type: VOTER last_known_addr { host: "127.10.222.131" port: 41179 } } peers { permanent_uuid: "4a9cc216395b440a99151b6b0fe1d5b1" member_type: VOTER last_known_addr { host: "127.10.222.132" port: 40999 } attrs { promote: false } } }
I20260710 13:18:27.066689 12123 catalog_manager.cc:5210] ChangeConfig:REMOVE_PEER RPC for tablet 4e7a81539cc744db8f5b5912acbb5f0e with cas_config_opid_index 3: ChangeConfig:REMOVE_PEER succeeded (attempt 1)
I20260710 13:18:27.068550 12977 ts_tablet_manager.cc:1929] T bedabe03cb3849458e4e5512da396d34 P 60d99263a645492288edc3d77a32af20: tablet deleted with delete type TABLET_DATA_TOMBSTONED: last-logged OpId 1.3
I20260710 13:18:27.070307 12977 log.cc:1199] T bedabe03cb3849458e4e5512da396d34 P 60d99263a645492288edc3d77a32af20: Deleting WAL directory at /tmp/dist-test-taskDyw2Kg/test-tmp/auto_leader_rebalancer-test.0.LeaderRebalancerTest.AddTserver.1783689466374336-11130-0/minicluster-data/ts-2-root/wals/bedabe03cb3849458e4e5512da396d34
I20260710 13:18:27.071954 12123 catalog_manager.cc:5028] TS 60d99263a645492288edc3d77a32af20 (127.10.222.131:41179): tablet bedabe03cb3849458e4e5512da396d34 (table test-workload [id=0f355c7adb6645a1b801b6221727fb12]) successfully deleted
I20260710 13:18:27.074545 12224 tablet_service.cc:1558] Processing DeleteTablet for tablet 4e7a81539cc744db8f5b5912acbb5f0e with delete_type TABLET_DATA_TOMBSTONED (TS 2254f03c3dc84c9ea40eaae976b5898c not found in new config with opid_index 4) from {username='slave'} at 127.0.0.1:35112
I20260710 13:18:27.077674 12988 tablet_replica.cc:333] T 4e7a81539cc744db8f5b5912acbb5f0e P 2254f03c3dc84c9ea40eaae976b5898c: stopping tablet replica
I20260710 13:18:27.078627 12988 raft_consensus.cc:2243] T 4e7a81539cc744db8f5b5912acbb5f0e P 2254f03c3dc84c9ea40eaae976b5898c [term 1 FOLLOWER]: Raft consensus shutting down.
I20260710 13:18:27.079486 12988 raft_consensus.cc:2272] T 4e7a81539cc744db8f5b5912acbb5f0e P 2254f03c3dc84c9ea40eaae976b5898c [term 1 FOLLOWER]: Raft consensus is shut down!
I20260710 13:18:27.083160 12988 ts_tablet_manager.cc:1916] T 4e7a81539cc744db8f5b5912acbb5f0e P 2254f03c3dc84c9ea40eaae976b5898c: Deleting tablet data with delete state TABLET_DATA_TOMBSTONED
I20260710 13:18:27.096117 12988 ts_tablet_manager.cc:1929] T 4e7a81539cc744db8f5b5912acbb5f0e P 2254f03c3dc84c9ea40eaae976b5898c: tablet deleted with delete type TABLET_DATA_TOMBSTONED: last-logged OpId 1.3
I20260710 13:18:27.096521 12988 log.cc:1199] T 4e7a81539cc744db8f5b5912acbb5f0e P 2254f03c3dc84c9ea40eaae976b5898c: Deleting WAL directory at /tmp/dist-test-taskDyw2Kg/test-tmp/auto_leader_rebalancer-test.0.LeaderRebalancerTest.AddTserver.1783689466374336-11130-0/minicluster-data/ts-0-root/wals/4e7a81539cc744db8f5b5912acbb5f0e
I20260710 13:18:27.098131 12124 catalog_manager.cc:5028] TS 2254f03c3dc84c9ea40eaae976b5898c (127.10.222.129:34139): tablet 4e7a81539cc744db8f5b5912acbb5f0e (table test-workload [id=0f355c7adb6645a1b801b6221727fb12]) successfully deleted
I20260710 13:18:28.115949 12384 consensus_queue.cc:237] T 5587edd07e3d49a7b5a5e1eed8fddd2d P 60d99263a645492288edc3d77a32af20 [LEADER]: Queue going to LEADER mode. State: All replicated index: 0, Majority replicated index: 1, Committed index: 1, Last appended: 1.1, Last appended by leader: 0, Current term: 1, Majority size: 2, State: 0, Mode: LEADER, active raft config: opid_index: 2 OBSOLETE_local: false peers { permanent_uuid: "2254f03c3dc84c9ea40eaae976b5898c" member_type: VOTER last_known_addr { host: "127.10.222.129" port: 34139 } attrs { replace: true } } peers { permanent_uuid: "51ff0b406bc145449daa9b2f8bb78123" member_type: VOTER last_known_addr { host: "127.10.222.130" port: 39511 } } peers { permanent_uuid: "60d99263a645492288edc3d77a32af20" member_type: VOTER last_known_addr { host: "127.10.222.131" port: 41179 } } peers { permanent_uuid: "4a9cc216395b440a99151b6b0fe1d5b1" member_type: NON_VOTER last_known_addr { host: "127.10.222.132" port: 40999 } attrs { promote: true } }
W20260710 13:18:28.122685 12353 consensus_peers.cc:597] T 5587edd07e3d49a7b5a5e1eed8fddd2d P 60d99263a645492288edc3d77a32af20 -> Peer 4a9cc216395b440a99151b6b0fe1d5b1 (127.10.222.132:40999): Couldn't send request to peer 4a9cc216395b440a99151b6b0fe1d5b1. Error code: TABLET_NOT_FOUND (6). Status: Not found: Tablet not found: 5587edd07e3d49a7b5a5e1eed8fddd2d. This is attempt 1: this message will repeat every 5th retry.
I20260710 13:18:28.123588 12239 raft_consensus.cc:1275] T 5587edd07e3d49a7b5a5e1eed8fddd2d P 2254f03c3dc84c9ea40eaae976b5898c [term 1 FOLLOWER]: Refusing update from remote peer 60d99263a645492288edc3d77a32af20: Log matching property violated. Preceding OpId in replica: term: 1 index: 1. Preceding OpId from leader: term: 1 index: 2. (index mismatch)
I20260710 13:18:28.123672 12312 raft_consensus.cc:1275] T 5587edd07e3d49a7b5a5e1eed8fddd2d P 51ff0b406bc145449daa9b2f8bb78123 [term 1 FOLLOWER]: Refusing update from remote peer 60d99263a645492288edc3d77a32af20: Log matching property violated. Preceding OpId in replica: term: 1 index: 1. Preceding OpId from leader: term: 1 index: 2. (index mismatch)
I20260710 13:18:28.126462 12932 consensus_queue.cc:1048] T 5587edd07e3d49a7b5a5e1eed8fddd2d P 60d99263a645492288edc3d77a32af20 [LEADER]: Connected to new peer: Peer: permanent_uuid: "2254f03c3dc84c9ea40eaae976b5898c" member_type: VOTER last_known_addr { host: "127.10.222.129" port: 34139 } attrs { replace: true }, Status: LMP_MISMATCH, Last received: 0.0, Next index: 2, Last known committed idx: 1, Time since last communication: 0.001s
I20260710 13:18:28.128283 12964 consensus_queue.cc:1048] T 5587edd07e3d49a7b5a5e1eed8fddd2d P 60d99263a645492288edc3d77a32af20 [LEADER]: Connected to new peer: Peer: permanent_uuid: "51ff0b406bc145449daa9b2f8bb78123" member_type: VOTER last_known_addr { host: "127.10.222.130" port: 39511 }, Status: LMP_MISMATCH, Last received: 0.0, Next index: 2, Last known committed idx: 1, Time since last communication: 0.001s
I20260710 13:18:28.143749 12932 raft_consensus.cc:2955] T 5587edd07e3d49a7b5a5e1eed8fddd2d P 60d99263a645492288edc3d77a32af20 [term 1 LEADER]: Committing config change with OpId 1.2: config changed from index -1 to 2, NON_VOTER 4a9cc216395b440a99151b6b0fe1d5b1 (127.10.222.132) added. New config: { opid_index: 2 OBSOLETE_local: false peers { permanent_uuid: "2254f03c3dc84c9ea40eaae976b5898c" member_type: VOTER last_known_addr { host: "127.10.222.129" port: 34139 } attrs { replace: true } } peers { permanent_uuid: "51ff0b406bc145449daa9b2f8bb78123" member_type: VOTER last_known_addr { host: "127.10.222.130" port: 39511 } } peers { permanent_uuid: "60d99263a645492288edc3d77a32af20" member_type: VOTER last_known_addr { host: "127.10.222.131" port: 41179 } } peers { permanent_uuid: "4a9cc216395b440a99151b6b0fe1d5b1" member_type: NON_VOTER last_known_addr { host: "127.10.222.132" port: 40999 } attrs { promote: true } } }
I20260710 13:18:28.146899 12312 raft_consensus.cc:2955] T 5587edd07e3d49a7b5a5e1eed8fddd2d P 51ff0b406bc145449daa9b2f8bb78123 [term 1 FOLLOWER]: Committing config change with OpId 1.2: config changed from index -1 to 2, NON_VOTER 4a9cc216395b440a99151b6b0fe1d5b1 (127.10.222.132) added. New config: { opid_index: 2 OBSOLETE_local: false peers { permanent_uuid: "2254f03c3dc84c9ea40eaae976b5898c" member_type: VOTER last_known_addr { host: "127.10.222.129" port: 34139 } attrs { replace: true } } peers { permanent_uuid: "51ff0b406bc145449daa9b2f8bb78123" member_type: VOTER last_known_addr { host: "127.10.222.130" port: 39511 } } peers { permanent_uuid: "60d99263a645492288edc3d77a32af20" member_type: VOTER last_known_addr { host: "127.10.222.131" port: 41179 } } peers { permanent_uuid: "4a9cc216395b440a99151b6b0fe1d5b1" member_type: NON_VOTER last_known_addr { host: "127.10.222.132" port: 40999 } attrs { promote: true } } }
I20260710 13:18:28.148391 12239 raft_consensus.cc:2955] T 5587edd07e3d49a7b5a5e1eed8fddd2d P 2254f03c3dc84c9ea40eaae976b5898c [term 1 FOLLOWER]: Committing config change with OpId 1.2: config changed from index -1 to 2, NON_VOTER 4a9cc216395b440a99151b6b0fe1d5b1 (127.10.222.132) added. New config: { opid_index: 2 OBSOLETE_local: false peers { permanent_uuid: "2254f03c3dc84c9ea40eaae976b5898c" member_type: VOTER last_known_addr { host: "127.10.222.129" port: 34139 } attrs { replace: true } } peers { permanent_uuid: "51ff0b406bc145449daa9b2f8bb78123" member_type: VOTER last_known_addr { host: "127.10.222.130" port: 39511 } } peers { permanent_uuid: "60d99263a645492288edc3d77a32af20" member_type: VOTER last_known_addr { host: "127.10.222.131" port: 41179 } } peers { permanent_uuid: "4a9cc216395b440a99151b6b0fe1d5b1" member_type: NON_VOTER last_known_addr { host: "127.10.222.132" port: 40999 } attrs { promote: true } } }
I20260710 13:18:28.164664 12235 consensus_queue.cc:237] T debe5dfe8ea24c6ea9839ade5c174b34 P 2254f03c3dc84c9ea40eaae976b5898c [LEADER]: Queue going to LEADER mode. State: All replicated index: 0, Majority replicated index: 1, Committed index: 1, Last appended: 1.1, Last appended by leader: 0, Current term: 1, Majority size: 2, State: 0, Mode: LEADER, active raft config: opid_index: 2 OBSOLETE_local: false peers { permanent_uuid: "2254f03c3dc84c9ea40eaae976b5898c" member_type: VOTER last_known_addr { host: "127.10.222.129" port: 34139 } } peers { permanent_uuid: "51ff0b406bc145449daa9b2f8bb78123" member_type: VOTER last_known_addr { host: "127.10.222.130" port: 39511 } attrs { replace: true } } peers { permanent_uuid: "60d99263a645492288edc3d77a32af20" member_type: VOTER last_known_addr { host: "127.10.222.131" port: 41179 } } peers { permanent_uuid: "4a9cc216395b440a99151b6b0fe1d5b1" member_type: NON_VOTER last_known_addr { host: "127.10.222.132" port: 40999 } attrs { promote: true } }
I20260710 13:18:28.164896 12137 catalog_manager.cc:5697] T 5587edd07e3d49a7b5a5e1eed8fddd2d P 60d99263a645492288edc3d77a32af20 reported cstate change: config changed from index -1 to 2, NON_VOTER 4a9cc216395b440a99151b6b0fe1d5b1 (127.10.222.132) added. New cstate: current_term: 1 leader_uuid: "60d99263a645492288edc3d77a32af20" committed_config { opid_index: 2 OBSOLETE_local: false peers { permanent_uuid: "2254f03c3dc84c9ea40eaae976b5898c" member_type: VOTER last_known_addr { host: "127.10.222.129" port: 34139 } attrs { replace: true } health_report { overall_health: HEALTHY } } peers { permanent_uuid: "51ff0b406bc145449daa9b2f8bb78123" member_type: VOTER last_known_addr { host: "127.10.222.130" port: 39511 } health_report { overall_health: HEALTHY } } peers { permanent_uuid: "60d99263a645492288edc3d77a32af20" member_type: VOTER last_known_addr { host: "127.10.222.131" port: 41179 } health_report { overall_health: HEALTHY } } peers { permanent_uuid: "4a9cc216395b440a99151b6b0fe1d5b1" member_type: NON_VOTER last_known_addr { host: "127.10.222.132" port: 40999 } attrs { promote: true } health_report { overall_health: UNKNOWN } } }
I20260710 13:18:28.184381 12312 raft_consensus.cc:1275] T debe5dfe8ea24c6ea9839ade5c174b34 P 51ff0b406bc145449daa9b2f8bb78123 [term 1 FOLLOWER]: Refusing update from remote peer 2254f03c3dc84c9ea40eaae976b5898c: Log matching property violated. Preceding OpId in replica: term: 1 index: 1. Preceding OpId from leader: term: 1 index: 2. (index mismatch)
W20260710 13:18:28.187103 12204 consensus_peers.cc:597] T debe5dfe8ea24c6ea9839ade5c174b34 P 2254f03c3dc84c9ea40eaae976b5898c -> Peer 4a9cc216395b440a99151b6b0fe1d5b1 (127.10.222.132:40999): Couldn't send request to peer 4a9cc216395b440a99151b6b0fe1d5b1. Error code: TABLET_NOT_FOUND (6). Status: Not found: Tablet not found: debe5dfe8ea24c6ea9839ade5c174b34. This is attempt 1: this message will repeat every 5th retry.
I20260710 13:18:28.189011 12384 raft_consensus.cc:1275] T debe5dfe8ea24c6ea9839ade5c174b34 P 60d99263a645492288edc3d77a32af20 [term 1 FOLLOWER]: Refusing update from remote peer 2254f03c3dc84c9ea40eaae976b5898c: Log matching property violated. Preceding OpId in replica: term: 1 index: 1. Preceding OpId from leader: term: 1 index: 2. (index mismatch)
I20260710 13:18:28.193360 12957 consensus_queue.cc:1048] T debe5dfe8ea24c6ea9839ade5c174b34 P 2254f03c3dc84c9ea40eaae976b5898c [LEADER]: Connected to new peer: Peer: permanent_uuid: "51ff0b406bc145449daa9b2f8bb78123" member_type: VOTER last_known_addr { host: "127.10.222.130" port: 39511 } attrs { replace: true }, Status: LMP_MISMATCH, Last received: 0.0, Next index: 2, Last known committed idx: 1, Time since last communication: 0.001s
I20260710 13:18:28.196331 12989 consensus_queue.cc:1048] T debe5dfe8ea24c6ea9839ade5c174b34 P 2254f03c3dc84c9ea40eaae976b5898c [LEADER]: Connected to new peer: Peer: permanent_uuid: "60d99263a645492288edc3d77a32af20" member_type: VOTER last_known_addr { host: "127.10.222.131" port: 41179 }, Status: LMP_MISMATCH, Last received: 0.0, Next index: 2, Last known committed idx: 1, Time since last communication: 0.000s
I20260710 13:18:28.214365 12989 raft_consensus.cc:2955] T debe5dfe8ea24c6ea9839ade5c174b34 P 2254f03c3dc84c9ea40eaae976b5898c [term 1 LEADER]: Committing config change with OpId 1.2: config changed from index -1 to 2, NON_VOTER 4a9cc216395b440a99151b6b0fe1d5b1 (127.10.222.132) added. New config: { opid_index: 2 OBSOLETE_local: false peers { permanent_uuid: "2254f03c3dc84c9ea40eaae976b5898c" member_type: VOTER last_known_addr { host: "127.10.222.129" port: 34139 } } peers { permanent_uuid: "51ff0b406bc145449daa9b2f8bb78123" member_type: VOTER last_known_addr { host: "127.10.222.130" port: 39511 } attrs { replace: true } } peers { permanent_uuid: "60d99263a645492288edc3d77a32af20" member_type: VOTER last_known_addr { host: "127.10.222.131" port: 41179 } } peers { permanent_uuid: "4a9cc216395b440a99151b6b0fe1d5b1" member_type: NON_VOTER last_known_addr { host: "127.10.222.132" port: 40999 } attrs { promote: true } } }
I20260710 13:18:28.215641 12312 raft_consensus.cc:2955] T debe5dfe8ea24c6ea9839ade5c174b34 P 51ff0b406bc145449daa9b2f8bb78123 [term 1 FOLLOWER]: Committing config change with OpId 1.2: config changed from index -1 to 2, NON_VOTER 4a9cc216395b440a99151b6b0fe1d5b1 (127.10.222.132) added. New config: { opid_index: 2 OBSOLETE_local: false peers { permanent_uuid: "2254f03c3dc84c9ea40eaae976b5898c" member_type: VOTER last_known_addr { host: "127.10.222.129" port: 34139 } } peers { permanent_uuid: "51ff0b406bc145449daa9b2f8bb78123" member_type: VOTER last_known_addr { host: "127.10.222.130" port: 39511 } attrs { replace: true } } peers { permanent_uuid: "60d99263a645492288edc3d77a32af20" member_type: VOTER last_known_addr { host: "127.10.222.131" port: 41179 } } peers { permanent_uuid: "4a9cc216395b440a99151b6b0fe1d5b1" member_type: NON_VOTER last_known_addr { host: "127.10.222.132" port: 40999 } attrs { promote: true } } }
I20260710 13:18:28.225312 12383 raft_consensus.cc:2955] T debe5dfe8ea24c6ea9839ade5c174b34 P 60d99263a645492288edc3d77a32af20 [term 1 FOLLOWER]: Committing config change with OpId 1.2: config changed from index -1 to 2, NON_VOTER 4a9cc216395b440a99151b6b0fe1d5b1 (127.10.222.132) added. New config: { opid_index: 2 OBSOLETE_local: false peers { permanent_uuid: "2254f03c3dc84c9ea40eaae976b5898c" member_type: VOTER last_known_addr { host: "127.10.222.129" port: 34139 } } peers { permanent_uuid: "51ff0b406bc145449daa9b2f8bb78123" member_type: VOTER last_known_addr { host: "127.10.222.130" port: 39511 } attrs { replace: true } } peers { permanent_uuid: "60d99263a645492288edc3d77a32af20" member_type: VOTER last_known_addr { host: "127.10.222.131" port: 41179 } } peers { permanent_uuid: "4a9cc216395b440a99151b6b0fe1d5b1" member_type: NON_VOTER last_known_addr { host: "127.10.222.132" port: 40999 } attrs { promote: true } } }
I20260710 13:18:28.250181 12133 catalog_manager.cc:5697] T debe5dfe8ea24c6ea9839ade5c174b34 P 2254f03c3dc84c9ea40eaae976b5898c reported cstate change: config changed from index -1 to 2, NON_VOTER 4a9cc216395b440a99151b6b0fe1d5b1 (127.10.222.132) added. New cstate: current_term: 1 leader_uuid: "2254f03c3dc84c9ea40eaae976b5898c" committed_config { opid_index: 2 OBSOLETE_local: false peers { permanent_uuid: "2254f03c3dc84c9ea40eaae976b5898c" member_type: VOTER last_known_addr { host: "127.10.222.129" port: 34139 } health_report { overall_health: HEALTHY } } peers { permanent_uuid: "51ff0b406bc145449daa9b2f8bb78123" member_type: VOTER last_known_addr { host: "127.10.222.130" port: 39511 } attrs { replace: true } health_report { overall_health: HEALTHY } } peers { permanent_uuid: "60d99263a645492288edc3d77a32af20" member_type: VOTER last_known_addr { host: "127.10.222.131" port: 41179 } health_report { overall_health: HEALTHY } } peers { permanent_uuid: "4a9cc216395b440a99151b6b0fe1d5b1" member_type: NON_VOTER last_known_addr { host: "127.10.222.132" port: 40999 } attrs { promote: true } health_report { overall_health: UNKNOWN } } }
I20260710 13:18:28.518296 13004 ts_tablet_manager.cc:933] T 5587edd07e3d49a7b5a5e1eed8fddd2d P 4a9cc216395b440a99151b6b0fe1d5b1: Initiating tablet copy from peer 60d99263a645492288edc3d77a32af20 (127.10.222.131:41179)
I20260710 13:18:28.520627 13004 tablet_copy_client.cc:323] T 5587edd07e3d49a7b5a5e1eed8fddd2d P 4a9cc216395b440a99151b6b0fe1d5b1: tablet copy: Beginning tablet copy session from remote peer at address 127.10.222.131:41179
I20260710 13:18:28.522760 12398 tablet_copy_service.cc:140] P 60d99263a645492288edc3d77a32af20: Received BeginTabletCopySession request for tablet 5587edd07e3d49a7b5a5e1eed8fddd2d from peer 4a9cc216395b440a99151b6b0fe1d5b1 ({username='slave'} at 127.0.0.1:38190)
I20260710 13:18:28.523594 12398 tablet_copy_service.cc:161] P 60d99263a645492288edc3d77a32af20: Beginning new tablet copy session on tablet 5587edd07e3d49a7b5a5e1eed8fddd2d from peer 4a9cc216395b440a99151b6b0fe1d5b1 at {username='slave'} at 127.0.0.1:38190: session id = 4a9cc216395b440a99151b6b0fe1d5b1-5587edd07e3d49a7b5a5e1eed8fddd2d
I20260710 13:18:28.533767 12398 tablet_copy_source_session.cc:215] T 5587edd07e3d49a7b5a5e1eed8fddd2d P 60d99263a645492288edc3d77a32af20: Tablet Copy: opened 0 blocks and 1 log segments
I20260710 13:18:28.537448 13004 data_dirs.cc:400] Could only allocate 1 dirs of requested 3 for tablet 5587edd07e3d49a7b5a5e1eed8fddd2d. 1 dirs total, 0 dirs full, 0 dirs failed
I20260710 13:18:28.554693 13004 tablet_copy_client.cc:806] T 5587edd07e3d49a7b5a5e1eed8fddd2d P 4a9cc216395b440a99151b6b0fe1d5b1: tablet copy: Starting download of 0 data blocks...
I20260710 13:18:28.555423 13004 tablet_copy_client.cc:670] T 5587edd07e3d49a7b5a5e1eed8fddd2d P 4a9cc216395b440a99151b6b0fe1d5b1: tablet copy: Starting download of 1 WAL segments...
I20260710 13:18:28.559645 13004 tablet_copy_client.cc:538] T 5587edd07e3d49a7b5a5e1eed8fddd2d P 4a9cc216395b440a99151b6b0fe1d5b1: tablet copy: Tablet Copy complete. Replacing tablet superblock.
I20260710 13:18:28.569754 13004 tablet_bootstrap.cc:492] T 5587edd07e3d49a7b5a5e1eed8fddd2d P 4a9cc216395b440a99151b6b0fe1d5b1: Bootstrap starting.
I20260710 13:18:28.591192 13004 tablet_bootstrap.cc:492] T 5587edd07e3d49a7b5a5e1eed8fddd2d P 4a9cc216395b440a99151b6b0fe1d5b1: Bootstrap replayed 1/1 log segments. Stats: ops{read=2 overwritten=0 applied=2 ignored=0} inserts{seen=0 ignored=0} mutations{seen=0 ignored=0} orphaned_commits=0. Pending: 0 replicates
I20260710 13:18:28.592017 13004 tablet_bootstrap.cc:492] T 5587edd07e3d49a7b5a5e1eed8fddd2d P 4a9cc216395b440a99151b6b0fe1d5b1: Bootstrap complete.
I20260710 13:18:28.592620 13004 ts_tablet_manager.cc:1403] T 5587edd07e3d49a7b5a5e1eed8fddd2d P 4a9cc216395b440a99151b6b0fe1d5b1: Time spent bootstrapping tablet: real 0.023s	user 0.023s	sys 0.000s
I20260710 13:18:28.595006 13004 raft_consensus.cc:359] T 5587edd07e3d49a7b5a5e1eed8fddd2d P 4a9cc216395b440a99151b6b0fe1d5b1 [term 1 LEARNER]: Replica starting. Triggering 0 pending ops. Active config: opid_index: 2 OBSOLETE_local: false peers { permanent_uuid: "2254f03c3dc84c9ea40eaae976b5898c" member_type: VOTER last_known_addr { host: "127.10.222.129" port: 34139 } attrs { replace: true } } peers { permanent_uuid: "51ff0b406bc145449daa9b2f8bb78123" member_type: VOTER last_known_addr { host: "127.10.222.130" port: 39511 } } peers { permanent_uuid: "60d99263a645492288edc3d77a32af20" member_type: VOTER last_known_addr { host: "127.10.222.131" port: 41179 } } peers { permanent_uuid: "4a9cc216395b440a99151b6b0fe1d5b1" member_type: NON_VOTER last_known_addr { host: "127.10.222.132" port: 40999 } attrs { promote: true } }
I20260710 13:18:28.595743 13004 raft_consensus.cc:740] T 5587edd07e3d49a7b5a5e1eed8fddd2d P 4a9cc216395b440a99151b6b0fe1d5b1 [term 1 LEARNER]: Becoming Follower/Learner. State: Replica: 4a9cc216395b440a99151b6b0fe1d5b1, State: Initialized, Role: LEARNER
I20260710 13:18:28.596398 13004 consensus_queue.cc:260] T 5587edd07e3d49a7b5a5e1eed8fddd2d P 4a9cc216395b440a99151b6b0fe1d5b1 [NON_LEADER]: Queue going to NON_LEADER mode. State: All replicated index: 0, Majority replicated index: 0, Committed index: 2, Last appended: 1.2, Last appended by leader: 2, Current term: 0, Majority size: -1, State: 0, Mode: NON_LEADER, active raft config: opid_index: 2 OBSOLETE_local: false peers { permanent_uuid: "2254f03c3dc84c9ea40eaae976b5898c" member_type: VOTER last_known_addr { host: "127.10.222.129" port: 34139 } attrs { replace: true } } peers { permanent_uuid: "51ff0b406bc145449daa9b2f8bb78123" member_type: VOTER last_known_addr { host: "127.10.222.130" port: 39511 } } peers { permanent_uuid: "60d99263a645492288edc3d77a32af20" member_type: VOTER last_known_addr { host: "127.10.222.131" port: 41179 } } peers { permanent_uuid: "4a9cc216395b440a99151b6b0fe1d5b1" member_type: NON_VOTER last_known_addr { host: "127.10.222.132" port: 40999 } attrs { promote: true } }
I20260710 13:18:28.599540 13004 ts_tablet_manager.cc:1434] T 5587edd07e3d49a7b5a5e1eed8fddd2d P 4a9cc216395b440a99151b6b0fe1d5b1: Time spent starting tablet: real 0.007s	user 0.008s	sys 0.000s
I20260710 13:18:28.601239 12398 tablet_copy_service.cc:342] P 60d99263a645492288edc3d77a32af20: Request end of tablet copy session 4a9cc216395b440a99151b6b0fe1d5b1-5587edd07e3d49a7b5a5e1eed8fddd2d received from {username='slave'} at 127.0.0.1:38190
I20260710 13:18:28.601702 12398 tablet_copy_service.cc:434] P 60d99263a645492288edc3d77a32af20: ending tablet copy session 4a9cc216395b440a99151b6b0fe1d5b1-5587edd07e3d49a7b5a5e1eed8fddd2d on tablet 5587edd07e3d49a7b5a5e1eed8fddd2d with peer 4a9cc216395b440a99151b6b0fe1d5b1
I20260710 13:18:28.785980 13004 ts_tablet_manager.cc:933] T debe5dfe8ea24c6ea9839ade5c174b34 P 4a9cc216395b440a99151b6b0fe1d5b1: Initiating tablet copy from peer 2254f03c3dc84c9ea40eaae976b5898c (127.10.222.129:34139)
I20260710 13:18:28.787645 13004 tablet_copy_client.cc:323] T debe5dfe8ea24c6ea9839ade5c174b34 P 4a9cc216395b440a99151b6b0fe1d5b1: tablet copy: Beginning tablet copy session from remote peer at address 127.10.222.129:34139
I20260710 13:18:28.789582 12249 tablet_copy_service.cc:140] P 2254f03c3dc84c9ea40eaae976b5898c: Received BeginTabletCopySession request for tablet debe5dfe8ea24c6ea9839ade5c174b34 from peer 4a9cc216395b440a99151b6b0fe1d5b1 ({username='slave'} at 127.0.0.1:33098)
I20260710 13:18:28.790177 12249 tablet_copy_service.cc:161] P 2254f03c3dc84c9ea40eaae976b5898c: Beginning new tablet copy session on tablet debe5dfe8ea24c6ea9839ade5c174b34 from peer 4a9cc216395b440a99151b6b0fe1d5b1 at {username='slave'} at 127.0.0.1:33098: session id = 4a9cc216395b440a99151b6b0fe1d5b1-debe5dfe8ea24c6ea9839ade5c174b34
I20260710 13:18:28.799146 12249 tablet_copy_source_session.cc:215] T debe5dfe8ea24c6ea9839ade5c174b34 P 2254f03c3dc84c9ea40eaae976b5898c: Tablet Copy: opened 0 blocks and 1 log segments
I20260710 13:18:28.803156 13004 data_dirs.cc:400] Could only allocate 1 dirs of requested 3 for tablet debe5dfe8ea24c6ea9839ade5c174b34. 1 dirs total, 0 dirs full, 0 dirs failed
I20260710 13:18:28.821367 13004 tablet_copy_client.cc:806] T debe5dfe8ea24c6ea9839ade5c174b34 P 4a9cc216395b440a99151b6b0fe1d5b1: tablet copy: Starting download of 0 data blocks...
I20260710 13:18:28.822016 13004 tablet_copy_client.cc:670] T debe5dfe8ea24c6ea9839ade5c174b34 P 4a9cc216395b440a99151b6b0fe1d5b1: tablet copy: Starting download of 1 WAL segments...
I20260710 13:18:28.825713 13004 tablet_copy_client.cc:538] T debe5dfe8ea24c6ea9839ade5c174b34 P 4a9cc216395b440a99151b6b0fe1d5b1: tablet copy: Tablet Copy complete. Replacing tablet superblock.
I20260710 13:18:28.835619 13004 tablet_bootstrap.cc:492] T debe5dfe8ea24c6ea9839ade5c174b34 P 4a9cc216395b440a99151b6b0fe1d5b1: Bootstrap starting.
I20260710 13:18:28.857723 13004 tablet_bootstrap.cc:492] T debe5dfe8ea24c6ea9839ade5c174b34 P 4a9cc216395b440a99151b6b0fe1d5b1: Bootstrap replayed 1/1 log segments. Stats: ops{read=2 overwritten=0 applied=2 ignored=0} inserts{seen=0 ignored=0} mutations{seen=0 ignored=0} orphaned_commits=0. Pending: 0 replicates
I20260710 13:18:28.858562 13004 tablet_bootstrap.cc:492] T debe5dfe8ea24c6ea9839ade5c174b34 P 4a9cc216395b440a99151b6b0fe1d5b1: Bootstrap complete.
I20260710 13:18:28.859189 13004 ts_tablet_manager.cc:1403] T debe5dfe8ea24c6ea9839ade5c174b34 P 4a9cc216395b440a99151b6b0fe1d5b1: Time spent bootstrapping tablet: real 0.024s	user 0.018s	sys 0.004s
I20260710 13:18:28.862007 13004 raft_consensus.cc:359] T debe5dfe8ea24c6ea9839ade5c174b34 P 4a9cc216395b440a99151b6b0fe1d5b1 [term 1 LEARNER]: Replica starting. Triggering 0 pending ops. Active config: opid_index: 2 OBSOLETE_local: false peers { permanent_uuid: "2254f03c3dc84c9ea40eaae976b5898c" member_type: VOTER last_known_addr { host: "127.10.222.129" port: 34139 } } peers { permanent_uuid: "51ff0b406bc145449daa9b2f8bb78123" member_type: VOTER last_known_addr { host: "127.10.222.130" port: 39511 } attrs { replace: true } } peers { permanent_uuid: "60d99263a645492288edc3d77a32af20" member_type: VOTER last_known_addr { host: "127.10.222.131" port: 41179 } } peers { permanent_uuid: "4a9cc216395b440a99151b6b0fe1d5b1" member_type: NON_VOTER last_known_addr { host: "127.10.222.132" port: 40999 } attrs { promote: true } }
I20260710 13:18:28.862818 13004 raft_consensus.cc:740] T debe5dfe8ea24c6ea9839ade5c174b34 P 4a9cc216395b440a99151b6b0fe1d5b1 [term 1 LEARNER]: Becoming Follower/Learner. State: Replica: 4a9cc216395b440a99151b6b0fe1d5b1, State: Initialized, Role: LEARNER
I20260710 13:18:28.863463 13004 consensus_queue.cc:260] T debe5dfe8ea24c6ea9839ade5c174b34 P 4a9cc216395b440a99151b6b0fe1d5b1 [NON_LEADER]: Queue going to NON_LEADER mode. State: All replicated index: 0, Majority replicated index: 0, Committed index: 2, Last appended: 1.2, Last appended by leader: 2, Current term: 0, Majority size: -1, State: 0, Mode: NON_LEADER, active raft config: opid_index: 2 OBSOLETE_local: false peers { permanent_uuid: "2254f03c3dc84c9ea40eaae976b5898c" member_type: VOTER last_known_addr { host: "127.10.222.129" port: 34139 } } peers { permanent_uuid: "51ff0b406bc145449daa9b2f8bb78123" member_type: VOTER last_known_addr { host: "127.10.222.130" port: 39511 } attrs { replace: true } } peers { permanent_uuid: "60d99263a645492288edc3d77a32af20" member_type: VOTER last_known_addr { host: "127.10.222.131" port: 41179 } } peers { permanent_uuid: "4a9cc216395b440a99151b6b0fe1d5b1" member_type: NON_VOTER last_known_addr { host: "127.10.222.132" port: 40999 } attrs { promote: true } }
I20260710 13:18:28.865892 13004 ts_tablet_manager.cc:1434] T debe5dfe8ea24c6ea9839ade5c174b34 P 4a9cc216395b440a99151b6b0fe1d5b1: Time spent starting tablet: real 0.006s	user 0.004s	sys 0.000s
I20260710 13:18:28.867931 12249 tablet_copy_service.cc:342] P 2254f03c3dc84c9ea40eaae976b5898c: Request end of tablet copy session 4a9cc216395b440a99151b6b0fe1d5b1-debe5dfe8ea24c6ea9839ade5c174b34 received from {username='slave'} at 127.0.0.1:33098
I20260710 13:18:28.868364 12249 tablet_copy_service.cc:434] P 2254f03c3dc84c9ea40eaae976b5898c: ending tablet copy session 4a9cc216395b440a99151b6b0fe1d5b1-debe5dfe8ea24c6ea9839ade5c174b34 on tablet debe5dfe8ea24c6ea9839ade5c174b34 with peer 4a9cc216395b440a99151b6b0fe1d5b1
I20260710 13:18:29.134670 12693 raft_consensus.cc:1217] T 5587edd07e3d49a7b5a5e1eed8fddd2d P 4a9cc216395b440a99151b6b0fe1d5b1 [term 1 LEARNER]: Deduplicated request from leader. Original: 1.1->[1.2-1.2]   Dedup: 1.2->[]
I20260710 13:18:29.378944 12693 raft_consensus.cc:1217] T debe5dfe8ea24c6ea9839ade5c174b34 P 4a9cc216395b440a99151b6b0fe1d5b1 [term 1 LEARNER]: Deduplicated request from leader. Original: 1.1->[1.2-1.2]   Dedup: 1.2->[]
I20260710 13:18:29.572461 12964 raft_consensus.cc:1064] T 5587edd07e3d49a7b5a5e1eed8fddd2d P 60d99263a645492288edc3d77a32af20: attempting to promote NON_VOTER 4a9cc216395b440a99151b6b0fe1d5b1 to VOTER
I20260710 13:18:29.575083 12964 consensus_queue.cc:237] T 5587edd07e3d49a7b5a5e1eed8fddd2d P 60d99263a645492288edc3d77a32af20 [LEADER]: Queue going to LEADER mode. State: All replicated index: 0, Majority replicated index: 2, Committed index: 2, Last appended: 1.2, Last appended by leader: 0, Current term: 1, Majority size: 3, State: 0, Mode: LEADER, active raft config: opid_index: 3 OBSOLETE_local: false peers { permanent_uuid: "2254f03c3dc84c9ea40eaae976b5898c" member_type: VOTER last_known_addr { host: "127.10.222.129" port: 34139 } attrs { replace: true } } peers { permanent_uuid: "51ff0b406bc145449daa9b2f8bb78123" member_type: VOTER last_known_addr { host: "127.10.222.130" port: 39511 } } peers { permanent_uuid: "60d99263a645492288edc3d77a32af20" member_type: VOTER last_known_addr { host: "127.10.222.131" port: 41179 } } peers { permanent_uuid: "4a9cc216395b440a99151b6b0fe1d5b1" member_type: VOTER last_known_addr { host: "127.10.222.132" port: 40999 } attrs { promote: false } }
I20260710 13:18:29.581498 12693 raft_consensus.cc:1275] T 5587edd07e3d49a7b5a5e1eed8fddd2d P 4a9cc216395b440a99151b6b0fe1d5b1 [term 1 LEARNER]: Refusing update from remote peer 60d99263a645492288edc3d77a32af20: Log matching property violated. Preceding OpId in replica: term: 1 index: 2. Preceding OpId from leader: term: 1 index: 3. (index mismatch)
I20260710 13:18:29.582860 12991 consensus_queue.cc:1048] T 5587edd07e3d49a7b5a5e1eed8fddd2d P 60d99263a645492288edc3d77a32af20 [LEADER]: Connected to new peer: Peer: permanent_uuid: "4a9cc216395b440a99151b6b0fe1d5b1" member_type: VOTER last_known_addr { host: "127.10.222.132" port: 40999 } attrs { promote: false }, Status: LMP_MISMATCH, Last received: 0.0, Next index: 3, Last known committed idx: 2, Time since last communication: 0.000s
I20260710 13:18:29.584337 12235 raft_consensus.cc:1275] T 5587edd07e3d49a7b5a5e1eed8fddd2d P 2254f03c3dc84c9ea40eaae976b5898c [term 1 FOLLOWER]: Refusing update from remote peer 60d99263a645492288edc3d77a32af20: Log matching property violated. Preceding OpId in replica: term: 1 index: 2. Preceding OpId from leader: term: 1 index: 3. (index mismatch)
I20260710 13:18:29.585866 12308 raft_consensus.cc:1275] T 5587edd07e3d49a7b5a5e1eed8fddd2d P 51ff0b406bc145449daa9b2f8bb78123 [term 1 FOLLOWER]: Refusing update from remote peer 60d99263a645492288edc3d77a32af20: Log matching property violated. Preceding OpId in replica: term: 1 index: 2. Preceding OpId from leader: term: 1 index: 3. (index mismatch)
I20260710 13:18:29.585918 12964 consensus_queue.cc:1048] T 5587edd07e3d49a7b5a5e1eed8fddd2d P 60d99263a645492288edc3d77a32af20 [LEADER]: Connected to new peer: Peer: permanent_uuid: "2254f03c3dc84c9ea40eaae976b5898c" member_type: VOTER last_known_addr { host: "127.10.222.129" port: 34139 } attrs { replace: true }, Status: LMP_MISMATCH, Last received: 0.0, Next index: 3, Last known committed idx: 2, Time since last communication: 0.001s
I20260710 13:18:29.592743 12991 consensus_queue.cc:1048] T 5587edd07e3d49a7b5a5e1eed8fddd2d P 60d99263a645492288edc3d77a32af20 [LEADER]: Connected to new peer: Peer: permanent_uuid: "51ff0b406bc145449daa9b2f8bb78123" member_type: VOTER last_known_addr { host: "127.10.222.130" port: 39511 }, Status: LMP_MISMATCH, Last received: 0.0, Next index: 3, Last known committed idx: 2, Time since last communication: 0.000s
I20260710 13:18:29.610795 12932 raft_consensus.cc:2955] T 5587edd07e3d49a7b5a5e1eed8fddd2d P 60d99263a645492288edc3d77a32af20 [term 1 LEADER]: Committing config change with OpId 1.3: config changed from index 2 to 3, 4a9cc216395b440a99151b6b0fe1d5b1 (127.10.222.132) changed from NON_VOTER to VOTER. New config: { opid_index: 3 OBSOLETE_local: false peers { permanent_uuid: "2254f03c3dc84c9ea40eaae976b5898c" member_type: VOTER last_known_addr { host: "127.10.222.129" port: 34139 } attrs { replace: true } } peers { permanent_uuid: "51ff0b406bc145449daa9b2f8bb78123" member_type: VOTER last_known_addr { host: "127.10.222.130" port: 39511 } } peers { permanent_uuid: "60d99263a645492288edc3d77a32af20" member_type: VOTER last_known_addr { host: "127.10.222.131" port: 41179 } } peers { permanent_uuid: "4a9cc216395b440a99151b6b0fe1d5b1" member_type: VOTER last_known_addr { host: "127.10.222.132" port: 40999 } attrs { promote: false } } }
I20260710 13:18:29.615991 12235 raft_consensus.cc:2955] T 5587edd07e3d49a7b5a5e1eed8fddd2d P 2254f03c3dc84c9ea40eaae976b5898c [term 1 FOLLOWER]: Committing config change with OpId 1.3: config changed from index 2 to 3, 4a9cc216395b440a99151b6b0fe1d5b1 (127.10.222.132) changed from NON_VOTER to VOTER. New config: { opid_index: 3 OBSOLETE_local: false peers { permanent_uuid: "2254f03c3dc84c9ea40eaae976b5898c" member_type: VOTER last_known_addr { host: "127.10.222.129" port: 34139 } attrs { replace: true } } peers { permanent_uuid: "51ff0b406bc145449daa9b2f8bb78123" member_type: VOTER last_known_addr { host: "127.10.222.130" port: 39511 } } peers { permanent_uuid: "60d99263a645492288edc3d77a32af20" member_type: VOTER last_known_addr { host: "127.10.222.131" port: 41179 } } peers { permanent_uuid: "4a9cc216395b440a99151b6b0fe1d5b1" member_type: VOTER last_known_addr { host: "127.10.222.132" port: 40999 } attrs { promote: false } } }
I20260710 13:18:29.622475 12308 raft_consensus.cc:2955] T 5587edd07e3d49a7b5a5e1eed8fddd2d P 51ff0b406bc145449daa9b2f8bb78123 [term 1 FOLLOWER]: Committing config change with OpId 1.3: config changed from index 2 to 3, 4a9cc216395b440a99151b6b0fe1d5b1 (127.10.222.132) changed from NON_VOTER to VOTER. New config: { opid_index: 3 OBSOLETE_local: false peers { permanent_uuid: "2254f03c3dc84c9ea40eaae976b5898c" member_type: VOTER last_known_addr { host: "127.10.222.129" port: 34139 } attrs { replace: true } } peers { permanent_uuid: "51ff0b406bc145449daa9b2f8bb78123" member_type: VOTER last_known_addr { host: "127.10.222.130" port: 39511 } } peers { permanent_uuid: "60d99263a645492288edc3d77a32af20" member_type: VOTER last_known_addr { host: "127.10.222.131" port: 41179 } } peers { permanent_uuid: "4a9cc216395b440a99151b6b0fe1d5b1" member_type: VOTER last_known_addr { host: "127.10.222.132" port: 40999 } attrs { promote: false } } }
I20260710 13:18:29.623030 12693 raft_consensus.cc:2955] T 5587edd07e3d49a7b5a5e1eed8fddd2d P 4a9cc216395b440a99151b6b0fe1d5b1 [term 1 FOLLOWER]: Committing config change with OpId 1.3: config changed from index 2 to 3, 4a9cc216395b440a99151b6b0fe1d5b1 (127.10.222.132) changed from NON_VOTER to VOTER. New config: { opid_index: 3 OBSOLETE_local: false peers { permanent_uuid: "2254f03c3dc84c9ea40eaae976b5898c" member_type: VOTER last_known_addr { host: "127.10.222.129" port: 34139 } attrs { replace: true } } peers { permanent_uuid: "51ff0b406bc145449daa9b2f8bb78123" member_type: VOTER last_known_addr { host: "127.10.222.130" port: 39511 } } peers { permanent_uuid: "60d99263a645492288edc3d77a32af20" member_type: VOTER last_known_addr { host: "127.10.222.131" port: 41179 } } peers { permanent_uuid: "4a9cc216395b440a99151b6b0fe1d5b1" member_type: VOTER last_known_addr { host: "127.10.222.132" port: 40999 } attrs { promote: false } } }
