I20260710 13:17:57.785336 11957 leader_election.cc:304] T 8b0e2cc735a44a50b358776fb8a2f6e5 P e504838427f64559a3262299ebbdca23 [CANDIDATE]: Term 1 election: Election decided. Result: candidate lost. Election summary: received 3 responses out of 3 voters: 1 yes votes; 2 no votes. yes voters: e504838427f64559a3262299ebbdca23; no voters: 6ae8c02454b24fff94274c1d187f0d60, d24924e088174b0aaed907b7e2a66267
I20260710 13:17:57.793756 12069 raft_consensus.cc:2749] T 8b0e2cc735a44a50b358776fb8a2f6e5 P e504838427f64559a3262299ebbdca23 [term 1 FOLLOWER]: Leader election lost for term 1. Reason: could not achieve majority
I20260710 13:17:57.794215 11957 leader_election.cc:304] T 5cde9d74fdc449399d8e7a555bc83f22 P e504838427f64559a3262299ebbdca23 [CANDIDATE]: Term 1 election: Election decided. Result: candidate won. Election summary: received 2 responses out of 3 voters: 2 yes votes; 0 no votes. yes voters: d24924e088174b0aaed907b7e2a66267, e504838427f64559a3262299ebbdca23; no voters: 
I20260710 13:17:57.794859 12031 tablet_bootstrap.cc:492] T 5bf7354228b947f283d5a51c75d9a5af P e504838427f64559a3262299ebbdca23: No bootstrap required, opened a new log
I20260710 13:17:57.795311 12031 ts_tablet_manager.cc:1403] T 5bf7354228b947f283d5a51c75d9a5af P e504838427f64559a3262299ebbdca23: Time spent bootstrapping tablet: real 0.051s	user 0.013s	sys 0.008s
I20260710 13:17:57.795356 11918 tablet_service.cc:1917] Received RequestConsensusVote() RPC: tablet_id: "543e7162096b4e3092c6e81194be21ed" candidate_uuid: "6ae8c02454b24fff94274c1d187f0d60" candidate_term: 1 candidate_status { last_received { term: 0 index: 0 } } ignore_live_leader: false dest_uuid: "d24924e088174b0aaed907b7e2a66267"
I20260710 13:17:57.801267 12073 raft_consensus.cc:493] T ead3e6a9df17429f8c478cc280098d8f P d24924e088174b0aaed907b7e2a66267 [term 0 FOLLOWER]: Starting pre-election (no leader contacted us within the election timeout)
I20260710 13:17:57.803601 11915 tablet_service.cc:1917] Received RequestConsensusVote() RPC: tablet_id: "e584f6bdb4bf41b78f8eea6cece4cd1d" candidate_uuid: "e504838427f64559a3262299ebbdca23" candidate_term: 1 candidate_status { last_received { term: 0 index: 0 } } ignore_live_leader: false dest_uuid: "d24924e088174b0aaed907b7e2a66267"
I20260710 13:17:57.804363 11915 raft_consensus.cc:3060] T e584f6bdb4bf41b78f8eea6cece4cd1d P d24924e088174b0aaed907b7e2a66267 [term 0 FOLLOWER]: Advancing to term 1
I20260710 13:17:57.805322 11991 tablet_service.cc:1917] Received RequestConsensusVote() RPC: tablet_id: "543e7162096b4e3092c6e81194be21ed" candidate_uuid: "6ae8c02454b24fff94274c1d187f0d60" candidate_term: 1 candidate_status { last_received { term: 0 index: 0 } } ignore_live_leader: false dest_uuid: "e504838427f64559a3262299ebbdca23"
I20260710 13:17:57.806028 11991 raft_consensus.cc:3060] T 543e7162096b4e3092c6e81194be21ed P e504838427f64559a3262299ebbdca23 [term 0 FOLLOWER]: Advancing to term 1
I20260710 13:17:57.795825 11843 tablet_service.cc:1917] Received RequestConsensusVote() RPC: tablet_id: "e584f6bdb4bf41b78f8eea6cece4cd1d" candidate_uuid: "e504838427f64559a3262299ebbdca23" candidate_term: 1 candidate_status { last_received { term: 0 index: 0 } } ignore_live_leader: false dest_uuid: "6ae8c02454b24fff94274c1d187f0d60"
I20260710 13:17:57.799273 12079 leader_election.cc:290] T e584f6bdb4bf41b78f8eea6cece4cd1d P e504838427f64559a3262299ebbdca23 [CANDIDATE]: Term 1 election: Requested vote from peers 6ae8c02454b24fff94274c1d187f0d60 (127.10.245.193:36373), d24924e088174b0aaed907b7e2a66267 (127.10.245.194:36823)
I20260710 13:17:57.799698 11918 raft_consensus.cc:3060] T 543e7162096b4e3092c6e81194be21ed P d24924e088174b0aaed907b7e2a66267 [term 0 FOLLOWER]: Advancing to term 1
I20260710 13:17:57.799803 12069 raft_consensus.cc:2804] T 5cde9d74fdc449399d8e7a555bc83f22 P e504838427f64559a3262299ebbdca23 [term 1 FOLLOWER]: Leader election won for term 1
I20260710 13:17:57.812054 11917 raft_consensus.cc:2468] T b1cd3821905d4fa2bee56c9afabc5dd9 P d24924e088174b0aaed907b7e2a66267 [term 1 FOLLOWER]: Leader election vote request: Granting yes vote for candidate e504838427f64559a3262299ebbdca23 in term 1.
I20260710 13:17:57.801756 12073 raft_consensus.cc:515] T ead3e6a9df17429f8c478cc280098d8f P d24924e088174b0aaed907b7e2a66267 [term 0 FOLLOWER]: Starting pre-election with config: opid_index: -1 OBSOLETE_local: false peers { permanent_uuid: "6ae8c02454b24fff94274c1d187f0d60" member_type: VOTER last_known_addr { host: "127.10.245.193" port: 36373 } } peers { permanent_uuid: "d24924e088174b0aaed907b7e2a66267" member_type: VOTER last_known_addr { host: "127.10.245.194" port: 36823 } } peers { permanent_uuid: "e504838427f64559a3262299ebbdca23" member_type: VOTER last_known_addr { host: "127.10.245.195" port: 32845 } }
I20260710 13:17:57.802681 12074 leader_election.cc:290] T 543e7162096b4e3092c6e81194be21ed P 6ae8c02454b24fff94274c1d187f0d60 [CANDIDATE]: Term 1 election: Requested vote from peers d24924e088174b0aaed907b7e2a66267 (127.10.245.194:36823), e504838427f64559a3262299ebbdca23 (127.10.245.195:32845)
I20260710 13:17:57.818580 12069 raft_consensus.cc:697] T 5cde9d74fdc449399d8e7a555bc83f22 P e504838427f64559a3262299ebbdca23 [term 1 LEADER]: Becoming Leader. State: Replica: e504838427f64559a3262299ebbdca23, State: Running, Role: LEADER
I20260710 13:17:57.816730 11843 raft_consensus.cc:3060] T e584f6bdb4bf41b78f8eea6cece4cd1d P 6ae8c02454b24fff94274c1d187f0d60 [term 0 FOLLOWER]: Advancing to term 1
I20260710 13:17:57.823740 12073 leader_election.cc:290] T ead3e6a9df17429f8c478cc280098d8f P d24924e088174b0aaed907b7e2a66267 [CANDIDATE]: Term 1 pre-election: Requested pre-vote from peers 6ae8c02454b24fff94274c1d187f0d60 (127.10.245.193:36373), e504838427f64559a3262299ebbdca23 (127.10.245.195:32845)
I20260710 13:17:57.824609 11841 tablet_service.cc:1917] Received RequestConsensusVote() RPC: tablet_id: "ead3e6a9df17429f8c478cc280098d8f" candidate_uuid: "d24924e088174b0aaed907b7e2a66267" candidate_term: 1 candidate_status { last_received { term: 0 index: 0 } } ignore_live_leader: false dest_uuid: "6ae8c02454b24fff94274c1d187f0d60" is_pre_election: true
I20260710 13:17:57.824827 11990 tablet_service.cc:1917] Received RequestConsensusVote() RPC: tablet_id: "ead3e6a9df17429f8c478cc280098d8f" candidate_uuid: "d24924e088174b0aaed907b7e2a66267" candidate_term: 1 candidate_status { last_received { term: 0 index: 0 } } ignore_live_leader: false dest_uuid: "e504838427f64559a3262299ebbdca23" is_pre_election: true
I20260710 13:17:57.825752 11990 raft_consensus.cc:2468] T ead3e6a9df17429f8c478cc280098d8f P e504838427f64559a3262299ebbdca23 [term 0 FOLLOWER]: Leader pre-election vote request: Granting yes vote for candidate d24924e088174b0aaed907b7e2a66267 in term 0.
I20260710 13:17:57.825703 11841 raft_consensus.cc:2468] T ead3e6a9df17429f8c478cc280098d8f P 6ae8c02454b24fff94274c1d187f0d60 [term 0 FOLLOWER]: Leader pre-election vote request: Granting yes vote for candidate d24924e088174b0aaed907b7e2a66267 in term 0.
I20260710 13:17:57.827119 11882 leader_election.cc:304] T ead3e6a9df17429f8c478cc280098d8f P d24924e088174b0aaed907b7e2a66267 [CANDIDATE]: Term 1 pre-election: Election decided. Result: candidate won. Election summary: received 2 responses out of 3 voters: 2 yes votes; 0 no votes. yes voters: d24924e088174b0aaed907b7e2a66267, e504838427f64559a3262299ebbdca23; no voters: 
I20260710 13:17:57.827929 12073 raft_consensus.cc:2804] T ead3e6a9df17429f8c478cc280098d8f P d24924e088174b0aaed907b7e2a66267 [term 0 FOLLOWER]: Leader pre-election won for term 1
I20260710 13:17:57.828272 12073 raft_consensus.cc:493] T ead3e6a9df17429f8c478cc280098d8f P d24924e088174b0aaed907b7e2a66267 [term 0 FOLLOWER]: Starting leader election (no leader contacted us within the election timeout)
I20260710 13:17:57.828454 12074 raft_consensus.cc:493] T 2fe1c64b01ff4dbda64076a344640886 P 6ae8c02454b24fff94274c1d187f0d60 [term 0 FOLLOWER]: Starting pre-election (no leader contacted us within the election timeout)
I20260710 13:17:57.828635 12073 raft_consensus.cc:3060] T ead3e6a9df17429f8c478cc280098d8f P d24924e088174b0aaed907b7e2a66267 [term 0 FOLLOWER]: Advancing to term 1
I20260710 13:17:57.828972 12074 raft_consensus.cc:515] T 2fe1c64b01ff4dbda64076a344640886 P 6ae8c02454b24fff94274c1d187f0d60 [term 0 FOLLOWER]: Starting pre-election with config: opid_index: -1 OBSOLETE_local: false peers { permanent_uuid: "6ae8c02454b24fff94274c1d187f0d60" member_type: VOTER last_known_addr { host: "127.10.245.193" port: 36373 } } peers { permanent_uuid: "d24924e088174b0aaed907b7e2a66267" member_type: VOTER last_known_addr { host: "127.10.245.194" port: 36823 } } peers { permanent_uuid: "e504838427f64559a3262299ebbdca23" member_type: VOTER last_known_addr { host: "127.10.245.195" port: 32845 } }
I20260710 13:17:57.830188 11991 raft_consensus.cc:2468] T 543e7162096b4e3092c6e81194be21ed P e504838427f64559a3262299ebbdca23 [term 1 FOLLOWER]: Leader election vote request: Granting yes vote for candidate 6ae8c02454b24fff94274c1d187f0d60 in term 1.
I20260710 13:17:57.830483 11843 raft_consensus.cc:2468] T e584f6bdb4bf41b78f8eea6cece4cd1d P 6ae8c02454b24fff94274c1d187f0d60 [term 1 FOLLOWER]: Leader election vote request: Granting yes vote for candidate e504838427f64559a3262299ebbdca23 in term 1.
I20260710 13:17:57.818897 11842 raft_consensus.cc:2468] T 5cde9d74fdc449399d8e7a555bc83f22 P 6ae8c02454b24fff94274c1d187f0d60 [term 1 FOLLOWER]: Leader election vote request: Granting yes vote for candidate e504838427f64559a3262299ebbdca23 in term 1.
I20260710 13:17:57.831408 11807 leader_election.cc:304] T 543e7162096b4e3092c6e81194be21ed P 6ae8c02454b24fff94274c1d187f0d60 [CANDIDATE]: Term 1 election: Election decided. Result: candidate won. Election summary: received 2 responses out of 3 voters: 2 yes votes; 0 no votes. yes voters: 6ae8c02454b24fff94274c1d187f0d60, e504838427f64559a3262299ebbdca23; no voters: 
I20260710 13:17:57.832280 12031 raft_consensus.cc:359] T 5bf7354228b947f283d5a51c75d9a5af P e504838427f64559a3262299ebbdca23 [term 0 FOLLOWER]: Replica starting. Triggering 0 pending ops. Active config: opid_index: -1 OBSOLETE_local: false peers { permanent_uuid: "6ae8c02454b24fff94274c1d187f0d60" member_type: VOTER last_known_addr { host: "127.10.245.193" port: 36373 } } peers { permanent_uuid: "d24924e088174b0aaed907b7e2a66267" member_type: VOTER last_known_addr { host: "127.10.245.194" port: 36823 } } peers { permanent_uuid: "e504838427f64559a3262299ebbdca23" member_type: VOTER last_known_addr { host: "127.10.245.195" port: 32845 } }
I20260710 13:17:57.832577 12074 leader_election.cc:290] T 2fe1c64b01ff4dbda64076a344640886 P 6ae8c02454b24fff94274c1d187f0d60 [CANDIDATE]: Term 1 pre-election: Requested pre-vote from peers d24924e088174b0aaed907b7e2a66267 (127.10.245.194:36823), e504838427f64559a3262299ebbdca23 (127.10.245.195:32845)
I20260710 13:17:57.832823 12046 raft_consensus.cc:2804] T 543e7162096b4e3092c6e81194be21ed P 6ae8c02454b24fff94274c1d187f0d60 [term 1 FOLLOWER]: Leader election won for term 1
I20260710 13:17:57.833443 12046 raft_consensus.cc:697] T 543e7162096b4e3092c6e81194be21ed P 6ae8c02454b24fff94274c1d187f0d60 [term 1 LEADER]: Becoming Leader. State: Replica: 6ae8c02454b24fff94274c1d187f0d60, State: Running, Role: LEADER
I20260710 13:17:57.834344 11990 tablet_service.cc:1917] Received RequestConsensusVote() RPC: tablet_id: "2fe1c64b01ff4dbda64076a344640886" candidate_uuid: "6ae8c02454b24fff94274c1d187f0d60" candidate_term: 1 candidate_status { last_received { term: 0 index: 0 } } ignore_live_leader: false dest_uuid: "e504838427f64559a3262299ebbdca23" is_pre_election: true
I20260710 13:17:57.834316 11957 leader_election.cc:304] T e584f6bdb4bf41b78f8eea6cece4cd1d P e504838427f64559a3262299ebbdca23 [CANDIDATE]: Term 1 election: Election decided. Result: candidate won. Election summary: received 2 responses out of 3 voters: 2 yes votes; 0 no votes. yes voters: 6ae8c02454b24fff94274c1d187f0d60, e504838427f64559a3262299ebbdca23; no voters: 
I20260710 13:17:57.834245 12046 consensus_queue.cc:237] T 543e7162096b4e3092c6e81194be21ed P 6ae8c02454b24fff94274c1d187f0d60 [LEADER]: Queue going to LEADER mode. State: All replicated index: 0, Majority replicated index: 0, Committed index: 0, Last appended: 0.0, Last appended by leader: 0, Current term: 1, Majority size: 2, State: 0, Mode: LEADER, active raft config: opid_index: -1 OBSOLETE_local: false peers { permanent_uuid: "6ae8c02454b24fff94274c1d187f0d60" member_type: VOTER last_known_addr { host: "127.10.245.193" port: 36373 } } peers { permanent_uuid: "d24924e088174b0aaed907b7e2a66267" member_type: VOTER last_known_addr { host: "127.10.245.194" port: 36823 } } peers { permanent_uuid: "e504838427f64559a3262299ebbdca23" member_type: VOTER last_known_addr { host: "127.10.245.195" port: 32845 } }
I20260710 13:17:57.835330 11990 raft_consensus.cc:2393] T 2fe1c64b01ff4dbda64076a344640886 P e504838427f64559a3262299ebbdca23 [term 1 FOLLOWER]: Leader pre-election vote request: Denying vote to candidate 6ae8c02454b24fff94274c1d187f0d60 in current term 1: Already voted for candidate d24924e088174b0aaed907b7e2a66267 in this term.
I20260710 13:17:57.832970 12031 raft_consensus.cc:385] T 5bf7354228b947f283d5a51c75d9a5af P e504838427f64559a3262299ebbdca23 [term 0 FOLLOWER]: Consensus starting up: Expiring failure detector timer to make a prompt election more likely
I20260710 13:17:57.836091 12031 raft_consensus.cc:740] T 5bf7354228b947f283d5a51c75d9a5af P e504838427f64559a3262299ebbdca23 [term 0 FOLLOWER]: Becoming Follower/Learner. State: Replica: e504838427f64559a3262299ebbdca23, State: Initialized, Role: FOLLOWER
I20260710 13:17:57.836946 12079 raft_consensus.cc:2804] T e584f6bdb4bf41b78f8eea6cece4cd1d P e504838427f64559a3262299ebbdca23 [term 1 FOLLOWER]: Leader election won for term 1
I20260710 13:17:57.836984 11915 raft_consensus.cc:2468] T e584f6bdb4bf41b78f8eea6cece4cd1d P d24924e088174b0aaed907b7e2a66267 [term 1 FOLLOWER]: Leader election vote request: Granting yes vote for candidate e504838427f64559a3262299ebbdca23 in term 1.
I20260710 13:17:57.836812 12031 consensus_queue.cc:260] T 5bf7354228b947f283d5a51c75d9a5af P e504838427f64559a3262299ebbdca23 [NON_LEADER]: Queue going to NON_LEADER mode. State: All replicated index: 0, Majority replicated index: 0, Committed index: 0, Last appended: 0.0, Last appended by leader: 0, Current term: 0, Majority size: -1, State: 0, Mode: NON_LEADER, active raft config: opid_index: -1 OBSOLETE_local: false peers { permanent_uuid: "6ae8c02454b24fff94274c1d187f0d60" member_type: VOTER last_known_addr { host: "127.10.245.193" port: 36373 } } peers { permanent_uuid: "d24924e088174b0aaed907b7e2a66267" member_type: VOTER last_known_addr { host: "127.10.245.194" port: 36823 } } peers { permanent_uuid: "e504838427f64559a3262299ebbdca23" member_type: VOTER last_known_addr { host: "127.10.245.195" port: 32845 } }
I20260710 13:17:57.846530 12031 ts_tablet_manager.cc:1434] T 5bf7354228b947f283d5a51c75d9a5af P e504838427f64559a3262299ebbdca23: Time spent starting tablet: real 0.048s	user 0.005s	sys 0.000s
I20260710 13:17:57.838479 11917 tablet_service.cc:1917] Received RequestConsensusVote() RPC: tablet_id: "2fe1c64b01ff4dbda64076a344640886" candidate_uuid: "6ae8c02454b24fff94274c1d187f0d60" candidate_term: 1 candidate_status { last_received { term: 0 index: 0 } } ignore_live_leader: false dest_uuid: "d24924e088174b0aaed907b7e2a66267" is_pre_election: true
I20260710 13:17:57.837771 12079 raft_consensus.cc:697] T e584f6bdb4bf41b78f8eea6cece4cd1d P e504838427f64559a3262299ebbdca23 [term 1 LEADER]: Becoming Leader. State: Replica: e504838427f64559a3262299ebbdca23, State: Running, Role: LEADER
I20260710 13:17:57.843905 11918 raft_consensus.cc:2468] T 543e7162096b4e3092c6e81194be21ed P d24924e088174b0aaed907b7e2a66267 [term 1 FOLLOWER]: Leader election vote request: Granting yes vote for candidate 6ae8c02454b24fff94274c1d187f0d60 in term 1.
I20260710 13:17:57.848244 11808 leader_election.cc:304] T 2fe1c64b01ff4dbda64076a344640886 P 6ae8c02454b24fff94274c1d187f0d60 [CANDIDATE]: Term 1 pre-election: Election decided. Result: candidate lost. Election summary: received 3 responses out of 3 voters: 1 yes votes; 2 no votes. yes voters: 6ae8c02454b24fff94274c1d187f0d60; no voters: d24924e088174b0aaed907b7e2a66267, e504838427f64559a3262299ebbdca23
I20260710 13:17:57.848973 12046 raft_consensus.cc:3060] T 2fe1c64b01ff4dbda64076a344640886 P 6ae8c02454b24fff94274c1d187f0d60 [term 0 FOLLOWER]: Advancing to term 1
I20260710 13:17:57.847648 12079 consensus_queue.cc:237] T e584f6bdb4bf41b78f8eea6cece4cd1d P e504838427f64559a3262299ebbdca23 [LEADER]: Queue going to LEADER mode. State: All replicated index: 0, Majority replicated index: 0, Committed index: 0, Last appended: 0.0, Last appended by leader: 0, Current term: 1, Majority size: 2, State: 0, Mode: LEADER, active raft config: opid_index: -1 OBSOLETE_local: false peers { permanent_uuid: "6ae8c02454b24fff94274c1d187f0d60" member_type: VOTER last_known_addr { host: "127.10.245.193" port: 36373 } } peers { permanent_uuid: "d24924e088174b0aaed907b7e2a66267" member_type: VOTER last_known_addr { host: "127.10.245.194" port: 36823 } } peers { permanent_uuid: "e504838427f64559a3262299ebbdca23" member_type: VOTER last_known_addr { host: "127.10.245.195" port: 32845 } }
I20260710 13:17:57.843353 12069 consensus_queue.cc:237] T 5cde9d74fdc449399d8e7a555bc83f22 P e504838427f64559a3262299ebbdca23 [LEADER]: Queue going to LEADER mode. State: All replicated index: 0, Majority replicated index: 0, Committed index: 0, Last appended: 0.0, Last appended by leader: 0, Current term: 1, Majority size: 2, State: 0, Mode: LEADER, active raft config: opid_index: -1 OBSOLETE_local: false peers { permanent_uuid: "6ae8c02454b24fff94274c1d187f0d60" member_type: VOTER last_known_addr { host: "127.10.245.193" port: 36373 } } peers { permanent_uuid: "d24924e088174b0aaed907b7e2a66267" member_type: VOTER last_known_addr { host: "127.10.245.194" port: 36823 } } peers { permanent_uuid: "e504838427f64559a3262299ebbdca23" member_type: VOTER last_known_addr { host: "127.10.245.195" port: 32845 } }
I20260710 13:17:57.856263 12046 raft_consensus.cc:2749] T 2fe1c64b01ff4dbda64076a344640886 P 6ae8c02454b24fff94274c1d187f0d60 [term 1 FOLLOWER]: Leader pre-election lost for term 1. Reason: could not achieve majority
I20260710 13:17:57.862716 12073 raft_consensus.cc:515] T ead3e6a9df17429f8c478cc280098d8f P d24924e088174b0aaed907b7e2a66267 [term 1 FOLLOWER]: Starting leader election with config: opid_index: -1 OBSOLETE_local: false peers { permanent_uuid: "6ae8c02454b24fff94274c1d187f0d60" member_type: VOTER last_known_addr { host: "127.10.245.193" port: 36373 } } peers { permanent_uuid: "d24924e088174b0aaed907b7e2a66267" member_type: VOTER last_known_addr { host: "127.10.245.194" port: 36823 } } peers { permanent_uuid: "e504838427f64559a3262299ebbdca23" member_type: VOTER last_known_addr { host: "127.10.245.195" port: 32845 } }
I20260710 13:17:57.866060 11842 tablet_service.cc:1917] Received RequestConsensusVote() RPC: tablet_id: "ead3e6a9df17429f8c478cc280098d8f" candidate_uuid: "d24924e088174b0aaed907b7e2a66267" candidate_term: 1 candidate_status { last_received { term: 0 index: 0 } } ignore_live_leader: false dest_uuid: "6ae8c02454b24fff94274c1d187f0d60"
I20260710 13:17:57.866546 11842 raft_consensus.cc:3060] T ead3e6a9df17429f8c478cc280098d8f P 6ae8c02454b24fff94274c1d187f0d60 [term 0 FOLLOWER]: Advancing to term 1
I20260710 13:17:57.872637 11842 raft_consensus.cc:2468] T ead3e6a9df17429f8c478cc280098d8f P 6ae8c02454b24fff94274c1d187f0d60 [term 1 FOLLOWER]: Leader election vote request: Granting yes vote for candidate d24924e088174b0aaed907b7e2a66267 in term 1.
I20260710 13:17:57.873250 12073 leader_election.cc:290] T ead3e6a9df17429f8c478cc280098d8f P d24924e088174b0aaed907b7e2a66267 [CANDIDATE]: Term 1 election: Requested vote from peers 6ae8c02454b24fff94274c1d187f0d60 (127.10.245.193:36373), e504838427f64559a3262299ebbdca23 (127.10.245.195:32845)
I20260710 13:17:57.873723 11883 leader_election.cc:304] T ead3e6a9df17429f8c478cc280098d8f P d24924e088174b0aaed907b7e2a66267 [CANDIDATE]: Term 1 election: Election decided. Result: candidate won. Election summary: received 2 responses out of 3 voters: 2 yes votes; 0 no votes. yes voters: 6ae8c02454b24fff94274c1d187f0d60, d24924e088174b0aaed907b7e2a66267; no voters: 
I20260710 13:17:57.874558 12073 raft_consensus.cc:2804] T ead3e6a9df17429f8c478cc280098d8f P d24924e088174b0aaed907b7e2a66267 [term 1 FOLLOWER]: Leader election won for term 1
I20260710 13:17:57.875214 12073 raft_consensus.cc:697] T ead3e6a9df17429f8c478cc280098d8f P d24924e088174b0aaed907b7e2a66267 [term 1 LEADER]: Becoming Leader. State: Replica: d24924e088174b0aaed907b7e2a66267, State: Running, Role: LEADER
I20260710 13:17:57.876036 12073 consensus_queue.cc:237] T ead3e6a9df17429f8c478cc280098d8f P d24924e088174b0aaed907b7e2a66267 [LEADER]: Queue going to LEADER mode. State: All replicated index: 0, Majority replicated index: 0, Committed index: 0, Last appended: 0.0, Last appended by leader: 0, Current term: 1, Majority size: 2, State: 0, Mode: LEADER, active raft config: opid_index: -1 OBSOLETE_local: false peers { permanent_uuid: "6ae8c02454b24fff94274c1d187f0d60" member_type: VOTER last_known_addr { host: "127.10.245.193" port: 36373 } } peers { permanent_uuid: "d24924e088174b0aaed907b7e2a66267" member_type: VOTER last_known_addr { host: "127.10.245.194" port: 36823 } } peers { permanent_uuid: "e504838427f64559a3262299ebbdca23" member_type: VOTER last_known_addr { host: "127.10.245.195" port: 32845 } }
I20260710 13:17:57.877254 11991 tablet_service.cc:1917] Received RequestConsensusVote() RPC: tablet_id: "ead3e6a9df17429f8c478cc280098d8f" candidate_uuid: "d24924e088174b0aaed907b7e2a66267" candidate_term: 1 candidate_status { last_received { term: 0 index: 0 } } ignore_live_leader: false dest_uuid: "e504838427f64559a3262299ebbdca23"
I20260710 13:17:57.877830 11991 raft_consensus.cc:3060] T ead3e6a9df17429f8c478cc280098d8f P e504838427f64559a3262299ebbdca23 [term 0 FOLLOWER]: Advancing to term 1
I20260710 13:17:57.878393 11740 catalog_manager.cc:5697] T 2fe1c64b01ff4dbda64076a344640886 P d24924e088174b0aaed907b7e2a66267 reported cstate change: term changed from 0 to 1, leader changed from <none> to d24924e088174b0aaed907b7e2a66267 (127.10.245.194). New cstate: current_term: 1 leader_uuid: "d24924e088174b0aaed907b7e2a66267" committed_config { opid_index: -1 OBSOLETE_local: false peers { permanent_uuid: "6ae8c02454b24fff94274c1d187f0d60" member_type: VOTER last_known_addr { host: "127.10.245.193" port: 36373 } health_report { overall_health: UNKNOWN } } peers { permanent_uuid: "d24924e088174b0aaed907b7e2a66267" member_type: VOTER last_known_addr { host: "127.10.245.194" port: 36823 } health_report { overall_health: HEALTHY } } peers { permanent_uuid: "e504838427f64559a3262299ebbdca23" member_type: VOTER last_known_addr { host: "127.10.245.195" port: 32845 } health_report { overall_health: UNKNOWN } } }
I20260710 13:17:57.880299 11740 catalog_manager.cc:5697] T 8b0e2cc735a44a50b358776fb8a2f6e5 P d24924e088174b0aaed907b7e2a66267 reported cstate change: term changed from 0 to 1, leader changed from <none> to d24924e088174b0aaed907b7e2a66267 (127.10.245.194). New cstate: current_term: 1 leader_uuid: "d24924e088174b0aaed907b7e2a66267" committed_config { opid_index: -1 OBSOLETE_local: false peers { permanent_uuid: "6ae8c02454b24fff94274c1d187f0d60" member_type: VOTER last_known_addr { host: "127.10.245.193" port: 36373 } health_report { overall_health: UNKNOWN } } peers { permanent_uuid: "d24924e088174b0aaed907b7e2a66267" member_type: VOTER last_known_addr { host: "127.10.245.194" port: 36823 } health_report { overall_health: HEALTHY } } peers { permanent_uuid: "e504838427f64559a3262299ebbdca23" member_type: VOTER last_known_addr { host: "127.10.245.195" port: 32845 } health_report { overall_health: UNKNOWN } } }
I20260710 13:17:57.884939 11991 raft_consensus.cc:2468] T ead3e6a9df17429f8c478cc280098d8f P e504838427f64559a3262299ebbdca23 [term 1 FOLLOWER]: Leader election vote request: Granting yes vote for candidate d24924e088174b0aaed907b7e2a66267 in term 1.
I20260710 13:17:57.892267 11738 catalog_manager.cc:5697] T 5cde9d74fdc449399d8e7a555bc83f22 P e504838427f64559a3262299ebbdca23 reported cstate change: term changed from 0 to 1, leader changed from <none> to e504838427f64559a3262299ebbdca23 (127.10.245.195). New cstate: current_term: 1 leader_uuid: "e504838427f64559a3262299ebbdca23" committed_config { opid_index: -1 OBSOLETE_local: false peers { permanent_uuid: "6ae8c02454b24fff94274c1d187f0d60" member_type: VOTER last_known_addr { host: "127.10.245.193" port: 36373 } health_report { overall_health: UNKNOWN } } peers { permanent_uuid: "d24924e088174b0aaed907b7e2a66267" member_type: VOTER last_known_addr { host: "127.10.245.194" port: 36823 } health_report { overall_health: UNKNOWN } } peers { permanent_uuid: "e504838427f64559a3262299ebbdca23" member_type: VOTER last_known_addr { host: "127.10.245.195" port: 32845 } health_report { overall_health: HEALTHY } } }
I20260710 13:17:57.893784 11738 catalog_manager.cc:5697] T b1cd3821905d4fa2bee56c9afabc5dd9 P e504838427f64559a3262299ebbdca23 reported cstate change: term changed from 0 to 1, leader changed from <none> to e504838427f64559a3262299ebbdca23 (127.10.245.195). New cstate: current_term: 1 leader_uuid: "e504838427f64559a3262299ebbdca23" committed_config { opid_index: -1 OBSOLETE_local: false peers { permanent_uuid: "6ae8c02454b24fff94274c1d187f0d60" member_type: VOTER last_known_addr { host: "127.10.245.193" port: 36373 } health_report { overall_health: UNKNOWN } } peers { permanent_uuid: "d24924e088174b0aaed907b7e2a66267" member_type: VOTER last_known_addr { host: "127.10.245.194" port: 36823 } health_report { overall_health: UNKNOWN } } peers { permanent_uuid: "e504838427f64559a3262299ebbdca23" member_type: VOTER last_known_addr { host: "127.10.245.195" port: 32845 } health_report { overall_health: HEALTHY } } }
I20260710 13:17:57.894981 11738 catalog_manager.cc:5697] T e584f6bdb4bf41b78f8eea6cece4cd1d P e504838427f64559a3262299ebbdca23 reported cstate change: term changed from 0 to 1, leader changed from <none> to e504838427f64559a3262299ebbdca23 (127.10.245.195). New cstate: current_term: 1 leader_uuid: "e504838427f64559a3262299ebbdca23" committed_config { opid_index: -1 OBSOLETE_local: false peers { permanent_uuid: "6ae8c02454b24fff94274c1d187f0d60" member_type: VOTER last_known_addr { host: "127.10.245.193" port: 36373 } health_report { overall_health: UNKNOWN } } peers { permanent_uuid: "d24924e088174b0aaed907b7e2a66267" member_type: VOTER last_known_addr { host: "127.10.245.194" port: 36823 } health_report { overall_health: UNKNOWN } } peers { permanent_uuid: "e504838427f64559a3262299ebbdca23" member_type: VOTER last_known_addr { host: "127.10.245.195" port: 32845 } health_report { overall_health: HEALTHY } } }
I20260710 13:17:57.896714 11740 catalog_manager.cc:5697] T ead3e6a9df17429f8c478cc280098d8f P d24924e088174b0aaed907b7e2a66267 reported cstate change: term changed from 0 to 1, leader changed from <none> to d24924e088174b0aaed907b7e2a66267 (127.10.245.194). New cstate: current_term: 1 leader_uuid: "d24924e088174b0aaed907b7e2a66267" committed_config { opid_index: -1 OBSOLETE_local: false peers { permanent_uuid: "6ae8c02454b24fff94274c1d187f0d60" member_type: VOTER last_known_addr { host: "127.10.245.193" port: 36373 } health_report { overall_health: UNKNOWN } } peers { permanent_uuid: "d24924e088174b0aaed907b7e2a66267" member_type: VOTER last_known_addr { host: "127.10.245.194" port: 36823 } health_report { overall_health: HEALTHY } } peers { permanent_uuid: "e504838427f64559a3262299ebbdca23" member_type: VOTER last_known_addr { host: "127.10.245.195" port: 32845 } health_report { overall_health: UNKNOWN } } }
I20260710 13:17:57.903564 11739 catalog_manager.cc:5697] T 5bf7354228b947f283d5a51c75d9a5af P 6ae8c02454b24fff94274c1d187f0d60 reported cstate change: term changed from 0 to 1, leader changed from <none> to 6ae8c02454b24fff94274c1d187f0d60 (127.10.245.193). New cstate: current_term: 1 leader_uuid: "6ae8c02454b24fff94274c1d187f0d60" committed_config { opid_index: -1 OBSOLETE_local: false peers { permanent_uuid: "6ae8c02454b24fff94274c1d187f0d60" member_type: VOTER last_known_addr { host: "127.10.245.193" port: 36373 } health_report { overall_health: HEALTHY } } peers { permanent_uuid: "d24924e088174b0aaed907b7e2a66267" member_type: VOTER last_known_addr { host: "127.10.245.194" port: 36823 } health_report { overall_health: UNKNOWN } } peers { permanent_uuid: "e504838427f64559a3262299ebbdca23" member_type: VOTER last_known_addr { host: "127.10.245.195" port: 32845 } health_report { overall_health: UNKNOWN } } }
I20260710 13:17:57.906104 11739 catalog_manager.cc:5697] T 543e7162096b4e3092c6e81194be21ed P 6ae8c02454b24fff94274c1d187f0d60 reported cstate change: term changed from 0 to 1, leader changed from <none> to 6ae8c02454b24fff94274c1d187f0d60 (127.10.245.193). New cstate: current_term: 1 leader_uuid: "6ae8c02454b24fff94274c1d187f0d60" committed_config { opid_index: -1 OBSOLETE_local: false peers { permanent_uuid: "6ae8c02454b24fff94274c1d187f0d60" member_type: VOTER last_known_addr { host: "127.10.245.193" port: 36373 } health_report { overall_health: HEALTHY } } peers { permanent_uuid: "d24924e088174b0aaed907b7e2a66267" member_type: VOTER last_known_addr { host: "127.10.245.194" port: 36823 } health_report { overall_health: UNKNOWN } } peers { permanent_uuid: "e504838427f64559a3262299ebbdca23" member_type: VOTER last_known_addr { host: "127.10.245.195" port: 32845 } health_report { overall_health: UNKNOWN } } }
I20260710 13:17:58.056847 12046 consensus_queue.cc:1048] T 12ecbf2961cd497a94f86c7bf7269e69 P 6ae8c02454b24fff94274c1d187f0d60 [LEADER]: Connected to new peer: Peer: permanent_uuid: "d24924e088174b0aaed907b7e2a66267" member_type: VOTER last_known_addr { host: "127.10.245.194" port: 36823 }, Status: LMP_MISMATCH, Last received: 0.0, Next index: 1, Last known committed idx: 0, Time since last communication: 0.000s
I20260710 13:17:58.073371 12099 consensus_queue.cc:1048] T 12ecbf2961cd497a94f86c7bf7269e69 P 6ae8c02454b24fff94274c1d187f0d60 [LEADER]: Connected to new peer: Peer: permanent_uuid: "e504838427f64559a3262299ebbdca23" member_type: VOTER last_known_addr { host: "127.10.245.195" port: 32845 }, Status: LMP_MISMATCH, Last received: 0.0, Next index: 1, Last known committed idx: 0, Time since last communication: 0.001s
I20260710 13:17:58.075618 11918 tablet_service.cc:2072] Received LeaderStepDown RPC: tablet_id: "d824005bb2604f578b2a4433e79fe32b"
dest_uuid: "d24924e088174b0aaed907b7e2a66267"
mode: GRACEFUL
new_leader_uuid: "6ae8c02454b24fff94274c1d187f0d60"
 from {username='slave'} at 127.0.0.1:33612
I20260710 13:17:58.076212 11918 raft_consensus.cc:606] T d824005bb2604f578b2a4433e79fe32b P d24924e088174b0aaed907b7e2a66267 [term 1 LEADER]: Received request to transfer leadership to TS 6ae8c02454b24fff94274c1d187f0d60
I20260710 13:17:58.096000 11991 tablet_service.cc:2072] Received LeaderStepDown RPC: tablet_id: "b1cd3821905d4fa2bee56c9afabc5dd9"
dest_uuid: "e504838427f64559a3262299ebbdca23"
mode: GRACEFUL
new_leader_uuid: "6ae8c02454b24fff94274c1d187f0d60"
 from {username='slave'} at 127.0.0.1:41500
I20260710 13:17:58.096522 11991 raft_consensus.cc:606] T b1cd3821905d4fa2bee56c9afabc5dd9 P e504838427f64559a3262299ebbdca23 [term 1 LEADER]: Received request to transfer leadership to TS 6ae8c02454b24fff94274c1d187f0d60
I20260710 13:17:58.104748 11915 tablet_service.cc:2072] Received LeaderStepDown RPC: tablet_id: "2fe1c64b01ff4dbda64076a344640886"
dest_uuid: "d24924e088174b0aaed907b7e2a66267"
mode: GRACEFUL
new_leader_uuid: "6ae8c02454b24fff94274c1d187f0d60"
 from {username='slave'} at 127.0.0.1:33612
I20260710 13:17:58.105278 11915 raft_consensus.cc:606] T 2fe1c64b01ff4dbda64076a344640886 P d24924e088174b0aaed907b7e2a66267 [term 1 LEADER]: Received request to transfer leadership to TS 6ae8c02454b24fff94274c1d187f0d60
I20260710 13:17:58.110253 11991 tablet_service.cc:2072] Received LeaderStepDown RPC: tablet_id: "e584f6bdb4bf41b78f8eea6cece4cd1d"
dest_uuid: "e504838427f64559a3262299ebbdca23"
mode: GRACEFUL
new_leader_uuid: "6ae8c02454b24fff94274c1d187f0d60"
 from {username='slave'} at 127.0.0.1:41500
I20260710 13:17:58.110821 11991 raft_consensus.cc:606] T e584f6bdb4bf41b78f8eea6cece4cd1d P e504838427f64559a3262299ebbdca23 [term 1 LEADER]: Received request to transfer leadership to TS 6ae8c02454b24fff94274c1d187f0d60
I20260710 13:17:58.118323 11991 tablet_service.cc:2072] Received LeaderStepDown RPC: tablet_id: "5cde9d74fdc449399d8e7a555bc83f22"
dest_uuid: "e504838427f64559a3262299ebbdca23"
mode: GRACEFUL
new_leader_uuid: "d24924e088174b0aaed907b7e2a66267"
 from {username='slave'} at 127.0.0.1:41500
I20260710 13:17:58.118819 11991 raft_consensus.cc:606] T 5cde9d74fdc449399d8e7a555bc83f22 P e504838427f64559a3262299ebbdca23 [term 1 LEADER]: Received request to transfer leadership to TS d24924e088174b0aaed907b7e2a66267
I20260710 13:17:58.131714 11842 tablet_service.cc:2072] Received LeaderStepDown RPC: tablet_id: "12ecbf2961cd497a94f86c7bf7269e69"
dest_uuid: "6ae8c02454b24fff94274c1d187f0d60"
mode: GRACEFUL
new_leader_uuid: "d24924e088174b0aaed907b7e2a66267"
 from {username='slave'} at 127.0.0.1:44122
I20260710 13:17:58.132228 11842 raft_consensus.cc:606] T 12ecbf2961cd497a94f86c7bf7269e69 P 6ae8c02454b24fff94274c1d187f0d60 [term 1 LEADER]: Received request to transfer leadership to TS d24924e088174b0aaed907b7e2a66267
I20260710 13:17:58.139851 11842 tablet_service.cc:2072] Received LeaderStepDown RPC: tablet_id: "5bf7354228b947f283d5a51c75d9a5af"
dest_uuid: "6ae8c02454b24fff94274c1d187f0d60"
mode: GRACEFUL
new_leader_uuid: "e504838427f64559a3262299ebbdca23"
 from {username='slave'} at 127.0.0.1:44122
I20260710 13:17:58.140450 11842 raft_consensus.cc:606] T 5bf7354228b947f283d5a51c75d9a5af P 6ae8c02454b24fff94274c1d187f0d60 [term 1 LEADER]: Received request to transfer leadership to TS e504838427f64559a3262299ebbdca23
I20260710 13:17:58.172540 11991 raft_consensus.cc:3060] T 5bf7354228b947f283d5a51c75d9a5af P e504838427f64559a3262299ebbdca23 [term 0 FOLLOWER]: Advancing to term 1
I20260710 13:17:58.178140 12099 consensus_queue.cc:1048] T 5bf7354228b947f283d5a51c75d9a5af P 6ae8c02454b24fff94274c1d187f0d60 [LEADER]: Connected to new peer: Peer: permanent_uuid: "e504838427f64559a3262299ebbdca23" member_type: VOTER last_known_addr { host: "127.10.245.195" port: 32845 }, Status: LMP_MISMATCH, Last received: 0.0, Next index: 1, Last known committed idx: 0, Time since last communication: 0.000s
I20260710 13:17:58.184711 12046 raft_consensus.cc:993] T 5bf7354228b947f283d5a51c75d9a5af P 6ae8c02454b24fff94274c1d187f0d60: : Instructing follower e504838427f64559a3262299ebbdca23 to start an election
I20260710 13:17:58.185160 12074 raft_consensus.cc:1081] T 5bf7354228b947f283d5a51c75d9a5af P 6ae8c02454b24fff94274c1d187f0d60 [term 1 LEADER]: Signalling peer e504838427f64559a3262299ebbdca23 to start an election
I20260710 13:17:58.189725 11991 tablet_service.cc:2044] Received Run Leader Election RPC: tablet_id: "5bf7354228b947f283d5a51c75d9a5af"
dest_uuid: "e504838427f64559a3262299ebbdca23"
 from {username='slave'} at 127.0.0.1:41476
I20260710 13:17:58.190261 11991 raft_consensus.cc:493] T 5bf7354228b947f283d5a51c75d9a5af P e504838427f64559a3262299ebbdca23 [term 1 FOLLOWER]: Starting forced leader election (received explicit request)
I20260710 13:17:58.190032 12099 consensus_queue.cc:1048] T 5bf7354228b947f283d5a51c75d9a5af P 6ae8c02454b24fff94274c1d187f0d60 [LEADER]: Connected to new peer: Peer: permanent_uuid: "d24924e088174b0aaed907b7e2a66267" member_type: VOTER last_known_addr { host: "127.10.245.194" port: 36823 }, Status: LMP_MISMATCH, Last received: 0.0, Next index: 1, Last known committed idx: 0, Time since last communication: 0.000s
I20260710 13:17:58.190651 11991 raft_consensus.cc:3060] T 5bf7354228b947f283d5a51c75d9a5af P e504838427f64559a3262299ebbdca23 [term 1 FOLLOWER]: Advancing to term 2
I20260710 13:17:58.197659 11991 raft_consensus.cc:515] T 5bf7354228b947f283d5a51c75d9a5af P e504838427f64559a3262299ebbdca23 [term 2 FOLLOWER]: Starting forced leader election with config: opid_index: -1 OBSOLETE_local: false peers { permanent_uuid: "6ae8c02454b24fff94274c1d187f0d60" member_type: VOTER last_known_addr { host: "127.10.245.193" port: 36373 } } peers { permanent_uuid: "d24924e088174b0aaed907b7e2a66267" member_type: VOTER last_known_addr { host: "127.10.245.194" port: 36823 } } peers { permanent_uuid: "e504838427f64559a3262299ebbdca23" member_type: VOTER last_known_addr { host: "127.10.245.195" port: 32845 } }
I20260710 13:17:58.199723 11991 leader_election.cc:290] T 5bf7354228b947f283d5a51c75d9a5af P e504838427f64559a3262299ebbdca23 [CANDIDATE]: Term 2 election: Requested vote from peers 6ae8c02454b24fff94274c1d187f0d60 (127.10.245.193:36373), d24924e088174b0aaed907b7e2a66267 (127.10.245.194:36823)
I20260710 13:17:58.200402 11842 tablet_service.cc:1917] Received RequestConsensusVote() RPC: tablet_id: "5bf7354228b947f283d5a51c75d9a5af" candidate_uuid: "e504838427f64559a3262299ebbdca23" candidate_term: 2 candidate_status { last_received { term: 1 index: 1 } } ignore_live_leader: true dest_uuid: "6ae8c02454b24fff94274c1d187f0d60"
I20260710 13:17:58.200758 11915 tablet_service.cc:1917] Received RequestConsensusVote() RPC: tablet_id: "5bf7354228b947f283d5a51c75d9a5af" candidate_uuid: "e504838427f64559a3262299ebbdca23" candidate_term: 2 candidate_status { last_received { term: 1 index: 1 } } ignore_live_leader: true dest_uuid: "d24924e088174b0aaed907b7e2a66267"
I20260710 13:17:58.200994 11842 raft_consensus.cc:3055] T 5bf7354228b947f283d5a51c75d9a5af P 6ae8c02454b24fff94274c1d187f0d60 [term 1 LEADER]: Stepping down as leader of term 1
I20260710 13:17:58.201301 11915 raft_consensus.cc:3060] T 5bf7354228b947f283d5a51c75d9a5af P d24924e088174b0aaed907b7e2a66267 [term 1 FOLLOWER]: Advancing to term 2
I20260710 13:17:58.201314 11842 raft_consensus.cc:740] T 5bf7354228b947f283d5a51c75d9a5af P 6ae8c02454b24fff94274c1d187f0d60 [term 1 LEADER]: Becoming Follower/Learner. State: Replica: 6ae8c02454b24fff94274c1d187f0d60, State: Running, Role: LEADER
I20260710 13:17:58.202273 11842 consensus_queue.cc:260] T 5bf7354228b947f283d5a51c75d9a5af P 6ae8c02454b24fff94274c1d187f0d60 [NON_LEADER]: Queue going to NON_LEADER mode. State: All replicated index: 0, Majority replicated index: 1, Committed index: 1, Last appended: 1.1, Last appended by leader: 1, Current term: 1, Majority size: -1, State: 0, Mode: NON_LEADER, active raft config: opid_index: -1 OBSOLETE_local: false peers { permanent_uuid: "6ae8c02454b24fff94274c1d187f0d60" member_type: VOTER last_known_addr { host: "127.10.245.193" port: 36373 } } peers { permanent_uuid: "d24924e088174b0aaed907b7e2a66267" member_type: VOTER last_known_addr { host: "127.10.245.194" port: 36823 } } peers { permanent_uuid: "e504838427f64559a3262299ebbdca23" member_type: VOTER last_known_addr { host: "127.10.245.195" port: 32845 } }
I20260710 13:17:58.203526 11842 raft_consensus.cc:3060] T 5bf7354228b947f283d5a51c75d9a5af P 6ae8c02454b24fff94274c1d187f0d60 [term 1 FOLLOWER]: Advancing to term 2
I20260710 13:17:58.208226 11915 raft_consensus.cc:2468] T 5bf7354228b947f283d5a51c75d9a5af P d24924e088174b0aaed907b7e2a66267 [term 2 FOLLOWER]: Leader election vote request: Granting yes vote for candidate e504838427f64559a3262299ebbdca23 in term 2.
I20260710 13:17:58.209406 11957 leader_election.cc:304] T 5bf7354228b947f283d5a51c75d9a5af P e504838427f64559a3262299ebbdca23 [CANDIDATE]: Term 2 election: Election decided. Result: candidate won. Election summary: received 2 responses out of 3 voters: 2 yes votes; 0 no votes. yes voters: d24924e088174b0aaed907b7e2a66267, e504838427f64559a3262299ebbdca23; no voters: 
I20260710 13:17:58.210166 11842 raft_consensus.cc:2468] T 5bf7354228b947f283d5a51c75d9a5af P 6ae8c02454b24fff94274c1d187f0d60 [term 2 FOLLOWER]: Leader election vote request: Granting yes vote for candidate e504838427f64559a3262299ebbdca23 in term 2.
I20260710 13:17:58.210201 12079 raft_consensus.cc:2804] T 5bf7354228b947f283d5a51c75d9a5af P e504838427f64559a3262299ebbdca23 [term 2 FOLLOWER]: Leader election won for term 2
I20260710 13:17:58.210857 12079 raft_consensus.cc:697] T 5bf7354228b947f283d5a51c75d9a5af P e504838427f64559a3262299ebbdca23 [term 2 LEADER]: Becoming Leader. State: Replica: e504838427f64559a3262299ebbdca23, State: Running, Role: LEADER
I20260710 13:17:58.211709 12079 consensus_queue.cc:237] T 5bf7354228b947f283d5a51c75d9a5af P e504838427f64559a3262299ebbdca23 [LEADER]: Queue going to LEADER mode. State: All replicated index: 0, Majority replicated index: 1, Committed index: 1, Last appended: 1.1, Last appended by leader: 1, Current term: 2, Majority size: 2, State: 0, Mode: LEADER, active raft config: opid_index: -1 OBSOLETE_local: false peers { permanent_uuid: "6ae8c02454b24fff94274c1d187f0d60" member_type: VOTER last_known_addr { host: "127.10.245.193" port: 36373 } } peers { permanent_uuid: "d24924e088174b0aaed907b7e2a66267" member_type: VOTER last_known_addr { host: "127.10.245.194" port: 36823 } } peers { permanent_uuid: "e504838427f64559a3262299ebbdca23" member_type: VOTER last_known_addr { host: "127.10.245.195" port: 32845 } }
I20260710 13:17:58.217906 11739 catalog_manager.cc:5697] T 5bf7354228b947f283d5a51c75d9a5af P e504838427f64559a3262299ebbdca23 reported cstate change: term changed from 1 to 2, leader changed from 6ae8c02454b24fff94274c1d187f0d60 (127.10.245.193) to e504838427f64559a3262299ebbdca23 (127.10.245.195). New cstate: current_term: 2 leader_uuid: "e504838427f64559a3262299ebbdca23" committed_config { opid_index: -1 OBSOLETE_local: false peers { permanent_uuid: "6ae8c02454b24fff94274c1d187f0d60" member_type: VOTER last_known_addr { host: "127.10.245.193" port: 36373 } health_report { overall_health: UNKNOWN } } peers { permanent_uuid: "d24924e088174b0aaed907b7e2a66267" member_type: VOTER last_known_addr { host: "127.10.245.194" port: 36823 } health_report { overall_health: UNKNOWN } } peers { permanent_uuid: "e504838427f64559a3262299ebbdca23" member_type: VOTER last_known_addr { host: "127.10.245.195" port: 32845 } health_report { overall_health: HEALTHY } } }
I20260710 13:17:58.231353 12073 consensus_queue.cc:1048] T d824005bb2604f578b2a4433e79fe32b P d24924e088174b0aaed907b7e2a66267 [LEADER]: Connected to new peer: Peer: permanent_uuid: "6ae8c02454b24fff94274c1d187f0d60" member_type: VOTER last_known_addr { host: "127.10.245.193" port: 36373 }, Status: LMP_MISMATCH, Last received: 0.0, Next index: 1, Last known committed idx: 0, Time since last communication: 0.000s
I20260710 13:17:58.237612 12065 raft_consensus.cc:993] T d824005bb2604f578b2a4433e79fe32b P d24924e088174b0aaed907b7e2a66267: : Instructing follower 6ae8c02454b24fff94274c1d187f0d60 to start an election
I20260710 13:17:58.238386 12073 raft_consensus.cc:1081] T d824005bb2604f578b2a4433e79fe32b P d24924e088174b0aaed907b7e2a66267 [term 1 LEADER]: Signalling peer 6ae8c02454b24fff94274c1d187f0d60 to start an election
I20260710 13:17:58.239363 12073 consensus_queue.cc:1048] T d824005bb2604f578b2a4433e79fe32b P d24924e088174b0aaed907b7e2a66267 [LEADER]: Connected to new peer: Peer: permanent_uuid: "e504838427f64559a3262299ebbdca23" member_type: VOTER last_known_addr { host: "127.10.245.195" port: 32845 }, Status: LMP_MISMATCH, Last received: 0.0, Next index: 1, Last known committed idx: 0, Time since last communication: 0.000s
I20260710 13:17:58.240577 11843 tablet_service.cc:2044] Received Run Leader Election RPC: tablet_id: "d824005bb2604f578b2a4433e79fe32b"
dest_uuid: "6ae8c02454b24fff94274c1d187f0d60"
 from {username='slave'} at 127.0.0.1:44094
I20260710 13:17:58.241097 11843 raft_consensus.cc:493] T d824005bb2604f578b2a4433e79fe32b P 6ae8c02454b24fff94274c1d187f0d60 [term 1 FOLLOWER]: Starting forced leader election (received explicit request)
I20260710 13:17:58.241456 11843 raft_consensus.cc:3060] T d824005bb2604f578b2a4433e79fe32b P 6ae8c02454b24fff94274c1d187f0d60 [term 1 FOLLOWER]: Advancing to term 2
I20260710 13:17:58.248603 11843 raft_consensus.cc:515] T d824005bb2604f578b2a4433e79fe32b P 6ae8c02454b24fff94274c1d187f0d60 [term 2 FOLLOWER]: Starting forced leader election with config: opid_index: -1 OBSOLETE_local: false peers { permanent_uuid: "e504838427f64559a3262299ebbdca23" member_type: VOTER last_known_addr { host: "127.10.245.195" port: 32845 } } peers { permanent_uuid: "d24924e088174b0aaed907b7e2a66267" member_type: VOTER last_known_addr { host: "127.10.245.194" port: 36823 } } peers { permanent_uuid: "6ae8c02454b24fff94274c1d187f0d60" member_type: VOTER last_known_addr { host: "127.10.245.193" port: 36373 } }
I20260710 13:17:58.249708 11842 raft_consensus.cc:1240] T d824005bb2604f578b2a4433e79fe32b P 6ae8c02454b24fff94274c1d187f0d60 [term 2 FOLLOWER]: Rejecting Update request from peer d24924e088174b0aaed907b7e2a66267 for earlier term 1. Current term is 2. Ops: []
I20260710 13:17:58.251040 11843 leader_election.cc:290] T d824005bb2604f578b2a4433e79fe32b P 6ae8c02454b24fff94274c1d187f0d60 [CANDIDATE]: Term 2 election: Requested vote from peers e504838427f64559a3262299ebbdca23 (127.10.245.195:32845), d24924e088174b0aaed907b7e2a66267 (127.10.245.194:36823)
I20260710 13:17:58.251838 11991 tablet_service.cc:1917] Received RequestConsensusVote() RPC: tablet_id: "d824005bb2604f578b2a4433e79fe32b" candidate_uuid: "6ae8c02454b24fff94274c1d187f0d60" candidate_term: 2 candidate_status { last_received { term: 1 index: 1 } } ignore_live_leader: true dest_uuid: "e504838427f64559a3262299ebbdca23"
I20260710 13:17:58.252413 11991 raft_consensus.cc:3060] T d824005bb2604f578b2a4433e79fe32b P e504838427f64559a3262299ebbdca23 [term 1 FOLLOWER]: Advancing to term 2
I20260710 13:17:58.253330 11915 tablet_service.cc:1917] Received RequestConsensusVote() RPC: tablet_id: "d824005bb2604f578b2a4433e79fe32b" candidate_uuid: "6ae8c02454b24fff94274c1d187f0d60" candidate_term: 2 candidate_status { last_received { term: 1 index: 1 } } ignore_live_leader: true dest_uuid: "d24924e088174b0aaed907b7e2a66267"
I20260710 13:17:58.253371 12108 consensus_queue.cc:1059] T d824005bb2604f578b2a4433e79fe32b P d24924e088174b0aaed907b7e2a66267 [LEADER]: Peer responded invalid term: Peer: permanent_uuid: "6ae8c02454b24fff94274c1d187f0d60" member_type: VOTER last_known_addr { host: "127.10.245.193" port: 36373 }, Status: INVALID_TERM, Last received: 1.1, Next index: 2, Last known committed idx: 0, Time since last communication: 0.001s
I20260710 13:17:58.254572 11915 raft_consensus.cc:3055] T d824005bb2604f578b2a4433e79fe32b P d24924e088174b0aaed907b7e2a66267 [term 1 LEADER]: Stepping down as leader of term 1
I20260710 13:17:58.254940 11915 raft_consensus.cc:740] T d824005bb2604f578b2a4433e79fe32b P d24924e088174b0aaed907b7e2a66267 [term 1 LEADER]: Becoming Follower/Learner. State: Replica: d24924e088174b0aaed907b7e2a66267, State: Running, Role: LEADER
I20260710 13:17:58.255726 11915 consensus_queue.cc:260] T d824005bb2604f578b2a4433e79fe32b P d24924e088174b0aaed907b7e2a66267 [NON_LEADER]: Queue going to NON_LEADER mode. State: All replicated index: 0, Majority replicated index: 1, Committed index: 1, Last appended: 1.1, Last appended by leader: 1, Current term: 1, Majority size: -1, State: 0, Mode: NON_LEADER, active raft config: opid_index: -1 OBSOLETE_local: false peers { permanent_uuid: "e504838427f64559a3262299ebbdca23" member_type: VOTER last_known_addr { host: "127.10.245.195" port: 32845 } } peers { permanent_uuid: "d24924e088174b0aaed907b7e2a66267" member_type: VOTER last_known_addr { host: "127.10.245.194" port: 36823 } } peers { permanent_uuid: "6ae8c02454b24fff94274c1d187f0d60" member_type: VOTER last_known_addr { host: "127.10.245.193" port: 36373 } }
I20260710 13:17:58.256939 11915 raft_consensus.cc:3060] T d824005bb2604f578b2a4433e79fe32b P d24924e088174b0aaed907b7e2a66267 [term 1 FOLLOWER]: Advancing to term 2
I20260710 13:17:58.258661 11991 raft_consensus.cc:2468] T d824005bb2604f578b2a4433e79fe32b P e504838427f64559a3262299ebbdca23 [term 2 FOLLOWER]: Leader election vote request: Granting yes vote for candidate 6ae8c02454b24fff94274c1d187f0d60 in term 2.
I20260710 13:17:58.259806 11807 leader_election.cc:304] T d824005bb2604f578b2a4433e79fe32b P 6ae8c02454b24fff94274c1d187f0d60 [CANDIDATE]: Term 2 election: Election decided. Result: candidate won. Election summary: received 2 responses out of 3 voters: 2 yes votes; 0 no votes. yes voters: 6ae8c02454b24fff94274c1d187f0d60, e504838427f64559a3262299ebbdca23; no voters: 
I20260710 13:17:58.260568 12099 raft_consensus.cc:2804] T d824005bb2604f578b2a4433e79fe32b P 6ae8c02454b24fff94274c1d187f0d60 [term 2 FOLLOWER]: Leader election won for term 2
I20260710 13:17:58.261039 12099 raft_consensus.cc:697] T d824005bb2604f578b2a4433e79fe32b P 6ae8c02454b24fff94274c1d187f0d60 [term 2 LEADER]: Becoming Leader. State: Replica: 6ae8c02454b24fff94274c1d187f0d60, State: Running, Role: LEADER
I20260710 13:17:58.261057 12079 consensus_queue.cc:1048] T b1cd3821905d4fa2bee56c9afabc5dd9 P e504838427f64559a3262299ebbdca23 [LEADER]: Connected to new peer: Peer: permanent_uuid: "6ae8c02454b24fff94274c1d187f0d60" member_type: VOTER last_known_addr { host: "127.10.245.193" port: 36373 }, Status: LMP_MISMATCH, Last received: 0.0, Next index: 1, Last known committed idx: 0, Time since last communication: 0.000s
