I20260710 13:18:09.481344  7099 raft_consensus.cc:740] T ac9181834d544d39a625c2f6c44ac31c P 5002249bed054635bb594f9ef9a6566d [term 0 FOLLOWER]: Becoming Follower/Learner. State: Replica: 5002249bed054635bb594f9ef9a6566d, State: Initialized, Role: FOLLOWER
I20260710 13:18:09.481986  7099 consensus_queue.cc:260] T ac9181834d544d39a625c2f6c44ac31c P 5002249bed054635bb594f9ef9a6566d [NON_LEADER]: Queue going to NON_LEADER mode. State: All replicated index: 0, Majority replicated index: 0, Committed index: 0, Last appended: 0.0, Last appended by leader: 0, Current term: 0, Majority size: -1, State: 0, Mode: NON_LEADER, active raft config: opid_index: -1 OBSOLETE_local: false peers { permanent_uuid: "330ad13d08d4473cafcac5342859157e" member_type: VOTER last_known_addr { host: "127.5.161.1" port: 38143 } } peers { permanent_uuid: "fd0001dd954441eeb0e92838ba077da8" member_type: VOTER last_known_addr { host: "127.5.161.2" port: 33283 } } peers { permanent_uuid: "5002249bed054635bb594f9ef9a6566d" member_type: VOTER last_known_addr { host: "127.5.161.3" port: 46087 } }
I20260710 13:18:09.484012  7099 ts_tablet_manager.cc:1434] T ac9181834d544d39a625c2f6c44ac31c P 5002249bed054635bb594f9ef9a6566d: Time spent starting tablet: real 0.020s	user 0.005s	sys 0.000s
I20260710 13:18:09.518064  7058 raft_consensus.cc:3060] T 3130b5fc9ea54144a5a3f7189f80acff P 5002249bed054635bb594f9ef9a6566d [term 0 FOLLOWER]: Advancing to term 1
I20260710 13:18:09.513054  7102 tablet_bootstrap.cc:492] T d11e263227de4ee18f721ec962c1a05a P fd0001dd954441eeb0e92838ba077da8: No bootstrap required, opened a new log
I20260710 13:18:09.528196  7102 ts_tablet_manager.cc:1403] T d11e263227de4ee18f721ec962c1a05a P fd0001dd954441eeb0e92838ba077da8: Time spent bootstrapping tablet: real 0.101s	user 0.016s	sys 0.006s
I20260710 13:18:09.530902  7102 raft_consensus.cc:359] T d11e263227de4ee18f721ec962c1a05a P fd0001dd954441eeb0e92838ba077da8 [term 0 FOLLOWER]: Replica starting. Triggering 0 pending ops. Active config: opid_index: -1 OBSOLETE_local: false peers { permanent_uuid: "330ad13d08d4473cafcac5342859157e" member_type: VOTER last_known_addr { host: "127.5.161.1" port: 38143 } } peers { permanent_uuid: "fd0001dd954441eeb0e92838ba077da8" member_type: VOTER last_known_addr { host: "127.5.161.2" port: 33283 } } peers { permanent_uuid: "5002249bed054635bb594f9ef9a6566d" member_type: VOTER last_known_addr { host: "127.5.161.3" port: 46087 } }
I20260710 13:18:09.531602  7102 raft_consensus.cc:385] T d11e263227de4ee18f721ec962c1a05a P fd0001dd954441eeb0e92838ba077da8 [term 0 FOLLOWER]: Consensus starting up: Expiring failure detector timer to make a prompt election more likely
I20260710 13:18:09.531916  7102 raft_consensus.cc:740] T d11e263227de4ee18f721ec962c1a05a P fd0001dd954441eeb0e92838ba077da8 [term 0 FOLLOWER]: Becoming Follower/Learner. State: Replica: fd0001dd954441eeb0e92838ba077da8, State: Initialized, Role: FOLLOWER
I20260710 13:18:09.532634  7102 consensus_queue.cc:260] T d11e263227de4ee18f721ec962c1a05a P fd0001dd954441eeb0e92838ba077da8 [NON_LEADER]: Queue going to NON_LEADER mode. State: All replicated index: 0, Majority replicated index: 0, Committed index: 0, Last appended: 0.0, Last appended by leader: 0, Current term: 0, Majority size: -1, State: 0, Mode: NON_LEADER, active raft config: opid_index: -1 OBSOLETE_local: false peers { permanent_uuid: "330ad13d08d4473cafcac5342859157e" member_type: VOTER last_known_addr { host: "127.5.161.1" port: 38143 } } peers { permanent_uuid: "fd0001dd954441eeb0e92838ba077da8" member_type: VOTER last_known_addr { host: "127.5.161.2" port: 33283 } } peers { permanent_uuid: "5002249bed054635bb594f9ef9a6566d" member_type: VOTER last_known_addr { host: "127.5.161.3" port: 46087 } }
I20260710 13:18:09.533305  7260 consensus_queue.cc:1048] T e599707e328a4092836241196a63af74 P 5002249bed054635bb594f9ef9a6566d [LEADER]: Connected to new peer: Peer: permanent_uuid: "330ad13d08d4473cafcac5342859157e" member_type: VOTER last_known_addr { host: "127.5.161.1" port: 38143 }, Status: LMP_MISMATCH, Last received: 0.0, Next index: 1, Last known committed idx: 0, Time since last communication: 0.000s
I20260710 13:18:09.534713  7102 ts_tablet_manager.cc:1434] T d11e263227de4ee18f721ec962c1a05a P fd0001dd954441eeb0e92838ba077da8: Time spent starting tablet: real 0.006s	user 0.005s	sys 0.000s
I20260710 13:18:09.540148  7216 raft_consensus.cc:493] T ac9181834d544d39a625c2f6c44ac31c P 5002249bed054635bb594f9ef9a6566d [term 0 FOLLOWER]: Starting pre-election (no leader contacted us within the election timeout)
I20260710 13:18:09.540643  7216 raft_consensus.cc:515] T ac9181834d544d39a625c2f6c44ac31c P 5002249bed054635bb594f9ef9a6566d [term 0 FOLLOWER]: Starting pre-election with config: opid_index: -1 OBSOLETE_local: false peers { permanent_uuid: "330ad13d08d4473cafcac5342859157e" member_type: VOTER last_known_addr { host: "127.5.161.1" port: 38143 } } peers { permanent_uuid: "fd0001dd954441eeb0e92838ba077da8" member_type: VOTER last_known_addr { host: "127.5.161.2" port: 33283 } } peers { permanent_uuid: "5002249bed054635bb594f9ef9a6566d" member_type: VOTER last_known_addr { host: "127.5.161.3" port: 46087 } }
I20260710 13:18:09.544100  7186 raft_consensus.cc:493] T 996d61252ed84bfe9517a994f81fed1b P fd0001dd954441eeb0e92838ba077da8 [term 0 FOLLOWER]: Starting pre-election (no leader contacted us within the election timeout)
I20260710 13:18:09.545190  7216 leader_election.cc:290] T ac9181834d544d39a625c2f6c44ac31c P 5002249bed054635bb594f9ef9a6566d [CANDIDATE]: Term 1 pre-election: Requested pre-vote from peers 330ad13d08d4473cafcac5342859157e (127.5.161.1:38143), fd0001dd954441eeb0e92838ba077da8 (127.5.161.2:33283)
I20260710 13:18:09.546716  6979 tablet_service.cc:1917] Received RequestConsensusVote() RPC: tablet_id: "ac9181834d544d39a625c2f6c44ac31c" candidate_uuid: "5002249bed054635bb594f9ef9a6566d" candidate_term: 1 candidate_status { last_received { term: 0 index: 0 } } ignore_live_leader: false dest_uuid: "fd0001dd954441eeb0e92838ba077da8" is_pre_election: true
I20260710 13:18:09.547355  6979 raft_consensus.cc:2468] T ac9181834d544d39a625c2f6c44ac31c P fd0001dd954441eeb0e92838ba077da8 [term 0 FOLLOWER]: Leader pre-election vote request: Granting yes vote for candidate 5002249bed054635bb594f9ef9a6566d in term 0.
I20260710 13:18:09.550633  7023 leader_election.cc:304] T ac9181834d544d39a625c2f6c44ac31c P 5002249bed054635bb594f9ef9a6566d [CANDIDATE]: Term 1 pre-election: Election decided. Result: candidate won. Election summary: received 2 responses out of 3 voters: 2 yes votes; 0 no votes. yes voters: 5002249bed054635bb594f9ef9a6566d, fd0001dd954441eeb0e92838ba077da8; no voters: 
I20260710 13:18:09.544603  7186 raft_consensus.cc:515] T 996d61252ed84bfe9517a994f81fed1b P fd0001dd954441eeb0e92838ba077da8 [term 0 FOLLOWER]: Starting pre-election with config: opid_index: -1 OBSOLETE_local: false peers { permanent_uuid: "330ad13d08d4473cafcac5342859157e" member_type: VOTER last_known_addr { host: "127.5.161.1" port: 38143 } } peers { permanent_uuid: "fd0001dd954441eeb0e92838ba077da8" member_type: VOTER last_known_addr { host: "127.5.161.2" port: 33283 } } peers { permanent_uuid: "5002249bed054635bb594f9ef9a6566d" member_type: VOTER last_known_addr { host: "127.5.161.3" port: 46087 } }
I20260710 13:18:09.554601  6908 tablet_service.cc:1917] Received RequestConsensusVote() RPC: tablet_id: "996d61252ed84bfe9517a994f81fed1b" candidate_uuid: "fd0001dd954441eeb0e92838ba077da8" candidate_term: 1 candidate_status { last_received { term: 0 index: 0 } } ignore_live_leader: false dest_uuid: "330ad13d08d4473cafcac5342859157e" is_pre_election: true
I20260710 13:18:09.555691  7186 leader_election.cc:290] T 996d61252ed84bfe9517a994f81fed1b P fd0001dd954441eeb0e92838ba077da8 [CANDIDATE]: Term 1 pre-election: Requested pre-vote from peers 330ad13d08d4473cafcac5342859157e (127.5.161.1:38143), 5002249bed054635bb594f9ef9a6566d (127.5.161.3:46087)
I20260710 13:18:09.557066  7260 raft_consensus.cc:2804] T ac9181834d544d39a625c2f6c44ac31c P 5002249bed054635bb594f9ef9a6566d [term 0 FOLLOWER]: Leader pre-election won for term 1
I20260710 13:18:09.558851  7260 raft_consensus.cc:493] T ac9181834d544d39a625c2f6c44ac31c P 5002249bed054635bb594f9ef9a6566d [term 0 FOLLOWER]: Starting leader election (no leader contacted us within the election timeout)
I20260710 13:18:09.559206  7260 raft_consensus.cc:3060] T ac9181834d544d39a625c2f6c44ac31c P 5002249bed054635bb594f9ef9a6566d [term 0 FOLLOWER]: Advancing to term 1
I20260710 13:18:09.564214  6979 raft_consensus.cc:3060] T 996d61252ed84bfe9517a994f81fed1b P fd0001dd954441eeb0e92838ba077da8 [term 0 FOLLOWER]: Advancing to term 1
I20260710 13:18:09.573222  6908 tablet_service.cc:1917] Received RequestConsensusVote() RPC: tablet_id: "ac9181834d544d39a625c2f6c44ac31c" candidate_uuid: "5002249bed054635bb594f9ef9a6566d" candidate_term: 1 candidate_status { last_received { term: 0 index: 0 } } ignore_live_leader: false dest_uuid: "330ad13d08d4473cafcac5342859157e" is_pre_election: true
I20260710 13:18:09.573901  6908 raft_consensus.cc:2468] T ac9181834d544d39a625c2f6c44ac31c P 330ad13d08d4473cafcac5342859157e [term 0 FOLLOWER]: Leader pre-election vote request: Granting yes vote for candidate 5002249bed054635bb594f9ef9a6566d in term 0.
I20260710 13:18:09.576645  7057 tablet_service.cc:1917] Received RequestConsensusVote() RPC: tablet_id: "996d61252ed84bfe9517a994f81fed1b" candidate_uuid: "fd0001dd954441eeb0e92838ba077da8" candidate_term: 1 candidate_status { last_received { term: 0 index: 0 } } ignore_live_leader: false dest_uuid: "5002249bed054635bb594f9ef9a6566d" is_pre_election: true
I20260710 13:18:09.578244  6948 leader_election.cc:304] T 996d61252ed84bfe9517a994f81fed1b P fd0001dd954441eeb0e92838ba077da8 [CANDIDATE]: Term 1 pre-election: Election decided. Result: candidate lost. Election summary: received 3 responses out of 3 voters: 1 yes votes; 2 no votes. yes voters: fd0001dd954441eeb0e92838ba077da8; no voters: 330ad13d08d4473cafcac5342859157e, 5002249bed054635bb594f9ef9a6566d
W20260710 13:18:09.589852  6856 auto_rebalancer.cc:288] Could not retrieve cluster info: Service unavailable: Tablet not running
I20260710 13:18:09.592365  7260 raft_consensus.cc:515] T ac9181834d544d39a625c2f6c44ac31c P 5002249bed054635bb594f9ef9a6566d [term 1 FOLLOWER]: Starting leader election with config: opid_index: -1 OBSOLETE_local: false peers { permanent_uuid: "330ad13d08d4473cafcac5342859157e" member_type: VOTER last_known_addr { host: "127.5.161.1" port: 38143 } } peers { permanent_uuid: "fd0001dd954441eeb0e92838ba077da8" member_type: VOTER last_known_addr { host: "127.5.161.2" port: 33283 } } peers { permanent_uuid: "5002249bed054635bb594f9ef9a6566d" member_type: VOTER last_known_addr { host: "127.5.161.3" port: 46087 } }
I20260710 13:18:09.595224  6908 tablet_service.cc:1917] Received RequestConsensusVote() RPC: tablet_id: "ac9181834d544d39a625c2f6c44ac31c" candidate_uuid: "5002249bed054635bb594f9ef9a6566d" candidate_term: 1 candidate_status { last_received { term: 0 index: 0 } } ignore_live_leader: false dest_uuid: "330ad13d08d4473cafcac5342859157e"
I20260710 13:18:09.595826  6908 raft_consensus.cc:3060] T ac9181834d544d39a625c2f6c44ac31c P 330ad13d08d4473cafcac5342859157e [term 0 FOLLOWER]: Advancing to term 1
I20260710 13:18:09.596302  7186 raft_consensus.cc:2749] T 996d61252ed84bfe9517a994f81fed1b P fd0001dd954441eeb0e92838ba077da8 [term 1 FOLLOWER]: Leader pre-election lost for term 1. Reason: could not achieve majority
I20260710 13:18:09.603237  7260 leader_election.cc:290] T ac9181834d544d39a625c2f6c44ac31c P 5002249bed054635bb594f9ef9a6566d [CANDIDATE]: Term 1 election: Requested vote from peers 330ad13d08d4473cafcac5342859157e (127.5.161.1:38143), fd0001dd954441eeb0e92838ba077da8 (127.5.161.2:33283)
I20260710 13:18:09.603569  6908 raft_consensus.cc:2468] T ac9181834d544d39a625c2f6c44ac31c P 330ad13d08d4473cafcac5342859157e [term 1 FOLLOWER]: Leader election vote request: Granting yes vote for candidate 5002249bed054635bb594f9ef9a6566d in term 1.
I20260710 13:18:09.604209  6980 tablet_service.cc:1917] Received RequestConsensusVote() RPC: tablet_id: "ac9181834d544d39a625c2f6c44ac31c" candidate_uuid: "5002249bed054635bb594f9ef9a6566d" candidate_term: 1 candidate_status { last_received { term: 0 index: 0 } } ignore_live_leader: false dest_uuid: "fd0001dd954441eeb0e92838ba077da8"
I20260710 13:18:09.604810  6980 raft_consensus.cc:3060] T ac9181834d544d39a625c2f6c44ac31c P fd0001dd954441eeb0e92838ba077da8 [term 0 FOLLOWER]: Advancing to term 1
I20260710 13:18:09.604713  7025 leader_election.cc:304] T ac9181834d544d39a625c2f6c44ac31c P 5002249bed054635bb594f9ef9a6566d [CANDIDATE]: Term 1 election: Election decided. Result: candidate won. Election summary: received 2 responses out of 3 voters: 2 yes votes; 0 no votes. yes voters: 330ad13d08d4473cafcac5342859157e, 5002249bed054635bb594f9ef9a6566d; no voters: 
I20260710 13:18:09.605788  7260 raft_consensus.cc:2804] T ac9181834d544d39a625c2f6c44ac31c P 5002249bed054635bb594f9ef9a6566d [term 1 FOLLOWER]: Leader election won for term 1
I20260710 13:18:09.606961  7260 raft_consensus.cc:697] T ac9181834d544d39a625c2f6c44ac31c P 5002249bed054635bb594f9ef9a6566d [term 1 LEADER]: Becoming Leader. State: Replica: 5002249bed054635bb594f9ef9a6566d, State: Running, Role: LEADER
I20260710 13:18:09.607962  7260 consensus_queue.cc:237] T ac9181834d544d39a625c2f6c44ac31c P 5002249bed054635bb594f9ef9a6566d [LEADER]: Queue going to LEADER mode. State: All replicated index: 0, Majority replicated index: 0, Committed index: 0, Last appended: 0.0, Last appended by leader: 0, Current term: 1, Majority size: 2, State: 0, Mode: LEADER, active raft config: opid_index: -1 OBSOLETE_local: false peers { permanent_uuid: "330ad13d08d4473cafcac5342859157e" member_type: VOTER last_known_addr { host: "127.5.161.1" port: 38143 } } peers { permanent_uuid: "fd0001dd954441eeb0e92838ba077da8" member_type: VOTER last_known_addr { host: "127.5.161.2" port: 33283 } } peers { permanent_uuid: "5002249bed054635bb594f9ef9a6566d" member_type: VOTER last_known_addr { host: "127.5.161.3" port: 46087 } }
I20260710 13:18:09.613152  6980 raft_consensus.cc:2468] T ac9181834d544d39a625c2f6c44ac31c P fd0001dd954441eeb0e92838ba077da8 [term 1 FOLLOWER]: Leader election vote request: Granting yes vote for candidate 5002249bed054635bb594f9ef9a6566d in term 1.
I20260710 13:18:09.626667  6807 catalog_manager.cc:5697] T ac9181834d544d39a625c2f6c44ac31c P 5002249bed054635bb594f9ef9a6566d reported cstate change: term changed from 0 to 1, leader changed from <none> to 5002249bed054635bb594f9ef9a6566d (127.5.161.3). New cstate: current_term: 1 leader_uuid: "5002249bed054635bb594f9ef9a6566d" committed_config { opid_index: -1 OBSOLETE_local: false peers { permanent_uuid: "330ad13d08d4473cafcac5342859157e" member_type: VOTER last_known_addr { host: "127.5.161.1" port: 38143 } health_report { overall_health: UNKNOWN } } peers { permanent_uuid: "fd0001dd954441eeb0e92838ba077da8" member_type: VOTER last_known_addr { host: "127.5.161.2" port: 33283 } health_report { overall_health: UNKNOWN } } peers { permanent_uuid: "5002249bed054635bb594f9ef9a6566d" member_type: VOTER last_known_addr { host: "127.5.161.3" port: 46087 } health_report { overall_health: HEALTHY } } }
I20260710 13:18:09.754225  7263 raft_consensus.cc:493] T d11e263227de4ee18f721ec962c1a05a P fd0001dd954441eeb0e92838ba077da8 [term 0 FOLLOWER]: Starting pre-election (no leader contacted us within the election timeout)
I20260710 13:18:09.754668  7263 raft_consensus.cc:515] T d11e263227de4ee18f721ec962c1a05a P fd0001dd954441eeb0e92838ba077da8 [term 0 FOLLOWER]: Starting pre-election with config: opid_index: -1 OBSOLETE_local: false peers { permanent_uuid: "330ad13d08d4473cafcac5342859157e" member_type: VOTER last_known_addr { host: "127.5.161.1" port: 38143 } } peers { permanent_uuid: "fd0001dd954441eeb0e92838ba077da8" member_type: VOTER last_known_addr { host: "127.5.161.2" port: 33283 } } peers { permanent_uuid: "5002249bed054635bb594f9ef9a6566d" member_type: VOTER last_known_addr { host: "127.5.161.3" port: 46087 } }
I20260710 13:18:09.756594  7263 leader_election.cc:290] T d11e263227de4ee18f721ec962c1a05a P fd0001dd954441eeb0e92838ba077da8 [CANDIDATE]: Term 1 pre-election: Requested pre-vote from peers 330ad13d08d4473cafcac5342859157e (127.5.161.1:38143), 5002249bed054635bb594f9ef9a6566d (127.5.161.3:46087)
I20260710 13:18:09.757375  6908 tablet_service.cc:1917] Received RequestConsensusVote() RPC: tablet_id: "d11e263227de4ee18f721ec962c1a05a" candidate_uuid: "fd0001dd954441eeb0e92838ba077da8" candidate_term: 1 candidate_status { last_received { term: 0 index: 0 } } ignore_live_leader: false dest_uuid: "330ad13d08d4473cafcac5342859157e" is_pre_election: true
I20260710 13:18:09.757670  7058 tablet_service.cc:1917] Received RequestConsensusVote() RPC: tablet_id: "d11e263227de4ee18f721ec962c1a05a" candidate_uuid: "fd0001dd954441eeb0e92838ba077da8" candidate_term: 1 candidate_status { last_received { term: 0 index: 0 } } ignore_live_leader: false dest_uuid: "5002249bed054635bb594f9ef9a6566d" is_pre_election: true
I20260710 13:18:09.758268  6908 raft_consensus.cc:2393] T d11e263227de4ee18f721ec962c1a05a P 330ad13d08d4473cafcac5342859157e [term 1 FOLLOWER]: Leader pre-election vote request: Denying vote to candidate fd0001dd954441eeb0e92838ba077da8 in current term 1: Already voted for candidate 330ad13d08d4473cafcac5342859157e in this term.
I20260710 13:18:09.758342  7058 raft_consensus.cc:2393] T d11e263227de4ee18f721ec962c1a05a P 5002249bed054635bb594f9ef9a6566d [term 1 FOLLOWER]: Leader pre-election vote request: Denying vote to candidate fd0001dd954441eeb0e92838ba077da8 in current term 1: Already voted for candidate 5002249bed054635bb594f9ef9a6566d in this term.
I20260710 13:18:09.759479  6948 leader_election.cc:304] T d11e263227de4ee18f721ec962c1a05a P fd0001dd954441eeb0e92838ba077da8 [CANDIDATE]: Term 1 pre-election: Election decided. Result: candidate lost. Election summary: received 3 responses out of 3 voters: 1 yes votes; 2 no votes. yes voters: fd0001dd954441eeb0e92838ba077da8; no voters: 330ad13d08d4473cafcac5342859157e, 5002249bed054635bb594f9ef9a6566d
I20260710 13:18:09.760285  7263 raft_consensus.cc:3060] T d11e263227de4ee18f721ec962c1a05a P fd0001dd954441eeb0e92838ba077da8 [term 0 FOLLOWER]: Advancing to term 1
I20260710 13:18:09.764716  7263 raft_consensus.cc:2749] T d11e263227de4ee18f721ec962c1a05a P fd0001dd954441eeb0e92838ba077da8 [term 1 FOLLOWER]: Leader pre-election lost for term 1. Reason: could not achieve majority
I20260710 13:18:10.104971  7213 consensus_queue.cc:1048] T ac9181834d544d39a625c2f6c44ac31c P 5002249bed054635bb594f9ef9a6566d [LEADER]: Connected to new peer: Peer: permanent_uuid: "fd0001dd954441eeb0e92838ba077da8" member_type: VOTER last_known_addr { host: "127.5.161.2" port: 33283 }, Status: LMP_MISMATCH, Last received: 0.0, Next index: 1, Last known committed idx: 0, Time since last communication: 0.000s
I20260710 13:18:10.126317  7212 consensus_queue.cc:1048] T ac9181834d544d39a625c2f6c44ac31c P 5002249bed054635bb594f9ef9a6566d [LEADER]: Connected to new peer: Peer: permanent_uuid: "330ad13d08d4473cafcac5342859157e" member_type: VOTER last_known_addr { host: "127.5.161.1" port: 38143 }, Status: LMP_MISMATCH, Last received: 0.0, Next index: 1, Last known committed idx: 0, Time since last communication: 0.000s
W20260710 13:18:10.607537  6856 auto_rebalancer.cc:288] Could not retrieve cluster info: Service unavailable: Tablet not running
W20260710 13:18:10.882257  6931 debug-util.cc:398] Leaking SignalData structure 0x7b08001c2ac0 after lost signal to thread 5767
W20260710 13:18:10.884174  6931 debug-util.cc:398] Leaking SignalData structure 0x7b08001951c0 after lost signal to thread 6842
W20260710 13:18:10.885676  6931 debug-util.cc:398] Leaking SignalData structure 0x7b080020cf40 after lost signal to thread 6934
W20260710 13:18:10.887398  6931 debug-util.cc:398] Leaking SignalData structure 0x7b08000cc4c0 after lost signal to thread 7009
W20260710 13:18:10.888592  6931 debug-util.cc:398] Leaking SignalData structure 0x7b0800114420 after lost signal to thread 7083
I20260710 13:18:10.988241  7163 raft_consensus.cc:493] T d11e263227de4ee18f721ec962c1a05a P 330ad13d08d4473cafcac5342859157e [term 1 FOLLOWER]: Starting pre-election (no leader contacted us within the election timeout)
I20260710 13:18:10.989524  7163 raft_consensus.cc:515] T d11e263227de4ee18f721ec962c1a05a P 330ad13d08d4473cafcac5342859157e [term 1 FOLLOWER]: Starting pre-election with config: opid_index: -1 OBSOLETE_local: false peers { permanent_uuid: "330ad13d08d4473cafcac5342859157e" member_type: VOTER last_known_addr { host: "127.5.161.1" port: 38143 } } peers { permanent_uuid: "fd0001dd954441eeb0e92838ba077da8" member_type: VOTER last_known_addr { host: "127.5.161.2" port: 33283 } } peers { permanent_uuid: "5002249bed054635bb594f9ef9a6566d" member_type: VOTER last_known_addr { host: "127.5.161.3" port: 46087 } }
I20260710 13:18:10.995258  6980 tablet_service.cc:1917] Received RequestConsensusVote() RPC: tablet_id: "d11e263227de4ee18f721ec962c1a05a" candidate_uuid: "330ad13d08d4473cafcac5342859157e" candidate_term: 2 candidate_status { last_received { term: 0 index: 0 } } ignore_live_leader: false dest_uuid: "fd0001dd954441eeb0e92838ba077da8" is_pre_election: true
I20260710 13:18:10.995924  7163 leader_election.cc:290] T d11e263227de4ee18f721ec962c1a05a P 330ad13d08d4473cafcac5342859157e [CANDIDATE]: Term 2 pre-election: Requested pre-vote from peers fd0001dd954441eeb0e92838ba077da8 (127.5.161.2:33283), 5002249bed054635bb594f9ef9a6566d (127.5.161.3:46087)
I20260710 13:18:10.996416  6980 raft_consensus.cc:2468] T d11e263227de4ee18f721ec962c1a05a P fd0001dd954441eeb0e92838ba077da8 [term 1 FOLLOWER]: Leader pre-election vote request: Granting yes vote for candidate 330ad13d08d4473cafcac5342859157e in term 1.
I20260710 13:18:10.998121  7058 tablet_service.cc:1917] Received RequestConsensusVote() RPC: tablet_id: "d11e263227de4ee18f721ec962c1a05a" candidate_uuid: "330ad13d08d4473cafcac5342859157e" candidate_term: 2 candidate_status { last_received { term: 0 index: 0 } } ignore_live_leader: false dest_uuid: "5002249bed054635bb594f9ef9a6566d" is_pre_election: true
I20260710 13:18:10.998237  6874 leader_election.cc:304] T d11e263227de4ee18f721ec962c1a05a P 330ad13d08d4473cafcac5342859157e [CANDIDATE]: Term 2 pre-election: Election decided. Result: candidate won. Election summary: received 2 responses out of 3 voters: 2 yes votes; 0 no votes. yes voters: 330ad13d08d4473cafcac5342859157e, fd0001dd954441eeb0e92838ba077da8; no voters: 
I20260710 13:18:10.999092  7058 raft_consensus.cc:2468] T d11e263227de4ee18f721ec962c1a05a P 5002249bed054635bb594f9ef9a6566d [term 1 FOLLOWER]: Leader pre-election vote request: Granting yes vote for candidate 330ad13d08d4473cafcac5342859157e in term 1.
I20260710 13:18:10.999680  7163 raft_consensus.cc:2804] T d11e263227de4ee18f721ec962c1a05a P 330ad13d08d4473cafcac5342859157e [term 1 FOLLOWER]: Leader pre-election won for term 2
I20260710 13:18:11.000808  7163 raft_consensus.cc:493] T d11e263227de4ee18f721ec962c1a05a P 330ad13d08d4473cafcac5342859157e [term 1 FOLLOWER]: Starting leader election (no leader contacted us within the election timeout)
I20260710 13:18:11.001284  7163 raft_consensus.cc:3060] T d11e263227de4ee18f721ec962c1a05a P 330ad13d08d4473cafcac5342859157e [term 1 FOLLOWER]: Advancing to term 2
I20260710 13:18:11.014464  7163 raft_consensus.cc:515] T d11e263227de4ee18f721ec962c1a05a P 330ad13d08d4473cafcac5342859157e [term 2 FOLLOWER]: Starting leader election with config: opid_index: -1 OBSOLETE_local: false peers { permanent_uuid: "330ad13d08d4473cafcac5342859157e" member_type: VOTER last_known_addr { host: "127.5.161.1" port: 38143 } } peers { permanent_uuid: "fd0001dd954441eeb0e92838ba077da8" member_type: VOTER last_known_addr { host: "127.5.161.2" port: 33283 } } peers { permanent_uuid: "5002249bed054635bb594f9ef9a6566d" member_type: VOTER last_known_addr { host: "127.5.161.3" port: 46087 } }
I20260710 13:18:11.016989  6980 tablet_service.cc:1917] Received RequestConsensusVote() RPC: tablet_id: "d11e263227de4ee18f721ec962c1a05a" candidate_uuid: "330ad13d08d4473cafcac5342859157e" candidate_term: 2 candidate_status { last_received { term: 0 index: 0 } } ignore_live_leader: false dest_uuid: "fd0001dd954441eeb0e92838ba077da8"
I20260710 13:18:11.017287  7058 tablet_service.cc:1917] Received RequestConsensusVote() RPC: tablet_id: "d11e263227de4ee18f721ec962c1a05a" candidate_uuid: "330ad13d08d4473cafcac5342859157e" candidate_term: 2 candidate_status { last_received { term: 0 index: 0 } } ignore_live_leader: false dest_uuid: "5002249bed054635bb594f9ef9a6566d"
I20260710 13:18:11.017765  6980 raft_consensus.cc:3060] T d11e263227de4ee18f721ec962c1a05a P fd0001dd954441eeb0e92838ba077da8 [term 1 FOLLOWER]: Advancing to term 2
I20260710 13:18:11.017891  7058 raft_consensus.cc:3060] T d11e263227de4ee18f721ec962c1a05a P 5002249bed054635bb594f9ef9a6566d [term 1 FOLLOWER]: Advancing to term 2
I20260710 13:18:11.026193  7163 leader_election.cc:290] T d11e263227de4ee18f721ec962c1a05a P 330ad13d08d4473cafcac5342859157e [CANDIDATE]: Term 2 election: Requested vote from peers fd0001dd954441eeb0e92838ba077da8 (127.5.161.2:33283), 5002249bed054635bb594f9ef9a6566d (127.5.161.3:46087)
I20260710 13:18:11.029579  7058 raft_consensus.cc:2468] T d11e263227de4ee18f721ec962c1a05a P 5002249bed054635bb594f9ef9a6566d [term 2 FOLLOWER]: Leader election vote request: Granting yes vote for candidate 330ad13d08d4473cafcac5342859157e in term 2.
I20260710 13:18:11.031975  6873 leader_election.cc:304] T d11e263227de4ee18f721ec962c1a05a P 330ad13d08d4473cafcac5342859157e [CANDIDATE]: Term 2 election: Election decided. Result: candidate won. Election summary: received 2 responses out of 3 voters: 2 yes votes; 0 no votes. yes voters: 330ad13d08d4473cafcac5342859157e, 5002249bed054635bb594f9ef9a6566d; no voters: 
I20260710 13:18:11.035089  7161 raft_consensus.cc:2804] T d11e263227de4ee18f721ec962c1a05a P 330ad13d08d4473cafcac5342859157e [term 2 FOLLOWER]: Leader election won for term 2
I20260710 13:18:11.035626  7161 raft_consensus.cc:697] T d11e263227de4ee18f721ec962c1a05a P 330ad13d08d4473cafcac5342859157e [term 2 LEADER]: Becoming Leader. State: Replica: 330ad13d08d4473cafcac5342859157e, State: Running, Role: LEADER
I20260710 13:18:11.036835  7161 consensus_queue.cc:237] T d11e263227de4ee18f721ec962c1a05a P 330ad13d08d4473cafcac5342859157e [LEADER]: Queue going to LEADER mode. State: All replicated index: 0, Majority replicated index: 0, Committed index: 0, Last appended: 0.0, Last appended by leader: 0, Current term: 2, Majority size: 2, State: 0, Mode: LEADER, active raft config: opid_index: -1 OBSOLETE_local: false peers { permanent_uuid: "330ad13d08d4473cafcac5342859157e" member_type: VOTER last_known_addr { host: "127.5.161.1" port: 38143 } } peers { permanent_uuid: "fd0001dd954441eeb0e92838ba077da8" member_type: VOTER last_known_addr { host: "127.5.161.2" port: 33283 } } peers { permanent_uuid: "5002249bed054635bb594f9ef9a6566d" member_type: VOTER last_known_addr { host: "127.5.161.3" port: 46087 } }
I20260710 13:18:11.052922  6980 raft_consensus.cc:2468] T d11e263227de4ee18f721ec962c1a05a P fd0001dd954441eeb0e92838ba077da8 [term 2 FOLLOWER]: Leader election vote request: Granting yes vote for candidate 330ad13d08d4473cafcac5342859157e in term 2.
I20260710 13:18:11.087410  6808 catalog_manager.cc:5697] T d11e263227de4ee18f721ec962c1a05a P 330ad13d08d4473cafcac5342859157e reported cstate change: term changed from 0 to 2, leader changed from <none> to 330ad13d08d4473cafcac5342859157e (127.5.161.1). New cstate: current_term: 2 leader_uuid: "330ad13d08d4473cafcac5342859157e" committed_config { opid_index: -1 OBSOLETE_local: false peers { permanent_uuid: "330ad13d08d4473cafcac5342859157e" member_type: VOTER last_known_addr { host: "127.5.161.1" port: 38143 } health_report { overall_health: HEALTHY } } peers { permanent_uuid: "fd0001dd954441eeb0e92838ba077da8" member_type: VOTER last_known_addr { host: "127.5.161.2" port: 33283 } health_report { overall_health: UNKNOWN } } peers { permanent_uuid: "5002249bed054635bb594f9ef9a6566d" member_type: VOTER last_known_addr { host: "127.5.161.3" port: 46087 } health_report { overall_health: UNKNOWN } } }
I20260710 13:18:11.474764  6980 raft_consensus.cc:1275] T d11e263227de4ee18f721ec962c1a05a P fd0001dd954441eeb0e92838ba077da8 [term 2 FOLLOWER]: Refusing update from remote peer 330ad13d08d4473cafcac5342859157e: Log matching property violated. Preceding OpId in replica: term: 0 index: 0. Preceding OpId from leader: term: 2 index: 1. (index mismatch)
I20260710 13:18:11.477475  7163 consensus_queue.cc:1048] T d11e263227de4ee18f721ec962c1a05a P 330ad13d08d4473cafcac5342859157e [LEADER]: Connected to new peer: Peer: permanent_uuid: "fd0001dd954441eeb0e92838ba077da8" member_type: VOTER last_known_addr { host: "127.5.161.2" port: 33283 }, Status: LMP_MISMATCH, Last received: 0.0, Next index: 1, Last known committed idx: 0, Time since last communication: 0.001s
I20260710 13:18:11.496174  7058 raft_consensus.cc:1275] T d11e263227de4ee18f721ec962c1a05a P 5002249bed054635bb594f9ef9a6566d [term 2 FOLLOWER]: Refusing update from remote peer 330ad13d08d4473cafcac5342859157e: Log matching property violated. Preceding OpId in replica: term: 0 index: 0. Preceding OpId from leader: term: 2 index: 1. (index mismatch)
I20260710 13:18:11.498580  7294 consensus_queue.cc:1048] T d11e263227de4ee18f721ec962c1a05a P 330ad13d08d4473cafcac5342859157e [LEADER]: Connected to new peer: Peer: permanent_uuid: "5002249bed054635bb594f9ef9a6566d" member_type: VOTER last_known_addr { host: "127.5.161.3" port: 46087 }, Status: LMP_MISMATCH, Last received: 0.0, Next index: 1, Last known committed idx: 0, Time since last communication: 0.001s
I20260710 13:18:11.542845  5764 file_cache.cc:504] Constructed file cache file cache with capacity 419430
W20260710 13:18:11.608026  6948 outbound_call.cc:321] RPC callback for RPC call kudu.consensus.ConsensusService.UpdateConsensus -> {remote=127.5.161.3:46087, user_credentials={real_user=slave}} blocked reactor thread for 90901us
W20260710 13:18:11.665676  7309 instance_detector.cc:116] could not retrieve AWS instance metadata: Network error: curl error: HTTP response code said error: The requested URL returned error: 404
W20260710 13:18:11.684918  7310 instance_detector.cc:116] could not retrieve Azure instance metadata: Network error: curl error: HTTP response code said error: The requested URL returned error: 404
W20260710 13:18:11.688376  7312 instance_detector.cc:116] could not retrieve OpenStack instance metadata: Network error: curl error: HTTP response code said error: The requested URL returned error: 404
I20260710 13:18:11.688704  5764 server_base.cc:1061] running on GCE node
I20260710 13:18:11.691387  5764 hybrid_clock.cc:584] initializing the hybrid clock with 'system_unsync' time source
W20260710 13:18:11.691694  5764 system_unsync_time.cc:38] NTP support is disabled. Clock error bounds will not be accurate. This configuration is not suitable for distributed clusters.
I20260710 13:18:11.691931  5764 hybrid_clock.cc:648] HybridClock initialized: now 1783689491691914 us; error 0 us; skew 500 ppm
I20260710 13:18:11.692793  5764 server_base.cc:861] Flag tcmalloc_max_total_thread_cache_bytes is not working since tcmalloc is not enabled.
I20260710 13:18:11.705828  5764 webserver.cc:533] Webserver started at http://127.5.161.4:43883/ using document root <none> and password file <none>
I20260710 13:18:11.706610  5764 fs_manager.cc:362] Metadata directory not provided
I20260710 13:18:11.706923  5764 fs_manager.cc:368] Using write-ahead log directory (fs_wal_dir) as metadata directory
I20260710 13:18:11.707376  5764 server_base.cc:909] This appears to be a new deployment of Kudu; creating new FS layout
I20260710 13:18:11.709306  5764 fs_manager.cc:1068] Generated new instance metadata in path /tmp/dist-test-taskabv5v3/test-tmp/auto_leader_rebalancer-test.0.LeaderRebalancerTest.AddTserver.1783689460382193-5764-0/minicluster-data/ts-3-root/instance:
uuid: "8908574fd5b34900abc953c6352c704f"
format_stamp: "Formatted at 2026-07-10 13:18:11 on dist-test-slave-qpj8"
I20260710 13:18:11.716302  5764 fs_manager.cc:696] Time spent creating directory manager: real 0.006s	user 0.005s	sys 0.001s
I20260710 13:18:11.721515  7317 log_block_manager.cc:4127] Time spent loading block containers with low live blocks: real 0.000s	user 0.000s	sys 0.000s
I20260710 13:18:11.722672  5764 fs_manager.cc:730] Time spent opening block manager: real 0.003s	user 0.004s	sys 0.000s
I20260710 13:18:11.723098  5764 fs_manager.cc:647] Opened local filesystem: /tmp/dist-test-taskabv5v3/test-tmp/auto_leader_rebalancer-test.0.LeaderRebalancerTest.AddTserver.1783689460382193-5764-0/minicluster-data/ts-3-root
uuid: "8908574fd5b34900abc953c6352c704f"
format_stamp: "Formatted at 2026-07-10 13:18:11 on dist-test-slave-qpj8"
I20260710 13:18:11.723531  5764 fs_report.cc:389] FS layout report
--------------------
wal directory: /tmp/dist-test-taskabv5v3/test-tmp/auto_leader_rebalancer-test.0.LeaderRebalancerTest.AddTserver.1783689460382193-5764-0/minicluster-data/ts-3-root
metadata directory: /tmp/dist-test-taskabv5v3/test-tmp/auto_leader_rebalancer-test.0.LeaderRebalancerTest.AddTserver.1783689460382193-5764-0/minicluster-data/ts-3-root
1 data directories: /tmp/dist-test-taskabv5v3/test-tmp/auto_leader_rebalancer-test.0.LeaderRebalancerTest.AddTserver.1783689460382193-5764-0/minicluster-data/ts-3-root/data
Total live blocks: 0
Total live bytes: 0
Total live bytes (after alignment): 0
Total number of LBM containers: 0 (0 full)
Did not check for missing blocks
Did not check for orphaned blocks
Total full LBM containers with extra space: 0 (0 repaired)
Total full LBM container extra space in bytes: 0 (0 repaired)
Total incomplete LBM containers: 0 (0 repaired)
Total LBM partial records: 0 (0 repaired)
Total corrupted LBM metadata records in RocksDB: 0 (0 repaired)
I20260710 13:18:11.776264  5764 rpc_server.cc:225] running with OpenSSL 1.1.1  11 Sep 2018
I20260710 13:18:11.778230  5764 kserver.cc:163] Server-wide thread pool size limit: 3276
I20260710 13:18:11.781523  5764 txn_system_client.cc:432] TxnSystemClient initialization is disabled...
I20260710 13:18:11.794179  5764 ts_tablet_manager.cc:585] Loaded tablet metadata (0 total tablets, 0 live tablets)
I20260710 13:18:11.794529  5764 ts_tablet_manager.cc:531] Time spent load tablet metadata: real 0.000s	user 0.000s	sys 0.000s
I20260710 13:18:11.794866  5764 ts_tablet_manager.cc:616] Registered 0 tablets
I20260710 13:18:11.795111  5764 ts_tablet_manager.cc:595] Time spent register tablets: real 0.000s	user 0.000s	sys 0.000s
I20260710 13:18:11.904340  5764 rpc_server.cc:307] RPC server started. Bound to: 127.5.161.4:40929
I20260710 13:18:11.904457  7379 acceptor_pool.cc:272] collecting diagnostics on the listening RPC socket 127.5.161.4:40929 every 8 connection(s)
I20260710 13:18:11.924810  5764 auto_leader_rebalancer-test.cc:388] add a tserver: 8908574fd5b34900abc953c6352c704f
I20260710 13:18:11.950416  7380 heartbeater.cc:344] Connected to a master server at 127.5.161.62:33727
I20260710 13:18:11.950935  7380 heartbeater.cc:461] Registering TS with master...
I20260710 13:18:11.951998  7380 heartbeater.cc:507] Master 127.5.161.62:33727 requested a full tablet report, sending...
I20260710 13:18:11.954417  6808 ts_manager.cc:194] Registered new tserver with Master: 8908574fd5b34900abc953c6352c704f (127.5.161.4:40929)
I20260710 13:18:11.956292  6808 master_service.cc:502] Signed X509 certificate for tserver {username='slave'} at 127.0.0.1:40090
I20260710 13:18:12.739835  6980 consensus_queue.cc:237] T 93bb408ac62e4c0db66e45500168447e P fd0001dd954441eeb0e92838ba077da8 [LEADER]: Queue going to LEADER mode. State: All replicated index: 0, Majority replicated index: 1, Committed index: 1, Last appended: 1.1, Last appended by leader: 0, Current term: 1, Majority size: 2, State: 0, Mode: LEADER, active raft config: opid_index: 2 OBSOLETE_local: false peers { permanent_uuid: "330ad13d08d4473cafcac5342859157e" member_type: VOTER last_known_addr { host: "127.5.161.1" port: 38143 } attrs { replace: true } } peers { permanent_uuid: "fd0001dd954441eeb0e92838ba077da8" member_type: VOTER last_known_addr { host: "127.5.161.2" port: 33283 } } peers { permanent_uuid: "5002249bed054635bb594f9ef9a6566d" member_type: VOTER last_known_addr { host: "127.5.161.3" port: 46087 } } peers { permanent_uuid: "8908574fd5b34900abc953c6352c704f" member_type: NON_VOTER last_known_addr { host: "127.5.161.4" port: 40929 } attrs { promote: true } }
I20260710 13:18:12.759204  7058 raft_consensus.cc:1275] T 93bb408ac62e4c0db66e45500168447e P 5002249bed054635bb594f9ef9a6566d [term 1 FOLLOWER]: Refusing update from remote peer fd0001dd954441eeb0e92838ba077da8: Log matching property violated. Preceding OpId in replica: term: 1 index: 1. Preceding OpId from leader: term: 1 index: 2. (index mismatch)
I20260710 13:18:12.762814  7384 consensus_queue.cc:1048] T 93bb408ac62e4c0db66e45500168447e P fd0001dd954441eeb0e92838ba077da8 [LEADER]: Connected to new peer: Peer: permanent_uuid: "5002249bed054635bb594f9ef9a6566d" member_type: VOTER last_known_addr { host: "127.5.161.3" port: 46087 }, Status: LMP_MISMATCH, Last received: 0.0, Next index: 2, Last known committed idx: 1, Time since last communication: 0.000s
I20260710 13:18:12.775771  6907 raft_consensus.cc:1275] T 93bb408ac62e4c0db66e45500168447e P 330ad13d08d4473cafcac5342859157e [term 1 FOLLOWER]: Refusing update from remote peer fd0001dd954441eeb0e92838ba077da8: Log matching property violated. Preceding OpId in replica: term: 1 index: 1. Preceding OpId from leader: term: 1 index: 2. (index mismatch)
I20260710 13:18:12.784417  7384 consensus_queue.cc:1048] T 93bb408ac62e4c0db66e45500168447e P fd0001dd954441eeb0e92838ba077da8 [LEADER]: Connected to new peer: Peer: permanent_uuid: "330ad13d08d4473cafcac5342859157e" member_type: VOTER last_known_addr { host: "127.5.161.1" port: 38143 } attrs { replace: true }, Status: LMP_MISMATCH, Last received: 0.0, Next index: 2, Last known committed idx: 1, Time since last communication: 0.001s
W20260710 13:18:12.799166  6951 consensus_peers.cc:597] T 93bb408ac62e4c0db66e45500168447e P fd0001dd954441eeb0e92838ba077da8 -> Peer 8908574fd5b34900abc953c6352c704f (127.5.161.4:40929): Couldn't send request to peer 8908574fd5b34900abc953c6352c704f. Error code: TABLET_NOT_FOUND (6). Status: Not found: Tablet not found: 93bb408ac62e4c0db66e45500168447e. This is attempt 1: this message will repeat every 5th retry.
I20260710 13:18:12.801019  7306 raft_consensus.cc:2955] T 93bb408ac62e4c0db66e45500168447e P fd0001dd954441eeb0e92838ba077da8 [term 1 LEADER]: Committing config change with OpId 1.2: config changed from index -1 to 2, NON_VOTER 8908574fd5b34900abc953c6352c704f (127.5.161.4) added. New config: { opid_index: 2 OBSOLETE_local: false peers { permanent_uuid: "330ad13d08d4473cafcac5342859157e" member_type: VOTER last_known_addr { host: "127.5.161.1" port: 38143 } attrs { replace: true } } peers { permanent_uuid: "fd0001dd954441eeb0e92838ba077da8" member_type: VOTER last_known_addr { host: "127.5.161.2" port: 33283 } } peers { permanent_uuid: "5002249bed054635bb594f9ef9a6566d" member_type: VOTER last_known_addr { host: "127.5.161.3" port: 46087 } } peers { permanent_uuid: "8908574fd5b34900abc953c6352c704f" member_type: NON_VOTER last_known_addr { host: "127.5.161.4" port: 40929 } attrs { promote: true } } }
I20260710 13:18:12.802604  6907 raft_consensus.cc:2955] T 93bb408ac62e4c0db66e45500168447e P 330ad13d08d4473cafcac5342859157e [term 1 FOLLOWER]: Committing config change with OpId 1.2: config changed from index -1 to 2, NON_VOTER 8908574fd5b34900abc953c6352c704f (127.5.161.4) added. New config: { opid_index: 2 OBSOLETE_local: false peers { permanent_uuid: "330ad13d08d4473cafcac5342859157e" member_type: VOTER last_known_addr { host: "127.5.161.1" port: 38143 } attrs { replace: true } } peers { permanent_uuid: "fd0001dd954441eeb0e92838ba077da8" member_type: VOTER last_known_addr { host: "127.5.161.2" port: 33283 } } peers { permanent_uuid: "5002249bed054635bb594f9ef9a6566d" member_type: VOTER last_known_addr { host: "127.5.161.3" port: 46087 } } peers { permanent_uuid: "8908574fd5b34900abc953c6352c704f" member_type: NON_VOTER last_known_addr { host: "127.5.161.4" port: 40929 } attrs { promote: true } } }
I20260710 13:18:12.820214  6808 catalog_manager.cc:5697] T 93bb408ac62e4c0db66e45500168447e P fd0001dd954441eeb0e92838ba077da8 reported cstate change: config changed from index -1 to 2, NON_VOTER 8908574fd5b34900abc953c6352c704f (127.5.161.4) added. New cstate: current_term: 1 leader_uuid: "fd0001dd954441eeb0e92838ba077da8" committed_config { opid_index: 2 OBSOLETE_local: false peers { permanent_uuid: "330ad13d08d4473cafcac5342859157e" member_type: VOTER last_known_addr { host: "127.5.161.1" port: 38143 } attrs { replace: true } health_report { overall_health: HEALTHY } } peers { permanent_uuid: "fd0001dd954441eeb0e92838ba077da8" member_type: VOTER last_known_addr { host: "127.5.161.2" port: 33283 } health_report { overall_health: HEALTHY } } peers { permanent_uuid: "5002249bed054635bb594f9ef9a6566d" member_type: VOTER last_known_addr { host: "127.5.161.3" port: 46087 } health_report { overall_health: UNKNOWN } } peers { permanent_uuid: "8908574fd5b34900abc953c6352c704f" member_type: NON_VOTER last_known_addr { host: "127.5.161.4" port: 40929 } attrs { promote: true } health_report { overall_health: UNKNOWN } } }
I20260710 13:18:12.851375  6907 consensus_queue.cc:237] T b33bcc9134dc44b4be2025b9d7a12c67 P 330ad13d08d4473cafcac5342859157e [LEADER]: Queue going to LEADER mode. State: All replicated index: 0, Majority replicated index: 1, Committed index: 1, Last appended: 1.1, Last appended by leader: 0, Current term: 1, Majority size: 2, State: 0, Mode: LEADER, active raft config: opid_index: 2 OBSOLETE_local: false peers { permanent_uuid: "330ad13d08d4473cafcac5342859157e" member_type: VOTER last_known_addr { host: "127.5.161.1" port: 38143 } } peers { permanent_uuid: "fd0001dd954441eeb0e92838ba077da8" member_type: VOTER last_known_addr { host: "127.5.161.2" port: 33283 } } peers { permanent_uuid: "5002249bed054635bb594f9ef9a6566d" member_type: VOTER last_known_addr { host: "127.5.161.3" port: 46087 } attrs { replace: true } } peers { permanent_uuid: "8908574fd5b34900abc953c6352c704f" member_type: NON_VOTER last_known_addr { host: "127.5.161.4" port: 40929 } attrs { promote: true } }
I20260710 13:18:12.858702  7058 raft_consensus.cc:2955] T 93bb408ac62e4c0db66e45500168447e P 5002249bed054635bb594f9ef9a6566d [term 1 FOLLOWER]: Committing config change with OpId 1.2: config changed from index -1 to 2, NON_VOTER 8908574fd5b34900abc953c6352c704f (127.5.161.4) added. New config: { opid_index: 2 OBSOLETE_local: false peers { permanent_uuid: "330ad13d08d4473cafcac5342859157e" member_type: VOTER last_known_addr { host: "127.5.161.1" port: 38143 } attrs { replace: true } } peers { permanent_uuid: "fd0001dd954441eeb0e92838ba077da8" member_type: VOTER last_known_addr { host: "127.5.161.2" port: 33283 } } peers { permanent_uuid: "5002249bed054635bb594f9ef9a6566d" member_type: VOTER last_known_addr { host: "127.5.161.3" port: 46087 } } peers { permanent_uuid: "8908574fd5b34900abc953c6352c704f" member_type: NON_VOTER last_known_addr { host: "127.5.161.4" port: 40929 } attrs { promote: true } } }
I20260710 13:18:12.866736  7059 raft_consensus.cc:1275] T b33bcc9134dc44b4be2025b9d7a12c67 P 5002249bed054635bb594f9ef9a6566d [term 1 FOLLOWER]: Refusing update from remote peer 330ad13d08d4473cafcac5342859157e: Log matching property violated. Preceding OpId in replica: term: 1 index: 1. Preceding OpId from leader: term: 1 index: 2. (index mismatch)
I20260710 13:18:12.870883  7161 consensus_queue.cc:1048] T b33bcc9134dc44b4be2025b9d7a12c67 P 330ad13d08d4473cafcac5342859157e [LEADER]: Connected to new peer: Peer: permanent_uuid: "5002249bed054635bb594f9ef9a6566d" member_type: VOTER last_known_addr { host: "127.5.161.3" port: 46087 } attrs { replace: true }, Status: LMP_MISMATCH, Last received: 0.0, Next index: 2, Last known committed idx: 1, Time since last communication: 0.000s
I20260710 13:18:12.873195  6981 raft_consensus.cc:1275] T b33bcc9134dc44b4be2025b9d7a12c67 P fd0001dd954441eeb0e92838ba077da8 [term 1 FOLLOWER]: Refusing update from remote peer 330ad13d08d4473cafcac5342859157e: Log matching property violated. Preceding OpId in replica: term: 1 index: 1. Preceding OpId from leader: term: 1 index: 2. (index mismatch)
I20260710 13:18:12.883775  7163 consensus_queue.cc:1048] T b33bcc9134dc44b4be2025b9d7a12c67 P 330ad13d08d4473cafcac5342859157e [LEADER]: Connected to new peer: Peer: permanent_uuid: "fd0001dd954441eeb0e92838ba077da8" member_type: VOTER last_known_addr { host: "127.5.161.2" port: 33283 }, Status: LMP_MISMATCH, Last received: 0.0, Next index: 2, Last known committed idx: 1, Time since last communication: 0.000s
I20260710 13:18:12.916224  7057 raft_consensus.cc:2955] T b33bcc9134dc44b4be2025b9d7a12c67 P 5002249bed054635bb594f9ef9a6566d [term 1 FOLLOWER]: Committing config change with OpId 1.2: config changed from index -1 to 2, NON_VOTER 8908574fd5b34900abc953c6352c704f (127.5.161.4) added. New config: { opid_index: 2 OBSOLETE_local: false peers { permanent_uuid: "330ad13d08d4473cafcac5342859157e" member_type: VOTER last_known_addr { host: "127.5.161.1" port: 38143 } } peers { permanent_uuid: "fd0001dd954441eeb0e92838ba077da8" member_type: VOTER last_known_addr { host: "127.5.161.2" port: 33283 } } peers { permanent_uuid: "5002249bed054635bb594f9ef9a6566d" member_type: VOTER last_known_addr { host: "127.5.161.3" port: 46087 } attrs { replace: true } } peers { permanent_uuid: "8908574fd5b34900abc953c6352c704f" member_type: NON_VOTER last_known_addr { host: "127.5.161.4" port: 40929 } attrs { promote: true } } }
I20260710 13:18:12.916957  7163 raft_consensus.cc:2955] T b33bcc9134dc44b4be2025b9d7a12c67 P 330ad13d08d4473cafcac5342859157e [term 1 LEADER]: Committing config change with OpId 1.2: config changed from index -1 to 2, NON_VOTER 8908574fd5b34900abc953c6352c704f (127.5.161.4) added. New config: { opid_index: 2 OBSOLETE_local: false peers { permanent_uuid: "330ad13d08d4473cafcac5342859157e" member_type: VOTER last_known_addr { host: "127.5.161.1" port: 38143 } } peers { permanent_uuid: "fd0001dd954441eeb0e92838ba077da8" member_type: VOTER last_known_addr { host: "127.5.161.2" port: 33283 } } peers { permanent_uuid: "5002249bed054635bb594f9ef9a6566d" member_type: VOTER last_known_addr { host: "127.5.161.3" port: 46087 } attrs { replace: true } } peers { permanent_uuid: "8908574fd5b34900abc953c6352c704f" member_type: NON_VOTER last_known_addr { host: "127.5.161.4" port: 40929 } attrs { promote: true } } }
I20260710 13:18:12.947474  6907 consensus_queue.cc:237] T d11e263227de4ee18f721ec962c1a05a P 330ad13d08d4473cafcac5342859157e [LEADER]: Queue going to LEADER mode. State: All replicated index: 0, Majority replicated index: 1, Committed index: 1, Last appended: 2.1, Last appended by leader: 0, Current term: 2, Majority size: 2, State: 0, Mode: LEADER, active raft config: opid_index: 2 OBSOLETE_local: false peers { permanent_uuid: "330ad13d08d4473cafcac5342859157e" member_type: VOTER last_known_addr { host: "127.5.161.1" port: 38143 } } peers { permanent_uuid: "fd0001dd954441eeb0e92838ba077da8" member_type: VOTER last_known_addr { host: "127.5.161.2" port: 33283 } attrs { replace: true } } peers { permanent_uuid: "5002249bed054635bb594f9ef9a6566d" member_type: VOTER last_known_addr { host: "127.5.161.3" port: 46087 } } peers { permanent_uuid: "8908574fd5b34900abc953c6352c704f" member_type: NON_VOTER last_known_addr { host: "127.5.161.4" port: 40929 } attrs { promote: true } }
I20260710 13:18:12.959779  7380 heartbeater.cc:499] Master 127.5.161.62:33727 was elected leader, sending a full tablet report...
W20260710 13:18:12.972182  6876 consensus_peers.cc:597] T b33bcc9134dc44b4be2025b9d7a12c67 P 330ad13d08d4473cafcac5342859157e -> Peer 8908574fd5b34900abc953c6352c704f (127.5.161.4:40929): Couldn't send request to peer 8908574fd5b34900abc953c6352c704f. Error code: TABLET_NOT_FOUND (6). Status: Not found: Tablet not found: b33bcc9134dc44b4be2025b9d7a12c67. This is attempt 1: this message will repeat every 5th retry.
W20260710 13:18:12.977298  6876 consensus_peers.cc:597] T d11e263227de4ee18f721ec962c1a05a P 330ad13d08d4473cafcac5342859157e -> Peer 8908574fd5b34900abc953c6352c704f (127.5.161.4:40929): Couldn't send request to peer 8908574fd5b34900abc953c6352c704f. Error code: TABLET_NOT_FOUND (6). Status: Not found: Tablet not found: d11e263227de4ee18f721ec962c1a05a. This is attempt 1: this message will repeat every 5th retry.
I20260710 13:18:12.978498  6981 raft_consensus.cc:2955] T b33bcc9134dc44b4be2025b9d7a12c67 P fd0001dd954441eeb0e92838ba077da8 [term 1 FOLLOWER]: Committing config change with OpId 1.2: config changed from index -1 to 2, NON_VOTER 8908574fd5b34900abc953c6352c704f (127.5.161.4) added. New config: { opid_index: 2 OBSOLETE_local: false peers { permanent_uuid: "330ad13d08d4473cafcac5342859157e" member_type: VOTER last_known_addr { host: "127.5.161.1" port: 38143 } } peers { permanent_uuid: "fd0001dd954441eeb0e92838ba077da8" member_type: VOTER last_known_addr { host: "127.5.161.2" port: 33283 } } peers { permanent_uuid: "5002249bed054635bb594f9ef9a6566d" member_type: VOTER last_known_addr { host: "127.5.161.3" port: 46087 } attrs { replace: true } } peers { permanent_uuid: "8908574fd5b34900abc953c6352c704f" member_type: NON_VOTER last_known_addr { host: "127.5.161.4" port: 40929 } attrs { promote: true } } }
