I20260710 13:17:40.316190  6132 ts_tablet_manager.cc:1434] T b47e892451fa46b78edf9113212b592c P a50adbf0ac8b4952a82b958124d7258d: Time spent starting tablet: real 0.035s	user 0.008s	sys 0.003s
I20260710 13:17:40.328488  6132 tablet_bootstrap.cc:492] T 2df4dcc31f144fedb3870d660e2b751b P a50adbf0ac8b4952a82b958124d7258d: Bootstrap starting.
I20260710 13:17:40.333544  6155 raft_consensus.cc:493] T 20dccf4db022498f9c7b861a95724e9b P 1040893730704450817d7d0c1312fe74 [term 0 FOLLOWER]: Starting pre-election (no leader contacted us within the election timeout)
I20260710 13:17:40.334555  6155 raft_consensus.cc:515] T 20dccf4db022498f9c7b861a95724e9b P 1040893730704450817d7d0c1312fe74 [term 0 FOLLOWER]: Starting pre-election with config: opid_index: -1 OBSOLETE_local: false peers { permanent_uuid: "e652810ab6b04ddfa88df1455d575773" member_type: VOTER last_known_addr { host: "127.5.170.193" port: 43829 } } peers { permanent_uuid: "1040893730704450817d7d0c1312fe74" member_type: VOTER last_known_addr { host: "127.5.170.194" port: 40167 } } peers { permanent_uuid: "a50adbf0ac8b4952a82b958124d7258d" member_type: VOTER last_known_addr { host: "127.5.170.195" port: 45397 } }
I20260710 13:17:40.366677  6130 raft_consensus.cc:359] T f117fff8d1d043eda9ecd3ccbc122c40 P 1040893730704450817d7d0c1312fe74 [term 0 FOLLOWER]: Replica starting. Triggering 0 pending ops. Active config: opid_index: -1 OBSOLETE_local: false peers { permanent_uuid: "e652810ab6b04ddfa88df1455d575773" member_type: VOTER last_known_addr { host: "127.5.170.193" port: 43829 } } peers { permanent_uuid: "1040893730704450817d7d0c1312fe74" member_type: VOTER last_known_addr { host: "127.5.170.194" port: 40167 } } peers { permanent_uuid: "a50adbf0ac8b4952a82b958124d7258d" member_type: VOTER last_known_addr { host: "127.5.170.195" port: 45397 } }
I20260710 13:17:40.373029  6132 tablet_bootstrap.cc:654] T 2df4dcc31f144fedb3870d660e2b751b P a50adbf0ac8b4952a82b958124d7258d: Neither blocks nor log segments found. Creating new log.
I20260710 13:17:40.373286  6129 tablet_bootstrap.cc:492] T 930641c073704b859d21db3252ac7131 P e652810ab6b04ddfa88df1455d575773: No bootstrap required, opened a new log
I20260710 13:17:40.368216  6130 raft_consensus.cc:385] T f117fff8d1d043eda9ecd3ccbc122c40 P 1040893730704450817d7d0c1312fe74 [term 0 FOLLOWER]: Consensus starting up: Expiring failure detector timer to make a prompt election more likely
I20260710 13:17:40.373521  5938 tablet_service.cc:1917] Received RequestConsensusVote() RPC: tablet_id: "20dccf4db022498f9c7b861a95724e9b" candidate_uuid: "1040893730704450817d7d0c1312fe74" candidate_term: 1 candidate_status { last_received { term: 0 index: 0 } } ignore_live_leader: false dest_uuid: "e652810ab6b04ddfa88df1455d575773" is_pre_election: true
I20260710 13:17:40.374718  6087 tablet_service.cc:1917] Received RequestConsensusVote() RPC: tablet_id: "20dccf4db022498f9c7b861a95724e9b" candidate_uuid: "1040893730704450817d7d0c1312fe74" candidate_term: 1 candidate_status { last_received { term: 0 index: 0 } } ignore_live_leader: false dest_uuid: "a50adbf0ac8b4952a82b958124d7258d" is_pre_election: true
I20260710 13:17:40.371791  6155 leader_election.cc:290] T 20dccf4db022498f9c7b861a95724e9b P 1040893730704450817d7d0c1312fe74 [CANDIDATE]: Term 1 pre-election: Requested pre-vote from peers e652810ab6b04ddfa88df1455d575773 (127.5.170.193:43829), a50adbf0ac8b4952a82b958124d7258d (127.5.170.195:45397)
I20260710 13:17:40.374445  6129 ts_tablet_manager.cc:1403] T 930641c073704b859d21db3252ac7131 P e652810ab6b04ddfa88df1455d575773: Time spent bootstrapping tablet: real 0.151s	user 0.031s	sys 0.029s
I20260710 13:17:40.375559  5938 raft_consensus.cc:2468] T 20dccf4db022498f9c7b861a95724e9b P e652810ab6b04ddfa88df1455d575773 [term 0 FOLLOWER]: Leader pre-election vote request: Granting yes vote for candidate 1040893730704450817d7d0c1312fe74 in term 0.
I20260710 13:17:40.376122  6087 raft_consensus.cc:2468] T 20dccf4db022498f9c7b861a95724e9b P a50adbf0ac8b4952a82b958124d7258d [term 0 FOLLOWER]: Leader pre-election vote request: Granting yes vote for candidate 1040893730704450817d7d0c1312fe74 in term 0.
I20260710 13:17:40.374517  6130 raft_consensus.cc:740] T f117fff8d1d043eda9ecd3ccbc122c40 P 1040893730704450817d7d0c1312fe74 [term 0 FOLLOWER]: Becoming Follower/Learner. State: Replica: 1040893730704450817d7d0c1312fe74, State: Initialized, Role: FOLLOWER
I20260710 13:17:40.378013  5979 leader_election.cc:304] T 20dccf4db022498f9c7b861a95724e9b P 1040893730704450817d7d0c1312fe74 [CANDIDATE]: Term 1 pre-election: Election decided. Result: candidate won. Election summary: received 2 responses out of 3 voters: 2 yes votes; 0 no votes. yes voters: 1040893730704450817d7d0c1312fe74, a50adbf0ac8b4952a82b958124d7258d; no voters: 
I20260710 13:17:40.379271  6155 raft_consensus.cc:2804] T 20dccf4db022498f9c7b861a95724e9b P 1040893730704450817d7d0c1312fe74 [term 0 FOLLOWER]: Leader pre-election won for term 1
I20260710 13:17:40.380707  6155 raft_consensus.cc:493] T 20dccf4db022498f9c7b861a95724e9b P 1040893730704450817d7d0c1312fe74 [term 0 FOLLOWER]: Starting leader election (no leader contacted us within the election timeout)
I20260710 13:17:40.381153  6155 raft_consensus.cc:3060] T 20dccf4db022498f9c7b861a95724e9b P 1040893730704450817d7d0c1312fe74 [term 0 FOLLOWER]: Advancing to term 1
I20260710 13:17:40.377688  6130 consensus_queue.cc:260] T f117fff8d1d043eda9ecd3ccbc122c40 P 1040893730704450817d7d0c1312fe74 [NON_LEADER]: Queue going to NON_LEADER mode. State: All replicated index: 0, Majority replicated index: 0, Committed index: 0, Last appended: 0.0, Last appended by leader: 0, Current term: 0, Majority size: -1, State: 0, Mode: NON_LEADER, active raft config: opid_index: -1 OBSOLETE_local: false peers { permanent_uuid: "e652810ab6b04ddfa88df1455d575773" member_type: VOTER last_known_addr { host: "127.5.170.193" port: 43829 } } peers { permanent_uuid: "1040893730704450817d7d0c1312fe74" member_type: VOTER last_known_addr { host: "127.5.170.194" port: 40167 } } peers { permanent_uuid: "a50adbf0ac8b4952a82b958124d7258d" member_type: VOTER last_known_addr { host: "127.5.170.195" port: 45397 } }
I20260710 13:17:40.383592  5834 catalog_manager.cc:5697] T 930641c073704b859d21db3252ac7131 P 1040893730704450817d7d0c1312fe74 reported cstate change: term changed from 0 to 1, leader changed from <none> to 1040893730704450817d7d0c1312fe74 (127.5.170.194). New cstate: current_term: 1 leader_uuid: "1040893730704450817d7d0c1312fe74" committed_config { opid_index: -1 OBSOLETE_local: false peers { permanent_uuid: "e652810ab6b04ddfa88df1455d575773" member_type: VOTER last_known_addr { host: "127.5.170.193" port: 43829 } health_report { overall_health: UNKNOWN } } peers { permanent_uuid: "1040893730704450817d7d0c1312fe74" member_type: VOTER last_known_addr { host: "127.5.170.194" port: 40167 } health_report { overall_health: HEALTHY } } peers { permanent_uuid: "a50adbf0ac8b4952a82b958124d7258d" member_type: VOTER last_known_addr { host: "127.5.170.195" port: 45397 } health_report { overall_health: UNKNOWN } } }
I20260710 13:17:40.387009  6129 raft_consensus.cc:359] T 930641c073704b859d21db3252ac7131 P e652810ab6b04ddfa88df1455d575773 [term 0 FOLLOWER]: Replica starting. Triggering 0 pending ops. Active config: opid_index: -1 OBSOLETE_local: false peers { permanent_uuid: "e652810ab6b04ddfa88df1455d575773" member_type: VOTER last_known_addr { host: "127.5.170.193" port: 43829 } } peers { permanent_uuid: "1040893730704450817d7d0c1312fe74" member_type: VOTER last_known_addr { host: "127.5.170.194" port: 40167 } } peers { permanent_uuid: "a50adbf0ac8b4952a82b958124d7258d" member_type: VOTER last_known_addr { host: "127.5.170.195" port: 45397 } }
I20260710 13:17:40.387899  6129 raft_consensus.cc:385] T 930641c073704b859d21db3252ac7131 P e652810ab6b04ddfa88df1455d575773 [term 0 FOLLOWER]: Consensus starting up: Expiring failure detector timer to make a prompt election more likely
I20260710 13:17:40.388196  6129 raft_consensus.cc:740] T 930641c073704b859d21db3252ac7131 P e652810ab6b04ddfa88df1455d575773 [term 0 FOLLOWER]: Becoming Follower/Learner. State: Replica: e652810ab6b04ddfa88df1455d575773, State: Initialized, Role: FOLLOWER
I20260710 13:17:40.388602  6132 tablet_bootstrap.cc:492] T 2df4dcc31f144fedb3870d660e2b751b P a50adbf0ac8b4952a82b958124d7258d: No bootstrap required, opened a new log
I20260710 13:17:40.389025  6132 ts_tablet_manager.cc:1403] T 2df4dcc31f144fedb3870d660e2b751b P a50adbf0ac8b4952a82b958124d7258d: Time spent bootstrapping tablet: real 0.062s	user 0.010s	sys 0.005s
I20260710 13:17:40.388902  6129 consensus_queue.cc:260] T 930641c073704b859d21db3252ac7131 P e652810ab6b04ddfa88df1455d575773 [NON_LEADER]: Queue going to NON_LEADER mode. State: All replicated index: 0, Majority replicated index: 0, Committed index: 0, Last appended: 0.0, Last appended by leader: 0, Current term: 0, Majority size: -1, State: 0, Mode: NON_LEADER, active raft config: opid_index: -1 OBSOLETE_local: false peers { permanent_uuid: "e652810ab6b04ddfa88df1455d575773" member_type: VOTER last_known_addr { host: "127.5.170.193" port: 43829 } } peers { permanent_uuid: "1040893730704450817d7d0c1312fe74" member_type: VOTER last_known_addr { host: "127.5.170.194" port: 40167 } } peers { permanent_uuid: "a50adbf0ac8b4952a82b958124d7258d" member_type: VOTER last_known_addr { host: "127.5.170.195" port: 45397 } }
I20260710 13:17:40.386376  6130 ts_tablet_manager.cc:1434] T f117fff8d1d043eda9ecd3ccbc122c40 P 1040893730704450817d7d0c1312fe74: Time spent starting tablet: real 0.102s	user 0.008s	sys 0.002s
I20260710 13:17:40.390869  6130 tablet_bootstrap.cc:492] T 0ecced3960d547c1917b6cfaba13ce66 P 1040893730704450817d7d0c1312fe74: Bootstrap starting.
I20260710 13:17:40.391476  6155 raft_consensus.cc:515] T 20dccf4db022498f9c7b861a95724e9b P 1040893730704450817d7d0c1312fe74 [term 1 FOLLOWER]: Starting leader election with config: opid_index: -1 OBSOLETE_local: false peers { permanent_uuid: "e652810ab6b04ddfa88df1455d575773" member_type: VOTER last_known_addr { host: "127.5.170.193" port: 43829 } } peers { permanent_uuid: "1040893730704450817d7d0c1312fe74" member_type: VOTER last_known_addr { host: "127.5.170.194" port: 40167 } } peers { permanent_uuid: "a50adbf0ac8b4952a82b958124d7258d" member_type: VOTER last_known_addr { host: "127.5.170.195" port: 45397 } }
I20260710 13:17:40.394603  5938 tablet_service.cc:1917] Received RequestConsensusVote() RPC: tablet_id: "20dccf4db022498f9c7b861a95724e9b" candidate_uuid: "1040893730704450817d7d0c1312fe74" candidate_term: 1 candidate_status { last_received { term: 0 index: 0 } } ignore_live_leader: false dest_uuid: "e652810ab6b04ddfa88df1455d575773"
I20260710 13:17:40.394999  6087 tablet_service.cc:1917] Received RequestConsensusVote() RPC: tablet_id: "20dccf4db022498f9c7b861a95724e9b" candidate_uuid: "1040893730704450817d7d0c1312fe74" candidate_term: 1 candidate_status { last_received { term: 0 index: 0 } } ignore_live_leader: false dest_uuid: "a50adbf0ac8b4952a82b958124d7258d"
I20260710 13:17:40.395151  5938 raft_consensus.cc:3060] T 20dccf4db022498f9c7b861a95724e9b P e652810ab6b04ddfa88df1455d575773 [term 0 FOLLOWER]: Advancing to term 1
I20260710 13:17:40.395503  6087 raft_consensus.cc:3060] T 20dccf4db022498f9c7b861a95724e9b P a50adbf0ac8b4952a82b958124d7258d [term 0 FOLLOWER]: Advancing to term 1
I20260710 13:17:40.393494  6155 leader_election.cc:290] T 20dccf4db022498f9c7b861a95724e9b P 1040893730704450817d7d0c1312fe74 [CANDIDATE]: Term 1 election: Requested vote from peers e652810ab6b04ddfa88df1455d575773 (127.5.170.193:43829), a50adbf0ac8b4952a82b958124d7258d (127.5.170.195:45397)
I20260710 13:17:40.403033  6130 tablet_bootstrap.cc:654] T 0ecced3960d547c1917b6cfaba13ce66 P 1040893730704450817d7d0c1312fe74: Neither blocks nor log segments found. Creating new log.
I20260710 13:17:40.404033  5938 raft_consensus.cc:2468] T 20dccf4db022498f9c7b861a95724e9b P e652810ab6b04ddfa88df1455d575773 [term 1 FOLLOWER]: Leader election vote request: Granting yes vote for candidate 1040893730704450817d7d0c1312fe74 in term 1.
I20260710 13:17:40.396129  6132 raft_consensus.cc:359] T 2df4dcc31f144fedb3870d660e2b751b P a50adbf0ac8b4952a82b958124d7258d [term 0 FOLLOWER]: Replica starting. Triggering 0 pending ops. Active config: opid_index: -1 OBSOLETE_local: false peers { permanent_uuid: "e652810ab6b04ddfa88df1455d575773" member_type: VOTER last_known_addr { host: "127.5.170.193" port: 43829 } } peers { permanent_uuid: "1040893730704450817d7d0c1312fe74" member_type: VOTER last_known_addr { host: "127.5.170.194" port: 40167 } } peers { permanent_uuid: "a50adbf0ac8b4952a82b958124d7258d" member_type: VOTER last_known_addr { host: "127.5.170.195" port: 45397 } }
I20260710 13:17:40.410386  6132 raft_consensus.cc:385] T 2df4dcc31f144fedb3870d660e2b751b P a50adbf0ac8b4952a82b958124d7258d [term 0 FOLLOWER]: Consensus starting up: Expiring failure detector timer to make a prompt election more likely
I20260710 13:17:40.410486  6087 raft_consensus.cc:2468] T 20dccf4db022498f9c7b861a95724e9b P a50adbf0ac8b4952a82b958124d7258d [term 1 FOLLOWER]: Leader election vote request: Granting yes vote for candidate 1040893730704450817d7d0c1312fe74 in term 1.
I20260710 13:17:40.410828  5979 leader_election.cc:304] T 20dccf4db022498f9c7b861a95724e9b P 1040893730704450817d7d0c1312fe74 [CANDIDATE]: Term 1 election: Election decided. Result: candidate won. Election summary: received 2 responses out of 3 voters: 2 yes votes; 0 no votes. yes voters: 1040893730704450817d7d0c1312fe74, e652810ab6b04ddfa88df1455d575773; no voters: 
I20260710 13:17:40.410789  6132 raft_consensus.cc:740] T 2df4dcc31f144fedb3870d660e2b751b P a50adbf0ac8b4952a82b958124d7258d [term 0 FOLLOWER]: Becoming Follower/Learner. State: Replica: a50adbf0ac8b4952a82b958124d7258d, State: Initialized, Role: FOLLOWER
I20260710 13:17:40.404390  6129 ts_tablet_manager.cc:1434] T 930641c073704b859d21db3252ac7131 P e652810ab6b04ddfa88df1455d575773: Time spent starting tablet: real 0.028s	user 0.006s	sys 0.001s
I20260710 13:17:40.412523  6155 raft_consensus.cc:2804] T 20dccf4db022498f9c7b861a95724e9b P 1040893730704450817d7d0c1312fe74 [term 1 FOLLOWER]: Leader election won for term 1
I20260710 13:17:40.412245  6132 consensus_queue.cc:260] T 2df4dcc31f144fedb3870d660e2b751b P a50adbf0ac8b4952a82b958124d7258d [NON_LEADER]: Queue going to NON_LEADER mode. State: All replicated index: 0, Majority replicated index: 0, Committed index: 0, Last appended: 0.0, Last appended by leader: 0, Current term: 0, Majority size: -1, State: 0, Mode: NON_LEADER, active raft config: opid_index: -1 OBSOLETE_local: false peers { permanent_uuid: "e652810ab6b04ddfa88df1455d575773" member_type: VOTER last_known_addr { host: "127.5.170.193" port: 43829 } } peers { permanent_uuid: "1040893730704450817d7d0c1312fe74" member_type: VOTER last_known_addr { host: "127.5.170.194" port: 40167 } } peers { permanent_uuid: "a50adbf0ac8b4952a82b958124d7258d" member_type: VOTER last_known_addr { host: "127.5.170.195" port: 45397 } }
I20260710 13:17:40.413148  6155 raft_consensus.cc:697] T 20dccf4db022498f9c7b861a95724e9b P 1040893730704450817d7d0c1312fe74 [term 1 LEADER]: Becoming Leader. State: Replica: 1040893730704450817d7d0c1312fe74, State: Running, Role: LEADER
I20260710 13:17:40.414600  6132 ts_tablet_manager.cc:1434] T 2df4dcc31f144fedb3870d660e2b751b P a50adbf0ac8b4952a82b958124d7258d: Time spent starting tablet: real 0.025s	user 0.004s	sys 0.005s
I20260710 13:17:40.415242  6129 tablet_bootstrap.cc:492] T a5731842530043b188ed2b8e46f21a19 P e652810ab6b04ddfa88df1455d575773: Bootstrap starting.
I20260710 13:17:40.415561  6132 tablet_bootstrap.cc:492] T f117fff8d1d043eda9ecd3ccbc122c40 P a50adbf0ac8b4952a82b958124d7258d: Bootstrap starting.
I20260710 13:17:40.414062  6155 consensus_queue.cc:237] T 20dccf4db022498f9c7b861a95724e9b P 1040893730704450817d7d0c1312fe74 [LEADER]: Queue going to LEADER mode. State: All replicated index: 0, Majority replicated index: 0, Committed index: 0, Last appended: 0.0, Last appended by leader: 0, Current term: 1, Majority size: 2, State: 0, Mode: LEADER, active raft config: opid_index: -1 OBSOLETE_local: false peers { permanent_uuid: "e652810ab6b04ddfa88df1455d575773" member_type: VOTER last_known_addr { host: "127.5.170.193" port: 43829 } } peers { permanent_uuid: "1040893730704450817d7d0c1312fe74" member_type: VOTER last_known_addr { host: "127.5.170.194" port: 40167 } } peers { permanent_uuid: "a50adbf0ac8b4952a82b958124d7258d" member_type: VOTER last_known_addr { host: "127.5.170.195" port: 45397 } }
I20260710 13:17:40.422942  6129 tablet_bootstrap.cc:654] T a5731842530043b188ed2b8e46f21a19 P e652810ab6b04ddfa88df1455d575773: Neither blocks nor log segments found. Creating new log.
I20260710 13:17:40.427551  6132 tablet_bootstrap.cc:654] T f117fff8d1d043eda9ecd3ccbc122c40 P a50adbf0ac8b4952a82b958124d7258d: Neither blocks nor log segments found. Creating new log.
I20260710 13:17:40.435855  6129 tablet_bootstrap.cc:492] T a5731842530043b188ed2b8e46f21a19 P e652810ab6b04ddfa88df1455d575773: No bootstrap required, opened a new log
I20260710 13:17:40.436347  6129 ts_tablet_manager.cc:1403] T a5731842530043b188ed2b8e46f21a19 P e652810ab6b04ddfa88df1455d575773: Time spent bootstrapping tablet: real 0.021s	user 0.014s	sys 0.001s
I20260710 13:17:40.435527  5833 catalog_manager.cc:5697] T 20dccf4db022498f9c7b861a95724e9b P 1040893730704450817d7d0c1312fe74 reported cstate change: term changed from 0 to 1, leader changed from <none> to 1040893730704450817d7d0c1312fe74 (127.5.170.194). New cstate: current_term: 1 leader_uuid: "1040893730704450817d7d0c1312fe74" committed_config { opid_index: -1 OBSOLETE_local: false peers { permanent_uuid: "e652810ab6b04ddfa88df1455d575773" member_type: VOTER last_known_addr { host: "127.5.170.193" port: 43829 } health_report { overall_health: UNKNOWN } } peers { permanent_uuid: "1040893730704450817d7d0c1312fe74" member_type: VOTER last_known_addr { host: "127.5.170.194" port: 40167 } health_report { overall_health: HEALTHY } } peers { permanent_uuid: "a50adbf0ac8b4952a82b958124d7258d" member_type: VOTER last_known_addr { host: "127.5.170.195" port: 45397 } health_report { overall_health: UNKNOWN } } }
I20260710 13:17:40.440527  6129 raft_consensus.cc:359] T a5731842530043b188ed2b8e46f21a19 P e652810ab6b04ddfa88df1455d575773 [term 0 FOLLOWER]: Replica starting. Triggering 0 pending ops. Active config: opid_index: -1 OBSOLETE_local: false peers { permanent_uuid: "e652810ab6b04ddfa88df1455d575773" member_type: VOTER last_known_addr { host: "127.5.170.193" port: 43829 } } peers { permanent_uuid: "1040893730704450817d7d0c1312fe74" member_type: VOTER last_known_addr { host: "127.5.170.194" port: 40167 } } peers { permanent_uuid: "a50adbf0ac8b4952a82b958124d7258d" member_type: VOTER last_known_addr { host: "127.5.170.195" port: 45397 } }
I20260710 13:17:40.441250  6129 raft_consensus.cc:385] T a5731842530043b188ed2b8e46f21a19 P e652810ab6b04ddfa88df1455d575773 [term 0 FOLLOWER]: Consensus starting up: Expiring failure detector timer to make a prompt election more likely
I20260710 13:17:40.441534  6129 raft_consensus.cc:740] T a5731842530043b188ed2b8e46f21a19 P e652810ab6b04ddfa88df1455d575773 [term 0 FOLLOWER]: Becoming Follower/Learner. State: Replica: e652810ab6b04ddfa88df1455d575773, State: Initialized, Role: FOLLOWER
I20260710 13:17:40.443521  6129 consensus_queue.cc:260] T a5731842530043b188ed2b8e46f21a19 P e652810ab6b04ddfa88df1455d575773 [NON_LEADER]: Queue going to NON_LEADER mode. State: All replicated index: 0, Majority replicated index: 0, Committed index: 0, Last appended: 0.0, Last appended by leader: 0, Current term: 0, Majority size: -1, State: 0, Mode: NON_LEADER, active raft config: opid_index: -1 OBSOLETE_local: false peers { permanent_uuid: "e652810ab6b04ddfa88df1455d575773" member_type: VOTER last_known_addr { host: "127.5.170.193" port: 43829 } } peers { permanent_uuid: "1040893730704450817d7d0c1312fe74" member_type: VOTER last_known_addr { host: "127.5.170.194" port: 40167 } } peers { permanent_uuid: "a50adbf0ac8b4952a82b958124d7258d" member_type: VOTER last_known_addr { host: "127.5.170.195" port: 45397 } }
I20260710 13:17:40.444533  6155 raft_consensus.cc:493] T 1fb237f4cba44d9c9e3a943f7a3f0dd0 P 1040893730704450817d7d0c1312fe74 [term 0 FOLLOWER]: Starting pre-election (no leader contacted us within the election timeout)
I20260710 13:17:40.444406  6130 tablet_bootstrap.cc:492] T 0ecced3960d547c1917b6cfaba13ce66 P 1040893730704450817d7d0c1312fe74: No bootstrap required, opened a new log
I20260710 13:17:40.445823  6130 ts_tablet_manager.cc:1403] T 0ecced3960d547c1917b6cfaba13ce66 P 1040893730704450817d7d0c1312fe74: Time spent bootstrapping tablet: real 0.055s	user 0.010s	sys 0.013s
I20260710 13:17:40.446951  6129 ts_tablet_manager.cc:1434] T a5731842530043b188ed2b8e46f21a19 P e652810ab6b04ddfa88df1455d575773: Time spent starting tablet: real 0.010s	user 0.006s	sys 0.001s
I20260710 13:17:40.447911  6129 tablet_bootstrap.cc:492] T b47e892451fa46b78edf9113212b592c P e652810ab6b04ddfa88df1455d575773: Bootstrap starting.
I20260710 13:17:40.448660  6130 raft_consensus.cc:359] T 0ecced3960d547c1917b6cfaba13ce66 P 1040893730704450817d7d0c1312fe74 [term 0 FOLLOWER]: Replica starting. Triggering 0 pending ops. Active config: opid_index: -1 OBSOLETE_local: false peers { permanent_uuid: "e652810ab6b04ddfa88df1455d575773" member_type: VOTER last_known_addr { host: "127.5.170.193" port: 43829 } } peers { permanent_uuid: "1040893730704450817d7d0c1312fe74" member_type: VOTER last_known_addr { host: "127.5.170.194" port: 40167 } } peers { permanent_uuid: "a50adbf0ac8b4952a82b958124d7258d" member_type: VOTER last_known_addr { host: "127.5.170.195" port: 45397 } }
I20260710 13:17:40.449388  6130 raft_consensus.cc:385] T 0ecced3960d547c1917b6cfaba13ce66 P 1040893730704450817d7d0c1312fe74 [term 0 FOLLOWER]: Consensus starting up: Expiring failure detector timer to make a prompt election more likely
I20260710 13:17:40.449689  6130 raft_consensus.cc:740] T 0ecced3960d547c1917b6cfaba13ce66 P 1040893730704450817d7d0c1312fe74 [term 0 FOLLOWER]: Becoming Follower/Learner. State: Replica: 1040893730704450817d7d0c1312fe74, State: Initialized, Role: FOLLOWER
I20260710 13:17:40.444995  6155 raft_consensus.cc:515] T 1fb237f4cba44d9c9e3a943f7a3f0dd0 P 1040893730704450817d7d0c1312fe74 [term 0 FOLLOWER]: Starting pre-election with config: opid_index: -1 OBSOLETE_local: false peers { permanent_uuid: "e652810ab6b04ddfa88df1455d575773" member_type: VOTER last_known_addr { host: "127.5.170.193" port: 43829 } } peers { permanent_uuid: "1040893730704450817d7d0c1312fe74" member_type: VOTER last_known_addr { host: "127.5.170.194" port: 40167 } } peers { permanent_uuid: "a50adbf0ac8b4952a82b958124d7258d" member_type: VOTER last_known_addr { host: "127.5.170.195" port: 45397 } }
I20260710 13:17:40.451833  6132 tablet_bootstrap.cc:492] T f117fff8d1d043eda9ecd3ccbc122c40 P a50adbf0ac8b4952a82b958124d7258d: No bootstrap required, opened a new log
I20260710 13:17:40.452378  6132 ts_tablet_manager.cc:1403] T f117fff8d1d043eda9ecd3ccbc122c40 P a50adbf0ac8b4952a82b958124d7258d: Time spent bootstrapping tablet: real 0.037s	user 0.013s	sys 0.002s
I20260710 13:17:40.453395  6155 leader_election.cc:290] T 1fb237f4cba44d9c9e3a943f7a3f0dd0 P 1040893730704450817d7d0c1312fe74 [CANDIDATE]: Term 1 pre-election: Requested pre-vote from peers e652810ab6b04ddfa88df1455d575773 (127.5.170.193:43829), a50adbf0ac8b4952a82b958124d7258d (127.5.170.195:45397)
I20260710 13:17:40.454524  6087 tablet_service.cc:1917] Received RequestConsensusVote() RPC: tablet_id: "1fb237f4cba44d9c9e3a943f7a3f0dd0" candidate_uuid: "1040893730704450817d7d0c1312fe74" candidate_term: 1 candidate_status { last_received { term: 0 index: 0 } } ignore_live_leader: false dest_uuid: "a50adbf0ac8b4952a82b958124d7258d" is_pre_election: true
I20260710 13:17:40.454319  6130 consensus_queue.cc:260] T 0ecced3960d547c1917b6cfaba13ce66 P 1040893730704450817d7d0c1312fe74 [NON_LEADER]: Queue going to NON_LEADER mode. State: All replicated index: 0, Majority replicated index: 0, Committed index: 0, Last appended: 0.0, Last appended by leader: 0, Current term: 0, Majority size: -1, State: 0, Mode: NON_LEADER, active raft config: opid_index: -1 OBSOLETE_local: false peers { permanent_uuid: "e652810ab6b04ddfa88df1455d575773" member_type: VOTER last_known_addr { host: "127.5.170.193" port: 43829 } } peers { permanent_uuid: "1040893730704450817d7d0c1312fe74" member_type: VOTER last_known_addr { host: "127.5.170.194" port: 40167 } } peers { permanent_uuid: "a50adbf0ac8b4952a82b958124d7258d" member_type: VOTER last_known_addr { host: "127.5.170.195" port: 45397 } }
I20260710 13:17:40.454897  6129 tablet_bootstrap.cc:654] T b47e892451fa46b78edf9113212b592c P e652810ab6b04ddfa88df1455d575773: Neither blocks nor log segments found. Creating new log.
I20260710 13:17:40.456054  5938 tablet_service.cc:1917] Received RequestConsensusVote() RPC: tablet_id: "1fb237f4cba44d9c9e3a943f7a3f0dd0" candidate_uuid: "1040893730704450817d7d0c1312fe74" candidate_term: 1 candidate_status { last_received { term: 0 index: 0 } } ignore_live_leader: false dest_uuid: "e652810ab6b04ddfa88df1455d575773" is_pre_election: true
W20260710 13:17:40.456645  5979 leader_election.cc:343] T 1fb237f4cba44d9c9e3a943f7a3f0dd0 P 1040893730704450817d7d0c1312fe74 [CANDIDATE]: Term 1 pre-election: Tablet error from VoteRequest() call to peer a50adbf0ac8b4952a82b958124d7258d (127.5.170.195:45397): Illegal state: must be running to vote when last-logged opid is not known
I20260710 13:17:40.456655  5938 raft_consensus.cc:2468] T 1fb237f4cba44d9c9e3a943f7a3f0dd0 P e652810ab6b04ddfa88df1455d575773 [term 0 FOLLOWER]: Leader pre-election vote request: Granting yes vote for candidate 1040893730704450817d7d0c1312fe74 in term 0.
I20260710 13:17:40.458189  5979 leader_election.cc:304] T 1fb237f4cba44d9c9e3a943f7a3f0dd0 P 1040893730704450817d7d0c1312fe74 [CANDIDATE]: Term 1 pre-election: Election decided. Result: candidate won. Election summary: received 3 responses out of 3 voters: 2 yes votes; 1 no votes. yes voters: 1040893730704450817d7d0c1312fe74, e652810ab6b04ddfa88df1455d575773; no voters: a50adbf0ac8b4952a82b958124d7258d
I20260710 13:17:40.459246  6155 raft_consensus.cc:2804] T 1fb237f4cba44d9c9e3a943f7a3f0dd0 P 1040893730704450817d7d0c1312fe74 [term 0 FOLLOWER]: Leader pre-election won for term 1
I20260710 13:17:40.459659  6155 raft_consensus.cc:493] T 1fb237f4cba44d9c9e3a943f7a3f0dd0 P 1040893730704450817d7d0c1312fe74 [term 0 FOLLOWER]: Starting leader election (no leader contacted us within the election timeout)
I20260710 13:17:40.460052  6155 raft_consensus.cc:3060] T 1fb237f4cba44d9c9e3a943f7a3f0dd0 P 1040893730704450817d7d0c1312fe74 [term 0 FOLLOWER]: Advancing to term 1
I20260710 13:17:40.466605  6155 raft_consensus.cc:515] T 1fb237f4cba44d9c9e3a943f7a3f0dd0 P 1040893730704450817d7d0c1312fe74 [term 1 FOLLOWER]: Starting leader election with config: opid_index: -1 OBSOLETE_local: false peers { permanent_uuid: "e652810ab6b04ddfa88df1455d575773" member_type: VOTER last_known_addr { host: "127.5.170.193" port: 43829 } } peers { permanent_uuid: "1040893730704450817d7d0c1312fe74" member_type: VOTER last_known_addr { host: "127.5.170.194" port: 40167 } } peers { permanent_uuid: "a50adbf0ac8b4952a82b958124d7258d" member_type: VOTER last_known_addr { host: "127.5.170.195" port: 45397 } }
I20260710 13:17:40.467304  6136 raft_consensus.cc:493] T b47e892451fa46b78edf9113212b592c P 1040893730704450817d7d0c1312fe74 [term 0 FOLLOWER]: Starting pre-election (no leader contacted us within the election timeout)
I20260710 13:17:40.469151  6136 raft_consensus.cc:515] T b47e892451fa46b78edf9113212b592c P 1040893730704450817d7d0c1312fe74 [term 0 FOLLOWER]: Starting pre-election with config: opid_index: -1 OBSOLETE_local: false peers { permanent_uuid: "e652810ab6b04ddfa88df1455d575773" member_type: VOTER last_known_addr { host: "127.5.170.193" port: 43829 } } peers { permanent_uuid: "1040893730704450817d7d0c1312fe74" member_type: VOTER last_known_addr { host: "127.5.170.194" port: 40167 } } peers { permanent_uuid: "a50adbf0ac8b4952a82b958124d7258d" member_type: VOTER last_known_addr { host: "127.5.170.195" port: 45397 } }
I20260710 13:17:40.469625  6132 raft_consensus.cc:359] T f117fff8d1d043eda9ecd3ccbc122c40 P a50adbf0ac8b4952a82b958124d7258d [term 0 FOLLOWER]: Replica starting. Triggering 0 pending ops. Active config: opid_index: -1 OBSOLETE_local: false peers { permanent_uuid: "e652810ab6b04ddfa88df1455d575773" member_type: VOTER last_known_addr { host: "127.5.170.193" port: 43829 } } peers { permanent_uuid: "1040893730704450817d7d0c1312fe74" member_type: VOTER last_known_addr { host: "127.5.170.194" port: 40167 } } peers { permanent_uuid: "a50adbf0ac8b4952a82b958124d7258d" member_type: VOTER last_known_addr { host: "127.5.170.195" port: 45397 } }
I20260710 13:17:40.470602  6132 raft_consensus.cc:385] T f117fff8d1d043eda9ecd3ccbc122c40 P a50adbf0ac8b4952a82b958124d7258d [term 0 FOLLOWER]: Consensus starting up: Expiring failure detector timer to make a prompt election more likely
I20260710 13:17:40.470965  6132 raft_consensus.cc:740] T f117fff8d1d043eda9ecd3ccbc122c40 P a50adbf0ac8b4952a82b958124d7258d [term 0 FOLLOWER]: Becoming Follower/Learner. State: Replica: a50adbf0ac8b4952a82b958124d7258d, State: Initialized, Role: FOLLOWER
I20260710 13:17:40.471273  6136 leader_election.cc:290] T b47e892451fa46b78edf9113212b592c P 1040893730704450817d7d0c1312fe74 [CANDIDATE]: Term 1 pre-election: Requested pre-vote from peers e652810ab6b04ddfa88df1455d575773 (127.5.170.193:43829), a50adbf0ac8b4952a82b958124d7258d (127.5.170.195:45397)
I20260710 13:17:40.471927  6132 consensus_queue.cc:260] T f117fff8d1d043eda9ecd3ccbc122c40 P a50adbf0ac8b4952a82b958124d7258d [NON_LEADER]: Queue going to NON_LEADER mode. State: All replicated index: 0, Majority replicated index: 0, Committed index: 0, Last appended: 0.0, Last appended by leader: 0, Current term: 0, Majority size: -1, State: 0, Mode: NON_LEADER, active raft config: opid_index: -1 OBSOLETE_local: false peers { permanent_uuid: "e652810ab6b04ddfa88df1455d575773" member_type: VOTER last_known_addr { host: "127.5.170.193" port: 43829 } } peers { permanent_uuid: "1040893730704450817d7d0c1312fe74" member_type: VOTER last_known_addr { host: "127.5.170.194" port: 40167 } } peers { permanent_uuid: "a50adbf0ac8b4952a82b958124d7258d" member_type: VOTER last_known_addr { host: "127.5.170.195" port: 45397 } }
I20260710 13:17:40.473150  5938 tablet_service.cc:1917] Received RequestConsensusVote() RPC: tablet_id: "b47e892451fa46b78edf9113212b592c" candidate_uuid: "1040893730704450817d7d0c1312fe74" candidate_term: 1 candidate_status { last_received { term: 0 index: 0 } } ignore_live_leader: false dest_uuid: "e652810ab6b04ddfa88df1455d575773" is_pre_election: true
I20260710 13:17:40.475026  6087 tablet_service.cc:1917] Received RequestConsensusVote() RPC: tablet_id: "b47e892451fa46b78edf9113212b592c" candidate_uuid: "1040893730704450817d7d0c1312fe74" candidate_term: 1 candidate_status { last_received { term: 0 index: 0 } } ignore_live_leader: false dest_uuid: "a50adbf0ac8b4952a82b958124d7258d" is_pre_election: true
I20260710 13:17:40.475597  6087 raft_consensus.cc:2468] T b47e892451fa46b78edf9113212b592c P a50adbf0ac8b4952a82b958124d7258d [term 0 FOLLOWER]: Leader pre-election vote request: Granting yes vote for candidate 1040893730704450817d7d0c1312fe74 in term 0.
W20260710 13:17:40.476498  5979 leader_election.cc:343] T b47e892451fa46b78edf9113212b592c P 1040893730704450817d7d0c1312fe74 [CANDIDATE]: Term 1 pre-election: Tablet error from VoteRequest() call to peer e652810ab6b04ddfa88df1455d575773 (127.5.170.193:43829): Illegal state: must be running to vote when last-logged opid is not known
I20260710 13:17:40.477836  5979 leader_election.cc:304] T b47e892451fa46b78edf9113212b592c P 1040893730704450817d7d0c1312fe74 [CANDIDATE]: Term 1 pre-election: Election decided. Result: candidate won. Election summary: received 3 responses out of 3 voters: 2 yes votes; 1 no votes. yes voters: 1040893730704450817d7d0c1312fe74, a50adbf0ac8b4952a82b958124d7258d; no voters: e652810ab6b04ddfa88df1455d575773
I20260710 13:17:40.478896  6136 raft_consensus.cc:2804] T b47e892451fa46b78edf9113212b592c P 1040893730704450817d7d0c1312fe74 [term 0 FOLLOWER]: Leader pre-election won for term 1
I20260710 13:17:40.479255  6136 raft_consensus.cc:493] T b47e892451fa46b78edf9113212b592c P 1040893730704450817d7d0c1312fe74 [term 0 FOLLOWER]: Starting leader election (no leader contacted us within the election timeout)
I20260710 13:17:40.479566  6136 raft_consensus.cc:3060] T b47e892451fa46b78edf9113212b592c P 1040893730704450817d7d0c1312fe74 [term 0 FOLLOWER]: Advancing to term 1
I20260710 13:17:40.486465  6136 raft_consensus.cc:515] T b47e892451fa46b78edf9113212b592c P 1040893730704450817d7d0c1312fe74 [term 1 FOLLOWER]: Starting leader election with config: opid_index: -1 OBSOLETE_local: false peers { permanent_uuid: "e652810ab6b04ddfa88df1455d575773" member_type: VOTER last_known_addr { host: "127.5.170.193" port: 43829 } } peers { permanent_uuid: "1040893730704450817d7d0c1312fe74" member_type: VOTER last_known_addr { host: "127.5.170.194" port: 40167 } } peers { permanent_uuid: "a50adbf0ac8b4952a82b958124d7258d" member_type: VOTER last_known_addr { host: "127.5.170.195" port: 45397 } }
I20260710 13:17:40.495012  5937 tablet_service.cc:1917] Received RequestConsensusVote() RPC: tablet_id: "b47e892451fa46b78edf9113212b592c" candidate_uuid: "1040893730704450817d7d0c1312fe74" candidate_term: 1 candidate_status { last_received { term: 0 index: 0 } } ignore_live_leader: false dest_uuid: "e652810ab6b04ddfa88df1455d575773"
W20260710 13:17:40.496486  5979 leader_election.cc:343] T b47e892451fa46b78edf9113212b592c P 1040893730704450817d7d0c1312fe74 [CANDIDATE]: Term 1 election: Tablet error from VoteRequest() call to peer e652810ab6b04ddfa88df1455d575773 (127.5.170.193:43829): Illegal state: must be running to vote when last-logged opid is not known
I20260710 13:17:40.468699  6130 ts_tablet_manager.cc:1434] T 0ecced3960d547c1917b6cfaba13ce66 P 1040893730704450817d7d0c1312fe74: Time spent starting tablet: real 0.023s	user 0.001s	sys 0.005s
I20260710 13:17:40.497917  6130 tablet_bootstrap.cc:492] T 2df4dcc31f144fedb3870d660e2b751b P 1040893730704450817d7d0c1312fe74: Bootstrap starting.
I20260710 13:17:40.504305  6130 tablet_bootstrap.cc:654] T 2df4dcc31f144fedb3870d660e2b751b P 1040893730704450817d7d0c1312fe74: Neither blocks nor log segments found. Creating new log.
I20260710 13:17:40.489589  5938 tablet_service.cc:1917] Received RequestConsensusVote() RPC: tablet_id: "1fb237f4cba44d9c9e3a943f7a3f0dd0" candidate_uuid: "1040893730704450817d7d0c1312fe74" candidate_term: 1 candidate_status { last_received { term: 0 index: 0 } } ignore_live_leader: false dest_uuid: "e652810ab6b04ddfa88df1455d575773"
I20260710 13:17:40.507997  5938 raft_consensus.cc:3060] T 1fb237f4cba44d9c9e3a943f7a3f0dd0 P e652810ab6b04ddfa88df1455d575773 [term 0 FOLLOWER]: Advancing to term 1
I20260710 13:17:40.491636  6087 tablet_service.cc:1917] Received RequestConsensusVote() RPC: tablet_id: "1fb237f4cba44d9c9e3a943f7a3f0dd0" candidate_uuid: "1040893730704450817d7d0c1312fe74" candidate_term: 1 candidate_status { last_received { term: 0 index: 0 } } ignore_live_leader: false dest_uuid: "a50adbf0ac8b4952a82b958124d7258d"
I20260710 13:17:40.492152  6155 leader_election.cc:290] T 1fb237f4cba44d9c9e3a943f7a3f0dd0 P 1040893730704450817d7d0c1312fe74 [CANDIDATE]: Term 1 election: Requested vote from peers e652810ab6b04ddfa88df1455d575773 (127.5.170.193:43829), a50adbf0ac8b4952a82b958124d7258d (127.5.170.195:45397)
I20260710 13:17:40.505260  6138 raft_consensus.cc:493] T f117fff8d1d043eda9ecd3ccbc122c40 P a50adbf0ac8b4952a82b958124d7258d [term 0 FOLLOWER]: Starting pre-election (no leader contacted us within the election timeout)
I20260710 13:17:40.509569  6138 raft_consensus.cc:515] T f117fff8d1d043eda9ecd3ccbc122c40 P a50adbf0ac8b4952a82b958124d7258d [term 0 FOLLOWER]: Starting pre-election with config: opid_index: -1 OBSOLETE_local: false peers { permanent_uuid: "e652810ab6b04ddfa88df1455d575773" member_type: VOTER last_known_addr { host: "127.5.170.193" port: 43829 } } peers { permanent_uuid: "1040893730704450817d7d0c1312fe74" member_type: VOTER last_known_addr { host: "127.5.170.194" port: 40167 } } peers { permanent_uuid: "a50adbf0ac8b4952a82b958124d7258d" member_type: VOTER last_known_addr { host: "127.5.170.195" port: 45397 } }
I20260710 13:17:40.510984  6129 tablet_bootstrap.cc:492] T b47e892451fa46b78edf9113212b592c P e652810ab6b04ddfa88df1455d575773: No bootstrap required, opened a new log
I20260710 13:17:40.511467  6129 ts_tablet_manager.cc:1403] T b47e892451fa46b78edf9113212b592c P e652810ab6b04ddfa88df1455d575773: Time spent bootstrapping tablet: real 0.064s	user 0.037s	sys 0.023s
I20260710 13:17:40.512149  6138 leader_election.cc:290] T f117fff8d1d043eda9ecd3ccbc122c40 P a50adbf0ac8b4952a82b958124d7258d [CANDIDATE]: Term 1 pre-election: Requested pre-vote from peers e652810ab6b04ddfa88df1455d575773 (127.5.170.193:43829), 1040893730704450817d7d0c1312fe74 (127.5.170.194:40167)
W20260710 13:17:40.513979  5979 leader_election.cc:343] T 1fb237f4cba44d9c9e3a943f7a3f0dd0 P 1040893730704450817d7d0c1312fe74 [CANDIDATE]: Term 1 election: Tablet error from VoteRequest() call to peer a50adbf0ac8b4952a82b958124d7258d (127.5.170.195:45397): Illegal state: must be running to vote when last-logged opid is not known
I20260710 13:17:40.514303  6129 raft_consensus.cc:359] T b47e892451fa46b78edf9113212b592c P e652810ab6b04ddfa88df1455d575773 [term 0 FOLLOWER]: Replica starting. Triggering 0 pending ops. Active config: opid_index: -1 OBSOLETE_local: false peers { permanent_uuid: "e652810ab6b04ddfa88df1455d575773" member_type: VOTER last_known_addr { host: "127.5.170.193" port: 43829 } } peers { permanent_uuid: "1040893730704450817d7d0c1312fe74" member_type: VOTER last_known_addr { host: "127.5.170.194" port: 40167 } } peers { permanent_uuid: "a50adbf0ac8b4952a82b958124d7258d" member_type: VOTER last_known_addr { host: "127.5.170.195" port: 45397 } }
I20260710 13:17:40.515048  6129 raft_consensus.cc:385] T b47e892451fa46b78edf9113212b592c P e652810ab6b04ddfa88df1455d575773 [term 0 FOLLOWER]: Consensus starting up: Expiring failure detector timer to make a prompt election more likely
I20260710 13:17:40.488719  6132 ts_tablet_manager.cc:1434] T f117fff8d1d043eda9ecd3ccbc122c40 P a50adbf0ac8b4952a82b958124d7258d: Time spent starting tablet: real 0.036s	user 0.002s	sys 0.005s
I20260710 13:17:40.506404  6086 tablet_service.cc:1917] Received RequestConsensusVote() RPC: tablet_id: "b47e892451fa46b78edf9113212b592c" candidate_uuid: "1040893730704450817d7d0c1312fe74" candidate_term: 1 candidate_status { last_received { term: 0 index: 0 } } ignore_live_leader: false dest_uuid: "a50adbf0ac8b4952a82b958124d7258d"
I20260710 13:17:40.515337  6129 raft_consensus.cc:740] T b47e892451fa46b78edf9113212b592c P e652810ab6b04ddfa88df1455d575773 [term 0 FOLLOWER]: Becoming Follower/Learner. State: Replica: e652810ab6b04ddfa88df1455d575773, State: Initialized, Role: FOLLOWER
I20260710 13:17:40.515672  5938 raft_consensus.cc:2468] T 1fb237f4cba44d9c9e3a943f7a3f0dd0 P e652810ab6b04ddfa88df1455d575773 [term 1 FOLLOWER]: Leader election vote request: Granting yes vote for candidate 1040893730704450817d7d0c1312fe74 in term 1.
I20260710 13:17:40.515791  6086 raft_consensus.cc:3060] T b47e892451fa46b78edf9113212b592c P a50adbf0ac8b4952a82b958124d7258d [term 0 FOLLOWER]: Advancing to term 1
I20260710 13:17:40.516259  6129 consensus_queue.cc:260] T b47e892451fa46b78edf9113212b592c P e652810ab6b04ddfa88df1455d575773 [NON_LEADER]: Queue going to NON_LEADER mode. State: All replicated index: 0, Majority replicated index: 0, Committed index: 0, Last appended: 0.0, Last appended by leader: 0, Current term: 0, Majority size: -1, State: 0, Mode: NON_LEADER, active raft config: opid_index: -1 OBSOLETE_local: false peers { permanent_uuid: "e652810ab6b04ddfa88df1455d575773" member_type: VOTER last_known_addr { host: "127.5.170.193" port: 43829 } } peers { permanent_uuid: "1040893730704450817d7d0c1312fe74" member_type: VOTER last_known_addr { host: "127.5.170.194" port: 40167 } } peers { permanent_uuid: "a50adbf0ac8b4952a82b958124d7258d" member_type: VOTER last_known_addr { host: "127.5.170.195" port: 45397 } }
I20260710 13:17:40.518705  6129 ts_tablet_manager.cc:1434] T b47e892451fa46b78edf9113212b592c P e652810ab6b04ddfa88df1455d575773: Time spent starting tablet: real 0.007s	user 0.008s	sys 0.000s
I20260710 13:17:40.519681  6129 tablet_bootstrap.cc:492] T 2df4dcc31f144fedb3870d660e2b751b P e652810ab6b04ddfa88df1455d575773: Bootstrap starting.
I20260710 13:17:40.521896  5979 leader_election.cc:304] T 1fb237f4cba44d9c9e3a943f7a3f0dd0 P 1040893730704450817d7d0c1312fe74 [CANDIDATE]: Term 1 election: Election decided. Result: candidate won. Election summary: received 3 responses out of 3 voters: 2 yes votes; 1 no votes. yes voters: 1040893730704450817d7d0c1312fe74, e652810ab6b04ddfa88df1455d575773; no voters: a50adbf0ac8b4952a82b958124d7258d
I20260710 13:17:40.523098  6155 raft_consensus.cc:2804] T 1fb237f4cba44d9c9e3a943f7a3f0dd0 P 1040893730704450817d7d0c1312fe74 [term 1 FOLLOWER]: Leader election won for term 1
I20260710 13:17:40.523671  6155 raft_consensus.cc:697] T 1fb237f4cba44d9c9e3a943f7a3f0dd0 P 1040893730704450817d7d0c1312fe74 [term 1 LEADER]: Becoming Leader. State: Replica: 1040893730704450817d7d0c1312fe74, State: Running, Role: LEADER
I20260710 13:17:40.524567  6155 consensus_queue.cc:237] T 1fb237f4cba44d9c9e3a943f7a3f0dd0 P 1040893730704450817d7d0c1312fe74 [LEADER]: Queue going to LEADER mode. State: All replicated index: 0, Majority replicated index: 0, Committed index: 0, Last appended: 0.0, Last appended by leader: 0, Current term: 1, Majority size: 2, State: 0, Mode: LEADER, active raft config: opid_index: -1 OBSOLETE_local: false peers { permanent_uuid: "e652810ab6b04ddfa88df1455d575773" member_type: VOTER last_known_addr { host: "127.5.170.193" port: 43829 } } peers { permanent_uuid: "1040893730704450817d7d0c1312fe74" member_type: VOTER last_known_addr { host: "127.5.170.194" port: 40167 } } peers { permanent_uuid: "a50adbf0ac8b4952a82b958124d7258d" member_type: VOTER last_known_addr { host: "127.5.170.195" port: 45397 } }
I20260710 13:17:40.506915  6136 leader_election.cc:290] T b47e892451fa46b78edf9113212b592c P 1040893730704450817d7d0c1312fe74 [CANDIDATE]: Term 1 election: Requested vote from peers e652810ab6b04ddfa88df1455d575773 (127.5.170.193:43829), a50adbf0ac8b4952a82b958124d7258d (127.5.170.195:45397)
I20260710 13:17:40.526810  6129 tablet_bootstrap.cc:654] T 2df4dcc31f144fedb3870d660e2b751b P e652810ab6b04ddfa88df1455d575773: Neither blocks nor log segments found. Creating new log.
I20260710 13:17:40.526851  6132 tablet_bootstrap.cc:492] T 0ecced3960d547c1917b6cfaba13ce66 P a50adbf0ac8b4952a82b958124d7258d: Bootstrap starting.
I20260710 13:17:40.538892  6086 raft_consensus.cc:2468] T b47e892451fa46b78edf9113212b592c P a50adbf0ac8b4952a82b958124d7258d [term 1 FOLLOWER]: Leader election vote request: Granting yes vote for candidate 1040893730704450817d7d0c1312fe74 in term 1.
I20260710 13:17:40.540570  6135 raft_consensus.cc:493] T a5731842530043b188ed2b8e46f21a19 P e652810ab6b04ddfa88df1455d575773 [term 0 FOLLOWER]: Starting pre-election (no leader contacted us within the election timeout)
I20260710 13:17:40.541275  6135 raft_consensus.cc:515] T a5731842530043b188ed2b8e46f21a19 P e652810ab6b04ddfa88df1455d575773 [term 0 FOLLOWER]: Starting pre-election with config: opid_index: -1 OBSOLETE_local: false peers { permanent_uuid: "e652810ab6b04ddfa88df1455d575773" member_type: VOTER last_known_addr { host: "127.5.170.193" port: 43829 } } peers { permanent_uuid: "1040893730704450817d7d0c1312fe74" member_type: VOTER last_known_addr { host: "127.5.170.194" port: 40167 } } peers { permanent_uuid: "a50adbf0ac8b4952a82b958124d7258d" member_type: VOTER last_known_addr { host: "127.5.170.195" port: 45397 } }
I20260710 13:17:40.550375  6135 leader_election.cc:290] T a5731842530043b188ed2b8e46f21a19 P e652810ab6b04ddfa88df1455d575773 [CANDIDATE]: Term 1 pre-election: Requested pre-vote from peers 1040893730704450817d7d0c1312fe74 (127.5.170.194:40167), a50adbf0ac8b4952a82b958124d7258d (127.5.170.195:45397)
I20260710 13:17:40.550901  5979 leader_election.cc:304] T b47e892451fa46b78edf9113212b592c P 1040893730704450817d7d0c1312fe74 [CANDIDATE]: Term 1 election: Election decided. Result: candidate won. Election summary: received 3 responses out of 3 voters: 2 yes votes; 1 no votes. yes voters: 1040893730704450817d7d0c1312fe74, a50adbf0ac8b4952a82b958124d7258d; no voters: e652810ab6b04ddfa88df1455d575773
I20260710 13:17:40.552244  6013 tablet_service.cc:1917] Received RequestConsensusVote() RPC: tablet_id: "a5731842530043b188ed2b8e46f21a19" candidate_uuid: "e652810ab6b04ddfa88df1455d575773" candidate_term: 1 candidate_status { last_received { term: 0 index: 0 } } ignore_live_leader: false dest_uuid: "1040893730704450817d7d0c1312fe74" is_pre_election: true
I20260710 13:17:40.553512  6136 raft_consensus.cc:2804] T b47e892451fa46b78edf9113212b592c P 1040893730704450817d7d0c1312fe74 [term 1 FOLLOWER]: Leader election won for term 1
I20260710 13:17:40.557762  6130 tablet_bootstrap.cc:492] T 2df4dcc31f144fedb3870d660e2b751b P 1040893730704450817d7d0c1312fe74: No bootstrap required, opened a new log
I20260710 13:17:40.558281  6130 ts_tablet_manager.cc:1403] T 2df4dcc31f144fedb3870d660e2b751b P 1040893730704450817d7d0c1312fe74: Time spent bootstrapping tablet: real 0.061s	user 0.008s	sys 0.026s
I20260710 13:17:40.554504  6013 raft_consensus.cc:2468] T a5731842530043b188ed2b8e46f21a19 P 1040893730704450817d7d0c1312fe74 [term 0 FOLLOWER]: Leader pre-election vote request: Granting yes vote for candidate e652810ab6b04ddfa88df1455d575773 in term 0.
I20260710 13:17:40.563763  6086 tablet_service.cc:1917] Received RequestConsensusVote() RPC: tablet_id: "a5731842530043b188ed2b8e46f21a19" candidate_uuid: "e652810ab6b04ddfa88df1455d575773" candidate_term: 1 candidate_status { last_received { term: 0 index: 0 } } ignore_live_leader: false dest_uuid: "a50adbf0ac8b4952a82b958124d7258d" is_pre_election: true
W20260710 13:17:40.565282  5904 leader_election.cc:343] T a5731842530043b188ed2b8e46f21a19 P e652810ab6b04ddfa88df1455d575773 [CANDIDATE]: Term 1 pre-election: Tablet error from VoteRequest() call to peer a50adbf0ac8b4952a82b958124d7258d (127.5.170.195:45397): Illegal state: must be running to vote when last-logged opid is not known
I20260710 13:17:40.565140  6130 raft_consensus.cc:359] T 2df4dcc31f144fedb3870d660e2b751b P 1040893730704450817d7d0c1312fe74 [term 0 FOLLOWER]: Replica starting. Triggering 0 pending ops. Active config: opid_index: -1 OBSOLETE_local: false peers { permanent_uuid: "e652810ab6b04ddfa88df1455d575773" member_type: VOTER last_known_addr { host: "127.5.170.193" port: 43829 } } peers { permanent_uuid: "1040893730704450817d7d0c1312fe74" member_type: VOTER last_known_addr { host: "127.5.170.194" port: 40167 } } peers { permanent_uuid: "a50adbf0ac8b4952a82b958124d7258d" member_type: VOTER last_known_addr { host: "127.5.170.195" port: 45397 } }
I20260710 13:17:40.565821  6130 raft_consensus.cc:385] T 2df4dcc31f144fedb3870d660e2b751b P 1040893730704450817d7d0c1312fe74 [term 0 FOLLOWER]: Consensus starting up: Expiring failure detector timer to make a prompt election more likely
I20260710 13:17:40.566108  6130 raft_consensus.cc:740] T 2df4dcc31f144fedb3870d660e2b751b P 1040893730704450817d7d0c1312fe74 [term 0 FOLLOWER]: Becoming Follower/Learner. State: Replica: 1040893730704450817d7d0c1312fe74, State: Initialized, Role: FOLLOWER
I20260710 13:17:40.558749  6136 raft_consensus.cc:697] T b47e892451fa46b78edf9113212b592c P 1040893730704450817d7d0c1312fe74 [term 1 LEADER]: Becoming Leader. State: Replica: 1040893730704450817d7d0c1312fe74, State: Running, Role: LEADER
I20260710 13:17:40.566778  6130 consensus_queue.cc:260] T 2df4dcc31f144fedb3870d660e2b751b P 1040893730704450817d7d0c1312fe74 [NON_LEADER]: Queue going to NON_LEADER mode. State: All replicated index: 0, Majority replicated index: 0, Committed index: 0, Last appended: 0.0, Last appended by leader: 0, Current term: 0, Majority size: -1, State: 0, Mode: NON_LEADER, active raft config: opid_index: -1 OBSOLETE_local: false peers { permanent_uuid: "e652810ab6b04ddfa88df1455d575773" member_type: VOTER last_known_addr { host: "127.5.170.193" port: 43829 } } peers { permanent_uuid: "1040893730704450817d7d0c1312fe74" member_type: VOTER last_known_addr { host: "127.5.170.194" port: 40167 } } peers { permanent_uuid: "a50adbf0ac8b4952a82b958124d7258d" member_type: VOTER last_known_addr { host: "127.5.170.195" port: 45397 } }
I20260710 13:17:40.568750  5904 leader_election.cc:304] T a5731842530043b188ed2b8e46f21a19 P e652810ab6b04ddfa88df1455d575773 [CANDIDATE]: Term 1 pre-election: Election decided. Result: candidate won. Election summary: received 3 responses out of 3 voters: 2 yes votes; 1 no votes. yes voters: 1040893730704450817d7d0c1312fe74, e652810ab6b04ddfa88df1455d575773; no voters: a50adbf0ac8b4952a82b958124d7258d
I20260710 13:17:40.569568  6138 raft_consensus.cc:493] T 2df4dcc31f144fedb3870d660e2b751b P a50adbf0ac8b4952a82b958124d7258d [term 0 FOLLOWER]: Starting pre-election (no leader contacted us within the election timeout)
