I20260710 13:17:49.184070  6613 consensus_queue.cc:237] T 30fcbee99d6a4dc780324af14690274a P b52748f02c394cf3b44914a73aa16d66 [LEADER]: Queue going to LEADER mode. State: All replicated index: 0, Majority replicated index: 0, Committed index: 0, Last appended: 0.0, Last appended by leader: 0, Current term: 1, Majority size: 2, State: 0, Mode: LEADER, active raft config: opid_index: -1 OBSOLETE_local: false peers { permanent_uuid: "4726cf3514ce43b39c992e88674eb942" member_type: VOTER last_known_addr { host: "127.5.163.1" port: 43047 } } peers { permanent_uuid: "98d715c3f8a2411c9ac90a8c7ea99d5c" member_type: VOTER last_known_addr { host: "127.5.163.2" port: 41649 } } peers { permanent_uuid: "b52748f02c394cf3b44914a73aa16d66" member_type: VOTER last_known_addr { host: "127.5.163.3" port: 39523 } }
I20260710 13:17:49.189622  6492 tablet_service.cc:1917] Received RequestConsensusVote() RPC: tablet_id: "8484153e0b3540b9b6e59802a8b6d2f6" candidate_uuid: "4726cf3514ce43b39c992e88674eb942" candidate_term: 1 candidate_status { last_received { term: 0 index: 0 } } ignore_live_leader: false dest_uuid: "98d715c3f8a2411c9ac90a8c7ea99d5c"
I20260710 13:17:49.190961  6419 tablet_service.cc:1917] Received RequestConsensusVote() RPC: tablet_id: "28e68ac5436543a3aa299146ccd9b3b5" candidate_uuid: "98d715c3f8a2411c9ac90a8c7ea99d5c" candidate_term: 1 candidate_status { last_received { term: 0 index: 0 } } ignore_live_leader: false dest_uuid: "4726cf3514ce43b39c992e88674eb942" is_pre_election: true
I20260710 13:17:49.189589  6418 raft_consensus.cc:3060] T 10ac4bdf148d47ce8ae3d5087613fe4f P 4726cf3514ce43b39c992e88674eb942 [term 0 FOLLOWER]: Advancing to term 1
I20260710 13:17:49.194866  6650 leader_election.cc:290] T 10ac4bdf148d47ce8ae3d5087613fe4f P b52748f02c394cf3b44914a73aa16d66 [CANDIDATE]: Term 1 election: Requested vote from peers 4726cf3514ce43b39c992e88674eb942 (127.5.163.1:43047), 98d715c3f8a2411c9ac90a8c7ea99d5c (127.5.163.2:41649)
W20260710 13:17:49.195027  6460 leader_election.cc:343] T 28e68ac5436543a3aa299146ccd9b3b5 P 98d715c3f8a2411c9ac90a8c7ea99d5c [CANDIDATE]: Term 1 pre-election: Tablet error from VoteRequest() call to peer 4726cf3514ce43b39c992e88674eb942 (127.5.163.1:43047): Illegal state: must be running to vote when last-logged opid is not known
I20260710 13:17:49.195847  6565 tablet_service.cc:1917] Received RequestConsensusVote() RPC: tablet_id: "28e68ac5436543a3aa299146ccd9b3b5" candidate_uuid: "98d715c3f8a2411c9ac90a8c7ea99d5c" candidate_term: 1 candidate_status { last_received { term: 0 index: 0 } } ignore_live_leader: false dest_uuid: "b52748f02c394cf3b44914a73aa16d66" is_pre_election: true
W20260710 13:17:49.196188  6383 leader_election.cc:343] T 8484153e0b3540b9b6e59802a8b6d2f6 P 4726cf3514ce43b39c992e88674eb942 [CANDIDATE]: Term 1 election: Tablet error from VoteRequest() call to peer 98d715c3f8a2411c9ac90a8c7ea99d5c (127.5.163.2:41649): Illegal state: must be running to vote when last-logged opid is not known
I20260710 13:17:49.197482  6566 tablet_service.cc:1917] Received RequestConsensusVote() RPC: tablet_id: "8484153e0b3540b9b6e59802a8b6d2f6" candidate_uuid: "4726cf3514ce43b39c992e88674eb942" candidate_term: 1 candidate_status { last_received { term: 0 index: 0 } } ignore_live_leader: false dest_uuid: "b52748f02c394cf3b44914a73aa16d66"
I20260710 13:17:49.197963  6566 raft_consensus.cc:3060] T 8484153e0b3540b9b6e59802a8b6d2f6 P b52748f02c394cf3b44914a73aa16d66 [term 0 FOLLOWER]: Advancing to term 1
I20260710 13:17:49.199036  6608 raft_consensus.cc:359] T 28e68ac5436543a3aa299146ccd9b3b5 P b52748f02c394cf3b44914a73aa16d66 [term 0 FOLLOWER]: Replica starting. Triggering 0 pending ops. Active config: opid_index: -1 OBSOLETE_local: false peers { permanent_uuid: "4726cf3514ce43b39c992e88674eb942" member_type: VOTER last_known_addr { host: "127.5.163.1" port: 43047 } } peers { permanent_uuid: "98d715c3f8a2411c9ac90a8c7ea99d5c" member_type: VOTER last_known_addr { host: "127.5.163.2" port: 41649 } } peers { permanent_uuid: "b52748f02c394cf3b44914a73aa16d66" member_type: VOTER last_known_addr { host: "127.5.163.3" port: 39523 } }
I20260710 13:17:49.199755  6608 raft_consensus.cc:385] T 28e68ac5436543a3aa299146ccd9b3b5 P b52748f02c394cf3b44914a73aa16d66 [term 0 FOLLOWER]: Consensus starting up: Expiring failure detector timer to make a prompt election more likely
I20260710 13:17:49.200098  6608 raft_consensus.cc:740] T 28e68ac5436543a3aa299146ccd9b3b5 P b52748f02c394cf3b44914a73aa16d66 [term 0 FOLLOWER]: Becoming Follower/Learner. State: Replica: b52748f02c394cf3b44914a73aa16d66, State: Initialized, Role: FOLLOWER
W20260710 13:17:49.200049  6457 leader_election.cc:343] T 28e68ac5436543a3aa299146ccd9b3b5 P 98d715c3f8a2411c9ac90a8c7ea99d5c [CANDIDATE]: Term 1 pre-election: Tablet error from VoteRequest() call to peer b52748f02c394cf3b44914a73aa16d66 (127.5.163.3:39523): Illegal state: must be running to vote when last-logged opid is not known
I20260710 13:17:49.200925  6457 leader_election.cc:304] T 28e68ac5436543a3aa299146ccd9b3b5 P 98d715c3f8a2411c9ac90a8c7ea99d5c [CANDIDATE]: Term 1 pre-election: Election decided. Result: candidate lost. Election summary: received 3 responses out of 3 voters: 1 yes votes; 2 no votes. yes voters: 98d715c3f8a2411c9ac90a8c7ea99d5c; no voters: 4726cf3514ce43b39c992e88674eb942, b52748f02c394cf3b44914a73aa16d66
I20260710 13:17:49.201017  6608 consensus_queue.cc:260] T 28e68ac5436543a3aa299146ccd9b3b5 P b52748f02c394cf3b44914a73aa16d66 [NON_LEADER]: Queue going to NON_LEADER mode. State: All replicated index: 0, Majority replicated index: 0, Committed index: 0, Last appended: 0.0, Last appended by leader: 0, Current term: 0, Majority size: -1, State: 0, Mode: NON_LEADER, active raft config: opid_index: -1 OBSOLETE_local: false peers { permanent_uuid: "4726cf3514ce43b39c992e88674eb942" member_type: VOTER last_known_addr { host: "127.5.163.1" port: 43047 } } peers { permanent_uuid: "98d715c3f8a2411c9ac90a8c7ea99d5c" member_type: VOTER last_known_addr { host: "127.5.163.2" port: 41649 } } peers { permanent_uuid: "b52748f02c394cf3b44914a73aa16d66" member_type: VOTER last_known_addr { host: "127.5.163.3" port: 39523 } }
I20260710 13:17:49.202239  6639 raft_consensus.cc:2749] T 28e68ac5436543a3aa299146ccd9b3b5 P 98d715c3f8a2411c9ac90a8c7ea99d5c [term 0 FOLLOWER]: Leader pre-election lost for term 1. Reason: could not achieve majority
I20260710 13:17:49.206642  6608 ts_tablet_manager.cc:1434] T 28e68ac5436543a3aa299146ccd9b3b5 P b52748f02c394cf3b44914a73aa16d66: Time spent starting tablet: real 0.030s	user 0.006s	sys 0.000s
I20260710 13:17:49.209031  6609 tablet_bootstrap.cc:654] T 28e68ac5436543a3aa299146ccd9b3b5 P 4726cf3514ce43b39c992e88674eb942: Neither blocks nor log segments found. Creating new log.
I20260710 13:17:49.209640  6608 tablet_bootstrap.cc:492] T 245a952102734c4c94e14f6b447c3263 P b52748f02c394cf3b44914a73aa16d66: Bootstrap starting.
I20260710 13:17:49.207552  6566 raft_consensus.cc:2468] T 8484153e0b3540b9b6e59802a8b6d2f6 P b52748f02c394cf3b44914a73aa16d66 [term 1 FOLLOWER]: Leader election vote request: Granting yes vote for candidate 4726cf3514ce43b39c992e88674eb942 in term 1.
I20260710 13:17:49.203944  6492 tablet_service.cc:1917] Received RequestConsensusVote() RPC: tablet_id: "10ac4bdf148d47ce8ae3d5087613fe4f" candidate_uuid: "b52748f02c394cf3b44914a73aa16d66" candidate_term: 1 candidate_status { last_received { term: 0 index: 0 } } ignore_live_leader: false dest_uuid: "98d715c3f8a2411c9ac90a8c7ea99d5c"
I20260710 13:17:49.214311  6382 leader_election.cc:304] T 8484153e0b3540b9b6e59802a8b6d2f6 P 4726cf3514ce43b39c992e88674eb942 [CANDIDATE]: Term 1 election: Election decided. Result: candidate won. Election summary: received 3 responses out of 3 voters: 2 yes votes; 1 no votes. yes voters: 4726cf3514ce43b39c992e88674eb942, b52748f02c394cf3b44914a73aa16d66; no voters: 98d715c3f8a2411c9ac90a8c7ea99d5c
I20260710 13:17:49.207559  6418 raft_consensus.cc:2468] T 10ac4bdf148d47ce8ae3d5087613fe4f P 4726cf3514ce43b39c992e88674eb942 [term 1 FOLLOWER]: Leader election vote request: Granting yes vote for candidate b52748f02c394cf3b44914a73aa16d66 in term 1.
I20260710 13:17:49.215544  6635 raft_consensus.cc:2804] T 8484153e0b3540b9b6e59802a8b6d2f6 P 4726cf3514ce43b39c992e88674eb942 [term 1 FOLLOWER]: Leader election won for term 1
I20260710 13:17:49.216717  6635 raft_consensus.cc:697] T 8484153e0b3540b9b6e59802a8b6d2f6 P 4726cf3514ce43b39c992e88674eb942 [term 1 LEADER]: Becoming Leader. State: Replica: 4726cf3514ce43b39c992e88674eb942, State: Running, Role: LEADER
I20260710 13:17:49.217567  6635 consensus_queue.cc:237] T 8484153e0b3540b9b6e59802a8b6d2f6 P 4726cf3514ce43b39c992e88674eb942 [LEADER]: Queue going to LEADER mode. State: All replicated index: 0, Majority replicated index: 0, Committed index: 0, Last appended: 0.0, Last appended by leader: 0, Current term: 1, Majority size: 2, State: 0, Mode: LEADER, active raft config: opid_index: -1 OBSOLETE_local: false peers { permanent_uuid: "4726cf3514ce43b39c992e88674eb942" member_type: VOTER last_known_addr { host: "127.5.163.1" port: 43047 } } peers { permanent_uuid: "98d715c3f8a2411c9ac90a8c7ea99d5c" member_type: VOTER last_known_addr { host: "127.5.163.2" port: 41649 } } peers { permanent_uuid: "b52748f02c394cf3b44914a73aa16d66" member_type: VOTER last_known_addr { host: "127.5.163.3" port: 39523 } }
I20260710 13:17:49.218004  6616 raft_consensus.cc:515] T aa8b15db73c443e1b95f47bc4eff9eb0 P 98d715c3f8a2411c9ac90a8c7ea99d5c [term 1 FOLLOWER]: Starting leader election with config: opid_index: -1 OBSOLETE_local: false peers { permanent_uuid: "4726cf3514ce43b39c992e88674eb942" member_type: VOTER last_known_addr { host: "127.5.163.1" port: 43047 } } peers { permanent_uuid: "98d715c3f8a2411c9ac90a8c7ea99d5c" member_type: VOTER last_known_addr { host: "127.5.163.2" port: 41649 } } peers { permanent_uuid: "b52748f02c394cf3b44914a73aa16d66" member_type: VOTER last_known_addr { host: "127.5.163.3" port: 39523 } }
I20260710 13:17:49.219120  6534 leader_election.cc:304] T 10ac4bdf148d47ce8ae3d5087613fe4f P b52748f02c394cf3b44914a73aa16d66 [CANDIDATE]: Term 1 election: Election decided. Result: candidate won. Election summary: received 2 responses out of 3 voters: 2 yes votes; 0 no votes. yes voters: 4726cf3514ce43b39c992e88674eb942, b52748f02c394cf3b44914a73aa16d66; no voters: 
I20260710 13:17:49.220093  6650 raft_consensus.cc:2804] T 10ac4bdf148d47ce8ae3d5087613fe4f P b52748f02c394cf3b44914a73aa16d66 [term 1 FOLLOWER]: Leader election won for term 1
I20260710 13:17:49.220528  6650 raft_consensus.cc:697] T 10ac4bdf148d47ce8ae3d5087613fe4f P b52748f02c394cf3b44914a73aa16d66 [term 1 LEADER]: Becoming Leader. State: Replica: b52748f02c394cf3b44914a73aa16d66, State: Running, Role: LEADER
I20260710 13:17:49.221125  6566 tablet_service.cc:1917] Received RequestConsensusVote() RPC: tablet_id: "aa8b15db73c443e1b95f47bc4eff9eb0" candidate_uuid: "98d715c3f8a2411c9ac90a8c7ea99d5c" candidate_term: 1 candidate_status { last_received { term: 0 index: 0 } } ignore_live_leader: false dest_uuid: "b52748f02c394cf3b44914a73aa16d66"
I20260710 13:17:49.221683  6566 raft_consensus.cc:3060] T aa8b15db73c443e1b95f47bc4eff9eb0 P b52748f02c394cf3b44914a73aa16d66 [term 0 FOLLOWER]: Advancing to term 1
I20260710 13:17:49.221302  6650 consensus_queue.cc:237] T 10ac4bdf148d47ce8ae3d5087613fe4f P b52748f02c394cf3b44914a73aa16d66 [LEADER]: Queue going to LEADER mode. State: All replicated index: 0, Majority replicated index: 0, Committed index: 0, Last appended: 0.0, Last appended by leader: 0, Current term: 1, Majority size: 2, State: 0, Mode: LEADER, active raft config: opid_index: -1 OBSOLETE_local: false peers { permanent_uuid: "4726cf3514ce43b39c992e88674eb942" member_type: VOTER last_known_addr { host: "127.5.163.1" port: 43047 } } peers { permanent_uuid: "98d715c3f8a2411c9ac90a8c7ea99d5c" member_type: VOTER last_known_addr { host: "127.5.163.2" port: 41649 } } peers { permanent_uuid: "b52748f02c394cf3b44914a73aa16d66" member_type: VOTER last_known_addr { host: "127.5.163.3" port: 39523 } }
W20260710 13:17:49.222904  6532 leader_election.cc:343] T 10ac4bdf148d47ce8ae3d5087613fe4f P b52748f02c394cf3b44914a73aa16d66 [CANDIDATE]: Term 1 election: Tablet error from VoteRequest() call to peer 98d715c3f8a2411c9ac90a8c7ea99d5c (127.5.163.2:41649): Illegal state: must be running to vote when last-logged opid is not known
I20260710 13:17:49.225242  6616 leader_election.cc:290] T aa8b15db73c443e1b95f47bc4eff9eb0 P 98d715c3f8a2411c9ac90a8c7ea99d5c [CANDIDATE]: Term 1 election: Requested vote from peers 4726cf3514ce43b39c992e88674eb942 (127.5.163.1:43047), b52748f02c394cf3b44914a73aa16d66 (127.5.163.3:39523)
I20260710 13:17:49.230265  6315 catalog_manager.cc:5697] T f80c26c994324a63bb5995a1035e99bb P 4726cf3514ce43b39c992e88674eb942 reported cstate change: term changed from 0 to 1, leader changed from <none> to 4726cf3514ce43b39c992e88674eb942 (127.5.163.1). New cstate: current_term: 1 leader_uuid: "4726cf3514ce43b39c992e88674eb942" committed_config { opid_index: -1 OBSOLETE_local: false peers { permanent_uuid: "4726cf3514ce43b39c992e88674eb942" member_type: VOTER last_known_addr { host: "127.5.163.1" port: 43047 } health_report { overall_health: HEALTHY } } peers { permanent_uuid: "98d715c3f8a2411c9ac90a8c7ea99d5c" member_type: VOTER last_known_addr { host: "127.5.163.2" port: 41649 } health_report { overall_health: UNKNOWN } } peers { permanent_uuid: "b52748f02c394cf3b44914a73aa16d66" member_type: VOTER last_known_addr { host: "127.5.163.3" port: 39523 } health_report { overall_health: UNKNOWN } } }
I20260710 13:17:49.231837  6610 tablet_bootstrap.cc:492] T 8484153e0b3540b9b6e59802a8b6d2f6 P 98d715c3f8a2411c9ac90a8c7ea99d5c: No bootstrap required, opened a new log
I20260710 13:17:49.232288  6610 ts_tablet_manager.cc:1403] T 8484153e0b3540b9b6e59802a8b6d2f6 P 98d715c3f8a2411c9ac90a8c7ea99d5c: Time spent bootstrapping tablet: real 0.079s	user 0.015s	sys 0.008s
I20260710 13:17:49.232018  6566 raft_consensus.cc:2468] T aa8b15db73c443e1b95f47bc4eff9eb0 P b52748f02c394cf3b44914a73aa16d66 [term 1 FOLLOWER]: Leader election vote request: Granting yes vote for candidate 98d715c3f8a2411c9ac90a8c7ea99d5c in term 1.
I20260710 13:17:49.226423  6418 tablet_service.cc:1917] Received RequestConsensusVote() RPC: tablet_id: "aa8b15db73c443e1b95f47bc4eff9eb0" candidate_uuid: "98d715c3f8a2411c9ac90a8c7ea99d5c" candidate_term: 1 candidate_status { last_received { term: 0 index: 0 } } ignore_live_leader: false dest_uuid: "4726cf3514ce43b39c992e88674eb942"
I20260710 13:17:49.236073  6610 raft_consensus.cc:359] T 8484153e0b3540b9b6e59802a8b6d2f6 P 98d715c3f8a2411c9ac90a8c7ea99d5c [term 0 FOLLOWER]: Replica starting. Triggering 0 pending ops. Active config: opid_index: -1 OBSOLETE_local: false peers { permanent_uuid: "4726cf3514ce43b39c992e88674eb942" member_type: VOTER last_known_addr { host: "127.5.163.1" port: 43047 } } peers { permanent_uuid: "98d715c3f8a2411c9ac90a8c7ea99d5c" member_type: VOTER last_known_addr { host: "127.5.163.2" port: 41649 } } peers { permanent_uuid: "b52748f02c394cf3b44914a73aa16d66" member_type: VOTER last_known_addr { host: "127.5.163.3" port: 39523 } }
I20260710 13:17:49.237690  6610 raft_consensus.cc:385] T 8484153e0b3540b9b6e59802a8b6d2f6 P 98d715c3f8a2411c9ac90a8c7ea99d5c [term 0 FOLLOWER]: Consensus starting up: Expiring failure detector timer to make a prompt election more likely
I20260710 13:17:49.237993  6610 raft_consensus.cc:740] T 8484153e0b3540b9b6e59802a8b6d2f6 P 98d715c3f8a2411c9ac90a8c7ea99d5c [term 0 FOLLOWER]: Becoming Follower/Learner. State: Replica: 98d715c3f8a2411c9ac90a8c7ea99d5c, State: Initialized, Role: FOLLOWER
I20260710 13:17:49.238721  6610 consensus_queue.cc:260] T 8484153e0b3540b9b6e59802a8b6d2f6 P 98d715c3f8a2411c9ac90a8c7ea99d5c [NON_LEADER]: Queue going to NON_LEADER mode. State: All replicated index: 0, Majority replicated index: 0, Committed index: 0, Last appended: 0.0, Last appended by leader: 0, Current term: 0, Majority size: -1, State: 0, Mode: NON_LEADER, active raft config: opid_index: -1 OBSOLETE_local: false peers { permanent_uuid: "4726cf3514ce43b39c992e88674eb942" member_type: VOTER last_known_addr { host: "127.5.163.1" port: 43047 } } peers { permanent_uuid: "98d715c3f8a2411c9ac90a8c7ea99d5c" member_type: VOTER last_known_addr { host: "127.5.163.2" port: 41649 } } peers { permanent_uuid: "b52748f02c394cf3b44914a73aa16d66" member_type: VOTER last_known_addr { host: "127.5.163.3" port: 39523 } }
I20260710 13:17:49.232380  6315 catalog_manager.cc:5697] T 98243cc855984491a80c7ea13ccc9a95 P 4726cf3514ce43b39c992e88674eb942 reported cstate change: term changed from 0 to 1, leader changed from <none> to 4726cf3514ce43b39c992e88674eb942 (127.5.163.1). New cstate: current_term: 1 leader_uuid: "4726cf3514ce43b39c992e88674eb942" committed_config { opid_index: -1 OBSOLETE_local: false peers { permanent_uuid: "b52748f02c394cf3b44914a73aa16d66" member_type: VOTER last_known_addr { host: "127.5.163.3" port: 39523 } health_report { overall_health: UNKNOWN } } peers { permanent_uuid: "4726cf3514ce43b39c992e88674eb942" member_type: VOTER last_known_addr { host: "127.5.163.1" port: 43047 } health_report { overall_health: HEALTHY } } peers { permanent_uuid: "98d715c3f8a2411c9ac90a8c7ea99d5c" member_type: VOTER last_known_addr { host: "127.5.163.2" port: 41649 } health_report { overall_health: UNKNOWN } } }
I20260710 13:17:49.240430  6457 leader_election.cc:304] T aa8b15db73c443e1b95f47bc4eff9eb0 P 98d715c3f8a2411c9ac90a8c7ea99d5c [CANDIDATE]: Term 1 election: Election decided. Result: candidate won. Election summary: received 2 responses out of 3 voters: 2 yes votes; 0 no votes. yes voters: 98d715c3f8a2411c9ac90a8c7ea99d5c, b52748f02c394cf3b44914a73aa16d66; no voters: 
I20260710 13:17:49.240685  6608 tablet_bootstrap.cc:654] T 245a952102734c4c94e14f6b447c3263 P b52748f02c394cf3b44914a73aa16d66: Neither blocks nor log segments found. Creating new log.
I20260710 13:17:49.241285  6639 raft_consensus.cc:2804] T aa8b15db73c443e1b95f47bc4eff9eb0 P 98d715c3f8a2411c9ac90a8c7ea99d5c [term 1 FOLLOWER]: Leader election won for term 1
I20260710 13:17:49.242027  6418 raft_consensus.cc:3060] T aa8b15db73c443e1b95f47bc4eff9eb0 P 4726cf3514ce43b39c992e88674eb942 [term 0 FOLLOWER]: Advancing to term 1
I20260710 13:17:49.243271  6610 ts_tablet_manager.cc:1434] T 8484153e0b3540b9b6e59802a8b6d2f6 P 98d715c3f8a2411c9ac90a8c7ea99d5c: Time spent starting tablet: real 0.011s	user 0.009s	sys 0.000s
I20260710 13:17:49.245208  6610 tablet_bootstrap.cc:492] T 10ac4bdf148d47ce8ae3d5087613fe4f P 98d715c3f8a2411c9ac90a8c7ea99d5c: Bootstrap starting.
I20260710 13:17:49.244831  6317 catalog_manager.cc:5697] T 30fcbee99d6a4dc780324af14690274a P b52748f02c394cf3b44914a73aa16d66 reported cstate change: term changed from 0 to 1, leader changed from <none> to b52748f02c394cf3b44914a73aa16d66 (127.5.163.3). New cstate: current_term: 1 leader_uuid: "b52748f02c394cf3b44914a73aa16d66" committed_config { opid_index: -1 OBSOLETE_local: false peers { permanent_uuid: "4726cf3514ce43b39c992e88674eb942" member_type: VOTER last_known_addr { host: "127.5.163.1" port: 43047 } health_report { overall_health: UNKNOWN } } peers { permanent_uuid: "98d715c3f8a2411c9ac90a8c7ea99d5c" member_type: VOTER last_known_addr { host: "127.5.163.2" port: 41649 } health_report { overall_health: UNKNOWN } } peers { permanent_uuid: "b52748f02c394cf3b44914a73aa16d66" member_type: VOTER last_known_addr { host: "127.5.163.3" port: 39523 } health_report { overall_health: HEALTHY } } }
I20260710 13:17:49.260792  6418 raft_consensus.cc:2468] T aa8b15db73c443e1b95f47bc4eff9eb0 P 4726cf3514ce43b39c992e88674eb942 [term 1 FOLLOWER]: Leader election vote request: Granting yes vote for candidate 98d715c3f8a2411c9ac90a8c7ea99d5c in term 1.
I20260710 13:17:49.263382  6639 raft_consensus.cc:697] T aa8b15db73c443e1b95f47bc4eff9eb0 P 98d715c3f8a2411c9ac90a8c7ea99d5c [term 1 LEADER]: Becoming Leader. State: Replica: 98d715c3f8a2411c9ac90a8c7ea99d5c, State: Running, Role: LEADER
I20260710 13:17:49.264016  6609 tablet_bootstrap.cc:492] T 28e68ac5436543a3aa299146ccd9b3b5 P 4726cf3514ce43b39c992e88674eb942: No bootstrap required, opened a new log
I20260710 13:17:49.264478  6609 ts_tablet_manager.cc:1403] T 28e68ac5436543a3aa299146ccd9b3b5 P 4726cf3514ce43b39c992e88674eb942: Time spent bootstrapping tablet: real 0.081s	user 0.010s	sys 0.000s
I20260710 13:17:49.264374  6639 consensus_queue.cc:237] T aa8b15db73c443e1b95f47bc4eff9eb0 P 98d715c3f8a2411c9ac90a8c7ea99d5c [LEADER]: Queue going to LEADER mode. State: All replicated index: 0, Majority replicated index: 0, Committed index: 0, Last appended: 0.0, Last appended by leader: 0, Current term: 1, Majority size: 2, State: 0, Mode: LEADER, active raft config: opid_index: -1 OBSOLETE_local: false peers { permanent_uuid: "4726cf3514ce43b39c992e88674eb942" member_type: VOTER last_known_addr { host: "127.5.163.1" port: 43047 } } peers { permanent_uuid: "98d715c3f8a2411c9ac90a8c7ea99d5c" member_type: VOTER last_known_addr { host: "127.5.163.2" port: 41649 } } peers { permanent_uuid: "b52748f02c394cf3b44914a73aa16d66" member_type: VOTER last_known_addr { host: "127.5.163.3" port: 39523 } }
I20260710 13:17:49.266741  6610 tablet_bootstrap.cc:654] T 10ac4bdf148d47ce8ae3d5087613fe4f P 98d715c3f8a2411c9ac90a8c7ea99d5c: Neither blocks nor log segments found. Creating new log.
I20260710 13:17:49.268383  6609 raft_consensus.cc:359] T 28e68ac5436543a3aa299146ccd9b3b5 P 4726cf3514ce43b39c992e88674eb942 [term 0 FOLLOWER]: Replica starting. Triggering 0 pending ops. Active config: opid_index: -1 OBSOLETE_local: false peers { permanent_uuid: "4726cf3514ce43b39c992e88674eb942" member_type: VOTER last_known_addr { host: "127.5.163.1" port: 43047 } } peers { permanent_uuid: "98d715c3f8a2411c9ac90a8c7ea99d5c" member_type: VOTER last_known_addr { host: "127.5.163.2" port: 41649 } } peers { permanent_uuid: "b52748f02c394cf3b44914a73aa16d66" member_type: VOTER last_known_addr { host: "127.5.163.3" port: 39523 } }
I20260710 13:17:49.273026  6609 raft_consensus.cc:385] T 28e68ac5436543a3aa299146ccd9b3b5 P 4726cf3514ce43b39c992e88674eb942 [term 0 FOLLOWER]: Consensus starting up: Expiring failure detector timer to make a prompt election more likely
I20260710 13:17:49.273303  6609 raft_consensus.cc:740] T 28e68ac5436543a3aa299146ccd9b3b5 P 4726cf3514ce43b39c992e88674eb942 [term 0 FOLLOWER]: Becoming Follower/Learner. State: Replica: 4726cf3514ce43b39c992e88674eb942, State: Initialized, Role: FOLLOWER
I20260710 13:17:49.273648  6608 tablet_bootstrap.cc:492] T 245a952102734c4c94e14f6b447c3263 P b52748f02c394cf3b44914a73aa16d66: No bootstrap required, opened a new log
I20260710 13:17:49.274178  6608 ts_tablet_manager.cc:1403] T 245a952102734c4c94e14f6b447c3263 P b52748f02c394cf3b44914a73aa16d66: Time spent bootstrapping tablet: real 0.065s	user 0.012s	sys 0.002s
I20260710 13:17:49.273934  6609 consensus_queue.cc:260] T 28e68ac5436543a3aa299146ccd9b3b5 P 4726cf3514ce43b39c992e88674eb942 [NON_LEADER]: Queue going to NON_LEADER mode. State: All replicated index: 0, Majority replicated index: 0, Committed index: 0, Last appended: 0.0, Last appended by leader: 0, Current term: 0, Majority size: -1, State: 0, Mode: NON_LEADER, active raft config: opid_index: -1 OBSOLETE_local: false peers { permanent_uuid: "4726cf3514ce43b39c992e88674eb942" member_type: VOTER last_known_addr { host: "127.5.163.1" port: 43047 } } peers { permanent_uuid: "98d715c3f8a2411c9ac90a8c7ea99d5c" member_type: VOTER last_known_addr { host: "127.5.163.2" port: 41649 } } peers { permanent_uuid: "b52748f02c394cf3b44914a73aa16d66" member_type: VOTER last_known_addr { host: "127.5.163.3" port: 39523 } }
I20260710 13:17:49.276072  6609 ts_tablet_manager.cc:1434] T 28e68ac5436543a3aa299146ccd9b3b5 P 4726cf3514ce43b39c992e88674eb942: Time spent starting tablet: real 0.011s	user 0.005s	sys 0.000s
I20260710 13:17:49.276942  6609 tablet_bootstrap.cc:492] T 8f3bb5f50ec449f8a156ed2ff3554e24 P 4726cf3514ce43b39c992e88674eb942: Bootstrap starting.
I20260710 13:17:49.285157  6608 raft_consensus.cc:359] T 245a952102734c4c94e14f6b447c3263 P b52748f02c394cf3b44914a73aa16d66 [term 0 FOLLOWER]: Replica starting. Triggering 0 pending ops. Active config: opid_index: -1 OBSOLETE_local: false peers { permanent_uuid: "4726cf3514ce43b39c992e88674eb942" member_type: VOTER last_known_addr { host: "127.5.163.1" port: 43047 } } peers { permanent_uuid: "98d715c3f8a2411c9ac90a8c7ea99d5c" member_type: VOTER last_known_addr { host: "127.5.163.2" port: 41649 } } peers { permanent_uuid: "b52748f02c394cf3b44914a73aa16d66" member_type: VOTER last_known_addr { host: "127.5.163.3" port: 39523 } }
I20260710 13:17:49.285928  6608 raft_consensus.cc:385] T 245a952102734c4c94e14f6b447c3263 P b52748f02c394cf3b44914a73aa16d66 [term 0 FOLLOWER]: Consensus starting up: Expiring failure detector timer to make a prompt election more likely
I20260710 13:17:49.286238  6608 raft_consensus.cc:740] T 245a952102734c4c94e14f6b447c3263 P b52748f02c394cf3b44914a73aa16d66 [term 0 FOLLOWER]: Becoming Follower/Learner. State: Replica: b52748f02c394cf3b44914a73aa16d66, State: Initialized, Role: FOLLOWER
I20260710 13:17:49.287038  6608 consensus_queue.cc:260] T 245a952102734c4c94e14f6b447c3263 P b52748f02c394cf3b44914a73aa16d66 [NON_LEADER]: Queue going to NON_LEADER mode. State: All replicated index: 0, Majority replicated index: 0, Committed index: 0, Last appended: 0.0, Last appended by leader: 0, Current term: 0, Majority size: -1, State: 0, Mode: NON_LEADER, active raft config: opid_index: -1 OBSOLETE_local: false peers { permanent_uuid: "4726cf3514ce43b39c992e88674eb942" member_type: VOTER last_known_addr { host: "127.5.163.1" port: 43047 } } peers { permanent_uuid: "98d715c3f8a2411c9ac90a8c7ea99d5c" member_type: VOTER last_known_addr { host: "127.5.163.2" port: 41649 } } peers { permanent_uuid: "b52748f02c394cf3b44914a73aa16d66" member_type: VOTER last_known_addr { host: "127.5.163.3" port: 39523 } }
I20260710 13:17:49.289507  6608 ts_tablet_manager.cc:1434] T 245a952102734c4c94e14f6b447c3263 P b52748f02c394cf3b44914a73aa16d66: Time spent starting tablet: real 0.015s	user 0.004s	sys 0.002s
I20260710 13:17:49.292503  6609 tablet_bootstrap.cc:654] T 8f3bb5f50ec449f8a156ed2ff3554e24 P 4726cf3514ce43b39c992e88674eb942: Neither blocks nor log segments found. Creating new log.
I20260710 13:17:49.309310  6610 tablet_bootstrap.cc:492] T 10ac4bdf148d47ce8ae3d5087613fe4f P 98d715c3f8a2411c9ac90a8c7ea99d5c: No bootstrap required, opened a new log
I20260710 13:17:49.309799  6610 ts_tablet_manager.cc:1403] T 10ac4bdf148d47ce8ae3d5087613fe4f P 98d715c3f8a2411c9ac90a8c7ea99d5c: Time spent bootstrapping tablet: real 0.065s	user 0.025s	sys 0.018s
I20260710 13:17:49.309103  6317 catalog_manager.cc:5697] T 10ac4bdf148d47ce8ae3d5087613fe4f P b52748f02c394cf3b44914a73aa16d66 reported cstate change: term changed from 0 to 1, leader changed from <none> to b52748f02c394cf3b44914a73aa16d66 (127.5.163.3). New cstate: current_term: 1 leader_uuid: "b52748f02c394cf3b44914a73aa16d66" committed_config { opid_index: -1 OBSOLETE_local: false peers { permanent_uuid: "4726cf3514ce43b39c992e88674eb942" member_type: VOTER last_known_addr { host: "127.5.163.1" port: 43047 } health_report { overall_health: UNKNOWN } } peers { permanent_uuid: "98d715c3f8a2411c9ac90a8c7ea99d5c" member_type: VOTER last_known_addr { host: "127.5.163.2" port: 41649 } health_report { overall_health: UNKNOWN } } peers { permanent_uuid: "b52748f02c394cf3b44914a73aa16d66" member_type: VOTER last_known_addr { host: "127.5.163.3" port: 39523 } health_report { overall_health: HEALTHY } } }
I20260710 13:17:49.312654  6610 raft_consensus.cc:359] T 10ac4bdf148d47ce8ae3d5087613fe4f P 98d715c3f8a2411c9ac90a8c7ea99d5c [term 0 FOLLOWER]: Replica starting. Triggering 0 pending ops. Active config: opid_index: -1 OBSOLETE_local: false peers { permanent_uuid: "4726cf3514ce43b39c992e88674eb942" member_type: VOTER last_known_addr { host: "127.5.163.1" port: 43047 } } peers { permanent_uuid: "98d715c3f8a2411c9ac90a8c7ea99d5c" member_type: VOTER last_known_addr { host: "127.5.163.2" port: 41649 } } peers { permanent_uuid: "b52748f02c394cf3b44914a73aa16d66" member_type: VOTER last_known_addr { host: "127.5.163.3" port: 39523 } }
I20260710 13:17:49.313372  6610 raft_consensus.cc:385] T 10ac4bdf148d47ce8ae3d5087613fe4f P 98d715c3f8a2411c9ac90a8c7ea99d5c [term 0 FOLLOWER]: Consensus starting up: Expiring failure detector timer to make a prompt election more likely
I20260710 13:17:49.313688  6610 raft_consensus.cc:740] T 10ac4bdf148d47ce8ae3d5087613fe4f P 98d715c3f8a2411c9ac90a8c7ea99d5c [term 0 FOLLOWER]: Becoming Follower/Learner. State: Replica: 98d715c3f8a2411c9ac90a8c7ea99d5c, State: Initialized, Role: FOLLOWER
I20260710 13:17:49.314225  6314 catalog_manager.cc:5697] T aa8b15db73c443e1b95f47bc4eff9eb0 P 98d715c3f8a2411c9ac90a8c7ea99d5c reported cstate change: term changed from 0 to 1, leader changed from <none> to 98d715c3f8a2411c9ac90a8c7ea99d5c (127.5.163.2). New cstate: current_term: 1 leader_uuid: "98d715c3f8a2411c9ac90a8c7ea99d5c" committed_config { opid_index: -1 OBSOLETE_local: false peers { permanent_uuid: "4726cf3514ce43b39c992e88674eb942" member_type: VOTER last_known_addr { host: "127.5.163.1" port: 43047 } health_report { overall_health: UNKNOWN } } peers { permanent_uuid: "98d715c3f8a2411c9ac90a8c7ea99d5c" member_type: VOTER last_known_addr { host: "127.5.163.2" port: 41649 } health_report { overall_health: HEALTHY } } peers { permanent_uuid: "b52748f02c394cf3b44914a73aa16d66" member_type: VOTER last_known_addr { host: "127.5.163.3" port: 39523 } health_report { overall_health: UNKNOWN } } }
I20260710 13:17:49.314903  6610 consensus_queue.cc:260] T 10ac4bdf148d47ce8ae3d5087613fe4f P 98d715c3f8a2411c9ac90a8c7ea99d5c [NON_LEADER]: Queue going to NON_LEADER mode. State: All replicated index: 0, Majority replicated index: 0, Committed index: 0, Last appended: 0.0, Last appended by leader: 0, Current term: 0, Majority size: -1, State: 0, Mode: NON_LEADER, active raft config: opid_index: -1 OBSOLETE_local: false peers { permanent_uuid: "4726cf3514ce43b39c992e88674eb942" member_type: VOTER last_known_addr { host: "127.5.163.1" port: 43047 } } peers { permanent_uuid: "98d715c3f8a2411c9ac90a8c7ea99d5c" member_type: VOTER last_known_addr { host: "127.5.163.2" port: 41649 } } peers { permanent_uuid: "b52748f02c394cf3b44914a73aa16d66" member_type: VOTER last_known_addr { host: "127.5.163.3" port: 39523 } }
I20260710 13:17:49.316350  6609 tablet_bootstrap.cc:492] T 8f3bb5f50ec449f8a156ed2ff3554e24 P 4726cf3514ce43b39c992e88674eb942: No bootstrap required, opened a new log
I20260710 13:17:49.316772  6609 ts_tablet_manager.cc:1403] T 8f3bb5f50ec449f8a156ed2ff3554e24 P 4726cf3514ce43b39c992e88674eb942: Time spent bootstrapping tablet: real 0.040s	user 0.016s	sys 0.000s
I20260710 13:17:49.317654  6610 ts_tablet_manager.cc:1434] T 10ac4bdf148d47ce8ae3d5087613fe4f P 98d715c3f8a2411c9ac90a8c7ea99d5c: Time spent starting tablet: real 0.008s	user 0.006s	sys 0.000s
I20260710 13:17:49.318670  6610 tablet_bootstrap.cc:492] T f80c26c994324a63bb5995a1035e99bb P 98d715c3f8a2411c9ac90a8c7ea99d5c: Bootstrap starting.
I20260710 13:17:49.319358  6609 raft_consensus.cc:359] T 8f3bb5f50ec449f8a156ed2ff3554e24 P 4726cf3514ce43b39c992e88674eb942 [term 0 FOLLOWER]: Replica starting. Triggering 0 pending ops. Active config: opid_index: -1 OBSOLETE_local: false peers { permanent_uuid: "4726cf3514ce43b39c992e88674eb942" member_type: VOTER last_known_addr { host: "127.5.163.1" port: 43047 } } peers { permanent_uuid: "98d715c3f8a2411c9ac90a8c7ea99d5c" member_type: VOTER last_known_addr { host: "127.5.163.2" port: 41649 } } peers { permanent_uuid: "b52748f02c394cf3b44914a73aa16d66" member_type: VOTER last_known_addr { host: "127.5.163.3" port: 39523 } }
I20260710 13:17:49.319957  6609 raft_consensus.cc:385] T 8f3bb5f50ec449f8a156ed2ff3554e24 P 4726cf3514ce43b39c992e88674eb942 [term 0 FOLLOWER]: Consensus starting up: Expiring failure detector timer to make a prompt election more likely
I20260710 13:17:49.320210  6609 raft_consensus.cc:740] T 8f3bb5f50ec449f8a156ed2ff3554e24 P 4726cf3514ce43b39c992e88674eb942 [term 0 FOLLOWER]: Becoming Follower/Learner. State: Replica: 4726cf3514ce43b39c992e88674eb942, State: Initialized, Role: FOLLOWER
I20260710 13:17:49.320984  6609 consensus_queue.cc:260] T 8f3bb5f50ec449f8a156ed2ff3554e24 P 4726cf3514ce43b39c992e88674eb942 [NON_LEADER]: Queue going to NON_LEADER mode. State: All replicated index: 0, Majority replicated index: 0, Committed index: 0, Last appended: 0.0, Last appended by leader: 0, Current term: 0, Majority size: -1, State: 0, Mode: NON_LEADER, active raft config: opid_index: -1 OBSOLETE_local: false peers { permanent_uuid: "4726cf3514ce43b39c992e88674eb942" member_type: VOTER last_known_addr { host: "127.5.163.1" port: 43047 } } peers { permanent_uuid: "98d715c3f8a2411c9ac90a8c7ea99d5c" member_type: VOTER last_known_addr { host: "127.5.163.2" port: 41649 } } peers { permanent_uuid: "b52748f02c394cf3b44914a73aa16d66" member_type: VOTER last_known_addr { host: "127.5.163.3" port: 39523 } }
I20260710 13:17:49.322387  6609 ts_tablet_manager.cc:1434] T 8f3bb5f50ec449f8a156ed2ff3554e24 P 4726cf3514ce43b39c992e88674eb942: Time spent starting tablet: real 0.005s	user 0.003s	sys 0.000s
I20260710 13:17:49.325011  6635 raft_consensus.cc:493] T 8f3bb5f50ec449f8a156ed2ff3554e24 P 4726cf3514ce43b39c992e88674eb942 [term 0 FOLLOWER]: Starting pre-election (no leader contacted us within the election timeout)
I20260710 13:17:49.324754  6316 catalog_manager.cc:5697] T 8484153e0b3540b9b6e59802a8b6d2f6 P 4726cf3514ce43b39c992e88674eb942 reported cstate change: term changed from 0 to 1, leader changed from <none> to 4726cf3514ce43b39c992e88674eb942 (127.5.163.1). New cstate: current_term: 1 leader_uuid: "4726cf3514ce43b39c992e88674eb942" committed_config { opid_index: -1 OBSOLETE_local: false peers { permanent_uuid: "4726cf3514ce43b39c992e88674eb942" member_type: VOTER last_known_addr { host: "127.5.163.1" port: 43047 } health_report { overall_health: HEALTHY } } peers { permanent_uuid: "98d715c3f8a2411c9ac90a8c7ea99d5c" member_type: VOTER last_known_addr { host: "127.5.163.2" port: 41649 } health_report { overall_health: UNKNOWN } } peers { permanent_uuid: "b52748f02c394cf3b44914a73aa16d66" member_type: VOTER last_known_addr { host: "127.5.163.3" port: 39523 } health_report { overall_health: UNKNOWN } } }
I20260710 13:17:49.325444  6635 raft_consensus.cc:515] T 8f3bb5f50ec449f8a156ed2ff3554e24 P 4726cf3514ce43b39c992e88674eb942 [term 0 FOLLOWER]: Starting pre-election with config: opid_index: -1 OBSOLETE_local: false peers { permanent_uuid: "4726cf3514ce43b39c992e88674eb942" member_type: VOTER last_known_addr { host: "127.5.163.1" port: 43047 } } peers { permanent_uuid: "98d715c3f8a2411c9ac90a8c7ea99d5c" member_type: VOTER last_known_addr { host: "127.5.163.2" port: 41649 } } peers { permanent_uuid: "b52748f02c394cf3b44914a73aa16d66" member_type: VOTER last_known_addr { host: "127.5.163.3" port: 39523 } }
I20260710 13:17:49.327491  6635 leader_election.cc:290] T 8f3bb5f50ec449f8a156ed2ff3554e24 P 4726cf3514ce43b39c992e88674eb942 [CANDIDATE]: Term 1 pre-election: Requested pre-vote from peers 98d715c3f8a2411c9ac90a8c7ea99d5c (127.5.163.2:41649), b52748f02c394cf3b44914a73aa16d66 (127.5.163.3:39523)
I20260710 13:17:49.329087  6610 tablet_bootstrap.cc:654] T f80c26c994324a63bb5995a1035e99bb P 98d715c3f8a2411c9ac90a8c7ea99d5c: Neither blocks nor log segments found. Creating new log.
I20260710 13:17:49.329445  6566 tablet_service.cc:1917] Received RequestConsensusVote() RPC: tablet_id: "8f3bb5f50ec449f8a156ed2ff3554e24" candidate_uuid: "4726cf3514ce43b39c992e88674eb942" candidate_term: 1 candidate_status { last_received { term: 0 index: 0 } } ignore_live_leader: false dest_uuid: "b52748f02c394cf3b44914a73aa16d66" is_pre_election: true
I20260710 13:17:49.330292  6566 raft_consensus.cc:2393] T 8f3bb5f50ec449f8a156ed2ff3554e24 P b52748f02c394cf3b44914a73aa16d66 [term 1 FOLLOWER]: Leader pre-election vote request: Denying vote to candidate 4726cf3514ce43b39c992e88674eb942 in current term 1: Already voted for candidate 98d715c3f8a2411c9ac90a8c7ea99d5c in this term.
I20260710 13:17:49.330323  6492 tablet_service.cc:1917] Received RequestConsensusVote() RPC: tablet_id: "8f3bb5f50ec449f8a156ed2ff3554e24" candidate_uuid: "4726cf3514ce43b39c992e88674eb942" candidate_term: 1 candidate_status { last_received { term: 0 index: 0 } } ignore_live_leader: false dest_uuid: "98d715c3f8a2411c9ac90a8c7ea99d5c" is_pre_election: true
I20260710 13:17:49.332715  6383 leader_election.cc:304] T 8f3bb5f50ec449f8a156ed2ff3554e24 P 4726cf3514ce43b39c992e88674eb942 [CANDIDATE]: Term 1 pre-election: Election decided. Result: candidate lost. Election summary: received 3 responses out of 3 voters: 1 yes votes; 2 no votes. yes voters: 4726cf3514ce43b39c992e88674eb942; no voters: 98d715c3f8a2411c9ac90a8c7ea99d5c, b52748f02c394cf3b44914a73aa16d66
I20260710 13:17:49.333714  6617 raft_consensus.cc:493] T 28e68ac5436543a3aa299146ccd9b3b5 P 4726cf3514ce43b39c992e88674eb942 [term 0 FOLLOWER]: Starting pre-election (no leader contacted us within the election timeout)
I20260710 13:17:49.334138  6617 raft_consensus.cc:515] T 28e68ac5436543a3aa299146ccd9b3b5 P 4726cf3514ce43b39c992e88674eb942 [term 0 FOLLOWER]: Starting pre-election with config: opid_index: -1 OBSOLETE_local: false peers { permanent_uuid: "4726cf3514ce43b39c992e88674eb942" member_type: VOTER last_known_addr { host: "127.5.163.1" port: 43047 } } peers { permanent_uuid: "98d715c3f8a2411c9ac90a8c7ea99d5c" member_type: VOTER last_known_addr { host: "127.5.163.2" port: 41649 } } peers { permanent_uuid: "b52748f02c394cf3b44914a73aa16d66" member_type: VOTER last_known_addr { host: "127.5.163.3" port: 39523 } }
I20260710 13:17:49.336112  6617 leader_election.cc:290] T 28e68ac5436543a3aa299146ccd9b3b5 P 4726cf3514ce43b39c992e88674eb942 [CANDIDATE]: Term 1 pre-election: Requested pre-vote from peers 98d715c3f8a2411c9ac90a8c7ea99d5c (127.5.163.2:41649), b52748f02c394cf3b44914a73aa16d66 (127.5.163.3:39523)
I20260710 13:17:49.336563  6617 raft_consensus.cc:3060] T 8f3bb5f50ec449f8a156ed2ff3554e24 P 4726cf3514ce43b39c992e88674eb942 [term 0 FOLLOWER]: Advancing to term 1
I20260710 13:17:49.341926  6566 tablet_service.cc:1917] Received RequestConsensusVote() RPC: tablet_id: "28e68ac5436543a3aa299146ccd9b3b5" candidate_uuid: "4726cf3514ce43b39c992e88674eb942" candidate_term: 1 candidate_status { last_received { term: 0 index: 0 } } ignore_live_leader: false dest_uuid: "b52748f02c394cf3b44914a73aa16d66" is_pre_election: true
I20260710 13:17:49.342535  6492 tablet_service.cc:1917] Received RequestConsensusVote() RPC: tablet_id: "28e68ac5436543a3aa299146ccd9b3b5" candidate_uuid: "4726cf3514ce43b39c992e88674eb942" candidate_term: 1 candidate_status { last_received { term: 0 index: 0 } } ignore_live_leader: false dest_uuid: "98d715c3f8a2411c9ac90a8c7ea99d5c" is_pre_election: true
I20260710 13:17:49.342751  6566 raft_consensus.cc:2468] T 28e68ac5436543a3aa299146ccd9b3b5 P b52748f02c394cf3b44914a73aa16d66 [term 0 FOLLOWER]: Leader pre-election vote request: Granting yes vote for candidate 4726cf3514ce43b39c992e88674eb942 in term 0.
I20260710 13:17:49.343178  6492 raft_consensus.cc:2468] T 28e68ac5436543a3aa299146ccd9b3b5 P 98d715c3f8a2411c9ac90a8c7ea99d5c [term 0 FOLLOWER]: Leader pre-election vote request: Granting yes vote for candidate 4726cf3514ce43b39c992e88674eb942 in term 0.
I20260710 13:17:49.344370  6382 leader_election.cc:304] T 28e68ac5436543a3aa299146ccd9b3b5 P 4726cf3514ce43b39c992e88674eb942 [CANDIDATE]: Term 1 pre-election: Election decided. Result: candidate won. Election summary: received 2 responses out of 3 voters: 2 yes votes; 0 no votes. yes voters: 4726cf3514ce43b39c992e88674eb942, b52748f02c394cf3b44914a73aa16d66; no voters: 
I20260710 13:17:49.345379  6635 raft_consensus.cc:2804] T 28e68ac5436543a3aa299146ccd9b3b5 P 4726cf3514ce43b39c992e88674eb942 [term 0 FOLLOWER]: Leader pre-election won for term 1
I20260710 13:17:49.345736  6635 raft_consensus.cc:493] T 28e68ac5436543a3aa299146ccd9b3b5 P 4726cf3514ce43b39c992e88674eb942 [term 0 FOLLOWER]: Starting leader election (no leader contacted us within the election timeout)
I20260710 13:17:49.346086  6635 raft_consensus.cc:3060] T 28e68ac5436543a3aa299146ccd9b3b5 P 4726cf3514ce43b39c992e88674eb942 [term 0 FOLLOWER]: Advancing to term 1
I20260710 13:17:49.346956  6639 raft_consensus.cc:493] T 8484153e0b3540b9b6e59802a8b6d2f6 P 98d715c3f8a2411c9ac90a8c7ea99d5c [term 0 FOLLOWER]: Starting pre-election (no leader contacted us within the election timeout)
I20260710 13:17:49.347383  6639 raft_consensus.cc:515] T 8484153e0b3540b9b6e59802a8b6d2f6 P 98d715c3f8a2411c9ac90a8c7ea99d5c [term 0 FOLLOWER]: Starting pre-election with config: opid_index: -1 OBSOLETE_local: false peers { permanent_uuid: "4726cf3514ce43b39c992e88674eb942" member_type: VOTER last_known_addr { host: "127.5.163.1" port: 43047 } } peers { permanent_uuid: "98d715c3f8a2411c9ac90a8c7ea99d5c" member_type: VOTER last_known_addr { host: "127.5.163.2" port: 41649 } } peers { permanent_uuid: "b52748f02c394cf3b44914a73aa16d66" member_type: VOTER last_known_addr { host: "127.5.163.3" port: 39523 } }
I20260710 13:17:49.349349  6639 leader_election.cc:290] T 8484153e0b3540b9b6e59802a8b6d2f6 P 98d715c3f8a2411c9ac90a8c7ea99d5c [CANDIDATE]: Term 1 pre-election: Requested pre-vote from peers 4726cf3514ce43b39c992e88674eb942 (127.5.163.1:43047), b52748f02c394cf3b44914a73aa16d66 (127.5.163.3:39523)
I20260710 13:17:49.350971  6566 tablet_service.cc:1917] Received RequestConsensusVote() RPC: tablet_id: "8484153e0b3540b9b6e59802a8b6d2f6" candidate_uuid: "98d715c3f8a2411c9ac90a8c7ea99d5c" candidate_term: 1 candidate_status { last_received { term: 0 index: 0 } } ignore_live_leader: false dest_uuid: "b52748f02c394cf3b44914a73aa16d66" is_pre_election: true
I20260710 13:17:49.351799  6418 tablet_service.cc:1917] Received RequestConsensusVote() RPC: tablet_id: "8484153e0b3540b9b6e59802a8b6d2f6" candidate_uuid: "98d715c3f8a2411c9ac90a8c7ea99d5c" candidate_term: 1 candidate_status { last_received { term: 0 index: 0 } } ignore_live_leader: false dest_uuid: "4726cf3514ce43b39c992e88674eb942" is_pre_election: true
I20260710 13:17:49.351990  6566 raft_consensus.cc:2393] T 8484153e0b3540b9b6e59802a8b6d2f6 P b52748f02c394cf3b44914a73aa16d66 [term 1 FOLLOWER]: Leader pre-election vote request: Denying vote to candidate 98d715c3f8a2411c9ac90a8c7ea99d5c in current term 1: Already voted for candidate 4726cf3514ce43b39c992e88674eb942 in this term.
I20260710 13:17:49.354595  6460 leader_election.cc:304] T 8484153e0b3540b9b6e59802a8b6d2f6 P 98d715c3f8a2411c9ac90a8c7ea99d5c [CANDIDATE]: Term 1 pre-election: Election decided. Result: candidate lost. Election summary: received 3 responses out of 3 voters: 1 yes votes; 2 no votes. yes voters: 98d715c3f8a2411c9ac90a8c7ea99d5c; no voters: 4726cf3514ce43b39c992e88674eb942, b52748f02c394cf3b44914a73aa16d66
I20260710 13:17:49.355415  6639 raft_consensus.cc:3060] T 8484153e0b3540b9b6e59802a8b6d2f6 P 98d715c3f8a2411c9ac90a8c7ea99d5c [term 0 FOLLOWER]: Advancing to term 1
I20260710 13:17:49.357815  6617 raft_consensus.cc:2749] T 8f3bb5f50ec449f8a156ed2ff3554e24 P 4726cf3514ce43b39c992e88674eb942 [term 1 FOLLOWER]: Leader pre-election lost for term 1. Reason: could not achieve majority
I20260710 13:17:49.359637  6566 raft_consensus.cc:3060] T 245a952102734c4c94e14f6b447c3263 P b52748f02c394cf3b44914a73aa16d66 [term 0 FOLLOWER]: Advancing to term 1
I20260710 13:17:49.361742  6635 raft_consensus.cc:515] T 28e68ac5436543a3aa299146ccd9b3b5 P 4726cf3514ce43b39c992e88674eb942 [term 1 FOLLOWER]: Starting leader election with config: opid_index: -1 OBSOLETE_local: false peers { permanent_uuid: "4726cf3514ce43b39c992e88674eb942" member_type: VOTER last_known_addr { host: "127.5.163.1" port: 43047 } } peers { permanent_uuid: "98d715c3f8a2411c9ac90a8c7ea99d5c" member_type: VOTER last_known_addr { host: "127.5.163.2" port: 41649 } } peers { permanent_uuid: "b52748f02c394cf3b44914a73aa16d66" member_type: VOTER last_known_addr { host: "127.5.163.3" port: 39523 } }
I20260710 13:17:49.362445  6639 raft_consensus.cc:2749] T 8484153e0b3540b9b6e59802a8b6d2f6 P 98d715c3f8a2411c9ac90a8c7ea99d5c [term 1 FOLLOWER]: Leader pre-election lost for term 1. Reason: could not achieve majority
I20260710 13:17:49.364874  6492 tablet_service.cc:1917] Received RequestConsensusVote() RPC: tablet_id: "28e68ac5436543a3aa299146ccd9b3b5" candidate_uuid: "4726cf3514ce43b39c992e88674eb942" candidate_term: 1 candidate_status { last_received { term: 0 index: 0 } } ignore_live_leader: false dest_uuid: "98d715c3f8a2411c9ac90a8c7ea99d5c"
I20260710 13:17:49.365432  6492 raft_consensus.cc:3060] T 28e68ac5436543a3aa299146ccd9b3b5 P 98d715c3f8a2411c9ac90a8c7ea99d5c [term 0 FOLLOWER]: Advancing to term 1
I20260710 13:17:49.366910  6610 tablet_bootstrap.cc:492] T f80c26c994324a63bb5995a1035e99bb P 98d715c3f8a2411c9ac90a8c7ea99d5c: No bootstrap required, opened a new log
I20260710 13:17:49.367425  6610 ts_tablet_manager.cc:1403] T f80c26c994324a63bb5995a1035e99bb P 98d715c3f8a2411c9ac90a8c7ea99d5c: Time spent bootstrapping tablet: real 0.049s	user 0.026s	sys 0.016s
I20260710 13:17:49.370174  6610 raft_consensus.cc:359] T f80c26c994324a63bb5995a1035e99bb P 98d715c3f8a2411c9ac90a8c7ea99d5c [term 0 FOLLOWER]: Replica starting. Triggering 0 pending ops. Active config: opid_index: -1 OBSOLETE_local: false peers { permanent_uuid: "4726cf3514ce43b39c992e88674eb942" member_type: VOTER last_known_addr { host: "127.5.163.1" port: 43047 } } peers { permanent_uuid: "98d715c3f8a2411c9ac90a8c7ea99d5c" member_type: VOTER last_known_addr { host: "127.5.163.2" port: 41649 } } peers { permanent_uuid: "b52748f02c394cf3b44914a73aa16d66" member_type: VOTER last_known_addr { host: "127.5.163.3" port: 39523 } }
I20260710 13:17:49.370921  6610 raft_consensus.cc:385] T f80c26c994324a63bb5995a1035e99bb P 98d715c3f8a2411c9ac90a8c7ea99d5c [term 0 FOLLOWER]: Consensus starting up: Expiring failure detector timer to make a prompt election more likely
I20260710 13:17:49.371269  6610 raft_consensus.cc:740] T f80c26c994324a63bb5995a1035e99bb P 98d715c3f8a2411c9ac90a8c7ea99d5c [term 0 FOLLOWER]: Becoming Follower/Learner. State: Replica: 98d715c3f8a2411c9ac90a8c7ea99d5c, State: Initialized, Role: FOLLOWER
I20260710 13:17:49.371938  6492 raft_consensus.cc:2468] T 28e68ac5436543a3aa299146ccd9b3b5 P 98d715c3f8a2411c9ac90a8c7ea99d5c [term 1 FOLLOWER]: Leader election vote request: Granting yes vote for candidate 4726cf3514ce43b39c992e88674eb942 in term 1.
I20260710 13:17:49.372081  6635 leader_election.cc:290] T 28e68ac5436543a3aa299146ccd9b3b5 P 4726cf3514ce43b39c992e88674eb942 [CANDIDATE]: Term 1 election: Requested vote from peers 98d715c3f8a2411c9ac90a8c7ea99d5c (127.5.163.2:41649), b52748f02c394cf3b44914a73aa16d66 (127.5.163.3:39523)
I20260710 13:17:49.372066  6610 consensus_queue.cc:260] T f80c26c994324a63bb5995a1035e99bb P 98d715c3f8a2411c9ac90a8c7ea99d5c [NON_LEADER]: Queue going to NON_LEADER mode. State: All replicated index: 0, Majority replicated index: 0, Committed index: 0, Last appended: 0.0, Last appended by leader: 0, Current term: 0, Majority size: -1, State: 0, Mode: NON_LEADER, active raft config: opid_index: -1 OBSOLETE_local: false peers { permanent_uuid: "4726cf3514ce43b39c992e88674eb942" member_type: VOTER last_known_addr { host: "127.5.163.1" port: 43047 } } peers { permanent_uuid: "98d715c3f8a2411c9ac90a8c7ea99d5c" member_type: VOTER last_known_addr { host: "127.5.163.2" port: 41649 } } peers { permanent_uuid: "b52748f02c394cf3b44914a73aa16d66" member_type: VOTER last_known_addr { host: "127.5.163.3" port: 39523 } }
I20260710 13:17:49.374325  6610 ts_tablet_manager.cc:1434] T f80c26c994324a63bb5995a1035e99bb P 98d715c3f8a2411c9ac90a8c7ea99d5c: Time spent starting tablet: real 0.007s	user 0.005s	sys 0.000s
I20260710 13:17:49.377817  6565 tablet_service.cc:1917] Received RequestConsensusVote() RPC: tablet_id: "28e68ac5436543a3aa299146ccd9b3b5" candidate_uuid: "4726cf3514ce43b39c992e88674eb942" candidate_term: 1 candidate_status { last_received { term: 0 index: 0 } } ignore_live_leader: false dest_uuid: "b52748f02c394cf3b44914a73aa16d66"
I20260710 13:17:49.378077  6635 consensus_queue.cc:1048] T 245a952102734c4c94e14f6b447c3263 P 4726cf3514ce43b39c992e88674eb942 [LEADER]: Connected to new peer: Peer: permanent_uuid: "98d715c3f8a2411c9ac90a8c7ea99d5c" member_type: VOTER last_known_addr { host: "127.5.163.2" port: 41649 }, Status: LMP_MISMATCH, Last received: 0.0, Next index: 1, Last known committed idx: 0, Time since last communication: 0.000s
I20260710 13:17:49.378383  6565 raft_consensus.cc:3060] T 28e68ac5436543a3aa299146ccd9b3b5 P b52748f02c394cf3b44914a73aa16d66 [term 0 FOLLOWER]: Advancing to term 1
I20260710 13:17:49.378453  6383 leader_election.cc:304] T 28e68ac5436543a3aa299146ccd9b3b5 P 4726cf3514ce43b39c992e88674eb942 [CANDIDATE]: Term 1 election: Election decided. Result: candidate won. Election summary: received 2 responses out of 3 voters: 2 yes votes; 0 no votes. yes voters: 4726cf3514ce43b39c992e88674eb942, 98d715c3f8a2411c9ac90a8c7ea99d5c; no voters: 
I20260710 13:17:49.379357  6617 raft_consensus.cc:2804] T 28e68ac5436543a3aa299146ccd9b3b5 P 4726cf3514ce43b39c992e88674eb942 [term 1 FOLLOWER]: Leader election won for term 1
I20260710 13:17:49.380889  6617 raft_consensus.cc:697] T 28e68ac5436543a3aa299146ccd9b3b5 P 4726cf3514ce43b39c992e88674eb942 [term 1 LEADER]: Becoming Leader. State: Replica: 4726cf3514ce43b39c992e88674eb942, State: Running, Role: LEADER
