I20260710 13:17:36.569142  5904 tablet_service.cc:1917] Received RequestConsensusVote() RPC: tablet_id: "9444c3fad5414bfaa2975770aa35c670" candidate_uuid: "c113481ca52a47b3b45bac647d4e2cf2" candidate_term: 1 candidate_status { last_received { term: 0 index: 0 } } ignore_live_leader: false dest_uuid: "4d33e6117dbc4be4b56298370b2eb546"
I20260710 13:17:36.569258  5947 leader_election.cc:304] T 3200b5ec409749098ca848d01a796278 P 0665cf1593994847a90cf439307ce580 [CANDIDATE]: Term 1 pre-election: Election decided. Result: candidate won. Election summary: received 3 responses out of 3 voters: 2 yes votes; 1 no votes. yes voters: 0665cf1593994847a90cf439307ce580, 4d33e6117dbc4be4b56298370b2eb546; no voters: c113481ca52a47b3b45bac647d4e2cf2
I20260710 13:17:36.569697  5904 raft_consensus.cc:3060] T 9444c3fad5414bfaa2975770aa35c670 P 4d33e6117dbc4be4b56298370b2eb546 [term 0 FOLLOWER]: Advancing to term 1
I20260710 13:17:36.571991  6055 tablet_service.cc:1917] Received RequestConsensusVote() RPC: tablet_id: "3200b5ec409749098ca848d01a796278" candidate_uuid: "4d33e6117dbc4be4b56298370b2eb546" candidate_term: 1 candidate_status { last_received { term: 0 index: 0 } } ignore_live_leader: false dest_uuid: "c113481ca52a47b3b45bac647d4e2cf2" is_pre_election: true
I20260710 13:17:36.560125  5981 tablet_service.cc:1917] Received RequestConsensusVote() RPC: tablet_id: "f70a5be324c84cf7afe71e1ffaab64da" candidate_uuid: "c113481ca52a47b3b45bac647d4e2cf2" candidate_term: 1 candidate_status { last_received { term: 0 index: 0 } } ignore_live_leader: false dest_uuid: "0665cf1593994847a90cf439307ce580"
W20260710 13:17:36.575266  6019 leader_election.cc:343] T f70a5be324c84cf7afe71e1ffaab64da P c113481ca52a47b3b45bac647d4e2cf2 [CANDIDATE]: Term 1 election: Tablet error from VoteRequest() call to peer 0665cf1593994847a90cf439307ce580 (127.5.163.2:42431): Illegal state: must be running to vote when last-logged opid is not known
I20260710 13:17:36.575752  6141 raft_consensus.cc:515] T f70a5be324c84cf7afe71e1ffaab64da P 4d33e6117dbc4be4b56298370b2eb546 [term 1 FOLLOWER]: Starting leader election with config: opid_index: -1 OBSOLETE_local: false peers { permanent_uuid: "4d33e6117dbc4be4b56298370b2eb546" member_type: VOTER last_known_addr { host: "127.5.163.1" port: 40707 } } peers { permanent_uuid: "0665cf1593994847a90cf439307ce580" member_type: VOTER last_known_addr { host: "127.5.163.2" port: 42431 } } peers { permanent_uuid: "c113481ca52a47b3b45bac647d4e2cf2" member_type: VOTER last_known_addr { host: "127.5.163.3" port: 41153 } }
W20260710 13:17:36.576593  5870 leader_election.cc:343] T 3200b5ec409749098ca848d01a796278 P 4d33e6117dbc4be4b56298370b2eb546 [CANDIDATE]: Term 1 pre-election: Tablet error from VoteRequest() call to peer c113481ca52a47b3b45bac647d4e2cf2 (127.5.163.3:41153): Illegal state: must be running to vote when last-logged opid is not known
I20260710 13:17:36.576453  5904 raft_consensus.cc:2468] T 9444c3fad5414bfaa2975770aa35c670 P 4d33e6117dbc4be4b56298370b2eb546 [term 1 FOLLOWER]: Leader election vote request: Granting yes vote for candidate c113481ca52a47b3b45bac647d4e2cf2 in term 1.
I20260710 13:17:36.577207  5981 tablet_service.cc:1917] Received RequestConsensusVote() RPC: tablet_id: "3200b5ec409749098ca848d01a796278" candidate_uuid: "4d33e6117dbc4be4b56298370b2eb546" candidate_term: 1 candidate_status { last_received { term: 0 index: 0 } } ignore_live_leader: false dest_uuid: "0665cf1593994847a90cf439307ce580" is_pre_election: true
I20260710 13:17:36.577807  5981 raft_consensus.cc:2468] T 3200b5ec409749098ca848d01a796278 P 0665cf1593994847a90cf439307ce580 [term 0 FOLLOWER]: Leader pre-election vote request: Granting yes vote for candidate 4d33e6117dbc4be4b56298370b2eb546 in term 0.
I20260710 13:17:36.578698  6021 leader_election.cc:304] T 9444c3fad5414bfaa2975770aa35c670 P c113481ca52a47b3b45bac647d4e2cf2 [CANDIDATE]: Term 1 election: Election decided. Result: candidate won. Election summary: received 2 responses out of 3 voters: 2 yes votes; 0 no votes. yes voters: 4d33e6117dbc4be4b56298370b2eb546, c113481ca52a47b3b45bac647d4e2cf2; no voters: 
I20260710 13:17:36.580830  5870 leader_election.cc:304] T 3200b5ec409749098ca848d01a796278 P 4d33e6117dbc4be4b56298370b2eb546 [CANDIDATE]: Term 1 pre-election: Election decided. Result: candidate won. Election summary: received 3 responses out of 3 voters: 2 yes votes; 1 no votes. yes voters: 0665cf1593994847a90cf439307ce580, 4d33e6117dbc4be4b56298370b2eb546; no voters: c113481ca52a47b3b45bac647d4e2cf2
I20260710 13:17:36.581881  6140 raft_consensus.cc:2804] T 3200b5ec409749098ca848d01a796278 P 4d33e6117dbc4be4b56298370b2eb546 [term 0 FOLLOWER]: Leader pre-election won for term 1
I20260710 13:17:36.582237  6140 raft_consensus.cc:493] T 3200b5ec409749098ca848d01a796278 P 4d33e6117dbc4be4b56298370b2eb546 [term 0 FOLLOWER]: Starting leader election (no leader contacted us within the election timeout)
I20260710 13:17:36.582623  6140 raft_consensus.cc:3060] T 3200b5ec409749098ca848d01a796278 P 4d33e6117dbc4be4b56298370b2eb546 [term 0 FOLLOWER]: Advancing to term 1
I20260710 13:17:36.582414  5982 raft_consensus.cc:2468] T 9444c3fad5414bfaa2975770aa35c670 P 0665cf1593994847a90cf439307ce580 [term 1 FOLLOWER]: Leader election vote request: Granting yes vote for candidate c113481ca52a47b3b45bac647d4e2cf2 in term 1.
I20260710 13:17:36.560688  6106 leader_election.cc:290] T f70a5be324c84cf7afe71e1ffaab64da P c113481ca52a47b3b45bac647d4e2cf2 [CANDIDATE]: Term 1 election: Requested vote from peers 4d33e6117dbc4be4b56298370b2eb546 (127.5.163.1:40707), 0665cf1593994847a90cf439307ce580 (127.5.163.2:42431)
I20260710 13:17:36.584959  6106 raft_consensus.cc:2804] T 9444c3fad5414bfaa2975770aa35c670 P c113481ca52a47b3b45bac647d4e2cf2 [term 1 FOLLOWER]: Leader election won for term 1
I20260710 13:17:36.575671  6107 raft_consensus.cc:515] T dfb426e543d04407889d859718b868db P 0665cf1593994847a90cf439307ce580 [term 1 FOLLOWER]: Starting leader election with config: opid_index: -1 OBSOLETE_local: false peers { permanent_uuid: "4d33e6117dbc4be4b56298370b2eb546" member_type: VOTER last_known_addr { host: "127.5.163.1" port: 40707 } } peers { permanent_uuid: "0665cf1593994847a90cf439307ce580" member_type: VOTER last_known_addr { host: "127.5.163.2" port: 42431 } } peers { permanent_uuid: "c113481ca52a47b3b45bac647d4e2cf2" member_type: VOTER last_known_addr { host: "127.5.163.3" port: 41153 } }
I20260710 13:17:36.585423  6106 raft_consensus.cc:697] T 9444c3fad5414bfaa2975770aa35c670 P c113481ca52a47b3b45bac647d4e2cf2 [term 1 LEADER]: Becoming Leader. State: Replica: c113481ca52a47b3b45bac647d4e2cf2, State: Running, Role: LEADER
I20260710 13:17:36.586310  6106 consensus_queue.cc:237] T 9444c3fad5414bfaa2975770aa35c670 P c113481ca52a47b3b45bac647d4e2cf2 [LEADER]: Queue going to LEADER mode. State: All replicated index: 0, Majority replicated index: 0, Committed index: 0, Last appended: 0.0, Last appended by leader: 0, Current term: 1, Majority size: 2, State: 0, Mode: LEADER, active raft config: opid_index: -1 OBSOLETE_local: false peers { permanent_uuid: "4d33e6117dbc4be4b56298370b2eb546" member_type: VOTER last_known_addr { host: "127.5.163.1" port: 40707 } } peers { permanent_uuid: "0665cf1593994847a90cf439307ce580" member_type: VOTER last_known_addr { host: "127.5.163.2" port: 42431 } } peers { permanent_uuid: "c113481ca52a47b3b45bac647d4e2cf2" member_type: VOTER last_known_addr { host: "127.5.163.3" port: 41153 } }
I20260710 13:17:36.588785  5907 raft_consensus.cc:2393] T f70a5be324c84cf7afe71e1ffaab64da P 4d33e6117dbc4be4b56298370b2eb546 [term 1 FOLLOWER]: Leader election vote request: Denying vote to candidate c113481ca52a47b3b45bac647d4e2cf2 in current term 1: Already voted for candidate 4d33e6117dbc4be4b56298370b2eb546 in this term.
I20260710 13:17:36.590529  6101 tablet_bootstrap.cc:492] T 72b03beba2b7401e919ac1095085d903 P 0665cf1593994847a90cf439307ce580: No bootstrap required, opened a new log
I20260710 13:17:36.590989  6101 ts_tablet_manager.cc:1403] T 72b03beba2b7401e919ac1095085d903 P 0665cf1593994847a90cf439307ce580: Time spent bootstrapping tablet: real 0.083s	user 0.006s	sys 0.016s
I20260710 13:17:36.594858  6141 leader_election.cc:290] T f70a5be324c84cf7afe71e1ffaab64da P 4d33e6117dbc4be4b56298370b2eb546 [CANDIDATE]: Term 1 election: Requested vote from peers 0665cf1593994847a90cf439307ce580 (127.5.163.2:42431), c113481ca52a47b3b45bac647d4e2cf2 (127.5.163.3:41153)
I20260710 13:17:36.597034  6055 tablet_service.cc:1917] Received RequestConsensusVote() RPC: tablet_id: "f70a5be324c84cf7afe71e1ffaab64da" candidate_uuid: "4d33e6117dbc4be4b56298370b2eb546" candidate_term: 1 candidate_status { last_received { term: 0 index: 0 } } ignore_live_leader: false dest_uuid: "c113481ca52a47b3b45bac647d4e2cf2"
I20260710 13:17:36.598140  6055 raft_consensus.cc:2393] T f70a5be324c84cf7afe71e1ffaab64da P c113481ca52a47b3b45bac647d4e2cf2 [term 1 FOLLOWER]: Leader election vote request: Denying vote to candidate 4d33e6117dbc4be4b56298370b2eb546 in current term 1: Already voted for candidate c113481ca52a47b3b45bac647d4e2cf2 in this term.
I20260710 13:17:36.601040  5982 tablet_service.cc:1917] Received RequestConsensusVote() RPC: tablet_id: "f70a5be324c84cf7afe71e1ffaab64da" candidate_uuid: "4d33e6117dbc4be4b56298370b2eb546" candidate_term: 1 candidate_status { last_received { term: 0 index: 0 } } ignore_live_leader: false dest_uuid: "0665cf1593994847a90cf439307ce580"
W20260710 13:17:36.602843  5870 leader_election.cc:343] T f70a5be324c84cf7afe71e1ffaab64da P 4d33e6117dbc4be4b56298370b2eb546 [CANDIDATE]: Term 1 election: Tablet error from VoteRequest() call to peer 0665cf1593994847a90cf439307ce580 (127.5.163.2:42431): Illegal state: must be running to vote when last-logged opid is not known
I20260710 13:17:36.603523  5870 leader_election.cc:304] T f70a5be324c84cf7afe71e1ffaab64da P 4d33e6117dbc4be4b56298370b2eb546 [CANDIDATE]: Term 1 election: Election decided. Result: candidate lost. Election summary: received 3 responses out of 3 voters: 1 yes votes; 2 no votes. yes voters: 4d33e6117dbc4be4b56298370b2eb546; no voters: 0665cf1593994847a90cf439307ce580, c113481ca52a47b3b45bac647d4e2cf2
I20260710 13:17:36.604956  6141 raft_consensus.cc:2749] T f70a5be324c84cf7afe71e1ffaab64da P 4d33e6117dbc4be4b56298370b2eb546 [term 1 FOLLOWER]: Leader election lost for term 1. Reason: could not achieve majority
I20260710 13:17:36.591905  6140 raft_consensus.cc:515] T 3200b5ec409749098ca848d01a796278 P 4d33e6117dbc4be4b56298370b2eb546 [term 1 FOLLOWER]: Starting leader election with config: opid_index: -1 OBSOLETE_local: false peers { permanent_uuid: "4d33e6117dbc4be4b56298370b2eb546" member_type: VOTER last_known_addr { host: "127.5.163.1" port: 40707 } } peers { permanent_uuid: "0665cf1593994847a90cf439307ce580" member_type: VOTER last_known_addr { host: "127.5.163.2" port: 42431 } } peers { permanent_uuid: "c113481ca52a47b3b45bac647d4e2cf2" member_type: VOTER last_known_addr { host: "127.5.163.3" port: 41153 } }
I20260710 13:17:36.606938  6100 tablet_bootstrap.cc:654] T dfb426e543d04407889d859718b868db P c113481ca52a47b3b45bac647d4e2cf2: Neither blocks nor log segments found. Creating new log.
I20260710 13:17:36.592366  6107 leader_election.cc:290] T dfb426e543d04407889d859718b868db P 0665cf1593994847a90cf439307ce580 [CANDIDATE]: Term 1 election: Requested vote from peers 4d33e6117dbc4be4b56298370b2eb546 (127.5.163.1:40707), c113481ca52a47b3b45bac647d4e2cf2 (127.5.163.3:41153)
I20260710 13:17:36.609133  6107 raft_consensus.cc:2804] T 3200b5ec409749098ca848d01a796278 P 0665cf1593994847a90cf439307ce580 [term 0 FOLLOWER]: Leader pre-election won for term 1
I20260710 13:17:36.609486  6107 raft_consensus.cc:493] T 3200b5ec409749098ca848d01a796278 P 0665cf1593994847a90cf439307ce580 [term 0 FOLLOWER]: Starting leader election (no leader contacted us within the election timeout)
I20260710 13:17:36.609851  6107 raft_consensus.cc:3060] T 3200b5ec409749098ca848d01a796278 P 0665cf1593994847a90cf439307ce580 [term 0 FOLLOWER]: Advancing to term 1
I20260710 13:17:36.589084  6122 leader_election.cc:290] T 9444c3fad5414bfaa2975770aa35c670 P c113481ca52a47b3b45bac647d4e2cf2 [CANDIDATE]: Term 1 election: Requested vote from peers 4d33e6117dbc4be4b56298370b2eb546 (127.5.163.1:40707), 0665cf1593994847a90cf439307ce580 (127.5.163.2:42431)
I20260710 13:17:36.609591  5982 tablet_service.cc:1917] Received RequestConsensusVote() RPC: tablet_id: "3200b5ec409749098ca848d01a796278" candidate_uuid: "4d33e6117dbc4be4b56298370b2eb546" candidate_term: 1 candidate_status { last_received { term: 0 index: 0 } } ignore_live_leader: false dest_uuid: "0665cf1593994847a90cf439307ce580"
I20260710 13:17:36.607555  6140 leader_election.cc:290] T 3200b5ec409749098ca848d01a796278 P 4d33e6117dbc4be4b56298370b2eb546 [CANDIDATE]: Term 1 election: Requested vote from peers 0665cf1593994847a90cf439307ce580 (127.5.163.2:42431), c113481ca52a47b3b45bac647d4e2cf2 (127.5.163.3:41153)
I20260710 13:17:36.615460  5802 catalog_manager.cc:5697] T c1ffba0f39104763a7e33d5ea35d0fdb P 4d33e6117dbc4be4b56298370b2eb546 reported cstate change: term changed from 0 to 1, leader changed from <none> to 4d33e6117dbc4be4b56298370b2eb546 (127.5.163.1). New cstate: current_term: 1 leader_uuid: "4d33e6117dbc4be4b56298370b2eb546" committed_config { opid_index: -1 OBSOLETE_local: false peers { permanent_uuid: "c113481ca52a47b3b45bac647d4e2cf2" member_type: VOTER last_known_addr { host: "127.5.163.3" port: 41153 } health_report { overall_health: UNKNOWN } } peers { permanent_uuid: "0665cf1593994847a90cf439307ce580" member_type: VOTER last_known_addr { host: "127.5.163.2" port: 42431 } health_report { overall_health: UNKNOWN } } peers { permanent_uuid: "4d33e6117dbc4be4b56298370b2eb546" member_type: VOTER last_known_addr { host: "127.5.163.1" port: 40707 } health_report { overall_health: HEALTHY } } }
I20260710 13:17:36.620625  6056 tablet_service.cc:1917] Received RequestConsensusVote() RPC: tablet_id: "dfb426e543d04407889d859718b868db" candidate_uuid: "0665cf1593994847a90cf439307ce580" candidate_term: 1 candidate_status { last_received { term: 0 index: 0 } } ignore_live_leader: false dest_uuid: "c113481ca52a47b3b45bac647d4e2cf2"
I20260710 13:17:36.622237  6021 leader_election.cc:304] T f70a5be324c84cf7afe71e1ffaab64da P c113481ca52a47b3b45bac647d4e2cf2 [CANDIDATE]: Term 1 election: Election decided. Result: candidate lost. Election summary: received 3 responses out of 3 voters: 1 yes votes; 2 no votes. yes voters: c113481ca52a47b3b45bac647d4e2cf2; no voters: 0665cf1593994847a90cf439307ce580, 4d33e6117dbc4be4b56298370b2eb546
I20260710 13:17:36.623814  6021 leader_election.cc:304] T c1ffba0f39104763a7e33d5ea35d0fdb P c113481ca52a47b3b45bac647d4e2cf2 [CANDIDATE]: Term 1 election: Election decided. Result: candidate lost. Election summary: received 3 responses out of 3 voters: 1 yes votes; 2 no votes. yes voters: c113481ca52a47b3b45bac647d4e2cf2; no voters: 0665cf1593994847a90cf439307ce580, 4d33e6117dbc4be4b56298370b2eb546
I20260710 13:17:36.625382  6122 raft_consensus.cc:2749] T f70a5be324c84cf7afe71e1ffaab64da P c113481ca52a47b3b45bac647d4e2cf2 [term 1 FOLLOWER]: Leader election lost for term 1. Reason: could not achieve majority
W20260710 13:17:36.625427  5945 leader_election.cc:343] T dfb426e543d04407889d859718b868db P 0665cf1593994847a90cf439307ce580 [CANDIDATE]: Term 1 election: Tablet error from VoteRequest() call to peer c113481ca52a47b3b45bac647d4e2cf2 (127.5.163.3:41153): Illegal state: must be running to vote when last-logged opid is not known
I20260710 13:17:36.626034  6122 raft_consensus.cc:2749] T c1ffba0f39104763a7e33d5ea35d0fdb P c113481ca52a47b3b45bac647d4e2cf2 [term 1 FOLLOWER]: Leader election lost for term 1. Reason: could not achieve majority
I20260710 13:17:36.635931  6055 tablet_service.cc:1917] Received RequestConsensusVote() RPC: tablet_id: "3200b5ec409749098ca848d01a796278" candidate_uuid: "4d33e6117dbc4be4b56298370b2eb546" candidate_term: 1 candidate_status { last_received { term: 0 index: 0 } } ignore_live_leader: false dest_uuid: "c113481ca52a47b3b45bac647d4e2cf2"
I20260710 13:17:36.635802  6121 raft_consensus.cc:515] T 8a52c343c0484385833dd5e55f6dd655 P c113481ca52a47b3b45bac647d4e2cf2 [term 1 FOLLOWER]: Starting leader election with config: opid_index: -1 OBSOLETE_local: false peers { permanent_uuid: "4d33e6117dbc4be4b56298370b2eb546" member_type: VOTER last_known_addr { host: "127.5.163.1" port: 40707 } } peers { permanent_uuid: "0665cf1593994847a90cf439307ce580" member_type: VOTER last_known_addr { host: "127.5.163.2" port: 42431 } } peers { permanent_uuid: "c113481ca52a47b3b45bac647d4e2cf2" member_type: VOTER last_known_addr { host: "127.5.163.3" port: 41153 } }
W20260710 13:17:36.646230  5870 leader_election.cc:343] T 3200b5ec409749098ca848d01a796278 P 4d33e6117dbc4be4b56298370b2eb546 [CANDIDATE]: Term 1 election: Tablet error from VoteRequest() call to peer c113481ca52a47b3b45bac647d4e2cf2 (127.5.163.3:41153): Illegal state: must be running to vote when last-logged opid is not known
I20260710 13:17:36.646628  6121 leader_election.cc:290] T 8a52c343c0484385833dd5e55f6dd655 P c113481ca52a47b3b45bac647d4e2cf2 [CANDIDATE]: Term 1 election: Requested vote from peers 4d33e6117dbc4be4b56298370b2eb546 (127.5.163.1:40707), 0665cf1593994847a90cf439307ce580 (127.5.163.2:42431)
I20260710 13:17:36.647291  5906 tablet_service.cc:1917] Received RequestConsensusVote() RPC: tablet_id: "8a52c343c0484385833dd5e55f6dd655" candidate_uuid: "c113481ca52a47b3b45bac647d4e2cf2" candidate_term: 1 candidate_status { last_received { term: 0 index: 0 } } ignore_live_leader: false dest_uuid: "4d33e6117dbc4be4b56298370b2eb546"
W20260710 13:17:36.643810  5947 outbound_call.cc:321] RPC callback for RPC call kudu.consensus.ConsensusService.RequestConsensusVote -> {remote=127.5.163.1:40707, user_credentials={real_user=slave}} blocked reactor thread for 73873.5us
I20260710 13:17:36.647894  5906 raft_consensus.cc:3060] T 8a52c343c0484385833dd5e55f6dd655 P 4d33e6117dbc4be4b56298370b2eb546 [term 0 FOLLOWER]: Advancing to term 1
I20260710 13:17:36.647578  6107 raft_consensus.cc:515] T 3200b5ec409749098ca848d01a796278 P 0665cf1593994847a90cf439307ce580 [term 1 FOLLOWER]: Starting leader election with config: opid_index: -1 OBSOLETE_local: false peers { permanent_uuid: "4d33e6117dbc4be4b56298370b2eb546" member_type: VOTER last_known_addr { host: "127.5.163.1" port: 40707 } } peers { permanent_uuid: "0665cf1593994847a90cf439307ce580" member_type: VOTER last_known_addr { host: "127.5.163.2" port: 42431 } } peers { permanent_uuid: "c113481ca52a47b3b45bac647d4e2cf2" member_type: VOTER last_known_addr { host: "127.5.163.3" port: 41153 } }
I20260710 13:17:36.649089  5982 raft_consensus.cc:2393] T 3200b5ec409749098ca848d01a796278 P 0665cf1593994847a90cf439307ce580 [term 1 FOLLOWER]: Leader election vote request: Denying vote to candidate 4d33e6117dbc4be4b56298370b2eb546 in current term 1: Already voted for candidate 0665cf1593994847a90cf439307ce580 in this term.
I20260710 13:17:36.648977  5981 tablet_service.cc:1917] Received RequestConsensusVote() RPC: tablet_id: "8a52c343c0484385833dd5e55f6dd655" candidate_uuid: "c113481ca52a47b3b45bac647d4e2cf2" candidate_term: 1 candidate_status { last_received { term: 0 index: 0 } } ignore_live_leader: false dest_uuid: "0665cf1593994847a90cf439307ce580"
I20260710 13:17:36.649240  5907 tablet_service.cc:1917] Received RequestConsensusVote() RPC: tablet_id: "dfb426e543d04407889d859718b868db" candidate_uuid: "0665cf1593994847a90cf439307ce580" candidate_term: 1 candidate_status { last_received { term: 0 index: 0 } } ignore_live_leader: false dest_uuid: "4d33e6117dbc4be4b56298370b2eb546"
I20260710 13:17:36.649766  5907 raft_consensus.cc:3060] T dfb426e543d04407889d859718b868db P 4d33e6117dbc4be4b56298370b2eb546 [term 0 FOLLOWER]: Advancing to term 1
I20260710 13:17:36.649998  6107 leader_election.cc:290] T 3200b5ec409749098ca848d01a796278 P 0665cf1593994847a90cf439307ce580 [CANDIDATE]: Term 1 election: Requested vote from peers 4d33e6117dbc4be4b56298370b2eb546 (127.5.163.1:40707), c113481ca52a47b3b45bac647d4e2cf2 (127.5.163.3:41153)
I20260710 13:17:36.653931  6101 raft_consensus.cc:359] T 72b03beba2b7401e919ac1095085d903 P 0665cf1593994847a90cf439307ce580 [term 0 FOLLOWER]: Replica starting. Triggering 0 pending ops. Active config: opid_index: -1 OBSOLETE_local: false peers { permanent_uuid: "4d33e6117dbc4be4b56298370b2eb546" member_type: VOTER last_known_addr { host: "127.5.163.1" port: 40707 } } peers { permanent_uuid: "0665cf1593994847a90cf439307ce580" member_type: VOTER last_known_addr { host: "127.5.163.2" port: 42431 } } peers { permanent_uuid: "c113481ca52a47b3b45bac647d4e2cf2" member_type: VOTER last_known_addr { host: "127.5.163.3" port: 41153 } }
I20260710 13:17:36.654651  6101 raft_consensus.cc:385] T 72b03beba2b7401e919ac1095085d903 P 0665cf1593994847a90cf439307ce580 [term 0 FOLLOWER]: Consensus starting up: Expiring failure detector timer to make a prompt election more likely
I20260710 13:17:36.654932  6101 raft_consensus.cc:740] T 72b03beba2b7401e919ac1095085d903 P 0665cf1593994847a90cf439307ce580 [term 0 FOLLOWER]: Becoming Follower/Learner. State: Replica: 0665cf1593994847a90cf439307ce580, State: Initialized, Role: FOLLOWER
I20260710 13:17:36.655575  6101 consensus_queue.cc:260] T 72b03beba2b7401e919ac1095085d903 P 0665cf1593994847a90cf439307ce580 [NON_LEADER]: Queue going to NON_LEADER mode. State: All replicated index: 0, Majority replicated index: 0, Committed index: 0, Last appended: 0.0, Last appended by leader: 0, Current term: 0, Majority size: -1, State: 0, Mode: NON_LEADER, active raft config: opid_index: -1 OBSOLETE_local: false peers { permanent_uuid: "4d33e6117dbc4be4b56298370b2eb546" member_type: VOTER last_known_addr { host: "127.5.163.1" port: 40707 } } peers { permanent_uuid: "0665cf1593994847a90cf439307ce580" member_type: VOTER last_known_addr { host: "127.5.163.2" port: 42431 } } peers { permanent_uuid: "c113481ca52a47b3b45bac647d4e2cf2" member_type: VOTER last_known_addr { host: "127.5.163.3" port: 41153 } }
W20260710 13:17:36.653146  6019 leader_election.cc:343] T 8a52c343c0484385833dd5e55f6dd655 P c113481ca52a47b3b45bac647d4e2cf2 [CANDIDATE]: Term 1 election: Tablet error from VoteRequest() call to peer 0665cf1593994847a90cf439307ce580 (127.5.163.2:42431): Illegal state: must be running to vote when last-logged opid is not known
I20260710 13:17:36.658443  6121 raft_consensus.cc:493] T 72b03beba2b7401e919ac1095085d903 P c113481ca52a47b3b45bac647d4e2cf2 [term 0 FOLLOWER]: Starting pre-election (no leader contacted us within the election timeout)
I20260710 13:17:36.658720  5870 leader_election.cc:304] T 3200b5ec409749098ca848d01a796278 P 4d33e6117dbc4be4b56298370b2eb546 [CANDIDATE]: Term 1 election: Election decided. Result: candidate lost. Election summary: received 3 responses out of 3 voters: 1 yes votes; 2 no votes. yes voters: 4d33e6117dbc4be4b56298370b2eb546; no voters: 0665cf1593994847a90cf439307ce580, c113481ca52a47b3b45bac647d4e2cf2
I20260710 13:17:36.658867  6121 raft_consensus.cc:515] T 72b03beba2b7401e919ac1095085d903 P c113481ca52a47b3b45bac647d4e2cf2 [term 0 FOLLOWER]: Starting pre-election with config: opid_index: -1 OBSOLETE_local: false peers { permanent_uuid: "4d33e6117dbc4be4b56298370b2eb546" member_type: VOTER last_known_addr { host: "127.5.163.1" port: 40707 } } peers { permanent_uuid: "0665cf1593994847a90cf439307ce580" member_type: VOTER last_known_addr { host: "127.5.163.2" port: 42431 } } peers { permanent_uuid: "c113481ca52a47b3b45bac647d4e2cf2" member_type: VOTER last_known_addr { host: "127.5.163.3" port: 41153 } }
I20260710 13:17:36.659515  6140 raft_consensus.cc:2749] T 3200b5ec409749098ca848d01a796278 P 4d33e6117dbc4be4b56298370b2eb546 [term 1 FOLLOWER]: Leader election lost for term 1. Reason: could not achieve majority
I20260710 13:17:36.660706  6101 ts_tablet_manager.cc:1434] T 72b03beba2b7401e919ac1095085d903 P 0665cf1593994847a90cf439307ce580: Time spent starting tablet: real 0.069s	user 0.005s	sys 0.004s
I20260710 13:17:36.661660  6101 tablet_bootstrap.cc:492] T 8a52c343c0484385833dd5e55f6dd655 P 0665cf1593994847a90cf439307ce580: Bootstrap starting.
I20260710 13:17:36.661964  5982 tablet_service.cc:1917] Received RequestConsensusVote() RPC: tablet_id: "72b03beba2b7401e919ac1095085d903" candidate_uuid: "c113481ca52a47b3b45bac647d4e2cf2" candidate_term: 1 candidate_status { last_received { term: 0 index: 0 } } ignore_live_leader: false dest_uuid: "0665cf1593994847a90cf439307ce580" is_pre_election: true
I20260710 13:17:36.662590  5982 raft_consensus.cc:2468] T 72b03beba2b7401e919ac1095085d903 P 0665cf1593994847a90cf439307ce580 [term 0 FOLLOWER]: Leader pre-election vote request: Granting yes vote for candidate c113481ca52a47b3b45bac647d4e2cf2 in term 0.
I20260710 13:17:36.663913  6019 leader_election.cc:304] T 72b03beba2b7401e919ac1095085d903 P c113481ca52a47b3b45bac647d4e2cf2 [CANDIDATE]: Term 1 pre-election: Election decided. Result: candidate won. Election summary: received 2 responses out of 3 voters: 2 yes votes; 0 no votes. yes voters: 0665cf1593994847a90cf439307ce580, c113481ca52a47b3b45bac647d4e2cf2; no voters: 
I20260710 13:17:36.664981  6147 raft_consensus.cc:2804] T 72b03beba2b7401e919ac1095085d903 P c113481ca52a47b3b45bac647d4e2cf2 [term 0 FOLLOWER]: Leader pre-election won for term 1
I20260710 13:17:36.665375  6147 raft_consensus.cc:493] T 72b03beba2b7401e919ac1095085d903 P c113481ca52a47b3b45bac647d4e2cf2 [term 0 FOLLOWER]: Starting leader election (no leader contacted us within the election timeout)
I20260710 13:17:36.665701  6147 raft_consensus.cc:3060] T 72b03beba2b7401e919ac1095085d903 P c113481ca52a47b3b45bac647d4e2cf2 [term 0 FOLLOWER]: Advancing to term 1
I20260710 13:17:36.665848  5904 tablet_service.cc:1917] Received RequestConsensusVote() RPC: tablet_id: "3200b5ec409749098ca848d01a796278" candidate_uuid: "0665cf1593994847a90cf439307ce580" candidate_term: 1 candidate_status { last_received { term: 0 index: 0 } } ignore_live_leader: false dest_uuid: "4d33e6117dbc4be4b56298370b2eb546"
I20260710 13:17:36.664722  6121 leader_election.cc:290] T 72b03beba2b7401e919ac1095085d903 P c113481ca52a47b3b45bac647d4e2cf2 [CANDIDATE]: Term 1 pre-election: Requested pre-vote from peers 4d33e6117dbc4be4b56298370b2eb546 (127.5.163.1:40707), 0665cf1593994847a90cf439307ce580 (127.5.163.2:42431)
I20260710 13:17:36.667886  6099 tablet_bootstrap.cc:492] T c2e82be530b448f6ba68937c89dd51dd P 4d33e6117dbc4be4b56298370b2eb546: No bootstrap required, opened a new log
I20260710 13:17:36.667934  5904 raft_consensus.cc:2393] T 3200b5ec409749098ca848d01a796278 P 4d33e6117dbc4be4b56298370b2eb546 [term 1 FOLLOWER]: Leader election vote request: Denying vote to candidate 0665cf1593994847a90cf439307ce580 in current term 1: Already voted for candidate 4d33e6117dbc4be4b56298370b2eb546 in this term.
I20260710 13:17:36.668435  6099 ts_tablet_manager.cc:1403] T c2e82be530b448f6ba68937c89dd51dd P 4d33e6117dbc4be4b56298370b2eb546: Time spent bootstrapping tablet: real 0.134s	user 0.030s	sys 0.038s
I20260710 13:17:36.673378  5904 tablet_service.cc:1917] Received RequestConsensusVote() RPC: tablet_id: "72b03beba2b7401e919ac1095085d903" candidate_uuid: "c113481ca52a47b3b45bac647d4e2cf2" candidate_term: 1 candidate_status { last_received { term: 0 index: 0 } } ignore_live_leader: false dest_uuid: "4d33e6117dbc4be4b56298370b2eb546" is_pre_election: true
I20260710 13:17:36.673775  5907 raft_consensus.cc:2468] T dfb426e543d04407889d859718b868db P 4d33e6117dbc4be4b56298370b2eb546 [term 1 FOLLOWER]: Leader election vote request: Granting yes vote for candidate 0665cf1593994847a90cf439307ce580 in term 1.
I20260710 13:17:36.674021  5904 raft_consensus.cc:2468] T 72b03beba2b7401e919ac1095085d903 P 4d33e6117dbc4be4b56298370b2eb546 [term 0 FOLLOWER]: Leader pre-election vote request: Granting yes vote for candidate c113481ca52a47b3b45bac647d4e2cf2 in term 0.
I20260710 13:17:36.674861  5906 raft_consensus.cc:2468] T 8a52c343c0484385833dd5e55f6dd655 P 4d33e6117dbc4be4b56298370b2eb546 [term 1 FOLLOWER]: Leader election vote request: Granting yes vote for candidate c113481ca52a47b3b45bac647d4e2cf2 in term 1.
I20260710 13:17:36.675864  5947 leader_election.cc:304] T dfb426e543d04407889d859718b868db P 0665cf1593994847a90cf439307ce580 [CANDIDATE]: Term 1 election: Election decided. Result: candidate won. Election summary: received 3 responses out of 3 voters: 2 yes votes; 1 no votes. yes voters: 0665cf1593994847a90cf439307ce580, 4d33e6117dbc4be4b56298370b2eb546; no voters: c113481ca52a47b3b45bac647d4e2cf2
I20260710 13:17:36.676817  6107 raft_consensus.cc:2804] T dfb426e543d04407889d859718b868db P 0665cf1593994847a90cf439307ce580 [term 1 FOLLOWER]: Leader election won for term 1
I20260710 13:17:36.677280  6107 raft_consensus.cc:697] T dfb426e543d04407889d859718b868db P 0665cf1593994847a90cf439307ce580 [term 1 LEADER]: Becoming Leader. State: Replica: 0665cf1593994847a90cf439307ce580, State: Running, Role: LEADER
I20260710 13:17:36.677986  5804 catalog_manager.cc:5697] T 9444c3fad5414bfaa2975770aa35c670 P c113481ca52a47b3b45bac647d4e2cf2 reported cstate change: term changed from 0 to 1, leader changed from <none> to c113481ca52a47b3b45bac647d4e2cf2 (127.5.163.3). New cstate: current_term: 1 leader_uuid: "c113481ca52a47b3b45bac647d4e2cf2" committed_config { opid_index: -1 OBSOLETE_local: false peers { permanent_uuid: "4d33e6117dbc4be4b56298370b2eb546" member_type: VOTER last_known_addr { host: "127.5.163.1" port: 40707 } health_report { overall_health: UNKNOWN } } peers { permanent_uuid: "0665cf1593994847a90cf439307ce580" member_type: VOTER last_known_addr { host: "127.5.163.2" port: 42431 } health_report { overall_health: UNKNOWN } } peers { permanent_uuid: "c113481ca52a47b3b45bac647d4e2cf2" member_type: VOTER last_known_addr { host: "127.5.163.3" port: 41153 } health_report { overall_health: HEALTHY } } }
I20260710 13:17:36.681351  6055 tablet_service.cc:1917] Received RequestConsensusVote() RPC: tablet_id: "3200b5ec409749098ca848d01a796278" candidate_uuid: "0665cf1593994847a90cf439307ce580" candidate_term: 1 candidate_status { last_received { term: 0 index: 0 } } ignore_live_leader: false dest_uuid: "c113481ca52a47b3b45bac647d4e2cf2"
I20260710 13:17:36.681282  6107 consensus_queue.cc:237] T dfb426e543d04407889d859718b868db P 0665cf1593994847a90cf439307ce580 [LEADER]: Queue going to LEADER mode. State: All replicated index: 0, Majority replicated index: 0, Committed index: 0, Last appended: 0.0, Last appended by leader: 0, Current term: 1, Majority size: 2, State: 0, Mode: LEADER, active raft config: opid_index: -1 OBSOLETE_local: false peers { permanent_uuid: "4d33e6117dbc4be4b56298370b2eb546" member_type: VOTER last_known_addr { host: "127.5.163.1" port: 40707 } } peers { permanent_uuid: "0665cf1593994847a90cf439307ce580" member_type: VOTER last_known_addr { host: "127.5.163.2" port: 42431 } } peers { permanent_uuid: "c113481ca52a47b3b45bac647d4e2cf2" member_type: VOTER last_known_addr { host: "127.5.163.3" port: 41153 } }
W20260710 13:17:36.683571  5945 leader_election.cc:343] T 3200b5ec409749098ca848d01a796278 P 0665cf1593994847a90cf439307ce580 [CANDIDATE]: Term 1 election: Tablet error from VoteRequest() call to peer c113481ca52a47b3b45bac647d4e2cf2 (127.5.163.3:41153): Illegal state: must be running to vote when last-logged opid is not known
I20260710 13:17:36.684072  5945 leader_election.cc:304] T 3200b5ec409749098ca848d01a796278 P 0665cf1593994847a90cf439307ce580 [CANDIDATE]: Term 1 election: Election decided. Result: candidate lost. Election summary: received 3 responses out of 3 voters: 1 yes votes; 2 no votes. yes voters: 0665cf1593994847a90cf439307ce580; no voters: 4d33e6117dbc4be4b56298370b2eb546, c113481ca52a47b3b45bac647d4e2cf2
I20260710 13:17:36.687199  6146 raft_consensus.cc:2749] T 3200b5ec409749098ca848d01a796278 P 0665cf1593994847a90cf439307ce580 [term 1 FOLLOWER]: Leader election lost for term 1. Reason: could not achieve majority
I20260710 13:17:36.680387  6147 raft_consensus.cc:515] T 72b03beba2b7401e919ac1095085d903 P c113481ca52a47b3b45bac647d4e2cf2 [term 1 FOLLOWER]: Starting leader election with config: opid_index: -1 OBSOLETE_local: false peers { permanent_uuid: "4d33e6117dbc4be4b56298370b2eb546" member_type: VOTER last_known_addr { host: "127.5.163.1" port: 40707 } } peers { permanent_uuid: "0665cf1593994847a90cf439307ce580" member_type: VOTER last_known_addr { host: "127.5.163.2" port: 42431 } } peers { permanent_uuid: "c113481ca52a47b3b45bac647d4e2cf2" member_type: VOTER last_known_addr { host: "127.5.163.3" port: 41153 } }
I20260710 13:17:36.692351  6101 tablet_bootstrap.cc:654] T 8a52c343c0484385833dd5e55f6dd655 P 0665cf1593994847a90cf439307ce580: Neither blocks nor log segments found. Creating new log.
I20260710 13:17:36.694243  6021 leader_election.cc:304] T 8a52c343c0484385833dd5e55f6dd655 P c113481ca52a47b3b45bac647d4e2cf2 [CANDIDATE]: Term 1 election: Election decided. Result: candidate won. Election summary: received 3 responses out of 3 voters: 2 yes votes; 1 no votes. yes voters: 4d33e6117dbc4be4b56298370b2eb546, c113481ca52a47b3b45bac647d4e2cf2; no voters: 0665cf1593994847a90cf439307ce580
I20260710 13:17:36.694891  6100 tablet_bootstrap.cc:492] T dfb426e543d04407889d859718b868db P c113481ca52a47b3b45bac647d4e2cf2: No bootstrap required, opened a new log
I20260710 13:17:36.695410  6100 ts_tablet_manager.cc:1403] T dfb426e543d04407889d859718b868db P c113481ca52a47b3b45bac647d4e2cf2: Time spent bootstrapping tablet: real 0.186s	user 0.011s	sys 0.017s
I20260710 13:17:36.696979  6099 raft_consensus.cc:359] T c2e82be530b448f6ba68937c89dd51dd P 4d33e6117dbc4be4b56298370b2eb546 [term 0 FOLLOWER]: Replica starting. Triggering 0 pending ops. Active config: opid_index: -1 OBSOLETE_local: false peers { permanent_uuid: "4d33e6117dbc4be4b56298370b2eb546" member_type: VOTER last_known_addr { host: "127.5.163.1" port: 40707 } } peers { permanent_uuid: "0665cf1593994847a90cf439307ce580" member_type: VOTER last_known_addr { host: "127.5.163.2" port: 42431 } } peers { permanent_uuid: "c113481ca52a47b3b45bac647d4e2cf2" member_type: VOTER last_known_addr { host: "127.5.163.3" port: 41153 } }
I20260710 13:17:36.697618  6099 raft_consensus.cc:385] T c2e82be530b448f6ba68937c89dd51dd P 4d33e6117dbc4be4b56298370b2eb546 [term 0 FOLLOWER]: Consensus starting up: Expiring failure detector timer to make a prompt election more likely
I20260710 13:17:36.697888  6099 raft_consensus.cc:740] T c2e82be530b448f6ba68937c89dd51dd P 4d33e6117dbc4be4b56298370b2eb546 [term 0 FOLLOWER]: Becoming Follower/Learner. State: Replica: 4d33e6117dbc4be4b56298370b2eb546, State: Initialized, Role: FOLLOWER
I20260710 13:17:36.697996  6106 raft_consensus.cc:2804] T 8a52c343c0484385833dd5e55f6dd655 P c113481ca52a47b3b45bac647d4e2cf2 [term 1 FOLLOWER]: Leader election won for term 1
I20260710 13:17:36.698513  6106 raft_consensus.cc:697] T 8a52c343c0484385833dd5e55f6dd655 P c113481ca52a47b3b45bac647d4e2cf2 [term 1 LEADER]: Becoming Leader. State: Replica: c113481ca52a47b3b45bac647d4e2cf2, State: Running, Role: LEADER
I20260710 13:17:36.699396  6106 consensus_queue.cc:237] T 8a52c343c0484385833dd5e55f6dd655 P c113481ca52a47b3b45bac647d4e2cf2 [LEADER]: Queue going to LEADER mode. State: All replicated index: 0, Majority replicated index: 0, Committed index: 0, Last appended: 0.0, Last appended by leader: 0, Current term: 1, Majority size: 2, State: 0, Mode: LEADER, active raft config: opid_index: -1 OBSOLETE_local: false peers { permanent_uuid: "4d33e6117dbc4be4b56298370b2eb546" member_type: VOTER last_known_addr { host: "127.5.163.1" port: 40707 } } peers { permanent_uuid: "0665cf1593994847a90cf439307ce580" member_type: VOTER last_known_addr { host: "127.5.163.2" port: 42431 } } peers { permanent_uuid: "c113481ca52a47b3b45bac647d4e2cf2" member_type: VOTER last_known_addr { host: "127.5.163.3" port: 41153 } }
I20260710 13:17:36.701655  6100 raft_consensus.cc:359] T dfb426e543d04407889d859718b868db P c113481ca52a47b3b45bac647d4e2cf2 [term 0 FOLLOWER]: Replica starting. Triggering 0 pending ops. Active config: opid_index: -1 OBSOLETE_local: false peers { permanent_uuid: "4d33e6117dbc4be4b56298370b2eb546" member_type: VOTER last_known_addr { host: "127.5.163.1" port: 40707 } } peers { permanent_uuid: "0665cf1593994847a90cf439307ce580" member_type: VOTER last_known_addr { host: "127.5.163.2" port: 42431 } } peers { permanent_uuid: "c113481ca52a47b3b45bac647d4e2cf2" member_type: VOTER last_known_addr { host: "127.5.163.3" port: 41153 } }
I20260710 13:17:36.702302  6100 raft_consensus.cc:385] T dfb426e543d04407889d859718b868db P c113481ca52a47b3b45bac647d4e2cf2 [term 0 FOLLOWER]: Consensus starting up: Expiring failure detector timer to make a prompt election more likely
I20260710 13:17:36.703058  6100 raft_consensus.cc:740] T dfb426e543d04407889d859718b868db P c113481ca52a47b3b45bac647d4e2cf2 [term 0 FOLLOWER]: Becoming Follower/Learner. State: Replica: c113481ca52a47b3b45bac647d4e2cf2, State: Initialized, Role: FOLLOWER
I20260710 13:17:36.705425  6147 leader_election.cc:290] T 72b03beba2b7401e919ac1095085d903 P c113481ca52a47b3b45bac647d4e2cf2 [CANDIDATE]: Term 1 election: Requested vote from peers 4d33e6117dbc4be4b56298370b2eb546 (127.5.163.1:40707), 0665cf1593994847a90cf439307ce580 (127.5.163.2:42431)
I20260710 13:17:36.698591  6099 consensus_queue.cc:260] T c2e82be530b448f6ba68937c89dd51dd P 4d33e6117dbc4be4b56298370b2eb546 [NON_LEADER]: Queue going to NON_LEADER mode. State: All replicated index: 0, Majority replicated index: 0, Committed index: 0, Last appended: 0.0, Last appended by leader: 0, Current term: 0, Majority size: -1, State: 0, Mode: NON_LEADER, active raft config: opid_index: -1 OBSOLETE_local: false peers { permanent_uuid: "4d33e6117dbc4be4b56298370b2eb546" member_type: VOTER last_known_addr { host: "127.5.163.1" port: 40707 } } peers { permanent_uuid: "0665cf1593994847a90cf439307ce580" member_type: VOTER last_known_addr { host: "127.5.163.2" port: 42431 } } peers { permanent_uuid: "c113481ca52a47b3b45bac647d4e2cf2" member_type: VOTER last_known_addr { host: "127.5.163.3" port: 41153 } }
I20260710 13:17:36.705971  6147 consensus_queue.cc:1048] T c2e82be530b448f6ba68937c89dd51dd P c113481ca52a47b3b45bac647d4e2cf2 [LEADER]: Connected to new peer: Peer: permanent_uuid: "0665cf1593994847a90cf439307ce580" member_type: VOTER last_known_addr { host: "127.5.163.2" port: 42431 }, Status: LMP_MISMATCH, Last received: 0.0, Next index: 1, Last known committed idx: 0, Time since last communication: 0.000s
I20260710 13:17:36.706653  5982 tablet_service.cc:1917] Received RequestConsensusVote() RPC: tablet_id: "72b03beba2b7401e919ac1095085d903" candidate_uuid: "c113481ca52a47b3b45bac647d4e2cf2" candidate_term: 1 candidate_status { last_received { term: 0 index: 0 } } ignore_live_leader: false dest_uuid: "0665cf1593994847a90cf439307ce580"
I20260710 13:17:36.707110  5982 raft_consensus.cc:3060] T 72b03beba2b7401e919ac1095085d903 P 0665cf1593994847a90cf439307ce580 [term 0 FOLLOWER]: Advancing to term 1
I20260710 13:17:36.713909  6100 consensus_queue.cc:260] T dfb426e543d04407889d859718b868db P c113481ca52a47b3b45bac647d4e2cf2 [NON_LEADER]: Queue going to NON_LEADER mode. State: All replicated index: 0, Majority replicated index: 0, Committed index: 0, Last appended: 0.0, Last appended by leader: 0, Current term: 0, Majority size: -1, State: 0, Mode: NON_LEADER, active raft config: opid_index: -1 OBSOLETE_local: false peers { permanent_uuid: "4d33e6117dbc4be4b56298370b2eb546" member_type: VOTER last_known_addr { host: "127.5.163.1" port: 40707 } } peers { permanent_uuid: "0665cf1593994847a90cf439307ce580" member_type: VOTER last_known_addr { host: "127.5.163.2" port: 42431 } } peers { permanent_uuid: "c113481ca52a47b3b45bac647d4e2cf2" member_type: VOTER last_known_addr { host: "127.5.163.3" port: 41153 } }
I20260710 13:17:36.714469  6099 ts_tablet_manager.cc:1434] T c2e82be530b448f6ba68937c89dd51dd P 4d33e6117dbc4be4b56298370b2eb546: Time spent starting tablet: real 0.046s	user 0.006s	sys 0.000s
I20260710 13:17:36.716035  6100 ts_tablet_manager.cc:1434] T dfb426e543d04407889d859718b868db P c113481ca52a47b3b45bac647d4e2cf2: Time spent starting tablet: real 0.020s	user 0.003s	sys 0.004s
I20260710 13:17:36.717058  6100 tablet_bootstrap.cc:492] T 3200b5ec409749098ca848d01a796278 P c113481ca52a47b3b45bac647d4e2cf2: Bootstrap starting.
I20260710 13:17:36.719220  5907 tablet_service.cc:1917] Received RequestConsensusVote() RPC: tablet_id: "72b03beba2b7401e919ac1095085d903" candidate_uuid: "c113481ca52a47b3b45bac647d4e2cf2" candidate_term: 1 candidate_status { last_received { term: 0 index: 0 } } ignore_live_leader: false dest_uuid: "4d33e6117dbc4be4b56298370b2eb546"
I20260710 13:17:36.719794  5907 raft_consensus.cc:3060] T 72b03beba2b7401e919ac1095085d903 P 4d33e6117dbc4be4b56298370b2eb546 [term 0 FOLLOWER]: Advancing to term 1
I20260710 13:17:36.721751  6101 tablet_bootstrap.cc:492] T 8a52c343c0484385833dd5e55f6dd655 P 0665cf1593994847a90cf439307ce580: No bootstrap required, opened a new log
I20260710 13:17:36.722234  6101 ts_tablet_manager.cc:1403] T 8a52c343c0484385833dd5e55f6dd655 P 0665cf1593994847a90cf439307ce580: Time spent bootstrapping tablet: real 0.061s	user 0.010s	sys 0.002s
I20260710 13:17:36.729820  6101 raft_consensus.cc:359] T 8a52c343c0484385833dd5e55f6dd655 P 0665cf1593994847a90cf439307ce580 [term 0 FOLLOWER]: Replica starting. Triggering 0 pending ops. Active config: opid_index: -1 OBSOLETE_local: false peers { permanent_uuid: "4d33e6117dbc4be4b56298370b2eb546" member_type: VOTER last_known_addr { host: "127.5.163.1" port: 40707 } } peers { permanent_uuid: "0665cf1593994847a90cf439307ce580" member_type: VOTER last_known_addr { host: "127.5.163.2" port: 42431 } } peers { permanent_uuid: "c113481ca52a47b3b45bac647d4e2cf2" member_type: VOTER last_known_addr { host: "127.5.163.3" port: 41153 } }
I20260710 13:17:36.731418  6101 raft_consensus.cc:385] T 8a52c343c0484385833dd5e55f6dd655 P 0665cf1593994847a90cf439307ce580 [term 0 FOLLOWER]: Consensus starting up: Expiring failure detector timer to make a prompt election more likely
I20260710 13:17:36.731760  6101 raft_consensus.cc:740] T 8a52c343c0484385833dd5e55f6dd655 P 0665cf1593994847a90cf439307ce580 [term 0 FOLLOWER]: Becoming Follower/Learner. State: Replica: 0665cf1593994847a90cf439307ce580, State: Initialized, Role: FOLLOWER
I20260710 13:17:36.732427  6101 consensus_queue.cc:260] T 8a52c343c0484385833dd5e55f6dd655 P 0665cf1593994847a90cf439307ce580 [NON_LEADER]: Queue going to NON_LEADER mode. State: All replicated index: 0, Majority replicated index: 0, Committed index: 0, Last appended: 0.0, Last appended by leader: 0, Current term: 0, Majority size: -1, State: 0, Mode: NON_LEADER, active raft config: opid_index: -1 OBSOLETE_local: false peers { permanent_uuid: "4d33e6117dbc4be4b56298370b2eb546" member_type: VOTER last_known_addr { host: "127.5.163.1" port: 40707 } } peers { permanent_uuid: "0665cf1593994847a90cf439307ce580" member_type: VOTER last_known_addr { host: "127.5.163.2" port: 42431 } } peers { permanent_uuid: "c113481ca52a47b3b45bac647d4e2cf2" member_type: VOTER last_known_addr { host: "127.5.163.3" port: 41153 } }
I20260710 13:17:36.737327  6100 tablet_bootstrap.cc:654] T 3200b5ec409749098ca848d01a796278 P c113481ca52a47b3b45bac647d4e2cf2: Neither blocks nor log segments found. Creating new log.
I20260710 13:17:36.737697  6101 ts_tablet_manager.cc:1434] T 8a52c343c0484385833dd5e55f6dd655 P 0665cf1593994847a90cf439307ce580: Time spent starting tablet: real 0.015s	user 0.005s	sys 0.000s
I20260710 13:17:36.739133  6101 tablet_bootstrap.cc:492] T f70a5be324c84cf7afe71e1ffaab64da P 0665cf1593994847a90cf439307ce580: Bootstrap starting.
I20260710 13:17:36.746927  5982 raft_consensus.cc:2468] T 72b03beba2b7401e919ac1095085d903 P 0665cf1593994847a90cf439307ce580 [term 1 FOLLOWER]: Leader election vote request: Granting yes vote for candidate c113481ca52a47b3b45bac647d4e2cf2 in term 1.
I20260710 13:17:36.748512  6019 leader_election.cc:304] T 72b03beba2b7401e919ac1095085d903 P c113481ca52a47b3b45bac647d4e2cf2 [CANDIDATE]: Term 1 election: Election decided. Result: candidate won. Election summary: received 2 responses out of 3 voters: 2 yes votes; 0 no votes. yes voters: 0665cf1593994847a90cf439307ce580, c113481ca52a47b3b45bac647d4e2cf2; no voters: 
I20260710 13:17:36.734297  5907 raft_consensus.cc:2468] T 72b03beba2b7401e919ac1095085d903 P 4d33e6117dbc4be4b56298370b2eb546 [term 1 FOLLOWER]: Leader election vote request: Granting yes vote for candidate c113481ca52a47b3b45bac647d4e2cf2 in term 1.
I20260710 13:17:36.751451  6121 raft_consensus.cc:2804] T 72b03beba2b7401e919ac1095085d903 P c113481ca52a47b3b45bac647d4e2cf2 [term 1 FOLLOWER]: Leader election won for term 1
I20260710 13:17:36.753118  6121 raft_consensus.cc:697] T 72b03beba2b7401e919ac1095085d903 P c113481ca52a47b3b45bac647d4e2cf2 [term 1 LEADER]: Becoming Leader. State: Replica: c113481ca52a47b3b45bac647d4e2cf2, State: Running, Role: LEADER
I20260710 13:17:36.753926  6121 consensus_queue.cc:237] T 72b03beba2b7401e919ac1095085d903 P c113481ca52a47b3b45bac647d4e2cf2 [LEADER]: Queue going to LEADER mode. State: All replicated index: 0, Majority replicated index: 0, Committed index: 0, Last appended: 0.0, Last appended by leader: 0, Current term: 1, Majority size: 2, State: 0, Mode: LEADER, active raft config: opid_index: -1 OBSOLETE_local: false peers { permanent_uuid: "4d33e6117dbc4be4b56298370b2eb546" member_type: VOTER last_known_addr { host: "127.5.163.1" port: 40707 } } peers { permanent_uuid: "0665cf1593994847a90cf439307ce580" member_type: VOTER last_known_addr { host: "127.5.163.2" port: 42431 } } peers { permanent_uuid: "c113481ca52a47b3b45bac647d4e2cf2" member_type: VOTER last_known_addr { host: "127.5.163.3" port: 41153 } }
I20260710 13:17:36.754245  5802 catalog_manager.cc:5697] T dfb426e543d04407889d859718b868db P 0665cf1593994847a90cf439307ce580 reported cstate change: term changed from 0 to 1, leader changed from <none> to 0665cf1593994847a90cf439307ce580 (127.5.163.2). New cstate: current_term: 1 leader_uuid: "0665cf1593994847a90cf439307ce580" committed_config { opid_index: -1 OBSOLETE_local: false peers { permanent_uuid: "4d33e6117dbc4be4b56298370b2eb546" member_type: VOTER last_known_addr { host: "127.5.163.1" port: 40707 } health_report { overall_health: UNKNOWN } } peers { permanent_uuid: "0665cf1593994847a90cf439307ce580" member_type: VOTER last_known_addr { host: "127.5.163.2" port: 42431 } health_report { overall_health: HEALTHY } } peers { permanent_uuid: "c113481ca52a47b3b45bac647d4e2cf2" member_type: VOTER last_known_addr { host: "127.5.163.3" port: 41153 } health_report { overall_health: UNKNOWN } } }
I20260710 13:17:36.753899  5907 raft_consensus.cc:3060] T c2e82be530b448f6ba68937c89dd51dd P 4d33e6117dbc4be4b56298370b2eb546 [term 0 FOLLOWER]: Advancing to term 1
I20260710 13:17:36.762138  6101 tablet_bootstrap.cc:654] T f70a5be324c84cf7afe71e1ffaab64da P 0665cf1593994847a90cf439307ce580: Neither blocks nor log segments found. Creating new log.
I20260710 13:17:36.756162  5803 catalog_manager.cc:5697] T 8a52c343c0484385833dd5e55f6dd655 P c113481ca52a47b3b45bac647d4e2cf2 reported cstate change: term changed from 0 to 1, leader changed from <none> to c113481ca52a47b3b45bac647d4e2cf2 (127.5.163.3). New cstate: current_term: 1 leader_uuid: "c113481ca52a47b3b45bac647d4e2cf2" committed_config { opid_index: -1 OBSOLETE_local: false peers { permanent_uuid: "4d33e6117dbc4be4b56298370b2eb546" member_type: VOTER last_known_addr { host: "127.5.163.1" port: 40707 } health_report { overall_health: UNKNOWN } } peers { permanent_uuid: "0665cf1593994847a90cf439307ce580" member_type: VOTER last_known_addr { host: "127.5.163.2" port: 42431 } health_report { overall_health: UNKNOWN } } peers { permanent_uuid: "c113481ca52a47b3b45bac647d4e2cf2" member_type: VOTER last_known_addr { host: "127.5.163.3" port: 41153 } health_report { overall_health: HEALTHY } } }
I20260710 13:17:36.775808  6157 consensus_queue.cc:1048] T c2e82be530b448f6ba68937c89dd51dd P c113481ca52a47b3b45bac647d4e2cf2 [LEADER]: Connected to new peer: Peer: permanent_uuid: "4d33e6117dbc4be4b56298370b2eb546" member_type: VOTER last_known_addr { host: "127.5.163.1" port: 40707 }, Status: LMP_MISMATCH, Last received: 0.0, Next index: 1, Last known committed idx: 0, Time since last communication: 0.001s
I20260710 13:17:36.779570  6101 tablet_bootstrap.cc:492] T f70a5be324c84cf7afe71e1ffaab64da P 0665cf1593994847a90cf439307ce580: No bootstrap required, opened a new log
I20260710 13:17:36.780017  6101 ts_tablet_manager.cc:1403] T f70a5be324c84cf7afe71e1ffaab64da P 0665cf1593994847a90cf439307ce580: Time spent bootstrapping tablet: real 0.041s	user 0.009s	sys 0.004s
I20260710 13:17:36.781286  6100 tablet_bootstrap.cc:492] T 3200b5ec409749098ca848d01a796278 P c113481ca52a47b3b45bac647d4e2cf2: No bootstrap required, opened a new log
I20260710 13:17:36.781708  6100 ts_tablet_manager.cc:1403] T 3200b5ec409749098ca848d01a796278 P c113481ca52a47b3b45bac647d4e2cf2: Time spent bootstrapping tablet: real 0.065s	user 0.013s	sys 0.009s
I20260710 13:17:36.782948  6140 raft_consensus.cc:493] T fb2ee05b0dae44e29b9903da0f3dd6af P 4d33e6117dbc4be4b56298370b2eb546 [term 0 FOLLOWER]: Starting pre-election (no leader contacted us within the election timeout)
