I20260710 13:18:21.247987  6996 leader_election.cc:290] T 3a73a8072dbd442e8833df9e7d8404e3 P 86f5798c7c4c470da27c9e2f023475ca [CANDIDATE]: Term 2 election: Requested vote from peers 3243662c920d4b2e9bd3fc36e6d931f1 (127.5.160.129:46491), e2f1220343114791b686b14e4ccd8501 (127.5.160.131:36707)
I20260710 13:18:21.248840  6920 tablet_service.cc:1917] Received RequestConsensusVote() RPC: tablet_id: "3a73a8072dbd442e8833df9e7d8404e3" candidate_uuid: "86f5798c7c4c470da27c9e2f023475ca" candidate_term: 2 candidate_status { last_received { term: 1 index: 1 } } ignore_live_leader: true dest_uuid: "3243662c920d4b2e9bd3fc36e6d931f1"
I20260710 13:18:21.249621  6920 raft_consensus.cc:3055] T 3a73a8072dbd442e8833df9e7d8404e3 P 3243662c920d4b2e9bd3fc36e6d931f1 [term 1 LEADER]: Stepping down as leader of term 1
I20260710 13:18:21.249568  6919 tablet_service.cc:2072] Received LeaderStepDown RPC: tablet_id: "fab79b16822b40869ad5676e18e780da"
dest_uuid: "3243662c920d4b2e9bd3fc36e6d931f1"
mode: GRACEFUL
new_leader_uuid: "1bc1cf77ced2434e809db84a382027b4"
 from {username='slave'} at 127.0.0.1:42580
I20260710 13:18:21.250044  6920 raft_consensus.cc:740] T 3a73a8072dbd442e8833df9e7d8404e3 P 3243662c920d4b2e9bd3fc36e6d931f1 [term 1 LEADER]: Becoming Follower/Learner. State: Replica: 3243662c920d4b2e9bd3fc36e6d931f1, State: Running, Role: LEADER
I20260710 13:18:21.250133  7068 tablet_service.cc:1917] Received RequestConsensusVote() RPC: tablet_id: "3a73a8072dbd442e8833df9e7d8404e3" candidate_uuid: "86f5798c7c4c470da27c9e2f023475ca" candidate_term: 2 candidate_status { last_received { term: 1 index: 1 } } ignore_live_leader: true dest_uuid: "e2f1220343114791b686b14e4ccd8501"
I20260710 13:18:21.250290  6919 raft_consensus.cc:606] T fab79b16822b40869ad5676e18e780da P 3243662c920d4b2e9bd3fc36e6d931f1 [term 1 LEADER]: Received request to transfer leadership to TS 1bc1cf77ced2434e809db84a382027b4
I20260710 13:18:21.250806  7068 raft_consensus.cc:3060] T 3a73a8072dbd442e8833df9e7d8404e3 P e2f1220343114791b686b14e4ccd8501 [term 1 FOLLOWER]: Advancing to term 2
I20260710 13:18:21.251169  6920 consensus_queue.cc:260] T 3a73a8072dbd442e8833df9e7d8404e3 P 3243662c920d4b2e9bd3fc36e6d931f1 [NON_LEADER]: Queue going to NON_LEADER mode. State: All replicated index: 0, Majority replicated index: 1, Committed index: 1, Last appended: 1.1, Last appended by leader: 1, Current term: 1, Majority size: -1, State: 0, Mode: NON_LEADER, active raft config: opid_index: -1 OBSOLETE_local: false peers { permanent_uuid: "3243662c920d4b2e9bd3fc36e6d931f1" member_type: VOTER last_known_addr { host: "127.5.160.129" port: 46491 } } peers { permanent_uuid: "86f5798c7c4c470da27c9e2f023475ca" member_type: VOTER last_known_addr { host: "127.5.160.130" port: 41833 } } peers { permanent_uuid: "e2f1220343114791b686b14e4ccd8501" member_type: VOTER last_known_addr { host: "127.5.160.131" port: 36707 } }
I20260710 13:18:21.252002  5762 auto_leader_rebalancer.cc:479] table: test-workload, leader rebalance finish, leader transfer count: 5
I20260710 13:18:21.252538  6920 raft_consensus.cc:3060] T 3a73a8072dbd442e8833df9e7d8404e3 P 3243662c920d4b2e9bd3fc36e6d931f1 [term 1 FOLLOWER]: Advancing to term 2
I20260710 13:18:21.253091  5762 auto_leader_rebalancer.cc:554] All tables' leader rebalancing finished this round
I20260710 13:18:21.258389  7068 raft_consensus.cc:2468] T 3a73a8072dbd442e8833df9e7d8404e3 P e2f1220343114791b686b14e4ccd8501 [term 2 FOLLOWER]: Leader election vote request: Granting yes vote for candidate 86f5798c7c4c470da27c9e2f023475ca in term 2.
I20260710 13:18:21.258988  6920 raft_consensus.cc:2468] T 3a73a8072dbd442e8833df9e7d8404e3 P 3243662c920d4b2e9bd3fc36e6d931f1 [term 2 FOLLOWER]: Leader election vote request: Granting yes vote for candidate 86f5798c7c4c470da27c9e2f023475ca in term 2.
I20260710 13:18:21.259811  6962 leader_election.cc:304] T 3a73a8072dbd442e8833df9e7d8404e3 P 86f5798c7c4c470da27c9e2f023475ca [CANDIDATE]: Term 2 election: Election decided. Result: candidate won. Election summary: received 2 responses out of 3 voters: 2 yes votes; 0 no votes. yes voters: 86f5798c7c4c470da27c9e2f023475ca, e2f1220343114791b686b14e4ccd8501; no voters: 
I20260710 13:18:21.260713  7720 raft_consensus.cc:2804] T 3a73a8072dbd442e8833df9e7d8404e3 P 86f5798c7c4c470da27c9e2f023475ca [term 2 FOLLOWER]: Leader election won for term 2
I20260710 13:18:21.261198  7720 raft_consensus.cc:697] T 3a73a8072dbd442e8833df9e7d8404e3 P 86f5798c7c4c470da27c9e2f023475ca [term 2 LEADER]: Becoming Leader. State: Replica: 86f5798c7c4c470da27c9e2f023475ca, State: Running, Role: LEADER
I20260710 13:18:21.262401  7720 consensus_queue.cc:237] T 3a73a8072dbd442e8833df9e7d8404e3 P 86f5798c7c4c470da27c9e2f023475ca [LEADER]: Queue going to LEADER mode. State: All replicated index: 0, Majority replicated index: 1, Committed index: 1, Last appended: 1.1, Last appended by leader: 1, Current term: 2, Majority size: 2, State: 0, Mode: LEADER, active raft config: opid_index: -1 OBSOLETE_local: false peers { permanent_uuid: "3243662c920d4b2e9bd3fc36e6d931f1" member_type: VOTER last_known_addr { host: "127.5.160.129" port: 46491 } } peers { permanent_uuid: "86f5798c7c4c470da27c9e2f023475ca" member_type: VOTER last_known_addr { host: "127.5.160.130" port: 41833 } } peers { permanent_uuid: "e2f1220343114791b686b14e4ccd8501" member_type: VOTER last_known_addr { host: "127.5.160.131" port: 36707 } }
I20260710 13:18:21.272445  6820 catalog_manager.cc:5697] T 3a73a8072dbd442e8833df9e7d8404e3 P 86f5798c7c4c470da27c9e2f023475ca reported cstate change: term changed from 1 to 2, leader changed from 3243662c920d4b2e9bd3fc36e6d931f1 (127.5.160.129) to 86f5798c7c4c470da27c9e2f023475ca (127.5.160.130). New cstate: current_term: 2 leader_uuid: "86f5798c7c4c470da27c9e2f023475ca" committed_config { opid_index: -1 OBSOLETE_local: false peers { permanent_uuid: "3243662c920d4b2e9bd3fc36e6d931f1" member_type: VOTER last_known_addr { host: "127.5.160.129" port: 46491 } health_report { overall_health: UNKNOWN } } peers { permanent_uuid: "86f5798c7c4c470da27c9e2f023475ca" member_type: VOTER last_known_addr { host: "127.5.160.130" port: 41833 } health_report { overall_health: HEALTHY } } peers { permanent_uuid: "e2f1220343114791b686b14e4ccd8501" member_type: VOTER last_known_addr { host: "127.5.160.131" port: 36707 } health_report { overall_health: UNKNOWN } } }
I20260710 13:18:21.289955  7718 raft_consensus.cc:993] T 70da030bf94a4268aeac11b3b5988c05 P e2f1220343114791b686b14e4ccd8501: : Instructing follower 1bc1cf77ced2434e809db84a382027b4 to start an election
I20260710 13:18:21.290522  7687 raft_consensus.cc:1081] T 70da030bf94a4268aeac11b3b5988c05 P e2f1220343114791b686b14e4ccd8501 [term 1 LEADER]: Signalling peer 1bc1cf77ced2434e809db84a382027b4 to start an election
I20260710 13:18:21.292047  7349 tablet_service.cc:2044] Received Run Leader Election RPC: tablet_id: "70da030bf94a4268aeac11b3b5988c05"
dest_uuid: "1bc1cf77ced2434e809db84a382027b4"
 from {username='slave'} at 127.0.0.1:55432
I20260710 13:18:21.292470  7349 raft_consensus.cc:493] T 70da030bf94a4268aeac11b3b5988c05 P 1bc1cf77ced2434e809db84a382027b4 [term 1 FOLLOWER]: Starting forced leader election (received explicit request)
I20260710 13:18:21.292718  7349 raft_consensus.cc:3060] T 70da030bf94a4268aeac11b3b5988c05 P 1bc1cf77ced2434e809db84a382027b4 [term 1 FOLLOWER]: Advancing to term 2
I20260710 13:18:21.299082  7349 raft_consensus.cc:515] T 70da030bf94a4268aeac11b3b5988c05 P 1bc1cf77ced2434e809db84a382027b4 [term 2 FOLLOWER]: Starting forced leader election with config: opid_index: 4 OBSOLETE_local: false peers { permanent_uuid: "86f5798c7c4c470da27c9e2f023475ca" member_type: VOTER last_known_addr { host: "127.5.160.130" port: 41833 } } peers { permanent_uuid: "e2f1220343114791b686b14e4ccd8501" member_type: VOTER last_known_addr { host: "127.5.160.131" port: 36707 } } peers { permanent_uuid: "1bc1cf77ced2434e809db84a382027b4" member_type: VOTER last_known_addr { host: "127.5.160.132" port: 35737 } attrs { promote: false } }
I20260710 13:18:21.301302  7349 leader_election.cc:290] T 70da030bf94a4268aeac11b3b5988c05 P 1bc1cf77ced2434e809db84a382027b4 [CANDIDATE]: Term 2 election: Requested vote from peers 86f5798c7c4c470da27c9e2f023475ca (127.5.160.130:41833), e2f1220343114791b686b14e4ccd8501 (127.5.160.131:36707)
I20260710 13:18:21.302333  6996 tablet_service.cc:1917] Received RequestConsensusVote() RPC: tablet_id: "70da030bf94a4268aeac11b3b5988c05" candidate_uuid: "1bc1cf77ced2434e809db84a382027b4" candidate_term: 2 candidate_status { last_received { term: 1 index: 4 } } ignore_live_leader: true dest_uuid: "86f5798c7c4c470da27c9e2f023475ca"
I20260710 13:18:21.302495  7068 tablet_service.cc:1917] Received RequestConsensusVote() RPC: tablet_id: "70da030bf94a4268aeac11b3b5988c05" candidate_uuid: "1bc1cf77ced2434e809db84a382027b4" candidate_term: 2 candidate_status { last_received { term: 1 index: 4 } } ignore_live_leader: true dest_uuid: "e2f1220343114791b686b14e4ccd8501"
I20260710 13:18:21.302842  6996 raft_consensus.cc:3060] T 70da030bf94a4268aeac11b3b5988c05 P 86f5798c7c4c470da27c9e2f023475ca [term 1 FOLLOWER]: Advancing to term 2
I20260710 13:18:21.303059  7068 raft_consensus.cc:3055] T 70da030bf94a4268aeac11b3b5988c05 P e2f1220343114791b686b14e4ccd8501 [term 1 LEADER]: Stepping down as leader of term 1
I20260710 13:18:21.303416  7068 raft_consensus.cc:740] T 70da030bf94a4268aeac11b3b5988c05 P e2f1220343114791b686b14e4ccd8501 [term 1 LEADER]: Becoming Follower/Learner. State: Replica: e2f1220343114791b686b14e4ccd8501, State: Running, Role: LEADER
I20260710 13:18:21.304219  7068 consensus_queue.cc:260] T 70da030bf94a4268aeac11b3b5988c05 P e2f1220343114791b686b14e4ccd8501 [NON_LEADER]: Queue going to NON_LEADER mode. State: All replicated index: 0, Majority replicated index: 4, Committed index: 4, Last appended: 1.4, Last appended by leader: 4, Current term: 1, Majority size: -1, State: 0, Mode: NON_LEADER, active raft config: opid_index: 4 OBSOLETE_local: false peers { permanent_uuid: "86f5798c7c4c470da27c9e2f023475ca" member_type: VOTER last_known_addr { host: "127.5.160.130" port: 41833 } } peers { permanent_uuid: "e2f1220343114791b686b14e4ccd8501" member_type: VOTER last_known_addr { host: "127.5.160.131" port: 36707 } } peers { permanent_uuid: "1bc1cf77ced2434e809db84a382027b4" member_type: VOTER last_known_addr { host: "127.5.160.132" port: 35737 } attrs { promote: false } }
I20260710 13:18:21.305259  7068 raft_consensus.cc:3060] T 70da030bf94a4268aeac11b3b5988c05 P e2f1220343114791b686b14e4ccd8501 [term 1 FOLLOWER]: Advancing to term 2
I20260710 13:18:21.307698  6996 raft_consensus.cc:2468] T 70da030bf94a4268aeac11b3b5988c05 P 86f5798c7c4c470da27c9e2f023475ca [term 2 FOLLOWER]: Leader election vote request: Granting yes vote for candidate 1bc1cf77ced2434e809db84a382027b4 in term 2.
I20260710 13:18:21.309132  7314 leader_election.cc:304] T 70da030bf94a4268aeac11b3b5988c05 P 1bc1cf77ced2434e809db84a382027b4 [CANDIDATE]: Term 2 election: Election decided. Result: candidate won. Election summary: received 2 responses out of 3 voters: 2 yes votes; 0 no votes. yes voters: 1bc1cf77ced2434e809db84a382027b4, 86f5798c7c4c470da27c9e2f023475ca; no voters: 
I20260710 13:18:21.310413  7068 raft_consensus.cc:2468] T 70da030bf94a4268aeac11b3b5988c05 P e2f1220343114791b686b14e4ccd8501 [term 2 FOLLOWER]: Leader election vote request: Granting yes vote for candidate 1bc1cf77ced2434e809db84a382027b4 in term 2.
I20260710 13:18:21.311305  7731 raft_consensus.cc:2804] T 70da030bf94a4268aeac11b3b5988c05 P 1bc1cf77ced2434e809db84a382027b4 [term 2 FOLLOWER]: Leader election won for term 2
I20260710 13:18:21.312770  7731 raft_consensus.cc:697] T 70da030bf94a4268aeac11b3b5988c05 P 1bc1cf77ced2434e809db84a382027b4 [term 2 LEADER]: Becoming Leader. State: Replica: 1bc1cf77ced2434e809db84a382027b4, State: Running, Role: LEADER
I20260710 13:18:21.313898  7731 consensus_queue.cc:237] T 70da030bf94a4268aeac11b3b5988c05 P 1bc1cf77ced2434e809db84a382027b4 [LEADER]: Queue going to LEADER mode. State: All replicated index: 0, Majority replicated index: 4, Committed index: 4, Last appended: 1.4, Last appended by leader: 4, Current term: 2, Majority size: 2, State: 0, Mode: LEADER, active raft config: opid_index: 4 OBSOLETE_local: false peers { permanent_uuid: "86f5798c7c4c470da27c9e2f023475ca" member_type: VOTER last_known_addr { host: "127.5.160.130" port: 41833 } } peers { permanent_uuid: "e2f1220343114791b686b14e4ccd8501" member_type: VOTER last_known_addr { host: "127.5.160.131" port: 36707 } } peers { permanent_uuid: "1bc1cf77ced2434e809db84a382027b4" member_type: VOTER last_known_addr { host: "127.5.160.132" port: 35737 } attrs { promote: false } }
I20260710 13:18:21.323522  6820 catalog_manager.cc:5697] T 70da030bf94a4268aeac11b3b5988c05 P 1bc1cf77ced2434e809db84a382027b4 reported cstate change: term changed from 1 to 2, leader changed from e2f1220343114791b686b14e4ccd8501 (127.5.160.131) to 1bc1cf77ced2434e809db84a382027b4 (127.5.160.132). New cstate: current_term: 2 leader_uuid: "1bc1cf77ced2434e809db84a382027b4" committed_config { opid_index: 4 OBSOLETE_local: false peers { permanent_uuid: "86f5798c7c4c470da27c9e2f023475ca" member_type: VOTER last_known_addr { host: "127.5.160.130" port: 41833 } health_report { overall_health: UNKNOWN } } peers { permanent_uuid: "e2f1220343114791b686b14e4ccd8501" member_type: VOTER last_known_addr { host: "127.5.160.131" port: 36707 } health_report { overall_health: UNKNOWN } } peers { permanent_uuid: "1bc1cf77ced2434e809db84a382027b4" member_type: VOTER last_known_addr { host: "127.5.160.132" port: 35737 } attrs { promote: false } health_report { overall_health: HEALTHY } } }
I20260710 13:18:21.517670  7724 raft_consensus.cc:993] T 5788384f6a314e69b1c0027d521eb2e1 P 3243662c920d4b2e9bd3fc36e6d931f1: : Instructing follower 1bc1cf77ced2434e809db84a382027b4 to start an election
I20260710 13:18:21.518333  7715 raft_consensus.cc:1081] T 5788384f6a314e69b1c0027d521eb2e1 P 3243662c920d4b2e9bd3fc36e6d931f1 [term 1 LEADER]: Signalling peer 1bc1cf77ced2434e809db84a382027b4 to start an election
I20260710 13:18:21.520078  7349 tablet_service.cc:2044] Received Run Leader Election RPC: tablet_id: "5788384f6a314e69b1c0027d521eb2e1"
dest_uuid: "1bc1cf77ced2434e809db84a382027b4"
 from {username='slave'} at 127.0.0.1:55422
I20260710 13:18:21.520548  7349 raft_consensus.cc:493] T 5788384f6a314e69b1c0027d521eb2e1 P 1bc1cf77ced2434e809db84a382027b4 [term 1 FOLLOWER]: Starting forced leader election (received explicit request)
I20260710 13:18:21.520916  7349 raft_consensus.cc:3060] T 5788384f6a314e69b1c0027d521eb2e1 P 1bc1cf77ced2434e809db84a382027b4 [term 1 FOLLOWER]: Advancing to term 2
I20260710 13:18:21.526116  7349 raft_consensus.cc:515] T 5788384f6a314e69b1c0027d521eb2e1 P 1bc1cf77ced2434e809db84a382027b4 [term 2 FOLLOWER]: Starting forced leader election with config: opid_index: 4 OBSOLETE_local: false peers { permanent_uuid: "3243662c920d4b2e9bd3fc36e6d931f1" member_type: VOTER last_known_addr { host: "127.5.160.129" port: 46491 } } peers { permanent_uuid: "e2f1220343114791b686b14e4ccd8501" member_type: VOTER last_known_addr { host: "127.5.160.131" port: 36707 } } peers { permanent_uuid: "1bc1cf77ced2434e809db84a382027b4" member_type: VOTER last_known_addr { host: "127.5.160.132" port: 35737 } attrs { promote: false } }
I20260710 13:18:21.527788  7349 leader_election.cc:290] T 5788384f6a314e69b1c0027d521eb2e1 P 1bc1cf77ced2434e809db84a382027b4 [CANDIDATE]: Term 2 election: Requested vote from peers 3243662c920d4b2e9bd3fc36e6d931f1 (127.5.160.129:46491), e2f1220343114791b686b14e4ccd8501 (127.5.160.131:36707)
I20260710 13:18:21.528777  6920 tablet_service.cc:1917] Received RequestConsensusVote() RPC: tablet_id: "5788384f6a314e69b1c0027d521eb2e1" candidate_uuid: "1bc1cf77ced2434e809db84a382027b4" candidate_term: 2 candidate_status { last_received { term: 1 index: 4 } } ignore_live_leader: true dest_uuid: "3243662c920d4b2e9bd3fc36e6d931f1"
I20260710 13:18:21.528807  7068 tablet_service.cc:1917] Received RequestConsensusVote() RPC: tablet_id: "5788384f6a314e69b1c0027d521eb2e1" candidate_uuid: "1bc1cf77ced2434e809db84a382027b4" candidate_term: 2 candidate_status { last_received { term: 1 index: 4 } } ignore_live_leader: true dest_uuid: "e2f1220343114791b686b14e4ccd8501"
I20260710 13:18:21.529505  6920 raft_consensus.cc:3055] T 5788384f6a314e69b1c0027d521eb2e1 P 3243662c920d4b2e9bd3fc36e6d931f1 [term 1 LEADER]: Stepping down as leader of term 1
I20260710 13:18:21.529567  7068 raft_consensus.cc:3060] T 5788384f6a314e69b1c0027d521eb2e1 P e2f1220343114791b686b14e4ccd8501 [term 1 FOLLOWER]: Advancing to term 2
I20260710 13:18:21.529889  6920 raft_consensus.cc:740] T 5788384f6a314e69b1c0027d521eb2e1 P 3243662c920d4b2e9bd3fc36e6d931f1 [term 1 LEADER]: Becoming Follower/Learner. State: Replica: 3243662c920d4b2e9bd3fc36e6d931f1, State: Running, Role: LEADER
I20260710 13:18:21.530674  6920 consensus_queue.cc:260] T 5788384f6a314e69b1c0027d521eb2e1 P 3243662c920d4b2e9bd3fc36e6d931f1 [NON_LEADER]: Queue going to NON_LEADER mode. State: All replicated index: 0, Majority replicated index: 4, Committed index: 4, Last appended: 1.4, Last appended by leader: 4, Current term: 1, Majority size: -1, State: 0, Mode: NON_LEADER, active raft config: opid_index: 4 OBSOLETE_local: false peers { permanent_uuid: "3243662c920d4b2e9bd3fc36e6d931f1" member_type: VOTER last_known_addr { host: "127.5.160.129" port: 46491 } } peers { permanent_uuid: "e2f1220343114791b686b14e4ccd8501" member_type: VOTER last_known_addr { host: "127.5.160.131" port: 36707 } } peers { permanent_uuid: "1bc1cf77ced2434e809db84a382027b4" member_type: VOTER last_known_addr { host: "127.5.160.132" port: 35737 } attrs { promote: false } }
I20260710 13:18:21.531910  6920 raft_consensus.cc:3060] T 5788384f6a314e69b1c0027d521eb2e1 P 3243662c920d4b2e9bd3fc36e6d931f1 [term 1 FOLLOWER]: Advancing to term 2
I20260710 13:18:21.536274  7068 raft_consensus.cc:2468] T 5788384f6a314e69b1c0027d521eb2e1 P e2f1220343114791b686b14e4ccd8501 [term 2 FOLLOWER]: Leader election vote request: Granting yes vote for candidate 1bc1cf77ced2434e809db84a382027b4 in term 2.
I20260710 13:18:21.537545  7315 leader_election.cc:304] T 5788384f6a314e69b1c0027d521eb2e1 P 1bc1cf77ced2434e809db84a382027b4 [CANDIDATE]: Term 2 election: Election decided. Result: candidate won. Election summary: received 2 responses out of 3 voters: 2 yes votes; 0 no votes. yes voters: 1bc1cf77ced2434e809db84a382027b4, e2f1220343114791b686b14e4ccd8501; no voters: 
I20260710 13:18:21.538357  7731 raft_consensus.cc:2804] T 5788384f6a314e69b1c0027d521eb2e1 P 1bc1cf77ced2434e809db84a382027b4 [term 2 FOLLOWER]: Leader election won for term 2
I20260710 13:18:21.538878  7731 raft_consensus.cc:697] T 5788384f6a314e69b1c0027d521eb2e1 P 1bc1cf77ced2434e809db84a382027b4 [term 2 LEADER]: Becoming Leader. State: Replica: 1bc1cf77ced2434e809db84a382027b4, State: Running, Role: LEADER
I20260710 13:18:21.539673  6920 raft_consensus.cc:2468] T 5788384f6a314e69b1c0027d521eb2e1 P 3243662c920d4b2e9bd3fc36e6d931f1 [term 2 FOLLOWER]: Leader election vote request: Granting yes vote for candidate 1bc1cf77ced2434e809db84a382027b4 in term 2.
I20260710 13:18:21.540124  7731 consensus_queue.cc:237] T 5788384f6a314e69b1c0027d521eb2e1 P 1bc1cf77ced2434e809db84a382027b4 [LEADER]: Queue going to LEADER mode. State: All replicated index: 0, Majority replicated index: 4, Committed index: 4, Last appended: 1.4, Last appended by leader: 4, Current term: 2, Majority size: 2, State: 0, Mode: LEADER, active raft config: opid_index: 4 OBSOLETE_local: false peers { permanent_uuid: "3243662c920d4b2e9bd3fc36e6d931f1" member_type: VOTER last_known_addr { host: "127.5.160.129" port: 46491 } } peers { permanent_uuid: "e2f1220343114791b686b14e4ccd8501" member_type: VOTER last_known_addr { host: "127.5.160.131" port: 36707 } } peers { permanent_uuid: "1bc1cf77ced2434e809db84a382027b4" member_type: VOTER last_known_addr { host: "127.5.160.132" port: 35737 } attrs { promote: false } }
I20260710 13:18:21.547845  6820 catalog_manager.cc:5697] T 5788384f6a314e69b1c0027d521eb2e1 P 1bc1cf77ced2434e809db84a382027b4 reported cstate change: term changed from 1 to 2, leader changed from 3243662c920d4b2e9bd3fc36e6d931f1 (127.5.160.129) to 1bc1cf77ced2434e809db84a382027b4 (127.5.160.132). New cstate: current_term: 2 leader_uuid: "1bc1cf77ced2434e809db84a382027b4" committed_config { opid_index: 4 OBSOLETE_local: false peers { permanent_uuid: "3243662c920d4b2e9bd3fc36e6d931f1" member_type: VOTER last_known_addr { host: "127.5.160.129" port: 46491 } health_report { overall_health: UNKNOWN } } peers { permanent_uuid: "e2f1220343114791b686b14e4ccd8501" member_type: VOTER last_known_addr { host: "127.5.160.131" port: 36707 } health_report { overall_health: UNKNOWN } } peers { permanent_uuid: "1bc1cf77ced2434e809db84a382027b4" member_type: VOTER last_known_addr { host: "127.5.160.132" port: 35737 } attrs { promote: false } health_report { overall_health: HEALTHY } } }
I20260710 13:18:21.611757  7724 raft_consensus.cc:993] T fab79b16822b40869ad5676e18e780da P 3243662c920d4b2e9bd3fc36e6d931f1: : Instructing follower 1bc1cf77ced2434e809db84a382027b4 to start an election
I20260710 13:18:21.612247  7715 raft_consensus.cc:1081] T fab79b16822b40869ad5676e18e780da P 3243662c920d4b2e9bd3fc36e6d931f1 [term 1 LEADER]: Signalling peer 1bc1cf77ced2434e809db84a382027b4 to start an election
I20260710 13:18:21.613828  7349 tablet_service.cc:2044] Received Run Leader Election RPC: tablet_id: "fab79b16822b40869ad5676e18e780da"
dest_uuid: "1bc1cf77ced2434e809db84a382027b4"
 from {username='slave'} at 127.0.0.1:55422
I20260710 13:18:21.614269  7349 raft_consensus.cc:493] T fab79b16822b40869ad5676e18e780da P 1bc1cf77ced2434e809db84a382027b4 [term 1 FOLLOWER]: Starting forced leader election (received explicit request)
I20260710 13:18:21.614555  7349 raft_consensus.cc:3060] T fab79b16822b40869ad5676e18e780da P 1bc1cf77ced2434e809db84a382027b4 [term 1 FOLLOWER]: Advancing to term 2
I20260710 13:18:21.618952  7349 raft_consensus.cc:515] T fab79b16822b40869ad5676e18e780da P 1bc1cf77ced2434e809db84a382027b4 [term 2 FOLLOWER]: Starting forced leader election with config: opid_index: 4 OBSOLETE_local: false peers { permanent_uuid: "3243662c920d4b2e9bd3fc36e6d931f1" member_type: VOTER last_known_addr { host: "127.5.160.129" port: 46491 } } peers { permanent_uuid: "e2f1220343114791b686b14e4ccd8501" member_type: VOTER last_known_addr { host: "127.5.160.131" port: 36707 } } peers { permanent_uuid: "1bc1cf77ced2434e809db84a382027b4" member_type: VOTER last_known_addr { host: "127.5.160.132" port: 35737 } attrs { promote: false } }
I20260710 13:18:21.620518  7349 leader_election.cc:290] T fab79b16822b40869ad5676e18e780da P 1bc1cf77ced2434e809db84a382027b4 [CANDIDATE]: Term 2 election: Requested vote from peers 3243662c920d4b2e9bd3fc36e6d931f1 (127.5.160.129:46491), e2f1220343114791b686b14e4ccd8501 (127.5.160.131:36707)
I20260710 13:18:21.621438  6920 tablet_service.cc:1917] Received RequestConsensusVote() RPC: tablet_id: "fab79b16822b40869ad5676e18e780da" candidate_uuid: "1bc1cf77ced2434e809db84a382027b4" candidate_term: 2 candidate_status { last_received { term: 1 index: 4 } } ignore_live_leader: true dest_uuid: "3243662c920d4b2e9bd3fc36e6d931f1"
I20260710 13:18:21.621697  7068 tablet_service.cc:1917] Received RequestConsensusVote() RPC: tablet_id: "fab79b16822b40869ad5676e18e780da" candidate_uuid: "1bc1cf77ced2434e809db84a382027b4" candidate_term: 2 candidate_status { last_received { term: 1 index: 4 } } ignore_live_leader: true dest_uuid: "e2f1220343114791b686b14e4ccd8501"
I20260710 13:18:21.622097  6920 raft_consensus.cc:3055] T fab79b16822b40869ad5676e18e780da P 3243662c920d4b2e9bd3fc36e6d931f1 [term 1 LEADER]: Stepping down as leader of term 1
I20260710 13:18:21.622349  7068 raft_consensus.cc:3060] T fab79b16822b40869ad5676e18e780da P e2f1220343114791b686b14e4ccd8501 [term 1 FOLLOWER]: Advancing to term 2
I20260710 13:18:21.622496  6920 raft_consensus.cc:740] T fab79b16822b40869ad5676e18e780da P 3243662c920d4b2e9bd3fc36e6d931f1 [term 1 LEADER]: Becoming Follower/Learner. State: Replica: 3243662c920d4b2e9bd3fc36e6d931f1, State: Running, Role: LEADER
I20260710 13:18:21.623397  6920 consensus_queue.cc:260] T fab79b16822b40869ad5676e18e780da P 3243662c920d4b2e9bd3fc36e6d931f1 [NON_LEADER]: Queue going to NON_LEADER mode. State: All replicated index: 0, Majority replicated index: 4, Committed index: 4, Last appended: 1.4, Last appended by leader: 4, Current term: 1, Majority size: -1, State: 0, Mode: NON_LEADER, active raft config: opid_index: 4 OBSOLETE_local: false peers { permanent_uuid: "3243662c920d4b2e9bd3fc36e6d931f1" member_type: VOTER last_known_addr { host: "127.5.160.129" port: 46491 } } peers { permanent_uuid: "e2f1220343114791b686b14e4ccd8501" member_type: VOTER last_known_addr { host: "127.5.160.131" port: 36707 } } peers { permanent_uuid: "1bc1cf77ced2434e809db84a382027b4" member_type: VOTER last_known_addr { host: "127.5.160.132" port: 35737 } attrs { promote: false } }
I20260710 13:18:21.624428  6920 raft_consensus.cc:3060] T fab79b16822b40869ad5676e18e780da P 3243662c920d4b2e9bd3fc36e6d931f1 [term 1 FOLLOWER]: Advancing to term 2
I20260710 13:18:21.627702  7068 raft_consensus.cc:2468] T fab79b16822b40869ad5676e18e780da P e2f1220343114791b686b14e4ccd8501 [term 2 FOLLOWER]: Leader election vote request: Granting yes vote for candidate 1bc1cf77ced2434e809db84a382027b4 in term 2.
I20260710 13:18:21.628840  7315 leader_election.cc:304] T fab79b16822b40869ad5676e18e780da P 1bc1cf77ced2434e809db84a382027b4 [CANDIDATE]: Term 2 election: Election decided. Result: candidate won. Election summary: received 2 responses out of 3 voters: 2 yes votes; 0 no votes. yes voters: 1bc1cf77ced2434e809db84a382027b4, e2f1220343114791b686b14e4ccd8501; no voters: 
I20260710 13:18:21.629731  7731 raft_consensus.cc:2804] T fab79b16822b40869ad5676e18e780da P 1bc1cf77ced2434e809db84a382027b4 [term 2 FOLLOWER]: Leader election won for term 2
I20260710 13:18:21.630237  6920 raft_consensus.cc:2468] T fab79b16822b40869ad5676e18e780da P 3243662c920d4b2e9bd3fc36e6d931f1 [term 2 FOLLOWER]: Leader election vote request: Granting yes vote for candidate 1bc1cf77ced2434e809db84a382027b4 in term 2.
I20260710 13:18:21.630182  7731 raft_consensus.cc:697] T fab79b16822b40869ad5676e18e780da P 1bc1cf77ced2434e809db84a382027b4 [term 2 LEADER]: Becoming Leader. State: Replica: 1bc1cf77ced2434e809db84a382027b4, State: Running, Role: LEADER
I20260710 13:18:21.631532  7731 consensus_queue.cc:237] T fab79b16822b40869ad5676e18e780da P 1bc1cf77ced2434e809db84a382027b4 [LEADER]: Queue going to LEADER mode. State: All replicated index: 0, Majority replicated index: 4, Committed index: 4, Last appended: 1.4, Last appended by leader: 4, Current term: 2, Majority size: 2, State: 0, Mode: LEADER, active raft config: opid_index: 4 OBSOLETE_local: false peers { permanent_uuid: "3243662c920d4b2e9bd3fc36e6d931f1" member_type: VOTER last_known_addr { host: "127.5.160.129" port: 46491 } } peers { permanent_uuid: "e2f1220343114791b686b14e4ccd8501" member_type: VOTER last_known_addr { host: "127.5.160.131" port: 36707 } } peers { permanent_uuid: "1bc1cf77ced2434e809db84a382027b4" member_type: VOTER last_known_addr { host: "127.5.160.132" port: 35737 } attrs { promote: false } }
I20260710 13:18:21.638983  6820 catalog_manager.cc:5697] T fab79b16822b40869ad5676e18e780da P 1bc1cf77ced2434e809db84a382027b4 reported cstate change: term changed from 1 to 2, leader changed from 3243662c920d4b2e9bd3fc36e6d931f1 (127.5.160.129) to 1bc1cf77ced2434e809db84a382027b4 (127.5.160.132). New cstate: current_term: 2 leader_uuid: "1bc1cf77ced2434e809db84a382027b4" committed_config { opid_index: 4 OBSOLETE_local: false peers { permanent_uuid: "3243662c920d4b2e9bd3fc36e6d931f1" member_type: VOTER last_known_addr { host: "127.5.160.129" port: 46491 } health_report { overall_health: UNKNOWN } } peers { permanent_uuid: "e2f1220343114791b686b14e4ccd8501" member_type: VOTER last_known_addr { host: "127.5.160.131" port: 36707 } health_report { overall_health: UNKNOWN } } peers { permanent_uuid: "1bc1cf77ced2434e809db84a382027b4" member_type: VOTER last_known_addr { host: "127.5.160.132" port: 35737 } attrs { promote: false } health_report { overall_health: HEALTHY } } }
I20260710 13:18:21.666674  6920 raft_consensus.cc:1275] T 3a73a8072dbd442e8833df9e7d8404e3 P 3243662c920d4b2e9bd3fc36e6d931f1 [term 2 FOLLOWER]: Refusing update from remote peer 86f5798c7c4c470da27c9e2f023475ca: Log matching property violated. Preceding OpId in replica: term: 1 index: 1. Preceding OpId from leader: term: 2 index: 2. (index mismatch)
I20260710 13:18:21.668062  7720 consensus_queue.cc:1048] T 3a73a8072dbd442e8833df9e7d8404e3 P 86f5798c7c4c470da27c9e2f023475ca [LEADER]: Connected to new peer: Peer: permanent_uuid: "3243662c920d4b2e9bd3fc36e6d931f1" member_type: VOTER last_known_addr { host: "127.5.160.129" port: 46491 }, Status: LMP_MISMATCH, Last received: 0.0, Next index: 2, Last known committed idx: 1, Time since last communication: 0.000s
I20260710 13:18:21.679932  7068 raft_consensus.cc:1275] T 3a73a8072dbd442e8833df9e7d8404e3 P e2f1220343114791b686b14e4ccd8501 [term 2 FOLLOWER]: Refusing update from remote peer 86f5798c7c4c470da27c9e2f023475ca: Log matching property violated. Preceding OpId in replica: term: 1 index: 1. Preceding OpId from leader: term: 2 index: 2. (index mismatch)
I20260710 13:18:21.684373  7716 consensus_queue.cc:1048] T 3a73a8072dbd442e8833df9e7d8404e3 P 86f5798c7c4c470da27c9e2f023475ca [LEADER]: Connected to new peer: Peer: permanent_uuid: "e2f1220343114791b686b14e4ccd8501" member_type: VOTER last_known_addr { host: "127.5.160.131" port: 36707 }, Status: LMP_MISMATCH, Last received: 0.0, Next index: 2, Last known committed idx: 1, Time since last communication: 0.001s
I20260710 13:18:21.720351  6996 raft_consensus.cc:1275] T 70da030bf94a4268aeac11b3b5988c05 P 86f5798c7c4c470da27c9e2f023475ca [term 2 FOLLOWER]: Refusing update from remote peer 1bc1cf77ced2434e809db84a382027b4: Log matching property violated. Preceding OpId in replica: term: 1 index: 4. Preceding OpId from leader: term: 2 index: 5. (index mismatch)
I20260710 13:18:21.721585  7731 consensus_queue.cc:1048] T 70da030bf94a4268aeac11b3b5988c05 P 1bc1cf77ced2434e809db84a382027b4 [LEADER]: Connected to new peer: Peer: permanent_uuid: "86f5798c7c4c470da27c9e2f023475ca" member_type: VOTER last_known_addr { host: "127.5.160.130" port: 41833 }, Status: LMP_MISMATCH, Last received: 0.0, Next index: 5, Last known committed idx: 4, Time since last communication: 0.000s
I20260710 13:18:21.732120  7071 raft_consensus.cc:1275] T 70da030bf94a4268aeac11b3b5988c05 P e2f1220343114791b686b14e4ccd8501 [term 2 FOLLOWER]: Refusing update from remote peer 1bc1cf77ced2434e809db84a382027b4: Log matching property violated. Preceding OpId in replica: term: 1 index: 4. Preceding OpId from leader: term: 2 index: 5. (index mismatch)
I20260710 13:18:21.735451  7731 consensus_queue.cc:1048] T 70da030bf94a4268aeac11b3b5988c05 P 1bc1cf77ced2434e809db84a382027b4 [LEADER]: Connected to new peer: Peer: permanent_uuid: "e2f1220343114791b686b14e4ccd8501" member_type: VOTER last_known_addr { host: "127.5.160.131" port: 36707 }, Status: LMP_MISMATCH, Last received: 0.0, Next index: 5, Last known committed idx: 4, Time since last communication: 0.000s
I20260710 13:18:21.745186  7716 raft_consensus.cc:993] T 80fbc37c6eb84da188a27be79f28d654 P 86f5798c7c4c470da27c9e2f023475ca: : Instructing follower 3243662c920d4b2e9bd3fc36e6d931f1 to start an election
I20260710 13:18:21.746157  7716 raft_consensus.cc:1081] T 80fbc37c6eb84da188a27be79f28d654 P 86f5798c7c4c470da27c9e2f023475ca [term 1 LEADER]: Signalling peer 3243662c920d4b2e9bd3fc36e6d931f1 to start an election
I20260710 13:18:21.747805  6919 tablet_service.cc:2044] Received Run Leader Election RPC: tablet_id: "80fbc37c6eb84da188a27be79f28d654"
dest_uuid: "3243662c920d4b2e9bd3fc36e6d931f1"
 from {username='slave'} at 127.0.0.1:38170
I20260710 13:18:21.748330  6919 raft_consensus.cc:493] T 80fbc37c6eb84da188a27be79f28d654 P 3243662c920d4b2e9bd3fc36e6d931f1 [term 1 FOLLOWER]: Starting forced leader election (received explicit request)
I20260710 13:18:21.748659  6919 raft_consensus.cc:3060] T 80fbc37c6eb84da188a27be79f28d654 P 3243662c920d4b2e9bd3fc36e6d931f1 [term 1 FOLLOWER]: Advancing to term 2
I20260710 13:18:21.755888  6919 raft_consensus.cc:515] T 80fbc37c6eb84da188a27be79f28d654 P 3243662c920d4b2e9bd3fc36e6d931f1 [term 2 FOLLOWER]: Starting forced leader election with config: opid_index: -1 OBSOLETE_local: false peers { permanent_uuid: "3243662c920d4b2e9bd3fc36e6d931f1" member_type: VOTER last_known_addr { host: "127.5.160.129" port: 46491 } } peers { permanent_uuid: "86f5798c7c4c470da27c9e2f023475ca" member_type: VOTER last_known_addr { host: "127.5.160.130" port: 41833 } } peers { permanent_uuid: "e2f1220343114791b686b14e4ccd8501" member_type: VOTER last_known_addr { host: "127.5.160.131" port: 36707 } }
I20260710 13:18:21.757884  6919 leader_election.cc:290] T 80fbc37c6eb84da188a27be79f28d654 P 3243662c920d4b2e9bd3fc36e6d931f1 [CANDIDATE]: Term 2 election: Requested vote from peers 86f5798c7c4c470da27c9e2f023475ca (127.5.160.130:41833), e2f1220343114791b686b14e4ccd8501 (127.5.160.131:36707)
I20260710 13:18:21.758788  7071 tablet_service.cc:1917] Received RequestConsensusVote() RPC: tablet_id: "80fbc37c6eb84da188a27be79f28d654" candidate_uuid: "3243662c920d4b2e9bd3fc36e6d931f1" candidate_term: 2 candidate_status { last_received { term: 1 index: 1 } } ignore_live_leader: true dest_uuid: "e2f1220343114791b686b14e4ccd8501"
I20260710 13:18:21.758833  6996 tablet_service.cc:1917] Received RequestConsensusVote() RPC: tablet_id: "80fbc37c6eb84da188a27be79f28d654" candidate_uuid: "3243662c920d4b2e9bd3fc36e6d931f1" candidate_term: 2 candidate_status { last_received { term: 1 index: 1 } } ignore_live_leader: true dest_uuid: "86f5798c7c4c470da27c9e2f023475ca"
I20260710 13:18:21.759521  7071 raft_consensus.cc:3060] T 80fbc37c6eb84da188a27be79f28d654 P e2f1220343114791b686b14e4ccd8501 [term 1 FOLLOWER]: Advancing to term 2
I20260710 13:18:21.759559  6996 raft_consensus.cc:3055] T 80fbc37c6eb84da188a27be79f28d654 P 86f5798c7c4c470da27c9e2f023475ca [term 1 LEADER]: Stepping down as leader of term 1
I20260710 13:18:21.760097  6996 raft_consensus.cc:740] T 80fbc37c6eb84da188a27be79f28d654 P 86f5798c7c4c470da27c9e2f023475ca [term 1 LEADER]: Becoming Follower/Learner. State: Replica: 86f5798c7c4c470da27c9e2f023475ca, State: Running, Role: LEADER
I20260710 13:18:21.760878  6996 consensus_queue.cc:260] T 80fbc37c6eb84da188a27be79f28d654 P 86f5798c7c4c470da27c9e2f023475ca [NON_LEADER]: Queue going to NON_LEADER mode. State: All replicated index: 0, Majority replicated index: 1, Committed index: 1, Last appended: 1.1, Last appended by leader: 1, Current term: 1, Majority size: -1, State: 0, Mode: NON_LEADER, active raft config: opid_index: -1 OBSOLETE_local: false peers { permanent_uuid: "3243662c920d4b2e9bd3fc36e6d931f1" member_type: VOTER last_known_addr { host: "127.5.160.129" port: 46491 } } peers { permanent_uuid: "86f5798c7c4c470da27c9e2f023475ca" member_type: VOTER last_known_addr { host: "127.5.160.130" port: 41833 } } peers { permanent_uuid: "e2f1220343114791b686b14e4ccd8501" member_type: VOTER last_known_addr { host: "127.5.160.131" port: 36707 } }
I20260710 13:18:21.762162  6996 raft_consensus.cc:3060] T 80fbc37c6eb84da188a27be79f28d654 P 86f5798c7c4c470da27c9e2f023475ca [term 1 FOLLOWER]: Advancing to term 2
I20260710 13:18:21.765246  7071 raft_consensus.cc:2468] T 80fbc37c6eb84da188a27be79f28d654 P e2f1220343114791b686b14e4ccd8501 [term 2 FOLLOWER]: Leader election vote request: Granting yes vote for candidate 3243662c920d4b2e9bd3fc36e6d931f1 in term 2.
I20260710 13:18:21.766489  6887 leader_election.cc:304] T 80fbc37c6eb84da188a27be79f28d654 P 3243662c920d4b2e9bd3fc36e6d931f1 [CANDIDATE]: Term 2 election: Election decided. Result: candidate won. Election summary: received 2 responses out of 3 voters: 2 yes votes; 0 no votes. yes voters: 3243662c920d4b2e9bd3fc36e6d931f1, e2f1220343114791b686b14e4ccd8501; no voters: 
I20260710 13:18:21.767175  7724 raft_consensus.cc:2804] T 80fbc37c6eb84da188a27be79f28d654 P 3243662c920d4b2e9bd3fc36e6d931f1 [term 2 FOLLOWER]: Leader election won for term 2
I20260710 13:18:21.767627  7724 raft_consensus.cc:697] T 80fbc37c6eb84da188a27be79f28d654 P 3243662c920d4b2e9bd3fc36e6d931f1 [term 2 LEADER]: Becoming Leader. State: Replica: 3243662c920d4b2e9bd3fc36e6d931f1, State: Running, Role: LEADER
I20260710 13:18:21.768517  7724 consensus_queue.cc:237] T 80fbc37c6eb84da188a27be79f28d654 P 3243662c920d4b2e9bd3fc36e6d931f1 [LEADER]: Queue going to LEADER mode. State: All replicated index: 0, Majority replicated index: 1, Committed index: 1, Last appended: 1.1, Last appended by leader: 1, Current term: 2, Majority size: 2, State: 0, Mode: LEADER, active raft config: opid_index: -1 OBSOLETE_local: false peers { permanent_uuid: "3243662c920d4b2e9bd3fc36e6d931f1" member_type: VOTER last_known_addr { host: "127.5.160.129" port: 46491 } } peers { permanent_uuid: "86f5798c7c4c470da27c9e2f023475ca" member_type: VOTER last_known_addr { host: "127.5.160.130" port: 41833 } } peers { permanent_uuid: "e2f1220343114791b686b14e4ccd8501" member_type: VOTER last_known_addr { host: "127.5.160.131" port: 36707 } }
I20260710 13:18:21.768872  6996 raft_consensus.cc:2468] T 80fbc37c6eb84da188a27be79f28d654 P 86f5798c7c4c470da27c9e2f023475ca [term 2 FOLLOWER]: Leader election vote request: Granting yes vote for candidate 3243662c920d4b2e9bd3fc36e6d931f1 in term 2.
I20260710 13:18:21.777117  6816 catalog_manager.cc:5697] T 80fbc37c6eb84da188a27be79f28d654 P 3243662c920d4b2e9bd3fc36e6d931f1 reported cstate change: term changed from 1 to 2, leader changed from 86f5798c7c4c470da27c9e2f023475ca (127.5.160.130) to 3243662c920d4b2e9bd3fc36e6d931f1 (127.5.160.129). New cstate: current_term: 2 leader_uuid: "3243662c920d4b2e9bd3fc36e6d931f1" committed_config { opid_index: -1 OBSOLETE_local: false peers { permanent_uuid: "3243662c920d4b2e9bd3fc36e6d931f1" member_type: VOTER last_known_addr { host: "127.5.160.129" port: 46491 } health_report { overall_health: HEALTHY } } peers { permanent_uuid: "86f5798c7c4c470da27c9e2f023475ca" member_type: VOTER last_known_addr { host: "127.5.160.130" port: 41833 } health_report { overall_health: UNKNOWN } } peers { permanent_uuid: "e2f1220343114791b686b14e4ccd8501" member_type: VOTER last_known_addr { host: "127.5.160.131" port: 36707 } health_report { overall_health: UNKNOWN } } }
I20260710 13:18:22.021247  7071 raft_consensus.cc:1275] T 5788384f6a314e69b1c0027d521eb2e1 P e2f1220343114791b686b14e4ccd8501 [term 2 FOLLOWER]: Refusing update from remote peer 1bc1cf77ced2434e809db84a382027b4: Log matching property violated. Preceding OpId in replica: term: 1 index: 4. Preceding OpId from leader: term: 2 index: 5. (index mismatch)
I20260710 13:18:22.022619  7731 consensus_queue.cc:1048] T 5788384f6a314e69b1c0027d521eb2e1 P 1bc1cf77ced2434e809db84a382027b4 [LEADER]: Connected to new peer: Peer: permanent_uuid: "e2f1220343114791b686b14e4ccd8501" member_type: VOTER last_known_addr { host: "127.5.160.131" port: 36707 }, Status: LMP_MISMATCH, Last received: 0.0, Next index: 5, Last known committed idx: 4, Time since last communication: 0.000s
I20260710 13:18:22.032401  6919 raft_consensus.cc:1275] T 5788384f6a314e69b1c0027d521eb2e1 P 3243662c920d4b2e9bd3fc36e6d931f1 [term 2 FOLLOWER]: Refusing update from remote peer 1bc1cf77ced2434e809db84a382027b4: Log matching property violated. Preceding OpId in replica: term: 1 index: 4. Preceding OpId from leader: term: 2 index: 5. (index mismatch)
I20260710 13:18:22.035276  7732 consensus_queue.cc:1048] T 5788384f6a314e69b1c0027d521eb2e1 P 1bc1cf77ced2434e809db84a382027b4 [LEADER]: Connected to new peer: Peer: permanent_uuid: "3243662c920d4b2e9bd3fc36e6d931f1" member_type: VOTER last_known_addr { host: "127.5.160.129" port: 46491 }, Status: LMP_MISMATCH, Last received: 0.0, Next index: 5, Last known committed idx: 4, Time since last communication: 0.001s
I20260710 13:18:22.177513  6919 raft_consensus.cc:1275] T fab79b16822b40869ad5676e18e780da P 3243662c920d4b2e9bd3fc36e6d931f1 [term 2 FOLLOWER]: Refusing update from remote peer 1bc1cf77ced2434e809db84a382027b4: Log matching property violated. Preceding OpId in replica: term: 1 index: 4. Preceding OpId from leader: term: 2 index: 5. (index mismatch)
I20260710 13:18:22.178721  7732 consensus_queue.cc:1048] T fab79b16822b40869ad5676e18e780da P 1bc1cf77ced2434e809db84a382027b4 [LEADER]: Connected to new peer: Peer: permanent_uuid: "3243662c920d4b2e9bd3fc36e6d931f1" member_type: VOTER last_known_addr { host: "127.5.160.129" port: 46491 }, Status: LMP_MISMATCH, Last received: 0.0, Next index: 5, Last known committed idx: 4, Time since last communication: 0.000s
I20260710 13:18:22.191071  7071 raft_consensus.cc:1275] T fab79b16822b40869ad5676e18e780da P e2f1220343114791b686b14e4ccd8501 [term 2 FOLLOWER]: Refusing update from remote peer 1bc1cf77ced2434e809db84a382027b4: Log matching property violated. Preceding OpId in replica: term: 1 index: 4. Preceding OpId from leader: term: 2 index: 5. (index mismatch)
I20260710 13:18:22.193089  7732 consensus_queue.cc:1048] T fab79b16822b40869ad5676e18e780da P 1bc1cf77ced2434e809db84a382027b4 [LEADER]: Connected to new peer: Peer: permanent_uuid: "e2f1220343114791b686b14e4ccd8501" member_type: VOTER last_known_addr { host: "127.5.160.131" port: 36707 }, Status: LMP_MISMATCH, Last received: 0.0, Next index: 5, Last known committed idx: 4, Time since last communication: 0.000s
I20260710 13:18:22.251338  6996 raft_consensus.cc:1275] T 80fbc37c6eb84da188a27be79f28d654 P 86f5798c7c4c470da27c9e2f023475ca [term 2 FOLLOWER]: Refusing update from remote peer 3243662c920d4b2e9bd3fc36e6d931f1: Log matching property violated. Preceding OpId in replica: term: 1 index: 1. Preceding OpId from leader: term: 2 index: 2. (index mismatch)
I20260710 13:18:22.252655  7715 consensus_queue.cc:1048] T 80fbc37c6eb84da188a27be79f28d654 P 3243662c920d4b2e9bd3fc36e6d931f1 [LEADER]: Connected to new peer: Peer: permanent_uuid: "86f5798c7c4c470da27c9e2f023475ca" member_type: VOTER last_known_addr { host: "127.5.160.130" port: 41833 }, Status: LMP_MISMATCH, Last received: 0.0, Next index: 2, Last known committed idx: 1, Time since last communication: 0.000s
I20260710 13:18:22.254276  5762 auto_leader_rebalancer.cc:141] leader rebalance for table test-workload
I20260710 13:18:22.262813  7068 raft_consensus.cc:1275] T 80fbc37c6eb84da188a27be79f28d654 P e2f1220343114791b686b14e4ccd8501 [term 2 FOLLOWER]: Refusing update from remote peer 3243662c920d4b2e9bd3fc36e6d931f1: Log matching property violated. Preceding OpId in replica: term: 1 index: 1. Preceding OpId from leader: term: 2 index: 2. (index mismatch)
I20260710 13:18:22.266244  7715 consensus_queue.cc:1048] T 80fbc37c6eb84da188a27be79f28d654 P 3243662c920d4b2e9bd3fc36e6d931f1 [LEADER]: Connected to new peer: Peer: permanent_uuid: "e2f1220343114791b686b14e4ccd8501" member_type: VOTER last_known_addr { host: "127.5.160.131" port: 36707 }, Status: LMP_MISMATCH, Last received: 0.0, Next index: 2, Last known committed idx: 1, Time since last communication: 0.000s
I20260710 13:18:22.292132  5762 auto_leader_rebalancer.cc:141] leader rebalance for table test-workload
I20260710 13:18:22.314826  6996 tablet_service.cc:2072] Received LeaderStepDown RPC: tablet_id: "2f7b04572efb423d9e09b56639e0f8c0"
dest_uuid: "86f5798c7c4c470da27c9e2f023475ca"
mode: GRACEFUL
new_leader_uuid: "3243662c920d4b2e9bd3fc36e6d931f1"
 from {username='slave'} at 127.0.0.1:39278
I20260710 13:18:22.315371  6996 raft_consensus.cc:606] T 2f7b04572efb423d9e09b56639e0f8c0 P 86f5798c7c4c470da27c9e2f023475ca [term 1 LEADER]: Received request to transfer leadership to TS 3243662c920d4b2e9bd3fc36e6d931f1
I20260710 13:18:22.317946  6919 tablet_service.cc:2072] Received LeaderStepDown RPC: tablet_id: "d1471c61995542b89527f9e3233aace0"
dest_uuid: "3243662c920d4b2e9bd3fc36e6d931f1"
mode: GRACEFUL
new_leader_uuid: "86f5798c7c4c470da27c9e2f023475ca"
 from {username='slave'} at 127.0.0.1:42580
I20260710 13:18:22.318625  6919 raft_consensus.cc:606] T d1471c61995542b89527f9e3233aace0 P 3243662c920d4b2e9bd3fc36e6d931f1 [term 1 LEADER]: Received request to transfer leadership to TS 86f5798c7c4c470da27c9e2f023475ca
I20260710 13:18:22.321614  7068 tablet_service.cc:2072] Received LeaderStepDown RPC: tablet_id: "f2964df0f2ee40b6965fbaaff91336bf"
dest_uuid: "e2f1220343114791b686b14e4ccd8501"
mode: GRACEFUL
new_leader_uuid: "1bc1cf77ced2434e809db84a382027b4"
 from {username='slave'} at 127.0.0.1:47308
I20260710 13:18:22.322145  7068 raft_consensus.cc:606] T f2964df0f2ee40b6965fbaaff91336bf P e2f1220343114791b686b14e4ccd8501 [term 1 LEADER]: Received request to transfer leadership to TS 1bc1cf77ced2434e809db84a382027b4
I20260710 13:18:22.323375  5762 auto_leader_rebalancer.cc:479] table: test-workload, leader rebalance finish, leader transfer count: 3
I20260710 13:18:22.324050  5762 auto_leader_rebalancer.cc:554] All tables' leader rebalancing finished this round
I20260710 13:18:22.350327  7756 raft_consensus.cc:993] T f2964df0f2ee40b6965fbaaff91336bf P e2f1220343114791b686b14e4ccd8501: : Instructing follower 1bc1cf77ced2434e809db84a382027b4 to start an election
I20260710 13:18:22.350867  7756 raft_consensus.cc:1081] T f2964df0f2ee40b6965fbaaff91336bf P e2f1220343114791b686b14e4ccd8501 [term 1 LEADER]: Signalling peer 1bc1cf77ced2434e809db84a382027b4 to start an election
I20260710 13:18:22.352289  7349 tablet_service.cc:2044] Received Run Leader Election RPC: tablet_id: "f2964df0f2ee40b6965fbaaff91336bf"
dest_uuid: "1bc1cf77ced2434e809db84a382027b4"
 from {username='slave'} at 127.0.0.1:55432
I20260710 13:18:22.352742  7349 raft_consensus.cc:493] T f2964df0f2ee40b6965fbaaff91336bf P 1bc1cf77ced2434e809db84a382027b4 [term 1 FOLLOWER]: Starting forced leader election (received explicit request)
I20260710 13:18:22.353049  7349 raft_consensus.cc:3060] T f2964df0f2ee40b6965fbaaff91336bf P 1bc1cf77ced2434e809db84a382027b4 [term 1 FOLLOWER]: Advancing to term 2
I20260710 13:18:22.359094  7349 raft_consensus.cc:515] T f2964df0f2ee40b6965fbaaff91336bf P 1bc1cf77ced2434e809db84a382027b4 [term 2 FOLLOWER]: Starting forced leader election with config: opid_index: 4 OBSOLETE_local: false peers { permanent_uuid: "86f5798c7c4c470da27c9e2f023475ca" member_type: VOTER last_known_addr { host: "127.5.160.130" port: 41833 } } peers { permanent_uuid: "e2f1220343114791b686b14e4ccd8501" member_type: VOTER last_known_addr { host: "127.5.160.131" port: 36707 } } peers { permanent_uuid: "1bc1cf77ced2434e809db84a382027b4" member_type: VOTER last_known_addr { host: "127.5.160.132" port: 35737 } attrs { promote: false } }
I20260710 13:18:22.360919  7349 leader_election.cc:290] T f2964df0f2ee40b6965fbaaff91336bf P 1bc1cf77ced2434e809db84a382027b4 [CANDIDATE]: Term 2 election: Requested vote from peers 86f5798c7c4c470da27c9e2f023475ca (127.5.160.130:41833), e2f1220343114791b686b14e4ccd8501 (127.5.160.131:36707)
I20260710 13:18:22.361629  6996 tablet_service.cc:1917] Received RequestConsensusVote() RPC: tablet_id: "f2964df0f2ee40b6965fbaaff91336bf" candidate_uuid: "1bc1cf77ced2434e809db84a382027b4" candidate_term: 2 candidate_status { last_received { term: 1 index: 4 } } ignore_live_leader: true dest_uuid: "86f5798c7c4c470da27c9e2f023475ca"
I20260710 13:18:22.362288  6996 raft_consensus.cc:3060] T f2964df0f2ee40b6965fbaaff91336bf P 86f5798c7c4c470da27c9e2f023475ca [term 1 FOLLOWER]: Advancing to term 2
I20260710 13:18:22.362479  7068 tablet_service.cc:1917] Received RequestConsensusVote() RPC: tablet_id: "f2964df0f2ee40b6965fbaaff91336bf" candidate_uuid: "1bc1cf77ced2434e809db84a382027b4" candidate_term: 2 candidate_status { last_received { term: 1 index: 4 } } ignore_live_leader: true dest_uuid: "e2f1220343114791b686b14e4ccd8501"
I20260710 13:18:22.363075  7068 raft_consensus.cc:3055] T f2964df0f2ee40b6965fbaaff91336bf P e2f1220343114791b686b14e4ccd8501 [term 1 LEADER]: Stepping down as leader of term 1
I20260710 13:18:22.363377  7068 raft_consensus.cc:740] T f2964df0f2ee40b6965fbaaff91336bf P e2f1220343114791b686b14e4ccd8501 [term 1 LEADER]: Becoming Follower/Learner. State: Replica: e2f1220343114791b686b14e4ccd8501, State: Running, Role: LEADER
I20260710 13:18:22.364147  7068 consensus_queue.cc:260] T f2964df0f2ee40b6965fbaaff91336bf P e2f1220343114791b686b14e4ccd8501 [NON_LEADER]: Queue going to NON_LEADER mode. State: All replicated index: 0, Majority replicated index: 4, Committed index: 4, Last appended: 1.4, Last appended by leader: 4, Current term: 1, Majority size: -1, State: 0, Mode: NON_LEADER, active raft config: opid_index: 4 OBSOLETE_local: false peers { permanent_uuid: "86f5798c7c4c470da27c9e2f023475ca" member_type: VOTER last_known_addr { host: "127.5.160.130" port: 41833 } } peers { permanent_uuid: "e2f1220343114791b686b14e4ccd8501" member_type: VOTER last_known_addr { host: "127.5.160.131" port: 36707 } } peers { permanent_uuid: "1bc1cf77ced2434e809db84a382027b4" member_type: VOTER last_known_addr { host: "127.5.160.132" port: 35737 } attrs { promote: false } }
I20260710 13:18:22.364981  7068 raft_consensus.cc:3060] T f2964df0f2ee40b6965fbaaff91336bf P e2f1220343114791b686b14e4ccd8501 [term 1 FOLLOWER]: Advancing to term 2
I20260710 13:18:22.367587  6996 raft_consensus.cc:2468] T f2964df0f2ee40b6965fbaaff91336bf P 86f5798c7c4c470da27c9e2f023475ca [term 2 FOLLOWER]: Leader election vote request: Granting yes vote for candidate 1bc1cf77ced2434e809db84a382027b4 in term 2.
