I20260710 13:17:36.470721  6579 raft_consensus.cc:2804] T c57f11eafa6e432396c7940dd95a0332 P d758f1c41dfe413fb6c602e7271cf30e [term 1 FOLLOWER]: Leader election won for term 1
I20260710 13:17:36.471180  6579 raft_consensus.cc:697] T c57f11eafa6e432396c7940dd95a0332 P d758f1c41dfe413fb6c602e7271cf30e [term 1 LEADER]: Becoming Leader. State: Replica: d758f1c41dfe413fb6c602e7271cf30e, State: Running, Role: LEADER
I20260710 13:17:36.471585  6537 tablet_bootstrap.cc:492] T 8f569bb3d8304428ac8881f3e2a0915f P f5835cc2b813466780a886b188c948b8: Bootstrap starting.
I20260710 13:17:36.471961  6579 consensus_queue.cc:237] T c57f11eafa6e432396c7940dd95a0332 P d758f1c41dfe413fb6c602e7271cf30e [LEADER]: Queue going to LEADER mode. State: All replicated index: 0, Majority replicated index: 0, Committed index: 0, Last appended: 0.0, Last appended by leader: 0, Current term: 1, Majority size: 2, State: 0, Mode: LEADER, active raft config: opid_index: -1 OBSOLETE_local: false peers { permanent_uuid: "ec0e50d19ffd4749aee11fbb12b3298b" member_type: VOTER last_known_addr { host: "127.5.147.65" port: 36491 } } peers { permanent_uuid: "d758f1c41dfe413fb6c602e7271cf30e" member_type: VOTER last_known_addr { host: "127.5.147.66" port: 33537 } } peers { permanent_uuid: "f5835cc2b813466780a886b188c948b8" member_type: VOTER last_known_addr { host: "127.5.147.67" port: 40291 } }
I20260710 13:17:36.473047  6342 raft_consensus.cc:2468] T c57f11eafa6e432396c7940dd95a0332 P ec0e50d19ffd4749aee11fbb12b3298b [term 1 FOLLOWER]: Leader election vote request: Granting yes vote for candidate d758f1c41dfe413fb6c602e7271cf30e in term 1.
I20260710 13:17:36.456995  6569 raft_consensus.cc:2804] T 6ff9b4daf01548d59a7d5ac1870e0f3c P f5835cc2b813466780a886b188c948b8 [term 1 FOLLOWER]: Leader election won for term 1
I20260710 13:17:36.475358  6569 raft_consensus.cc:697] T 6ff9b4daf01548d59a7d5ac1870e0f3c P f5835cc2b813466780a886b188c948b8 [term 1 LEADER]: Becoming Leader. State: Replica: f5835cc2b813466780a886b188c948b8, State: Running, Role: LEADER
I20260710 13:17:36.476198  6569 consensus_queue.cc:237] T 6ff9b4daf01548d59a7d5ac1870e0f3c P f5835cc2b813466780a886b188c948b8 [LEADER]: Queue going to LEADER mode. State: All replicated index: 0, Majority replicated index: 0, Committed index: 0, Last appended: 0.0, Last appended by leader: 0, Current term: 1, Majority size: 2, State: 0, Mode: LEADER, active raft config: opid_index: -1 OBSOLETE_local: false peers { permanent_uuid: "ec0e50d19ffd4749aee11fbb12b3298b" member_type: VOTER last_known_addr { host: "127.5.147.65" port: 36491 } } peers { permanent_uuid: "d758f1c41dfe413fb6c602e7271cf30e" member_type: VOTER last_known_addr { host: "127.5.147.66" port: 33537 } } peers { permanent_uuid: "f5835cc2b813466780a886b188c948b8" member_type: VOTER last_known_addr { host: "127.5.147.67" port: 40291 } }
I20260710 13:17:36.477232  6531 tablet_bootstrap.cc:654] T 6ff9b4daf01548d59a7d5ac1870e0f3c P d758f1c41dfe413fb6c602e7271cf30e: Neither blocks nor log segments found. Creating new log.
I20260710 13:17:36.483422  6537 tablet_bootstrap.cc:654] T 8f569bb3d8304428ac8881f3e2a0915f P f5835cc2b813466780a886b188c948b8: Neither blocks nor log segments found. Creating new log.
I20260710 13:17:36.488241  6238 catalog_manager.cc:5697] T 806341d0b2f84b1e9406889cc4b4e51e P d758f1c41dfe413fb6c602e7271cf30e reported cstate change: term changed from 0 to 1, leader changed from <none> to d758f1c41dfe413fb6c602e7271cf30e (127.5.147.66). New cstate: current_term: 1 leader_uuid: "d758f1c41dfe413fb6c602e7271cf30e" committed_config { opid_index: -1 OBSOLETE_local: false peers { permanent_uuid: "ec0e50d19ffd4749aee11fbb12b3298b" member_type: VOTER last_known_addr { host: "127.5.147.65" port: 36491 } health_report { overall_health: UNKNOWN } } peers { permanent_uuid: "d758f1c41dfe413fb6c602e7271cf30e" member_type: VOTER last_known_addr { host: "127.5.147.66" port: 33537 } health_report { overall_health: HEALTHY } } peers { permanent_uuid: "f5835cc2b813466780a886b188c948b8" member_type: VOTER last_known_addr { host: "127.5.147.67" port: 40291 } health_report { overall_health: UNKNOWN } } }
I20260710 13:17:36.494849  6531 tablet_bootstrap.cc:492] T 6ff9b4daf01548d59a7d5ac1870e0f3c P d758f1c41dfe413fb6c602e7271cf30e: No bootstrap required, opened a new log
I20260710 13:17:36.495066  6237 catalog_manager.cc:5697] T 8f569bb3d8304428ac8881f3e2a0915f P ec0e50d19ffd4749aee11fbb12b3298b reported cstate change: term changed from 0 to 1, leader changed from <none> to ec0e50d19ffd4749aee11fbb12b3298b (127.5.147.65). New cstate: current_term: 1 leader_uuid: "ec0e50d19ffd4749aee11fbb12b3298b" committed_config { opid_index: -1 OBSOLETE_local: false peers { permanent_uuid: "ec0e50d19ffd4749aee11fbb12b3298b" member_type: VOTER last_known_addr { host: "127.5.147.65" port: 36491 } health_report { overall_health: HEALTHY } } peers { permanent_uuid: "d758f1c41dfe413fb6c602e7271cf30e" member_type: VOTER last_known_addr { host: "127.5.147.66" port: 33537 } health_report { overall_health: UNKNOWN } } peers { permanent_uuid: "f5835cc2b813466780a886b188c948b8" member_type: VOTER last_known_addr { host: "127.5.147.67" port: 40291 } health_report { overall_health: UNKNOWN } } }
I20260710 13:17:36.497231  6531 ts_tablet_manager.cc:1403] T 6ff9b4daf01548d59a7d5ac1870e0f3c P d758f1c41dfe413fb6c602e7271cf30e: Time spent bootstrapping tablet: real 0.046s	user 0.011s	sys 0.000s
I20260710 13:17:36.495831  6239 catalog_manager.cc:5697] T 6ff9b4daf01548d59a7d5ac1870e0f3c P f5835cc2b813466780a886b188c948b8 reported cstate change: term changed from 0 to 1, leader changed from <none> to f5835cc2b813466780a886b188c948b8 (127.5.147.67). New cstate: current_term: 1 leader_uuid: "f5835cc2b813466780a886b188c948b8" committed_config { opid_index: -1 OBSOLETE_local: false peers { permanent_uuid: "ec0e50d19ffd4749aee11fbb12b3298b" member_type: VOTER last_known_addr { host: "127.5.147.65" port: 36491 } health_report { overall_health: UNKNOWN } } peers { permanent_uuid: "d758f1c41dfe413fb6c602e7271cf30e" member_type: VOTER last_known_addr { host: "127.5.147.66" port: 33537 } health_report { overall_health: UNKNOWN } } peers { permanent_uuid: "f5835cc2b813466780a886b188c948b8" member_type: VOTER last_known_addr { host: "127.5.147.67" port: 40291 } health_report { overall_health: HEALTHY } } }
I20260710 13:17:36.499363  6537 tablet_bootstrap.cc:492] T 8f569bb3d8304428ac8881f3e2a0915f P f5835cc2b813466780a886b188c948b8: No bootstrap required, opened a new log
I20260710 13:17:36.499809  6537 ts_tablet_manager.cc:1403] T 8f569bb3d8304428ac8881f3e2a0915f P f5835cc2b813466780a886b188c948b8: Time spent bootstrapping tablet: real 0.028s	user 0.019s	sys 0.000s
I20260710 13:17:36.499837  6531 raft_consensus.cc:359] T 6ff9b4daf01548d59a7d5ac1870e0f3c P d758f1c41dfe413fb6c602e7271cf30e [term 0 FOLLOWER]: Replica starting. Triggering 0 pending ops. Active config: opid_index: -1 OBSOLETE_local: false peers { permanent_uuid: "ec0e50d19ffd4749aee11fbb12b3298b" member_type: VOTER last_known_addr { host: "127.5.147.65" port: 36491 } } peers { permanent_uuid: "d758f1c41dfe413fb6c602e7271cf30e" member_type: VOTER last_known_addr { host: "127.5.147.66" port: 33537 } } peers { permanent_uuid: "f5835cc2b813466780a886b188c948b8" member_type: VOTER last_known_addr { host: "127.5.147.67" port: 40291 } }
I20260710 13:17:36.500599  6531 raft_consensus.cc:385] T 6ff9b4daf01548d59a7d5ac1870e0f3c P d758f1c41dfe413fb6c602e7271cf30e [term 0 FOLLOWER]: Consensus starting up: Expiring failure detector timer to make a prompt election more likely
I20260710 13:17:36.500873  6531 raft_consensus.cc:740] T 6ff9b4daf01548d59a7d5ac1870e0f3c P d758f1c41dfe413fb6c602e7271cf30e [term 0 FOLLOWER]: Becoming Follower/Learner. State: Replica: d758f1c41dfe413fb6c602e7271cf30e, State: Initialized, Role: FOLLOWER
I20260710 13:17:36.501842  6531 consensus_queue.cc:260] T 6ff9b4daf01548d59a7d5ac1870e0f3c P d758f1c41dfe413fb6c602e7271cf30e [NON_LEADER]: Queue going to NON_LEADER mode. State: All replicated index: 0, Majority replicated index: 0, Committed index: 0, Last appended: 0.0, Last appended by leader: 0, Current term: 0, Majority size: -1, State: 0, Mode: NON_LEADER, active raft config: opid_index: -1 OBSOLETE_local: false peers { permanent_uuid: "ec0e50d19ffd4749aee11fbb12b3298b" member_type: VOTER last_known_addr { host: "127.5.147.65" port: 36491 } } peers { permanent_uuid: "d758f1c41dfe413fb6c602e7271cf30e" member_type: VOTER last_known_addr { host: "127.5.147.66" port: 33537 } } peers { permanent_uuid: "f5835cc2b813466780a886b188c948b8" member_type: VOTER last_known_addr { host: "127.5.147.67" port: 40291 } }
I20260710 13:17:36.503368  6531 ts_tablet_manager.cc:1434] T 6ff9b4daf01548d59a7d5ac1870e0f3c P d758f1c41dfe413fb6c602e7271cf30e: Time spent starting tablet: real 0.006s	user 0.006s	sys 0.000s
I20260710 13:17:36.503371  6564 raft_consensus.cc:493] T 26a96b8a95494c01ab9595377c2f9646 P ec0e50d19ffd4749aee11fbb12b3298b [term 0 FOLLOWER]: Starting pre-election (no leader contacted us within the election timeout)
I20260710 13:17:36.504021  6564 raft_consensus.cc:515] T 26a96b8a95494c01ab9595377c2f9646 P ec0e50d19ffd4749aee11fbb12b3298b [term 0 FOLLOWER]: Starting pre-election with config: opid_index: -1 OBSOLETE_local: false peers { permanent_uuid: "ec0e50d19ffd4749aee11fbb12b3298b" member_type: VOTER last_known_addr { host: "127.5.147.65" port: 36491 } } peers { permanent_uuid: "d758f1c41dfe413fb6c602e7271cf30e" member_type: VOTER last_known_addr { host: "127.5.147.66" port: 33537 } } peers { permanent_uuid: "f5835cc2b813466780a886b188c948b8" member_type: VOTER last_known_addr { host: "127.5.147.67" port: 40291 } }
I20260710 13:17:36.502830  6537 raft_consensus.cc:359] T 8f569bb3d8304428ac8881f3e2a0915f P f5835cc2b813466780a886b188c948b8 [term 0 FOLLOWER]: Replica starting. Triggering 0 pending ops. Active config: opid_index: -1 OBSOLETE_local: false peers { permanent_uuid: "ec0e50d19ffd4749aee11fbb12b3298b" member_type: VOTER last_known_addr { host: "127.5.147.65" port: 36491 } } peers { permanent_uuid: "d758f1c41dfe413fb6c602e7271cf30e" member_type: VOTER last_known_addr { host: "127.5.147.66" port: 33537 } } peers { permanent_uuid: "f5835cc2b813466780a886b188c948b8" member_type: VOTER last_known_addr { host: "127.5.147.67" port: 40291 } }
I20260710 13:17:36.505357  6537 raft_consensus.cc:385] T 8f569bb3d8304428ac8881f3e2a0915f P f5835cc2b813466780a886b188c948b8 [term 0 FOLLOWER]: Consensus starting up: Expiring failure detector timer to make a prompt election more likely
I20260710 13:17:36.505613  6537 raft_consensus.cc:740] T 8f569bb3d8304428ac8881f3e2a0915f P f5835cc2b813466780a886b188c948b8 [term 0 FOLLOWER]: Becoming Follower/Learner. State: Replica: f5835cc2b813466780a886b188c948b8, State: Initialized, Role: FOLLOWER
I20260710 13:17:36.505978  6564 leader_election.cc:290] T 26a96b8a95494c01ab9595377c2f9646 P ec0e50d19ffd4749aee11fbb12b3298b [CANDIDATE]: Term 1 pre-election: Requested pre-vote from peers d758f1c41dfe413fb6c602e7271cf30e (127.5.147.66:33537), f5835cc2b813466780a886b188c948b8 (127.5.147.67:40291)
I20260710 13:17:36.506259  6537 consensus_queue.cc:260] T 8f569bb3d8304428ac8881f3e2a0915f P f5835cc2b813466780a886b188c948b8 [NON_LEADER]: Queue going to NON_LEADER mode. State: All replicated index: 0, Majority replicated index: 0, Committed index: 0, Last appended: 0.0, Last appended by leader: 0, Current term: 0, Majority size: -1, State: 0, Mode: NON_LEADER, active raft config: opid_index: -1 OBSOLETE_local: false peers { permanent_uuid: "ec0e50d19ffd4749aee11fbb12b3298b" member_type: VOTER last_known_addr { host: "127.5.147.65" port: 36491 } } peers { permanent_uuid: "d758f1c41dfe413fb6c602e7271cf30e" member_type: VOTER last_known_addr { host: "127.5.147.66" port: 33537 } } peers { permanent_uuid: "f5835cc2b813466780a886b188c948b8" member_type: VOTER last_known_addr { host: "127.5.147.67" port: 40291 } }
I20260710 13:17:36.507881  6491 tablet_service.cc:1917] Received RequestConsensusVote() RPC: tablet_id: "26a96b8a95494c01ab9595377c2f9646" candidate_uuid: "ec0e50d19ffd4749aee11fbb12b3298b" candidate_term: 1 candidate_status { last_received { term: 0 index: 0 } } ignore_live_leader: false dest_uuid: "f5835cc2b813466780a886b188c948b8" is_pre_election: true
I20260710 13:17:36.508375  6537 ts_tablet_manager.cc:1434] T 8f569bb3d8304428ac8881f3e2a0915f P f5835cc2b813466780a886b188c948b8: Time spent starting tablet: real 0.008s	user 0.001s	sys 0.004s
I20260710 13:17:36.509256  6537 tablet_bootstrap.cc:492] T 806341d0b2f84b1e9406889cc4b4e51e P f5835cc2b813466780a886b188c948b8: Bootstrap starting.
I20260710 13:17:36.512766  6416 tablet_service.cc:1917] Received RequestConsensusVote() RPC: tablet_id: "26a96b8a95494c01ab9595377c2f9646" candidate_uuid: "ec0e50d19ffd4749aee11fbb12b3298b" candidate_term: 1 candidate_status { last_received { term: 0 index: 0 } } ignore_live_leader: false dest_uuid: "d758f1c41dfe413fb6c602e7271cf30e" is_pre_election: true
I20260710 13:17:36.514451  6416 raft_consensus.cc:2393] T 26a96b8a95494c01ab9595377c2f9646 P d758f1c41dfe413fb6c602e7271cf30e [term 1 FOLLOWER]: Leader pre-election vote request: Denying vote to candidate ec0e50d19ffd4749aee11fbb12b3298b in current term 1: Already voted for candidate f5835cc2b813466780a886b188c948b8 in this term.
I20260710 13:17:36.514916  6537 tablet_bootstrap.cc:654] T 806341d0b2f84b1e9406889cc4b4e51e P f5835cc2b813466780a886b188c948b8: Neither blocks nor log segments found. Creating new log.
I20260710 13:17:36.516466  6306 leader_election.cc:304] T 26a96b8a95494c01ab9595377c2f9646 P ec0e50d19ffd4749aee11fbb12b3298b [CANDIDATE]: Term 1 pre-election: Election decided. Result: candidate lost. Election summary: received 3 responses out of 3 voters: 1 yes votes; 2 no votes. yes voters: ec0e50d19ffd4749aee11fbb12b3298b; no voters: d758f1c41dfe413fb6c602e7271cf30e, f5835cc2b813466780a886b188c948b8
I20260710 13:17:36.517597  6552 raft_consensus.cc:3060] T 26a96b8a95494c01ab9595377c2f9646 P ec0e50d19ffd4749aee11fbb12b3298b [term 0 FOLLOWER]: Advancing to term 1
I20260710 13:17:36.522980  6579 raft_consensus.cc:493] T de40d9ad59624cb78724728eda886f86 P d758f1c41dfe413fb6c602e7271cf30e [term 0 FOLLOWER]: Starting pre-election (no leader contacted us within the election timeout)
I20260710 13:17:36.523461  6579 raft_consensus.cc:515] T de40d9ad59624cb78724728eda886f86 P d758f1c41dfe413fb6c602e7271cf30e [term 0 FOLLOWER]: Starting pre-election with config: opid_index: -1 OBSOLETE_local: false peers { permanent_uuid: "ec0e50d19ffd4749aee11fbb12b3298b" member_type: VOTER last_known_addr { host: "127.5.147.65" port: 36491 } } peers { permanent_uuid: "d758f1c41dfe413fb6c602e7271cf30e" member_type: VOTER last_known_addr { host: "127.5.147.66" port: 33537 } } peers { permanent_uuid: "f5835cc2b813466780a886b188c948b8" member_type: VOTER last_known_addr { host: "127.5.147.67" port: 40291 } }
I20260710 13:17:36.525548  6579 leader_election.cc:290] T de40d9ad59624cb78724728eda886f86 P d758f1c41dfe413fb6c602e7271cf30e [CANDIDATE]: Term 1 pre-election: Requested pre-vote from peers ec0e50d19ffd4749aee11fbb12b3298b (127.5.147.65:36491), f5835cc2b813466780a886b188c948b8 (127.5.147.67:40291)
I20260710 13:17:36.526969  6491 tablet_service.cc:1917] Received RequestConsensusVote() RPC: tablet_id: "de40d9ad59624cb78724728eda886f86" candidate_uuid: "d758f1c41dfe413fb6c602e7271cf30e" candidate_term: 1 candidate_status { last_received { term: 0 index: 0 } } ignore_live_leader: false dest_uuid: "f5835cc2b813466780a886b188c948b8" is_pre_election: true
I20260710 13:17:36.527452  6342 tablet_service.cc:1917] Received RequestConsensusVote() RPC: tablet_id: "de40d9ad59624cb78724728eda886f86" candidate_uuid: "d758f1c41dfe413fb6c602e7271cf30e" candidate_term: 1 candidate_status { last_received { term: 0 index: 0 } } ignore_live_leader: false dest_uuid: "ec0e50d19ffd4749aee11fbb12b3298b" is_pre_election: true
I20260710 13:17:36.527657  6491 raft_consensus.cc:2468] T de40d9ad59624cb78724728eda886f86 P f5835cc2b813466780a886b188c948b8 [term 0 FOLLOWER]: Leader pre-election vote request: Granting yes vote for candidate d758f1c41dfe413fb6c602e7271cf30e in term 0.
I20260710 13:17:36.528115  6342 raft_consensus.cc:2468] T de40d9ad59624cb78724728eda886f86 P ec0e50d19ffd4749aee11fbb12b3298b [term 0 FOLLOWER]: Leader pre-election vote request: Granting yes vote for candidate d758f1c41dfe413fb6c602e7271cf30e in term 0.
I20260710 13:17:36.529081  6380 leader_election.cc:304] T de40d9ad59624cb78724728eda886f86 P d758f1c41dfe413fb6c602e7271cf30e [CANDIDATE]: Term 1 pre-election: Election decided. Result: candidate won. Election summary: received 2 responses out of 3 voters: 2 yes votes; 0 no votes. yes voters: d758f1c41dfe413fb6c602e7271cf30e, f5835cc2b813466780a886b188c948b8; no voters: 
I20260710 13:17:36.530424  6579 raft_consensus.cc:2804] T de40d9ad59624cb78724728eda886f86 P d758f1c41dfe413fb6c602e7271cf30e [term 0 FOLLOWER]: Leader pre-election won for term 1
I20260710 13:17:36.530818  6579 raft_consensus.cc:493] T de40d9ad59624cb78724728eda886f86 P d758f1c41dfe413fb6c602e7271cf30e [term 0 FOLLOWER]: Starting leader election (no leader contacted us within the election timeout)
I20260710 13:17:36.531147  6579 raft_consensus.cc:3060] T de40d9ad59624cb78724728eda886f86 P d758f1c41dfe413fb6c602e7271cf30e [term 0 FOLLOWER]: Advancing to term 1
I20260710 13:17:36.531886  6552 raft_consensus.cc:2749] T 26a96b8a95494c01ab9595377c2f9646 P ec0e50d19ffd4749aee11fbb12b3298b [term 1 FOLLOWER]: Leader pre-election lost for term 1. Reason: could not achieve majority
I20260710 13:17:36.539528  6579 raft_consensus.cc:515] T de40d9ad59624cb78724728eda886f86 P d758f1c41dfe413fb6c602e7271cf30e [term 1 FOLLOWER]: Starting leader election with config: opid_index: -1 OBSOLETE_local: false peers { permanent_uuid: "ec0e50d19ffd4749aee11fbb12b3298b" member_type: VOTER last_known_addr { host: "127.5.147.65" port: 36491 } } peers { permanent_uuid: "d758f1c41dfe413fb6c602e7271cf30e" member_type: VOTER last_known_addr { host: "127.5.147.66" port: 33537 } } peers { permanent_uuid: "f5835cc2b813466780a886b188c948b8" member_type: VOTER last_known_addr { host: "127.5.147.67" port: 40291 } }
I20260710 13:17:36.542909  6342 tablet_service.cc:1917] Received RequestConsensusVote() RPC: tablet_id: "de40d9ad59624cb78724728eda886f86" candidate_uuid: "d758f1c41dfe413fb6c602e7271cf30e" candidate_term: 1 candidate_status { last_received { term: 0 index: 0 } } ignore_live_leader: false dest_uuid: "ec0e50d19ffd4749aee11fbb12b3298b"
I20260710 13:17:36.543582  6342 raft_consensus.cc:3060] T de40d9ad59624cb78724728eda886f86 P ec0e50d19ffd4749aee11fbb12b3298b [term 0 FOLLOWER]: Advancing to term 1
I20260710 13:17:36.551047  6342 raft_consensus.cc:2468] T de40d9ad59624cb78724728eda886f86 P ec0e50d19ffd4749aee11fbb12b3298b [term 1 FOLLOWER]: Leader election vote request: Granting yes vote for candidate d758f1c41dfe413fb6c602e7271cf30e in term 1.
I20260710 13:17:36.552332  6382 leader_election.cc:304] T de40d9ad59624cb78724728eda886f86 P d758f1c41dfe413fb6c602e7271cf30e [CANDIDATE]: Term 1 election: Election decided. Result: candidate won. Election summary: received 2 responses out of 3 voters: 2 yes votes; 0 no votes. yes voters: d758f1c41dfe413fb6c602e7271cf30e, ec0e50d19ffd4749aee11fbb12b3298b; no voters: 
I20260710 13:17:36.553356  6584 raft_consensus.cc:2804] T de40d9ad59624cb78724728eda886f86 P d758f1c41dfe413fb6c602e7271cf30e [term 1 FOLLOWER]: Leader election won for term 1
I20260710 13:17:36.553886  6584 raft_consensus.cc:697] T de40d9ad59624cb78724728eda886f86 P d758f1c41dfe413fb6c602e7271cf30e [term 1 LEADER]: Becoming Leader. State: Replica: d758f1c41dfe413fb6c602e7271cf30e, State: Running, Role: LEADER
I20260710 13:17:36.554720  6584 consensus_queue.cc:237] T de40d9ad59624cb78724728eda886f86 P d758f1c41dfe413fb6c602e7271cf30e [LEADER]: Queue going to LEADER mode. State: All replicated index: 0, Majority replicated index: 0, Committed index: 0, Last appended: 0.0, Last appended by leader: 0, Current term: 1, Majority size: 2, State: 0, Mode: LEADER, active raft config: opid_index: -1 OBSOLETE_local: false peers { permanent_uuid: "ec0e50d19ffd4749aee11fbb12b3298b" member_type: VOTER last_known_addr { host: "127.5.147.65" port: 36491 } } peers { permanent_uuid: "d758f1c41dfe413fb6c602e7271cf30e" member_type: VOTER last_known_addr { host: "127.5.147.66" port: 33537 } } peers { permanent_uuid: "f5835cc2b813466780a886b188c948b8" member_type: VOTER last_known_addr { host: "127.5.147.67" port: 40291 } }
I20260710 13:17:36.557372  6579 leader_election.cc:290] T de40d9ad59624cb78724728eda886f86 P d758f1c41dfe413fb6c602e7271cf30e [CANDIDATE]: Term 1 election: Requested vote from peers ec0e50d19ffd4749aee11fbb12b3298b (127.5.147.65:36491), f5835cc2b813466780a886b188c948b8 (127.5.147.67:40291)
I20260710 13:17:36.559226  6564 consensus_queue.cc:1048] T f0332787d80c490f9da88ddca6cf8f5f P ec0e50d19ffd4749aee11fbb12b3298b [LEADER]: Connected to new peer: Peer: permanent_uuid: "f5835cc2b813466780a886b188c948b8" member_type: VOTER last_known_addr { host: "127.5.147.67" port: 40291 }, Status: LMP_MISMATCH, Last received: 0.0, Next index: 1, Last known committed idx: 0, Time since last communication: 0.001s
I20260710 13:17:36.552126  6239 catalog_manager.cc:5697] T c57f11eafa6e432396c7940dd95a0332 P d758f1c41dfe413fb6c602e7271cf30e reported cstate change: term changed from 0 to 1, leader changed from <none> to d758f1c41dfe413fb6c602e7271cf30e (127.5.147.66). New cstate: current_term: 1 leader_uuid: "d758f1c41dfe413fb6c602e7271cf30e" committed_config { opid_index: -1 OBSOLETE_local: false peers { permanent_uuid: "ec0e50d19ffd4749aee11fbb12b3298b" member_type: VOTER last_known_addr { host: "127.5.147.65" port: 36491 } health_report { overall_health: UNKNOWN } } peers { permanent_uuid: "d758f1c41dfe413fb6c602e7271cf30e" member_type: VOTER last_known_addr { host: "127.5.147.66" port: 33537 } health_report { overall_health: HEALTHY } } peers { permanent_uuid: "f5835cc2b813466780a886b188c948b8" member_type: VOTER last_known_addr { host: "127.5.147.67" port: 40291 } health_report { overall_health: UNKNOWN } } }
I20260710 13:17:36.564010  6491 tablet_service.cc:1917] Received RequestConsensusVote() RPC: tablet_id: "de40d9ad59624cb78724728eda886f86" candidate_uuid: "d758f1c41dfe413fb6c602e7271cf30e" candidate_term: 1 candidate_status { last_received { term: 0 index: 0 } } ignore_live_leader: false dest_uuid: "f5835cc2b813466780a886b188c948b8"
I20260710 13:17:36.564771  6491 raft_consensus.cc:3060] T de40d9ad59624cb78724728eda886f86 P f5835cc2b813466780a886b188c948b8 [term 0 FOLLOWER]: Advancing to term 1
I20260710 13:17:36.570355  6491 raft_consensus.cc:2468] T de40d9ad59624cb78724728eda886f86 P f5835cc2b813466780a886b188c948b8 [term 1 FOLLOWER]: Leader election vote request: Granting yes vote for candidate d758f1c41dfe413fb6c602e7271cf30e in term 1.
I20260710 13:17:36.576689  6537 tablet_bootstrap.cc:492] T 806341d0b2f84b1e9406889cc4b4e51e P f5835cc2b813466780a886b188c948b8: No bootstrap required, opened a new log
I20260710 13:17:36.577167  6537 ts_tablet_manager.cc:1403] T 806341d0b2f84b1e9406889cc4b4e51e P f5835cc2b813466780a886b188c948b8: Time spent bootstrapping tablet: real 0.068s	user 0.044s	sys 0.020s
I20260710 13:17:36.579303  6537 raft_consensus.cc:359] T 806341d0b2f84b1e9406889cc4b4e51e P f5835cc2b813466780a886b188c948b8 [term 0 FOLLOWER]: Replica starting. Triggering 0 pending ops. Active config: opid_index: -1 OBSOLETE_local: false peers { permanent_uuid: "ec0e50d19ffd4749aee11fbb12b3298b" member_type: VOTER last_known_addr { host: "127.5.147.65" port: 36491 } } peers { permanent_uuid: "d758f1c41dfe413fb6c602e7271cf30e" member_type: VOTER last_known_addr { host: "127.5.147.66" port: 33537 } } peers { permanent_uuid: "f5835cc2b813466780a886b188c948b8" member_type: VOTER last_known_addr { host: "127.5.147.67" port: 40291 } }
I20260710 13:17:36.579957  6537 raft_consensus.cc:385] T 806341d0b2f84b1e9406889cc4b4e51e P f5835cc2b813466780a886b188c948b8 [term 0 FOLLOWER]: Consensus starting up: Expiring failure detector timer to make a prompt election more likely
I20260710 13:17:36.580235  6537 raft_consensus.cc:740] T 806341d0b2f84b1e9406889cc4b4e51e P f5835cc2b813466780a886b188c948b8 [term 0 FOLLOWER]: Becoming Follower/Learner. State: Replica: f5835cc2b813466780a886b188c948b8, State: Initialized, Role: FOLLOWER
I20260710 13:17:36.580849  6537 consensus_queue.cc:260] T 806341d0b2f84b1e9406889cc4b4e51e P f5835cc2b813466780a886b188c948b8 [NON_LEADER]: Queue going to NON_LEADER mode. State: All replicated index: 0, Majority replicated index: 0, Committed index: 0, Last appended: 0.0, Last appended by leader: 0, Current term: 0, Majority size: -1, State: 0, Mode: NON_LEADER, active raft config: opid_index: -1 OBSOLETE_local: false peers { permanent_uuid: "ec0e50d19ffd4749aee11fbb12b3298b" member_type: VOTER last_known_addr { host: "127.5.147.65" port: 36491 } } peers { permanent_uuid: "d758f1c41dfe413fb6c602e7271cf30e" member_type: VOTER last_known_addr { host: "127.5.147.66" port: 33537 } } peers { permanent_uuid: "f5835cc2b813466780a886b188c948b8" member_type: VOTER last_known_addr { host: "127.5.147.67" port: 40291 } }
I20260710 13:17:36.582877  6537 ts_tablet_manager.cc:1434] T 806341d0b2f84b1e9406889cc4b4e51e P f5835cc2b813466780a886b188c948b8: Time spent starting tablet: real 0.005s	user 0.006s	sys 0.000s
I20260710 13:17:36.589041  6237 catalog_manager.cc:5697] T de40d9ad59624cb78724728eda886f86 P d758f1c41dfe413fb6c602e7271cf30e reported cstate change: term changed from 0 to 1, leader changed from <none> to d758f1c41dfe413fb6c602e7271cf30e (127.5.147.66). New cstate: current_term: 1 leader_uuid: "d758f1c41dfe413fb6c602e7271cf30e" committed_config { opid_index: -1 OBSOLETE_local: false peers { permanent_uuid: "ec0e50d19ffd4749aee11fbb12b3298b" member_type: VOTER last_known_addr { host: "127.5.147.65" port: 36491 } health_report { overall_health: UNKNOWN } } peers { permanent_uuid: "d758f1c41dfe413fb6c602e7271cf30e" member_type: VOTER last_known_addr { host: "127.5.147.66" port: 33537 } health_report { overall_health: HEALTHY } } peers { permanent_uuid: "f5835cc2b813466780a886b188c948b8" member_type: VOTER last_known_addr { host: "127.5.147.67" port: 40291 } health_report { overall_health: UNKNOWN } } }
I20260710 13:17:36.606067  6564 consensus_queue.cc:1048] T d1f80b0cabb041a293203025056a9669 P ec0e50d19ffd4749aee11fbb12b3298b [LEADER]: Connected to new peer: Peer: permanent_uuid: "d758f1c41dfe413fb6c602e7271cf30e" member_type: VOTER last_known_addr { host: "127.5.147.66" port: 33537 }, Status: LMP_MISMATCH, Last received: 0.0, Next index: 1, Last known committed idx: 0, Time since last communication: 0.000s
I20260710 13:17:36.615955  6564 consensus_queue.cc:1048] T d1f80b0cabb041a293203025056a9669 P ec0e50d19ffd4749aee11fbb12b3298b [LEADER]: Connected to new peer: Peer: permanent_uuid: "f5835cc2b813466780a886b188c948b8" member_type: VOTER last_known_addr { host: "127.5.147.67" port: 40291 }, Status: LMP_MISMATCH, Last received: 0.0, Next index: 1, Last known committed idx: 0, Time since last communication: 0.000s
I20260710 13:17:36.649930  6490 tablet_service.cc:2072] Received LeaderStepDown RPC: tablet_id: "26a96b8a95494c01ab9595377c2f9646"
dest_uuid: "f5835cc2b813466780a886b188c948b8"
mode: GRACEFUL
new_leader_uuid: "ec0e50d19ffd4749aee11fbb12b3298b"
 from {username='slave'} at 127.0.0.1:53504
I20260710 13:17:36.650420  6490 raft_consensus.cc:606] T 26a96b8a95494c01ab9595377c2f9646 P f5835cc2b813466780a886b188c948b8 [term 1 LEADER]: Received request to transfer leadership to TS ec0e50d19ffd4749aee11fbb12b3298b
I20260710 13:17:36.652300  6569 raft_consensus.cc:493] T 4a83f507eba0475191436a385d9bf3c5 P f5835cc2b813466780a886b188c948b8 [term 0 FOLLOWER]: Starting pre-election (no leader contacted us within the election timeout)
I20260710 13:17:36.652805  6569 raft_consensus.cc:515] T 4a83f507eba0475191436a385d9bf3c5 P f5835cc2b813466780a886b188c948b8 [term 0 FOLLOWER]: Starting pre-election with config: opid_index: -1 OBSOLETE_local: false peers { permanent_uuid: "ec0e50d19ffd4749aee11fbb12b3298b" member_type: VOTER last_known_addr { host: "127.5.147.65" port: 36491 } } peers { permanent_uuid: "d758f1c41dfe413fb6c602e7271cf30e" member_type: VOTER last_known_addr { host: "127.5.147.66" port: 33537 } } peers { permanent_uuid: "f5835cc2b813466780a886b188c948b8" member_type: VOTER last_known_addr { host: "127.5.147.67" port: 40291 } }
I20260710 13:17:36.654553  6569 leader_election.cc:290] T 4a83f507eba0475191436a385d9bf3c5 P f5835cc2b813466780a886b188c948b8 [CANDIDATE]: Term 1 pre-election: Requested pre-vote from peers ec0e50d19ffd4749aee11fbb12b3298b (127.5.147.65:36491), d758f1c41dfe413fb6c602e7271cf30e (127.5.147.66:33537)
I20260710 13:17:36.655115  6342 tablet_service.cc:1917] Received RequestConsensusVote() RPC: tablet_id: "4a83f507eba0475191436a385d9bf3c5" candidate_uuid: "f5835cc2b813466780a886b188c948b8" candidate_term: 1 candidate_status { last_received { term: 0 index: 0 } } ignore_live_leader: false dest_uuid: "ec0e50d19ffd4749aee11fbb12b3298b" is_pre_election: true
I20260710 13:17:36.655675  6417 tablet_service.cc:1917] Received RequestConsensusVote() RPC: tablet_id: "4a83f507eba0475191436a385d9bf3c5" candidate_uuid: "f5835cc2b813466780a886b188c948b8" candidate_term: 1 candidate_status { last_received { term: 0 index: 0 } } ignore_live_leader: false dest_uuid: "d758f1c41dfe413fb6c602e7271cf30e" is_pre_election: true
I20260710 13:17:36.656407  6417 raft_consensus.cc:2393] T 4a83f507eba0475191436a385d9bf3c5 P d758f1c41dfe413fb6c602e7271cf30e [term 1 FOLLOWER]: Leader pre-election vote request: Denying vote to candidate f5835cc2b813466780a886b188c948b8 in current term 1: Already voted for candidate ec0e50d19ffd4749aee11fbb12b3298b in this term.
I20260710 13:17:36.657446  6455 leader_election.cc:304] T 4a83f507eba0475191436a385d9bf3c5 P f5835cc2b813466780a886b188c948b8 [CANDIDATE]: Term 1 pre-election: Election decided. Result: candidate lost. Election summary: received 3 responses out of 3 voters: 1 yes votes; 2 no votes. yes voters: f5835cc2b813466780a886b188c948b8; no voters: d758f1c41dfe413fb6c602e7271cf30e, ec0e50d19ffd4749aee11fbb12b3298b
I20260710 13:17:36.658211  6569 raft_consensus.cc:3060] T 4a83f507eba0475191436a385d9bf3c5 P f5835cc2b813466780a886b188c948b8 [term 0 FOLLOWER]: Advancing to term 1
I20260710 13:17:36.663637  6569 raft_consensus.cc:2749] T 4a83f507eba0475191436a385d9bf3c5 P f5835cc2b813466780a886b188c948b8 [term 1 FOLLOWER]: Leader pre-election lost for term 1. Reason: could not achieve majority
I20260710 13:17:36.664327  6417 tablet_service.cc:2072] Received LeaderStepDown RPC: tablet_id: "c57f11eafa6e432396c7940dd95a0332"
dest_uuid: "d758f1c41dfe413fb6c602e7271cf30e"
mode: GRACEFUL
new_leader_uuid: "ec0e50d19ffd4749aee11fbb12b3298b"
 from {username='slave'} at 127.0.0.1:54502
I20260710 13:17:36.664814  6417 raft_consensus.cc:606] T c57f11eafa6e432396c7940dd95a0332 P d758f1c41dfe413fb6c602e7271cf30e [term 1 LEADER]: Received request to transfer leadership to TS ec0e50d19ffd4749aee11fbb12b3298b
I20260710 13:17:36.672655  6490 tablet_service.cc:2072] Received LeaderStepDown RPC: tablet_id: "6ff9b4daf01548d59a7d5ac1870e0f3c"
dest_uuid: "f5835cc2b813466780a886b188c948b8"
mode: GRACEFUL
new_leader_uuid: "ec0e50d19ffd4749aee11fbb12b3298b"
 from {username='slave'} at 127.0.0.1:53504
I20260710 13:17:36.673172  6490 raft_consensus.cc:606] T 6ff9b4daf01548d59a7d5ac1870e0f3c P f5835cc2b813466780a886b188c948b8 [term 1 LEADER]: Received request to transfer leadership to TS ec0e50d19ffd4749aee11fbb12b3298b
I20260710 13:17:36.688462  6342 tablet_service.cc:2072] Received LeaderStepDown RPC: tablet_id: "4a83f507eba0475191436a385d9bf3c5"
dest_uuid: "ec0e50d19ffd4749aee11fbb12b3298b"
mode: GRACEFUL
new_leader_uuid: "d758f1c41dfe413fb6c602e7271cf30e"
 from {username='slave'} at 127.0.0.1:33440
I20260710 13:17:36.688982  6342 raft_consensus.cc:606] T 4a83f507eba0475191436a385d9bf3c5 P ec0e50d19ffd4749aee11fbb12b3298b [term 1 LEADER]: Received request to transfer leadership to TS d758f1c41dfe413fb6c602e7271cf30e
I20260710 13:17:36.694161  6569 consensus_queue.cc:1048] T 26a96b8a95494c01ab9595377c2f9646 P f5835cc2b813466780a886b188c948b8 [LEADER]: Connected to new peer: Peer: permanent_uuid: "d758f1c41dfe413fb6c602e7271cf30e" member_type: VOTER last_known_addr { host: "127.5.147.66" port: 33537 }, Status: LMP_MISMATCH, Last received: 0.0, Next index: 1, Last known committed idx: 0, Time since last communication: 0.000s
I20260710 13:17:36.696667  6342 tablet_service.cc:2072] Received LeaderStepDown RPC: tablet_id: "8f569bb3d8304428ac8881f3e2a0915f"
dest_uuid: "ec0e50d19ffd4749aee11fbb12b3298b"
mode: GRACEFUL
new_leader_uuid: "d758f1c41dfe413fb6c602e7271cf30e"
 from {username='slave'} at 127.0.0.1:33440
I20260710 13:17:36.697235  6342 raft_consensus.cc:606] T 8f569bb3d8304428ac8881f3e2a0915f P ec0e50d19ffd4749aee11fbb12b3298b [term 1 LEADER]: Received request to transfer leadership to TS d758f1c41dfe413fb6c602e7271cf30e
I20260710 13:17:36.703477  6341 tablet_service.cc:2072] Received LeaderStepDown RPC: tablet_id: "a65a7d6cc7524f37b8f914af2188d10a"
dest_uuid: "ec0e50d19ffd4749aee11fbb12b3298b"
mode: GRACEFUL
new_leader_uuid: "f5835cc2b813466780a886b188c948b8"
 from {username='slave'} at 127.0.0.1:33440
I20260710 13:17:36.704141  6341 raft_consensus.cc:606] T a65a7d6cc7524f37b8f914af2188d10a P ec0e50d19ffd4749aee11fbb12b3298b [term 1 LEADER]: Received request to transfer leadership to TS f5835cc2b813466780a886b188c948b8
I20260710 13:17:36.705775  6569 consensus_queue.cc:1048] T 26a96b8a95494c01ab9595377c2f9646 P f5835cc2b813466780a886b188c948b8 [LEADER]: Connected to new peer: Peer: permanent_uuid: "ec0e50d19ffd4749aee11fbb12b3298b" member_type: VOTER last_known_addr { host: "127.5.147.65" port: 36491 }, Status: LMP_MISMATCH, Last received: 0.0, Next index: 1, Last known committed idx: 0, Time since last communication: 0.000s
I20260710 13:17:36.717531  6601 raft_consensus.cc:993] T 26a96b8a95494c01ab9595377c2f9646 P f5835cc2b813466780a886b188c948b8: : Instructing follower ec0e50d19ffd4749aee11fbb12b3298b to start an election
I20260710 13:17:36.717940  6569 raft_consensus.cc:1081] T 26a96b8a95494c01ab9595377c2f9646 P f5835cc2b813466780a886b188c948b8 [term 1 LEADER]: Signalling peer ec0e50d19ffd4749aee11fbb12b3298b to start an election
I20260710 13:17:36.719316  6341 tablet_service.cc:2044] Received Run Leader Election RPC: tablet_id: "26a96b8a95494c01ab9595377c2f9646"
dest_uuid: "ec0e50d19ffd4749aee11fbb12b3298b"
 from {username='slave'} at 127.0.0.1:33416
I20260710 13:17:36.720329  6341 raft_consensus.cc:493] T 26a96b8a95494c01ab9595377c2f9646 P ec0e50d19ffd4749aee11fbb12b3298b [term 1 FOLLOWER]: Starting forced leader election (received explicit request)
I20260710 13:17:36.720643  6341 raft_consensus.cc:3060] T 26a96b8a95494c01ab9595377c2f9646 P ec0e50d19ffd4749aee11fbb12b3298b [term 1 FOLLOWER]: Advancing to term 2
I20260710 13:17:36.725149  6341 raft_consensus.cc:515] T 26a96b8a95494c01ab9595377c2f9646 P ec0e50d19ffd4749aee11fbb12b3298b [term 2 FOLLOWER]: Starting forced leader election with config: opid_index: -1 OBSOLETE_local: false peers { permanent_uuid: "ec0e50d19ffd4749aee11fbb12b3298b" member_type: VOTER last_known_addr { host: "127.5.147.65" port: 36491 } } peers { permanent_uuid: "d758f1c41dfe413fb6c602e7271cf30e" member_type: VOTER last_known_addr { host: "127.5.147.66" port: 33537 } } peers { permanent_uuid: "f5835cc2b813466780a886b188c948b8" member_type: VOTER last_known_addr { host: "127.5.147.67" port: 40291 } }
I20260710 13:17:36.727195  6341 leader_election.cc:290] T 26a96b8a95494c01ab9595377c2f9646 P ec0e50d19ffd4749aee11fbb12b3298b [CANDIDATE]: Term 2 election: Requested vote from peers d758f1c41dfe413fb6c602e7271cf30e (127.5.147.66:33537), f5835cc2b813466780a886b188c948b8 (127.5.147.67:40291)
I20260710 13:17:36.727802  6490 tablet_service.cc:1917] Received RequestConsensusVote() RPC: tablet_id: "26a96b8a95494c01ab9595377c2f9646" candidate_uuid: "ec0e50d19ffd4749aee11fbb12b3298b" candidate_term: 2 candidate_status { last_received { term: 1 index: 1 } } ignore_live_leader: true dest_uuid: "f5835cc2b813466780a886b188c948b8"
I20260710 13:17:36.727588  6417 tablet_service.cc:1917] Received RequestConsensusVote() RPC: tablet_id: "26a96b8a95494c01ab9595377c2f9646" candidate_uuid: "ec0e50d19ffd4749aee11fbb12b3298b" candidate_term: 2 candidate_status { last_received { term: 1 index: 1 } } ignore_live_leader: true dest_uuid: "d758f1c41dfe413fb6c602e7271cf30e"
I20260710 13:17:36.728353  6490 raft_consensus.cc:3055] T 26a96b8a95494c01ab9595377c2f9646 P f5835cc2b813466780a886b188c948b8 [term 1 LEADER]: Stepping down as leader of term 1
I20260710 13:17:36.728600  6417 raft_consensus.cc:3060] T 26a96b8a95494c01ab9595377c2f9646 P d758f1c41dfe413fb6c602e7271cf30e [term 1 FOLLOWER]: Advancing to term 2
I20260710 13:17:36.728693  6490 raft_consensus.cc:740] T 26a96b8a95494c01ab9595377c2f9646 P f5835cc2b813466780a886b188c948b8 [term 1 LEADER]: Becoming Follower/Learner. State: Replica: f5835cc2b813466780a886b188c948b8, State: Running, Role: LEADER
I20260710 13:17:36.729841  6490 consensus_queue.cc:260] T 26a96b8a95494c01ab9595377c2f9646 P f5835cc2b813466780a886b188c948b8 [NON_LEADER]: Queue going to NON_LEADER mode. State: All replicated index: 0, Majority replicated index: 1, Committed index: 1, Last appended: 1.1, Last appended by leader: 1, Current term: 1, Majority size: -1, State: 0, Mode: NON_LEADER, active raft config: opid_index: -1 OBSOLETE_local: false peers { permanent_uuid: "ec0e50d19ffd4749aee11fbb12b3298b" member_type: VOTER last_known_addr { host: "127.5.147.65" port: 36491 } } peers { permanent_uuid: "d758f1c41dfe413fb6c602e7271cf30e" member_type: VOTER last_known_addr { host: "127.5.147.66" port: 33537 } } peers { permanent_uuid: "f5835cc2b813466780a886b188c948b8" member_type: VOTER last_known_addr { host: "127.5.147.67" port: 40291 } }
I20260710 13:17:36.730834  6490 raft_consensus.cc:3060] T 26a96b8a95494c01ab9595377c2f9646 P f5835cc2b813466780a886b188c948b8 [term 1 FOLLOWER]: Advancing to term 2
I20260710 13:17:36.734257  6417 raft_consensus.cc:2468] T 26a96b8a95494c01ab9595377c2f9646 P d758f1c41dfe413fb6c602e7271cf30e [term 2 FOLLOWER]: Leader election vote request: Granting yes vote for candidate ec0e50d19ffd4749aee11fbb12b3298b in term 2.
I20260710 13:17:36.735209  6306 leader_election.cc:304] T 26a96b8a95494c01ab9595377c2f9646 P ec0e50d19ffd4749aee11fbb12b3298b [CANDIDATE]: Term 2 election: Election decided. Result: candidate won. Election summary: received 2 responses out of 3 voters: 2 yes votes; 0 no votes. yes voters: d758f1c41dfe413fb6c602e7271cf30e, ec0e50d19ffd4749aee11fbb12b3298b; no voters: 
I20260710 13:17:36.735756  6490 raft_consensus.cc:2468] T 26a96b8a95494c01ab9595377c2f9646 P f5835cc2b813466780a886b188c948b8 [term 2 FOLLOWER]: Leader election vote request: Granting yes vote for candidate ec0e50d19ffd4749aee11fbb12b3298b in term 2.
I20260710 13:17:36.735954  6564 raft_consensus.cc:2804] T 26a96b8a95494c01ab9595377c2f9646 P ec0e50d19ffd4749aee11fbb12b3298b [term 2 FOLLOWER]: Leader election won for term 2
I20260710 13:17:36.736413  6564 raft_consensus.cc:697] T 26a96b8a95494c01ab9595377c2f9646 P ec0e50d19ffd4749aee11fbb12b3298b [term 2 LEADER]: Becoming Leader. State: Replica: ec0e50d19ffd4749aee11fbb12b3298b, State: Running, Role: LEADER
I20260710 13:17:36.737159  6564 consensus_queue.cc:237] T 26a96b8a95494c01ab9595377c2f9646 P ec0e50d19ffd4749aee11fbb12b3298b [LEADER]: Queue going to LEADER mode. State: All replicated index: 0, Majority replicated index: 1, Committed index: 1, Last appended: 1.1, Last appended by leader: 1, Current term: 2, Majority size: 2, State: 0, Mode: LEADER, active raft config: opid_index: -1 OBSOLETE_local: false peers { permanent_uuid: "ec0e50d19ffd4749aee11fbb12b3298b" member_type: VOTER last_known_addr { host: "127.5.147.65" port: 36491 } } peers { permanent_uuid: "d758f1c41dfe413fb6c602e7271cf30e" member_type: VOTER last_known_addr { host: "127.5.147.66" port: 33537 } } peers { permanent_uuid: "f5835cc2b813466780a886b188c948b8" member_type: VOTER last_known_addr { host: "127.5.147.67" port: 40291 } }
I20260710 13:17:36.743110  6237 catalog_manager.cc:5697] T 26a96b8a95494c01ab9595377c2f9646 P ec0e50d19ffd4749aee11fbb12b3298b reported cstate change: term changed from 1 to 2, leader changed from f5835cc2b813466780a886b188c948b8 (127.5.147.67) to ec0e50d19ffd4749aee11fbb12b3298b (127.5.147.65). New cstate: current_term: 2 leader_uuid: "ec0e50d19ffd4749aee11fbb12b3298b" committed_config { opid_index: -1 OBSOLETE_local: false peers { permanent_uuid: "ec0e50d19ffd4749aee11fbb12b3298b" member_type: VOTER last_known_addr { host: "127.5.147.65" port: 36491 } health_report { overall_health: HEALTHY } } peers { permanent_uuid: "d758f1c41dfe413fb6c602e7271cf30e" member_type: VOTER last_known_addr { host: "127.5.147.66" port: 33537 } health_report { overall_health: UNKNOWN } } peers { permanent_uuid: "f5835cc2b813466780a886b188c948b8" member_type: VOTER last_known_addr { host: "127.5.147.67" port: 40291 } health_report { overall_health: UNKNOWN } } }
I20260710 13:17:36.761039  6564 consensus_queue.cc:1048] T a65a7d6cc7524f37b8f914af2188d10a P ec0e50d19ffd4749aee11fbb12b3298b [LEADER]: Connected to new peer: Peer: permanent_uuid: "f5835cc2b813466780a886b188c948b8" member_type: VOTER last_known_addr { host: "127.5.147.67" port: 40291 }, Status: LMP_MISMATCH, Last received: 0.0, Next index: 1, Last known committed idx: 0, Time since last communication: 0.000s
I20260710 13:17:36.764927  6564 consensus_queue.cc:1048] T 4a83f507eba0475191436a385d9bf3c5 P ec0e50d19ffd4749aee11fbb12b3298b [LEADER]: Connected to new peer: Peer: permanent_uuid: "d758f1c41dfe413fb6c602e7271cf30e" member_type: VOTER last_known_addr { host: "127.5.147.66" port: 33537 }, Status: LMP_MISMATCH, Last received: 0.0, Next index: 1, Last known committed idx: 0, Time since last communication: 0.000s
I20260710 13:17:36.768165  6565 raft_consensus.cc:993] T a65a7d6cc7524f37b8f914af2188d10a P ec0e50d19ffd4749aee11fbb12b3298b: : Instructing follower f5835cc2b813466780a886b188c948b8 to start an election
I20260710 13:17:36.768641  6549 raft_consensus.cc:1081] T a65a7d6cc7524f37b8f914af2188d10a P ec0e50d19ffd4749aee11fbb12b3298b [term 1 LEADER]: Signalling peer f5835cc2b813466780a886b188c948b8 to start an election
I20260710 13:17:36.774008  6491 tablet_service.cc:2044] Received Run Leader Election RPC: tablet_id: "a65a7d6cc7524f37b8f914af2188d10a"
dest_uuid: "f5835cc2b813466780a886b188c948b8"
 from {username='slave'} at 127.0.0.1:53486
I20260710 13:17:36.774588  6491 raft_consensus.cc:493] T a65a7d6cc7524f37b8f914af2188d10a P f5835cc2b813466780a886b188c948b8 [term 1 FOLLOWER]: Starting forced leader election (received explicit request)
I20260710 13:17:36.774981  6491 raft_consensus.cc:3060] T a65a7d6cc7524f37b8f914af2188d10a P f5835cc2b813466780a886b188c948b8 [term 1 FOLLOWER]: Advancing to term 2
I20260710 13:17:36.776147  6565 raft_consensus.cc:993] T 4a83f507eba0475191436a385d9bf3c5 P ec0e50d19ffd4749aee11fbb12b3298b: : Instructing follower d758f1c41dfe413fb6c602e7271cf30e to start an election
I20260710 13:17:36.776577  6565 raft_consensus.cc:1081] T 4a83f507eba0475191436a385d9bf3c5 P ec0e50d19ffd4749aee11fbb12b3298b [term 1 LEADER]: Signalling peer d758f1c41dfe413fb6c602e7271cf30e to start an election
I20260710 13:17:36.776947  6564 consensus_queue.cc:1048] T a65a7d6cc7524f37b8f914af2188d10a P ec0e50d19ffd4749aee11fbb12b3298b [LEADER]: Connected to new peer: Peer: permanent_uuid: "d758f1c41dfe413fb6c602e7271cf30e" member_type: VOTER last_known_addr { host: "127.5.147.66" port: 33537 }, Status: LMP_MISMATCH, Last received: 0.0, Next index: 1, Last known committed idx: 0, Time since last communication: 0.000s
I20260710 13:17:36.781767  6417 tablet_service.cc:2044] Received Run Leader Election RPC: tablet_id: "4a83f507eba0475191436a385d9bf3c5"
dest_uuid: "d758f1c41dfe413fb6c602e7271cf30e"
 from {username='slave'} at 127.0.0.1:54472
I20260710 13:17:36.782403  6417 raft_consensus.cc:493] T 4a83f507eba0475191436a385d9bf3c5 P d758f1c41dfe413fb6c602e7271cf30e [term 1 FOLLOWER]: Starting forced leader election (received explicit request)
I20260710 13:17:36.783282  6417 raft_consensus.cc:3060] T 4a83f507eba0475191436a385d9bf3c5 P d758f1c41dfe413fb6c602e7271cf30e [term 1 FOLLOWER]: Advancing to term 2
I20260710 13:17:36.784297  6565 consensus_queue.cc:1048] T 4a83f507eba0475191436a385d9bf3c5 P ec0e50d19ffd4749aee11fbb12b3298b [LEADER]: Connected to new peer: Peer: permanent_uuid: "f5835cc2b813466780a886b188c948b8" member_type: VOTER last_known_addr { host: "127.5.147.67" port: 40291 }, Status: LMP_MISMATCH, Last received: 0.0, Next index: 1, Last known committed idx: 0, Time since last communication: 0.000s
I20260710 13:17:36.787722  6491 raft_consensus.cc:515] T a65a7d6cc7524f37b8f914af2188d10a P f5835cc2b813466780a886b188c948b8 [term 2 FOLLOWER]: Starting forced leader election with config: opid_index: -1 OBSOLETE_local: false peers { permanent_uuid: "ec0e50d19ffd4749aee11fbb12b3298b" member_type: VOTER last_known_addr { host: "127.5.147.65" port: 36491 } } peers { permanent_uuid: "d758f1c41dfe413fb6c602e7271cf30e" member_type: VOTER last_known_addr { host: "127.5.147.66" port: 33537 } } peers { permanent_uuid: "f5835cc2b813466780a886b188c948b8" member_type: VOTER last_known_addr { host: "127.5.147.67" port: 40291 } }
I20260710 13:17:36.788801  6490 raft_consensus.cc:1240] T a65a7d6cc7524f37b8f914af2188d10a P f5835cc2b813466780a886b188c948b8 [term 2 FOLLOWER]: Rejecting Update request from peer ec0e50d19ffd4749aee11fbb12b3298b for earlier term 1. Current term is 2. Ops: []
I20260710 13:17:36.790248  6417 raft_consensus.cc:515] T 4a83f507eba0475191436a385d9bf3c5 P d758f1c41dfe413fb6c602e7271cf30e [term 2 FOLLOWER]: Starting forced leader election with config: opid_index: -1 OBSOLETE_local: false peers { permanent_uuid: "ec0e50d19ffd4749aee11fbb12b3298b" member_type: VOTER last_known_addr { host: "127.5.147.65" port: 36491 } } peers { permanent_uuid: "d758f1c41dfe413fb6c602e7271cf30e" member_type: VOTER last_known_addr { host: "127.5.147.66" port: 33537 } } peers { permanent_uuid: "f5835cc2b813466780a886b188c948b8" member_type: VOTER last_known_addr { host: "127.5.147.67" port: 40291 } }
I20260710 13:17:36.791465  6491 leader_election.cc:290] T a65a7d6cc7524f37b8f914af2188d10a P f5835cc2b813466780a886b188c948b8 [CANDIDATE]: Term 2 election: Requested vote from peers ec0e50d19ffd4749aee11fbb12b3298b (127.5.147.65:36491), d758f1c41dfe413fb6c602e7271cf30e (127.5.147.66:33537)
I20260710 13:17:36.791965  6341 tablet_service.cc:1917] Received RequestConsensusVote() RPC: tablet_id: "a65a7d6cc7524f37b8f914af2188d10a" candidate_uuid: "f5835cc2b813466780a886b188c948b8" candidate_term: 2 candidate_status { last_received { term: 1 index: 1 } } ignore_live_leader: true dest_uuid: "ec0e50d19ffd4749aee11fbb12b3298b"
I20260710 13:17:36.792527  6341 raft_consensus.cc:3055] T a65a7d6cc7524f37b8f914af2188d10a P ec0e50d19ffd4749aee11fbb12b3298b [term 1 LEADER]: Stepping down as leader of term 1
I20260710 13:17:36.792623  6416 tablet_service.cc:1917] Received RequestConsensusVote() RPC: tablet_id: "a65a7d6cc7524f37b8f914af2188d10a" candidate_uuid: "f5835cc2b813466780a886b188c948b8" candidate_term: 2 candidate_status { last_received { term: 1 index: 1 } } ignore_live_leader: true dest_uuid: "d758f1c41dfe413fb6c602e7271cf30e"
I20260710 13:17:36.792882  6341 raft_consensus.cc:740] T a65a7d6cc7524f37b8f914af2188d10a P ec0e50d19ffd4749aee11fbb12b3298b [term 1 LEADER]: Becoming Follower/Learner. State: Replica: ec0e50d19ffd4749aee11fbb12b3298b, State: Running, Role: LEADER
I20260710 13:17:36.793027  6342 tablet_service.cc:1917] Received RequestConsensusVote() RPC: tablet_id: "4a83f507eba0475191436a385d9bf3c5" candidate_uuid: "d758f1c41dfe413fb6c602e7271cf30e" candidate_term: 2 candidate_status { last_received { term: 1 index: 1 } } ignore_live_leader: true dest_uuid: "ec0e50d19ffd4749aee11fbb12b3298b"
I20260710 13:17:36.793293  6416 raft_consensus.cc:3060] T a65a7d6cc7524f37b8f914af2188d10a P d758f1c41dfe413fb6c602e7271cf30e [term 1 FOLLOWER]: Advancing to term 2
I20260710 13:17:36.793560  6342 raft_consensus.cc:3055] T 4a83f507eba0475191436a385d9bf3c5 P ec0e50d19ffd4749aee11fbb12b3298b [term 1 LEADER]: Stepping down as leader of term 1
I20260710 13:17:36.793673  6341 consensus_queue.cc:260] T a65a7d6cc7524f37b8f914af2188d10a P ec0e50d19ffd4749aee11fbb12b3298b [NON_LEADER]: Queue going to NON_LEADER mode. State: All replicated index: 0, Majority replicated index: 1, Committed index: 1, Last appended: 1.1, Last appended by leader: 1, Current term: 1, Majority size: -1, State: 0, Mode: NON_LEADER, active raft config: opid_index: -1 OBSOLETE_local: false peers { permanent_uuid: "ec0e50d19ffd4749aee11fbb12b3298b" member_type: VOTER last_known_addr { host: "127.5.147.65" port: 36491 } } peers { permanent_uuid: "d758f1c41dfe413fb6c602e7271cf30e" member_type: VOTER last_known_addr { host: "127.5.147.66" port: 33537 } } peers { permanent_uuid: "f5835cc2b813466780a886b188c948b8" member_type: VOTER last_known_addr { host: "127.5.147.67" port: 40291 } }
I20260710 13:17:36.793902  6342 raft_consensus.cc:740] T 4a83f507eba0475191436a385d9bf3c5 P ec0e50d19ffd4749aee11fbb12b3298b [term 1 LEADER]: Becoming Follower/Learner. State: Replica: ec0e50d19ffd4749aee11fbb12b3298b, State: Running, Role: LEADER
I20260710 13:17:36.795044  6341 raft_consensus.cc:3060] T a65a7d6cc7524f37b8f914af2188d10a P ec0e50d19ffd4749aee11fbb12b3298b [term 1 FOLLOWER]: Advancing to term 2
