I20260710 13:17:24.899997  6038 consensus_queue.cc:260] T 7912ab8c47ed49f9ab6306f49d1bb41d P d558f1c1ec034aa69f3362fdf031c828 [NON_LEADER]: Queue going to NON_LEADER mode. State: All replicated index: 0, Majority replicated index: 0, Committed index: 0, Last appended: 0.0, Last appended by leader: 0, Current term: 0, Majority size: -1, State: 0, Mode: NON_LEADER, active raft config: opid_index: -1 OBSOLETE_local: false peers { permanent_uuid: "d558f1c1ec034aa69f3362fdf031c828" member_type: VOTER last_known_addr { host: "127.5.147.65" port: 34891 } } peers { permanent_uuid: "c0a0074c6794422e98ed127bc31e7095" member_type: VOTER last_known_addr { host: "127.5.147.66" port: 34479 } } peers { permanent_uuid: "46b420648d2043b3b562bec790418bff" member_type: VOTER last_known_addr { host: "127.5.147.67" port: 43059 } }
I20260710 13:17:24.903333  5944 heartbeater.cc:499] Master 127.5.147.126:40989 was elected leader, sending a full tablet report...
I20260710 13:17:24.903796  6036 ts_tablet_manager.cc:1434] T 83bb1e9a51cf43e18561ffa5a7cc8277 P c0a0074c6794422e98ed127bc31e7095: Time spent starting tablet: real 0.021s	user 0.019s	sys 0.001s
I20260710 13:17:24.904743  6036 tablet_bootstrap.cc:492] T c3c977f10f57439b872d3a6491132944 P c0a0074c6794422e98ed127bc31e7095: Bootstrap starting.
I20260710 13:17:24.907132  6018 heartbeater.cc:499] Master 127.5.147.126:40989 was elected leader, sending a full tablet report...
I20260710 13:17:24.911327  6036 tablet_bootstrap.cc:654] T c3c977f10f57439b872d3a6491132944 P c0a0074c6794422e98ed127bc31e7095: Neither blocks nor log segments found. Creating new log.
I20260710 13:17:24.912248  6038 ts_tablet_manager.cc:1434] T 7912ab8c47ed49f9ab6306f49d1bb41d P d558f1c1ec034aa69f3362fdf031c828: Time spent starting tablet: real 0.017s	user 0.002s	sys 0.008s
I20260710 13:17:24.912982  5869 heartbeater.cc:499] Master 127.5.147.126:40989 was elected leader, sending a full tablet report...
W20260710 13:17:24.915472  5945 tablet.cc:2406] T 83bb1e9a51cf43e18561ffa5a7cc8277 P c0a0074c6794422e98ed127bc31e7095: Can't schedule compaction. Clean time has not been advanced past its initial value.
I20260710 13:17:24.917622  6037 ts_tablet_manager.cc:1434] T de04066c918244cfba201cf54c717012 P 46b420648d2043b3b562bec790418bff: Time spent starting tablet: real 0.027s	user 0.007s	sys 0.006s
I20260710 13:17:24.922425  6038 tablet_bootstrap.cc:492] T 7196804c78c34ec9bd7098b3d916f89f P d558f1c1ec034aa69f3362fdf031c828: Bootstrap starting.
I20260710 13:17:24.918601  6037 tablet_bootstrap.cc:492] T 9db3b13257ff4a5b9b66bb6ab4de0e3d P 46b420648d2043b3b562bec790418bff: Bootstrap starting.
I20260710 13:17:24.938892  6038 tablet_bootstrap.cc:654] T 7196804c78c34ec9bd7098b3d916f89f P d558f1c1ec034aa69f3362fdf031c828: Neither blocks nor log segments found. Creating new log.
I20260710 13:17:24.963984  6042 raft_consensus.cc:493] T 83bb1e9a51cf43e18561ffa5a7cc8277 P c0a0074c6794422e98ed127bc31e7095 [term 0 FOLLOWER]: Starting pre-election (no leader contacted us within the election timeout)
I20260710 13:17:24.964567  6042 raft_consensus.cc:515] T 83bb1e9a51cf43e18561ffa5a7cc8277 P c0a0074c6794422e98ed127bc31e7095 [term 0 FOLLOWER]: Starting pre-election with config: opid_index: -1 OBSOLETE_local: false peers { permanent_uuid: "d558f1c1ec034aa69f3362fdf031c828" member_type: VOTER last_known_addr { host: "127.5.147.65" port: 34891 } } peers { permanent_uuid: "c0a0074c6794422e98ed127bc31e7095" member_type: VOTER last_known_addr { host: "127.5.147.66" port: 34479 } } peers { permanent_uuid: "46b420648d2043b3b562bec790418bff" member_type: VOTER last_known_addr { host: "127.5.147.67" port: 43059 } }
I20260710 13:17:24.971334  6042 leader_election.cc:290] T 83bb1e9a51cf43e18561ffa5a7cc8277 P c0a0074c6794422e98ed127bc31e7095 [CANDIDATE]: Term 1 pre-election: Requested pre-vote from peers d558f1c1ec034aa69f3362fdf031c828 (127.5.147.65:34891), 46b420648d2043b3b562bec790418bff (127.5.147.67:43059)
I20260710 13:17:24.976132  6037 tablet_bootstrap.cc:654] T 9db3b13257ff4a5b9b66bb6ab4de0e3d P 46b420648d2043b3b562bec790418bff: Neither blocks nor log segments found. Creating new log.
I20260710 13:17:24.978926  6038 tablet_bootstrap.cc:492] T 7196804c78c34ec9bd7098b3d916f89f P d558f1c1ec034aa69f3362fdf031c828: No bootstrap required, opened a new log
I20260710 13:17:24.980870  6038 ts_tablet_manager.cc:1403] T 7196804c78c34ec9bd7098b3d916f89f P d558f1c1ec034aa69f3362fdf031c828: Time spent bootstrapping tablet: real 0.059s	user 0.013s	sys 0.015s
I20260710 13:17:24.983117  6036 tablet_bootstrap.cc:492] T c3c977f10f57439b872d3a6491132944 P c0a0074c6794422e98ed127bc31e7095: No bootstrap required, opened a new log
I20260710 13:17:24.983780  6036 ts_tablet_manager.cc:1403] T c3c977f10f57439b872d3a6491132944 P c0a0074c6794422e98ed127bc31e7095: Time spent bootstrapping tablet: real 0.079s	user 0.039s	sys 0.024s
I20260710 13:17:24.992115  6036 raft_consensus.cc:359] T c3c977f10f57439b872d3a6491132944 P c0a0074c6794422e98ed127bc31e7095 [term 0 FOLLOWER]: Replica starting. Triggering 0 pending ops. Active config: opid_index: -1 OBSOLETE_local: false peers { permanent_uuid: "46b420648d2043b3b562bec790418bff" member_type: VOTER last_known_addr { host: "127.5.147.67" port: 43059 } } peers { permanent_uuid: "c0a0074c6794422e98ed127bc31e7095" member_type: VOTER last_known_addr { host: "127.5.147.66" port: 34479 } } peers { permanent_uuid: "d558f1c1ec034aa69f3362fdf031c828" member_type: VOTER last_known_addr { host: "127.5.147.65" port: 34891 } }
I20260710 13:17:24.992849  6036 raft_consensus.cc:385] T c3c977f10f57439b872d3a6491132944 P c0a0074c6794422e98ed127bc31e7095 [term 0 FOLLOWER]: Consensus starting up: Expiring failure detector timer to make a prompt election more likely
I20260710 13:17:24.993157  6036 raft_consensus.cc:740] T c3c977f10f57439b872d3a6491132944 P c0a0074c6794422e98ed127bc31e7095 [term 0 FOLLOWER]: Becoming Follower/Learner. State: Replica: c0a0074c6794422e98ed127bc31e7095, State: Initialized, Role: FOLLOWER
I20260710 13:17:24.997452  6037 tablet_bootstrap.cc:492] T 9db3b13257ff4a5b9b66bb6ab4de0e3d P 46b420648d2043b3b562bec790418bff: No bootstrap required, opened a new log
I20260710 13:17:24.998031  6038 raft_consensus.cc:359] T 7196804c78c34ec9bd7098b3d916f89f P d558f1c1ec034aa69f3362fdf031c828 [term 0 FOLLOWER]: Replica starting. Triggering 0 pending ops. Active config: opid_index: -1 OBSOLETE_local: false peers { permanent_uuid: "d558f1c1ec034aa69f3362fdf031c828" member_type: VOTER last_known_addr { host: "127.5.147.65" port: 34891 } } peers { permanent_uuid: "c0a0074c6794422e98ed127bc31e7095" member_type: VOTER last_known_addr { host: "127.5.147.66" port: 34479 } } peers { permanent_uuid: "46b420648d2043b3b562bec790418bff" member_type: VOTER last_known_addr { host: "127.5.147.67" port: 43059 } }
I20260710 13:17:24.998787  6038 raft_consensus.cc:385] T 7196804c78c34ec9bd7098b3d916f89f P d558f1c1ec034aa69f3362fdf031c828 [term 0 FOLLOWER]: Consensus starting up: Expiring failure detector timer to make a prompt election more likely
I20260710 13:17:24.999102  6038 raft_consensus.cc:740] T 7196804c78c34ec9bd7098b3d916f89f P d558f1c1ec034aa69f3362fdf031c828 [term 0 FOLLOWER]: Becoming Follower/Learner. State: Replica: d558f1c1ec034aa69f3362fdf031c828, State: Initialized, Role: FOLLOWER
I20260710 13:17:24.995067  6036 consensus_queue.cc:260] T c3c977f10f57439b872d3a6491132944 P c0a0074c6794422e98ed127bc31e7095 [NON_LEADER]: Queue going to NON_LEADER mode. State: All replicated index: 0, Majority replicated index: 0, Committed index: 0, Last appended: 0.0, Last appended by leader: 0, Current term: 0, Majority size: -1, State: 0, Mode: NON_LEADER, active raft config: opid_index: -1 OBSOLETE_local: false peers { permanent_uuid: "46b420648d2043b3b562bec790418bff" member_type: VOTER last_known_addr { host: "127.5.147.67" port: 43059 } } peers { permanent_uuid: "c0a0074c6794422e98ed127bc31e7095" member_type: VOTER last_known_addr { host: "127.5.147.66" port: 34479 } } peers { permanent_uuid: "d558f1c1ec034aa69f3362fdf031c828" member_type: VOTER last_known_addr { host: "127.5.147.65" port: 34891 } }
I20260710 13:17:24.999854  6038 consensus_queue.cc:260] T 7196804c78c34ec9bd7098b3d916f89f P d558f1c1ec034aa69f3362fdf031c828 [NON_LEADER]: Queue going to NON_LEADER mode. State: All replicated index: 0, Majority replicated index: 0, Committed index: 0, Last appended: 0.0, Last appended by leader: 0, Current term: 0, Majority size: -1, State: 0, Mode: NON_LEADER, active raft config: opid_index: -1 OBSOLETE_local: false peers { permanent_uuid: "d558f1c1ec034aa69f3362fdf031c828" member_type: VOTER last_known_addr { host: "127.5.147.65" port: 34891 } } peers { permanent_uuid: "c0a0074c6794422e98ed127bc31e7095" member_type: VOTER last_known_addr { host: "127.5.147.66" port: 34479 } } peers { permanent_uuid: "46b420648d2043b3b562bec790418bff" member_type: VOTER last_known_addr { host: "127.5.147.67" port: 43059 } }
I20260710 13:17:25.003741  6038 ts_tablet_manager.cc:1434] T 7196804c78c34ec9bd7098b3d916f89f P d558f1c1ec034aa69f3362fdf031c828: Time spent starting tablet: real 0.022s	user 0.005s	sys 0.001s
I20260710 13:17:25.004796  6038 tablet_bootstrap.cc:492] T 9db3b13257ff4a5b9b66bb6ab4de0e3d P d558f1c1ec034aa69f3362fdf031c828: Bootstrap starting.
I20260710 13:17:25.003846  6036 ts_tablet_manager.cc:1434] T c3c977f10f57439b872d3a6491132944 P c0a0074c6794422e98ed127bc31e7095: Time spent starting tablet: real 0.020s	user 0.008s	sys 0.000s
I20260710 13:17:25.009655  6036 tablet_bootstrap.cc:492] T de04066c918244cfba201cf54c717012 P c0a0074c6794422e98ed127bc31e7095: Bootstrap starting.
I20260710 13:17:25.012357  6037 ts_tablet_manager.cc:1403] T 9db3b13257ff4a5b9b66bb6ab4de0e3d P 46b420648d2043b3b562bec790418bff: Time spent bootstrapping tablet: real 0.094s	user 0.017s	sys 0.005s
I20260710 13:17:25.015355  6037 raft_consensus.cc:359] T 9db3b13257ff4a5b9b66bb6ab4de0e3d P 46b420648d2043b3b562bec790418bff [term 0 FOLLOWER]: Replica starting. Triggering 0 pending ops. Active config: opid_index: -1 OBSOLETE_local: false peers { permanent_uuid: "d558f1c1ec034aa69f3362fdf031c828" member_type: VOTER last_known_addr { host: "127.5.147.65" port: 34891 } } peers { permanent_uuid: "c0a0074c6794422e98ed127bc31e7095" member_type: VOTER last_known_addr { host: "127.5.147.66" port: 34479 } } peers { permanent_uuid: "46b420648d2043b3b562bec790418bff" member_type: VOTER last_known_addr { host: "127.5.147.67" port: 43059 } }
I20260710 13:17:25.016095  6037 raft_consensus.cc:385] T 9db3b13257ff4a5b9b66bb6ab4de0e3d P 46b420648d2043b3b562bec790418bff [term 0 FOLLOWER]: Consensus starting up: Expiring failure detector timer to make a prompt election more likely
I20260710 13:17:25.016577  6036 tablet_bootstrap.cc:654] T de04066c918244cfba201cf54c717012 P c0a0074c6794422e98ed127bc31e7095: Neither blocks nor log segments found. Creating new log.
I20260710 13:17:25.016396  6037 raft_consensus.cc:740] T 9db3b13257ff4a5b9b66bb6ab4de0e3d P 46b420648d2043b3b562bec790418bff [term 0 FOLLOWER]: Becoming Follower/Learner. State: Replica: 46b420648d2043b3b562bec790418bff, State: Initialized, Role: FOLLOWER
I20260710 13:17:25.025097  5993 tablet_service.cc:1917] Received RequestConsensusVote() RPC: tablet_id: "83bb1e9a51cf43e18561ffa5a7cc8277" candidate_uuid: "c0a0074c6794422e98ed127bc31e7095" candidate_term: 1 candidate_status { last_received { term: 0 index: 0 } } ignore_live_leader: false dest_uuid: "46b420648d2043b3b562bec790418bff" is_pre_election: true
I20260710 13:17:25.025538  6037 consensus_queue.cc:260] T 9db3b13257ff4a5b9b66bb6ab4de0e3d P 46b420648d2043b3b562bec790418bff [NON_LEADER]: Queue going to NON_LEADER mode. State: All replicated index: 0, Majority replicated index: 0, Committed index: 0, Last appended: 0.0, Last appended by leader: 0, Current term: 0, Majority size: -1, State: 0, Mode: NON_LEADER, active raft config: opid_index: -1 OBSOLETE_local: false peers { permanent_uuid: "d558f1c1ec034aa69f3362fdf031c828" member_type: VOTER last_known_addr { host: "127.5.147.65" port: 34891 } } peers { permanent_uuid: "c0a0074c6794422e98ed127bc31e7095" member_type: VOTER last_known_addr { host: "127.5.147.66" port: 34479 } } peers { permanent_uuid: "46b420648d2043b3b562bec790418bff" member_type: VOTER last_known_addr { host: "127.5.147.67" port: 43059 } }
I20260710 13:17:25.028211  6037 ts_tablet_manager.cc:1434] T 9db3b13257ff4a5b9b66bb6ab4de0e3d P 46b420648d2043b3b562bec790418bff: Time spent starting tablet: real 0.015s	user 0.005s	sys 0.000s
I20260710 13:17:25.028395  6036 tablet_bootstrap.cc:492] T de04066c918244cfba201cf54c717012 P c0a0074c6794422e98ed127bc31e7095: No bootstrap required, opened a new log
I20260710 13:17:25.028877  6036 ts_tablet_manager.cc:1403] T de04066c918244cfba201cf54c717012 P c0a0074c6794422e98ed127bc31e7095: Time spent bootstrapping tablet: real 0.019s	user 0.013s	sys 0.003s
I20260710 13:17:25.029198  6037 tablet_bootstrap.cc:492] T 42e7ba4dbffb4a46b7793d3efc8dd886 P 46b420648d2043b3b562bec790418bff: Bootstrap starting.
W20260710 13:17:25.029757  5882 leader_election.cc:343] T 83bb1e9a51cf43e18561ffa5a7cc8277 P c0a0074c6794422e98ed127bc31e7095 [CANDIDATE]: Term 1 pre-election: Tablet error from VoteRequest() call to peer 46b420648d2043b3b562bec790418bff (127.5.147.67:43059): Illegal state: must be running to vote when last-logged opid is not known
I20260710 13:17:25.031323  6038 tablet_bootstrap.cc:654] T 9db3b13257ff4a5b9b66bb6ab4de0e3d P d558f1c1ec034aa69f3362fdf031c828: Neither blocks nor log segments found. Creating new log.
I20260710 13:17:25.032212  6036 raft_consensus.cc:359] T de04066c918244cfba201cf54c717012 P c0a0074c6794422e98ed127bc31e7095 [term 0 FOLLOWER]: Replica starting. Triggering 0 pending ops. Active config: opid_index: -1 OBSOLETE_local: false peers { permanent_uuid: "d558f1c1ec034aa69f3362fdf031c828" member_type: VOTER last_known_addr { host: "127.5.147.65" port: 34891 } } peers { permanent_uuid: "c0a0074c6794422e98ed127bc31e7095" member_type: VOTER last_known_addr { host: "127.5.147.66" port: 34479 } } peers { permanent_uuid: "46b420648d2043b3b562bec790418bff" member_type: VOTER last_known_addr { host: "127.5.147.67" port: 43059 } }
I20260710 13:17:25.034051  6036 raft_consensus.cc:385] T de04066c918244cfba201cf54c717012 P c0a0074c6794422e98ed127bc31e7095 [term 0 FOLLOWER]: Consensus starting up: Expiring failure detector timer to make a prompt election more likely
I20260710 13:17:25.033951  5844 tablet_service.cc:1917] Received RequestConsensusVote() RPC: tablet_id: "83bb1e9a51cf43e18561ffa5a7cc8277" candidate_uuid: "c0a0074c6794422e98ed127bc31e7095" candidate_term: 1 candidate_status { last_received { term: 0 index: 0 } } ignore_live_leader: false dest_uuid: "d558f1c1ec034aa69f3362fdf031c828" is_pre_election: true
I20260710 13:17:25.034478  6036 raft_consensus.cc:740] T de04066c918244cfba201cf54c717012 P c0a0074c6794422e98ed127bc31e7095 [term 0 FOLLOWER]: Becoming Follower/Learner. State: Replica: c0a0074c6794422e98ed127bc31e7095, State: Initialized, Role: FOLLOWER
I20260710 13:17:25.035189  6036 consensus_queue.cc:260] T de04066c918244cfba201cf54c717012 P c0a0074c6794422e98ed127bc31e7095 [NON_LEADER]: Queue going to NON_LEADER mode. State: All replicated index: 0, Majority replicated index: 0, Committed index: 0, Last appended: 0.0, Last appended by leader: 0, Current term: 0, Majority size: -1, State: 0, Mode: NON_LEADER, active raft config: opid_index: -1 OBSOLETE_local: false peers { permanent_uuid: "d558f1c1ec034aa69f3362fdf031c828" member_type: VOTER last_known_addr { host: "127.5.147.65" port: 34891 } } peers { permanent_uuid: "c0a0074c6794422e98ed127bc31e7095" member_type: VOTER last_known_addr { host: "127.5.147.66" port: 34479 } } peers { permanent_uuid: "46b420648d2043b3b562bec790418bff" member_type: VOTER last_known_addr { host: "127.5.147.67" port: 43059 } }
I20260710 13:17:25.037581  6036 ts_tablet_manager.cc:1434] T de04066c918244cfba201cf54c717012 P c0a0074c6794422e98ed127bc31e7095: Time spent starting tablet: real 0.008s	user 0.007s	sys 0.001s
I20260710 13:17:25.038532  6036 tablet_bootstrap.cc:492] T 7196804c78c34ec9bd7098b3d916f89f P c0a0074c6794422e98ed127bc31e7095: Bootstrap starting.
W20260710 13:17:25.040311  5885 leader_election.cc:343] T 83bb1e9a51cf43e18561ffa5a7cc8277 P c0a0074c6794422e98ed127bc31e7095 [CANDIDATE]: Term 1 pre-election: Tablet error from VoteRequest() call to peer d558f1c1ec034aa69f3362fdf031c828 (127.5.147.65:34891): Illegal state: must be running to vote when last-logged opid is not known
I20260710 13:17:25.040835  5885 leader_election.cc:304] T 83bb1e9a51cf43e18561ffa5a7cc8277 P c0a0074c6794422e98ed127bc31e7095 [CANDIDATE]: Term 1 pre-election: Election decided. Result: candidate lost. Election summary: received 3 responses out of 3 voters: 1 yes votes; 2 no votes. yes voters: c0a0074c6794422e98ed127bc31e7095; no voters: 46b420648d2043b3b562bec790418bff, d558f1c1ec034aa69f3362fdf031c828
I20260710 13:17:25.041702  6042 raft_consensus.cc:2749] T 83bb1e9a51cf43e18561ffa5a7cc8277 P c0a0074c6794422e98ed127bc31e7095 [term 0 FOLLOWER]: Leader pre-election lost for term 1. Reason: could not achieve majority
I20260710 13:17:25.040306  6037 tablet_bootstrap.cc:654] T 42e7ba4dbffb4a46b7793d3efc8dd886 P 46b420648d2043b3b562bec790418bff: Neither blocks nor log segments found. Creating new log.
I20260710 13:17:25.044706  6038 tablet_bootstrap.cc:492] T 9db3b13257ff4a5b9b66bb6ab4de0e3d P d558f1c1ec034aa69f3362fdf031c828: No bootstrap required, opened a new log
I20260710 13:17:25.045161  6036 tablet_bootstrap.cc:654] T 7196804c78c34ec9bd7098b3d916f89f P c0a0074c6794422e98ed127bc31e7095: Neither blocks nor log segments found. Creating new log.
I20260710 13:17:25.045203  6038 ts_tablet_manager.cc:1403] T 9db3b13257ff4a5b9b66bb6ab4de0e3d P d558f1c1ec034aa69f3362fdf031c828: Time spent bootstrapping tablet: real 0.041s	user 0.009s	sys 0.003s
I20260710 13:17:25.050428  6038 raft_consensus.cc:359] T 9db3b13257ff4a5b9b66bb6ab4de0e3d P d558f1c1ec034aa69f3362fdf031c828 [term 0 FOLLOWER]: Replica starting. Triggering 0 pending ops. Active config: opid_index: -1 OBSOLETE_local: false peers { permanent_uuid: "d558f1c1ec034aa69f3362fdf031c828" member_type: VOTER last_known_addr { host: "127.5.147.65" port: 34891 } } peers { permanent_uuid: "c0a0074c6794422e98ed127bc31e7095" member_type: VOTER last_known_addr { host: "127.5.147.66" port: 34479 } } peers { permanent_uuid: "46b420648d2043b3b562bec790418bff" member_type: VOTER last_known_addr { host: "127.5.147.67" port: 43059 } }
I20260710 13:17:25.051256  6038 raft_consensus.cc:385] T 9db3b13257ff4a5b9b66bb6ab4de0e3d P d558f1c1ec034aa69f3362fdf031c828 [term 0 FOLLOWER]: Consensus starting up: Expiring failure detector timer to make a prompt election more likely
I20260710 13:17:25.051584  6038 raft_consensus.cc:740] T 9db3b13257ff4a5b9b66bb6ab4de0e3d P d558f1c1ec034aa69f3362fdf031c828 [term 0 FOLLOWER]: Becoming Follower/Learner. State: Replica: d558f1c1ec034aa69f3362fdf031c828, State: Initialized, Role: FOLLOWER
I20260710 13:17:25.052312  6038 consensus_queue.cc:260] T 9db3b13257ff4a5b9b66bb6ab4de0e3d P d558f1c1ec034aa69f3362fdf031c828 [NON_LEADER]: Queue going to NON_LEADER mode. State: All replicated index: 0, Majority replicated index: 0, Committed index: 0, Last appended: 0.0, Last appended by leader: 0, Current term: 0, Majority size: -1, State: 0, Mode: NON_LEADER, active raft config: opid_index: -1 OBSOLETE_local: false peers { permanent_uuid: "d558f1c1ec034aa69f3362fdf031c828" member_type: VOTER last_known_addr { host: "127.5.147.65" port: 34891 } } peers { permanent_uuid: "c0a0074c6794422e98ed127bc31e7095" member_type: VOTER last_known_addr { host: "127.5.147.66" port: 34479 } } peers { permanent_uuid: "46b420648d2043b3b562bec790418bff" member_type: VOTER last_known_addr { host: "127.5.147.67" port: 43059 } }
I20260710 13:17:25.054502  6038 ts_tablet_manager.cc:1434] T 9db3b13257ff4a5b9b66bb6ab4de0e3d P d558f1c1ec034aa69f3362fdf031c828: Time spent starting tablet: real 0.007s	user 0.001s	sys 0.005s
I20260710 13:17:25.054734  6036 tablet_bootstrap.cc:492] T 7196804c78c34ec9bd7098b3d916f89f P c0a0074c6794422e98ed127bc31e7095: No bootstrap required, opened a new log
I20260710 13:17:25.055208  6036 ts_tablet_manager.cc:1403] T 7196804c78c34ec9bd7098b3d916f89f P c0a0074c6794422e98ed127bc31e7095: Time spent bootstrapping tablet: real 0.017s	user 0.008s	sys 0.005s
I20260710 13:17:25.055444  6038 tablet_bootstrap.cc:492] T c3c977f10f57439b872d3a6491132944 P d558f1c1ec034aa69f3362fdf031c828: Bootstrap starting.
I20260710 13:17:25.058100  6036 raft_consensus.cc:359] T 7196804c78c34ec9bd7098b3d916f89f P c0a0074c6794422e98ed127bc31e7095 [term 0 FOLLOWER]: Replica starting. Triggering 0 pending ops. Active config: opid_index: -1 OBSOLETE_local: false peers { permanent_uuid: "d558f1c1ec034aa69f3362fdf031c828" member_type: VOTER last_known_addr { host: "127.5.147.65" port: 34891 } } peers { permanent_uuid: "c0a0074c6794422e98ed127bc31e7095" member_type: VOTER last_known_addr { host: "127.5.147.66" port: 34479 } } peers { permanent_uuid: "46b420648d2043b3b562bec790418bff" member_type: VOTER last_known_addr { host: "127.5.147.67" port: 43059 } }
I20260710 13:17:25.058830  6036 raft_consensus.cc:385] T 7196804c78c34ec9bd7098b3d916f89f P c0a0074c6794422e98ed127bc31e7095 [term 0 FOLLOWER]: Consensus starting up: Expiring failure detector timer to make a prompt election more likely
I20260710 13:17:25.059120  6036 raft_consensus.cc:740] T 7196804c78c34ec9bd7098b3d916f89f P c0a0074c6794422e98ed127bc31e7095 [term 0 FOLLOWER]: Becoming Follower/Learner. State: Replica: c0a0074c6794422e98ed127bc31e7095, State: Initialized, Role: FOLLOWER
I20260710 13:17:25.059811  6036 consensus_queue.cc:260] T 7196804c78c34ec9bd7098b3d916f89f P c0a0074c6794422e98ed127bc31e7095 [NON_LEADER]: Queue going to NON_LEADER mode. State: All replicated index: 0, Majority replicated index: 0, Committed index: 0, Last appended: 0.0, Last appended by leader: 0, Current term: 0, Majority size: -1, State: 0, Mode: NON_LEADER, active raft config: opid_index: -1 OBSOLETE_local: false peers { permanent_uuid: "d558f1c1ec034aa69f3362fdf031c828" member_type: VOTER last_known_addr { host: "127.5.147.65" port: 34891 } } peers { permanent_uuid: "c0a0074c6794422e98ed127bc31e7095" member_type: VOTER last_known_addr { host: "127.5.147.66" port: 34479 } } peers { permanent_uuid: "46b420648d2043b3b562bec790418bff" member_type: VOTER last_known_addr { host: "127.5.147.67" port: 43059 } }
I20260710 13:17:25.062708  6038 tablet_bootstrap.cc:654] T c3c977f10f57439b872d3a6491132944 P d558f1c1ec034aa69f3362fdf031c828: Neither blocks nor log segments found. Creating new log.
I20260710 13:17:25.064388  6036 ts_tablet_manager.cc:1434] T 7196804c78c34ec9bd7098b3d916f89f P c0a0074c6794422e98ed127bc31e7095: Time spent starting tablet: real 0.009s	user 0.008s	sys 0.000s
I20260710 13:17:25.065424  6036 tablet_bootstrap.cc:492] T 42e7ba4dbffb4a46b7793d3efc8dd886 P c0a0074c6794422e98ed127bc31e7095: Bootstrap starting.
I20260710 13:17:25.068810  6037 tablet_bootstrap.cc:492] T 42e7ba4dbffb4a46b7793d3efc8dd886 P 46b420648d2043b3b562bec790418bff: No bootstrap required, opened a new log
I20260710 13:17:25.069372  6037 ts_tablet_manager.cc:1403] T 42e7ba4dbffb4a46b7793d3efc8dd886 P 46b420648d2043b3b562bec790418bff: Time spent bootstrapping tablet: real 0.040s	user 0.010s	sys 0.000s
I20260710 13:17:25.072075  6036 tablet_bootstrap.cc:654] T 42e7ba4dbffb4a46b7793d3efc8dd886 P c0a0074c6794422e98ed127bc31e7095: Neither blocks nor log segments found. Creating new log.
I20260710 13:17:25.072402  6037 raft_consensus.cc:359] T 42e7ba4dbffb4a46b7793d3efc8dd886 P 46b420648d2043b3b562bec790418bff [term 0 FOLLOWER]: Replica starting. Triggering 0 pending ops. Active config: opid_index: -1 OBSOLETE_local: false peers { permanent_uuid: "d558f1c1ec034aa69f3362fdf031c828" member_type: VOTER last_known_addr { host: "127.5.147.65" port: 34891 } } peers { permanent_uuid: "c0a0074c6794422e98ed127bc31e7095" member_type: VOTER last_known_addr { host: "127.5.147.66" port: 34479 } } peers { permanent_uuid: "46b420648d2043b3b562bec790418bff" member_type: VOTER last_known_addr { host: "127.5.147.67" port: 43059 } }
I20260710 13:17:25.073180  6037 raft_consensus.cc:385] T 42e7ba4dbffb4a46b7793d3efc8dd886 P 46b420648d2043b3b562bec790418bff [term 0 FOLLOWER]: Consensus starting up: Expiring failure detector timer to make a prompt election more likely
I20260710 13:17:25.073486  6037 raft_consensus.cc:740] T 42e7ba4dbffb4a46b7793d3efc8dd886 P 46b420648d2043b3b562bec790418bff [term 0 FOLLOWER]: Becoming Follower/Learner. State: Replica: 46b420648d2043b3b562bec790418bff, State: Initialized, Role: FOLLOWER
I20260710 13:17:25.074307  6037 consensus_queue.cc:260] T 42e7ba4dbffb4a46b7793d3efc8dd886 P 46b420648d2043b3b562bec790418bff [NON_LEADER]: Queue going to NON_LEADER mode. State: All replicated index: 0, Majority replicated index: 0, Committed index: 0, Last appended: 0.0, Last appended by leader: 0, Current term: 0, Majority size: -1, State: 0, Mode: NON_LEADER, active raft config: opid_index: -1 OBSOLETE_local: false peers { permanent_uuid: "d558f1c1ec034aa69f3362fdf031c828" member_type: VOTER last_known_addr { host: "127.5.147.65" port: 34891 } } peers { permanent_uuid: "c0a0074c6794422e98ed127bc31e7095" member_type: VOTER last_known_addr { host: "127.5.147.66" port: 34479 } } peers { permanent_uuid: "46b420648d2043b3b562bec790418bff" member_type: VOTER last_known_addr { host: "127.5.147.67" port: 43059 } }
I20260710 13:17:25.076670  6037 ts_tablet_manager.cc:1434] T 42e7ba4dbffb4a46b7793d3efc8dd886 P 46b420648d2043b3b562bec790418bff: Time spent starting tablet: real 0.007s	user 0.007s	sys 0.000s
I20260710 13:17:25.077665  6037 tablet_bootstrap.cc:492] T 7196804c78c34ec9bd7098b3d916f89f P 46b420648d2043b3b562bec790418bff: Bootstrap starting.
I20260710 13:17:25.088608  6037 tablet_bootstrap.cc:654] T 7196804c78c34ec9bd7098b3d916f89f P 46b420648d2043b3b562bec790418bff: Neither blocks nor log segments found. Creating new log.
I20260710 13:17:25.092689  6036 tablet_bootstrap.cc:492] T 42e7ba4dbffb4a46b7793d3efc8dd886 P c0a0074c6794422e98ed127bc31e7095: No bootstrap required, opened a new log
I20260710 13:17:25.093222  6036 ts_tablet_manager.cc:1403] T 42e7ba4dbffb4a46b7793d3efc8dd886 P c0a0074c6794422e98ed127bc31e7095: Time spent bootstrapping tablet: real 0.028s	user 0.019s	sys 0.006s
I20260710 13:17:25.095180  6038 tablet_bootstrap.cc:492] T c3c977f10f57439b872d3a6491132944 P d558f1c1ec034aa69f3362fdf031c828: No bootstrap required, opened a new log
I20260710 13:17:25.095743  6038 ts_tablet_manager.cc:1403] T c3c977f10f57439b872d3a6491132944 P d558f1c1ec034aa69f3362fdf031c828: Time spent bootstrapping tablet: real 0.040s	user 0.014s	sys 0.004s
I20260710 13:17:25.096225  6036 raft_consensus.cc:359] T 42e7ba4dbffb4a46b7793d3efc8dd886 P c0a0074c6794422e98ed127bc31e7095 [term 0 FOLLOWER]: Replica starting. Triggering 0 pending ops. Active config: opid_index: -1 OBSOLETE_local: false peers { permanent_uuid: "d558f1c1ec034aa69f3362fdf031c828" member_type: VOTER last_known_addr { host: "127.5.147.65" port: 34891 } } peers { permanent_uuid: "c0a0074c6794422e98ed127bc31e7095" member_type: VOTER last_known_addr { host: "127.5.147.66" port: 34479 } } peers { permanent_uuid: "46b420648d2043b3b562bec790418bff" member_type: VOTER last_known_addr { host: "127.5.147.67" port: 43059 } }
I20260710 13:17:25.096984  6036 raft_consensus.cc:385] T 42e7ba4dbffb4a46b7793d3efc8dd886 P c0a0074c6794422e98ed127bc31e7095 [term 0 FOLLOWER]: Consensus starting up: Expiring failure detector timer to make a prompt election more likely
I20260710 13:17:25.097287  6036 raft_consensus.cc:740] T 42e7ba4dbffb4a46b7793d3efc8dd886 P c0a0074c6794422e98ed127bc31e7095 [term 0 FOLLOWER]: Becoming Follower/Learner. State: Replica: c0a0074c6794422e98ed127bc31e7095, State: Initialized, Role: FOLLOWER
I20260710 13:17:25.098047  6036 consensus_queue.cc:260] T 42e7ba4dbffb4a46b7793d3efc8dd886 P c0a0074c6794422e98ed127bc31e7095 [NON_LEADER]: Queue going to NON_LEADER mode. State: All replicated index: 0, Majority replicated index: 0, Committed index: 0, Last appended: 0.0, Last appended by leader: 0, Current term: 0, Majority size: -1, State: 0, Mode: NON_LEADER, active raft config: opid_index: -1 OBSOLETE_local: false peers { permanent_uuid: "d558f1c1ec034aa69f3362fdf031c828" member_type: VOTER last_known_addr { host: "127.5.147.65" port: 34891 } } peers { permanent_uuid: "c0a0074c6794422e98ed127bc31e7095" member_type: VOTER last_known_addr { host: "127.5.147.66" port: 34479 } } peers { permanent_uuid: "46b420648d2043b3b562bec790418bff" member_type: VOTER last_known_addr { host: "127.5.147.67" port: 43059 } }
I20260710 13:17:25.100503  6036 ts_tablet_manager.cc:1434] T 42e7ba4dbffb4a46b7793d3efc8dd886 P c0a0074c6794422e98ed127bc31e7095: Time spent starting tablet: real 0.007s	user 0.004s	sys 0.004s
I20260710 13:17:25.100603  6037 tablet_bootstrap.cc:492] T 7196804c78c34ec9bd7098b3d916f89f P 46b420648d2043b3b562bec790418bff: No bootstrap required, opened a new log
I20260710 13:17:25.101111  6037 ts_tablet_manager.cc:1403] T 7196804c78c34ec9bd7098b3d916f89f P 46b420648d2043b3b562bec790418bff: Time spent bootstrapping tablet: real 0.024s	user 0.009s	sys 0.007s
I20260710 13:17:25.101492  6036 tablet_bootstrap.cc:492] T dce8fe494eb3478090e8adcdb250cba1 P c0a0074c6794422e98ed127bc31e7095: Bootstrap starting.
I20260710 13:17:25.101986  6038 raft_consensus.cc:359] T c3c977f10f57439b872d3a6491132944 P d558f1c1ec034aa69f3362fdf031c828 [term 0 FOLLOWER]: Replica starting. Triggering 0 pending ops. Active config: opid_index: -1 OBSOLETE_local: false peers { permanent_uuid: "46b420648d2043b3b562bec790418bff" member_type: VOTER last_known_addr { host: "127.5.147.67" port: 43059 } } peers { permanent_uuid: "c0a0074c6794422e98ed127bc31e7095" member_type: VOTER last_known_addr { host: "127.5.147.66" port: 34479 } } peers { permanent_uuid: "d558f1c1ec034aa69f3362fdf031c828" member_type: VOTER last_known_addr { host: "127.5.147.65" port: 34891 } }
I20260710 13:17:25.102753  6038 raft_consensus.cc:385] T c3c977f10f57439b872d3a6491132944 P d558f1c1ec034aa69f3362fdf031c828 [term 0 FOLLOWER]: Consensus starting up: Expiring failure detector timer to make a prompt election more likely
I20260710 13:17:25.103091  6038 raft_consensus.cc:740] T c3c977f10f57439b872d3a6491132944 P d558f1c1ec034aa69f3362fdf031c828 [term 0 FOLLOWER]: Becoming Follower/Learner. State: Replica: d558f1c1ec034aa69f3362fdf031c828, State: Initialized, Role: FOLLOWER
I20260710 13:17:25.103962  6038 consensus_queue.cc:260] T c3c977f10f57439b872d3a6491132944 P d558f1c1ec034aa69f3362fdf031c828 [NON_LEADER]: Queue going to NON_LEADER mode. State: All replicated index: 0, Majority replicated index: 0, Committed index: 0, Last appended: 0.0, Last appended by leader: 0, Current term: 0, Majority size: -1, State: 0, Mode: NON_LEADER, active raft config: opid_index: -1 OBSOLETE_local: false peers { permanent_uuid: "46b420648d2043b3b562bec790418bff" member_type: VOTER last_known_addr { host: "127.5.147.67" port: 43059 } } peers { permanent_uuid: "c0a0074c6794422e98ed127bc31e7095" member_type: VOTER last_known_addr { host: "127.5.147.66" port: 34479 } } peers { permanent_uuid: "d558f1c1ec034aa69f3362fdf031c828" member_type: VOTER last_known_addr { host: "127.5.147.65" port: 34891 } }
I20260710 13:17:25.103974  6037 raft_consensus.cc:359] T 7196804c78c34ec9bd7098b3d916f89f P 46b420648d2043b3b562bec790418bff [term 0 FOLLOWER]: Replica starting. Triggering 0 pending ops. Active config: opid_index: -1 OBSOLETE_local: false peers { permanent_uuid: "d558f1c1ec034aa69f3362fdf031c828" member_type: VOTER last_known_addr { host: "127.5.147.65" port: 34891 } } peers { permanent_uuid: "c0a0074c6794422e98ed127bc31e7095" member_type: VOTER last_known_addr { host: "127.5.147.66" port: 34479 } } peers { permanent_uuid: "46b420648d2043b3b562bec790418bff" member_type: VOTER last_known_addr { host: "127.5.147.67" port: 43059 } }
I20260710 13:17:25.104970  6037 raft_consensus.cc:385] T 7196804c78c34ec9bd7098b3d916f89f P 46b420648d2043b3b562bec790418bff [term 0 FOLLOWER]: Consensus starting up: Expiring failure detector timer to make a prompt election more likely
I20260710 13:17:25.105266  6037 raft_consensus.cc:740] T 7196804c78c34ec9bd7098b3d916f89f P 46b420648d2043b3b562bec790418bff [term 0 FOLLOWER]: Becoming Follower/Learner. State: Replica: 46b420648d2043b3b562bec790418bff, State: Initialized, Role: FOLLOWER
I20260710 13:17:25.106024  6037 consensus_queue.cc:260] T 7196804c78c34ec9bd7098b3d916f89f P 46b420648d2043b3b562bec790418bff [NON_LEADER]: Queue going to NON_LEADER mode. State: All replicated index: 0, Majority replicated index: 0, Committed index: 0, Last appended: 0.0, Last appended by leader: 0, Current term: 0, Majority size: -1, State: 0, Mode: NON_LEADER, active raft config: opid_index: -1 OBSOLETE_local: false peers { permanent_uuid: "d558f1c1ec034aa69f3362fdf031c828" member_type: VOTER last_known_addr { host: "127.5.147.65" port: 34891 } } peers { permanent_uuid: "c0a0074c6794422e98ed127bc31e7095" member_type: VOTER last_known_addr { host: "127.5.147.66" port: 34479 } } peers { permanent_uuid: "46b420648d2043b3b562bec790418bff" member_type: VOTER last_known_addr { host: "127.5.147.67" port: 43059 } }
I20260710 13:17:25.108811  6036 tablet_bootstrap.cc:654] T dce8fe494eb3478090e8adcdb250cba1 P c0a0074c6794422e98ed127bc31e7095: Neither blocks nor log segments found. Creating new log.
I20260710 13:17:25.112654  6044 raft_consensus.cc:493] T 7912ab8c47ed49f9ab6306f49d1bb41d P d558f1c1ec034aa69f3362fdf031c828 [term 0 FOLLOWER]: Starting pre-election (no leader contacted us within the election timeout)
I20260710 13:17:25.113260  6044 raft_consensus.cc:515] T 7912ab8c47ed49f9ab6306f49d1bb41d P d558f1c1ec034aa69f3362fdf031c828 [term 0 FOLLOWER]: Starting pre-election with config: opid_index: -1 OBSOLETE_local: false peers { permanent_uuid: "d558f1c1ec034aa69f3362fdf031c828" member_type: VOTER last_known_addr { host: "127.5.147.65" port: 34891 } } peers { permanent_uuid: "c0a0074c6794422e98ed127bc31e7095" member_type: VOTER last_known_addr { host: "127.5.147.66" port: 34479 } } peers { permanent_uuid: "46b420648d2043b3b562bec790418bff" member_type: VOTER last_known_addr { host: "127.5.147.67" port: 43059 } }
I20260710 13:17:25.117722  6037 ts_tablet_manager.cc:1434] T 7196804c78c34ec9bd7098b3d916f89f P 46b420648d2043b3b562bec790418bff: Time spent starting tablet: real 0.016s	user 0.008s	sys 0.000s
I20260710 13:17:25.123076  6036 tablet_bootstrap.cc:492] T dce8fe494eb3478090e8adcdb250cba1 P c0a0074c6794422e98ed127bc31e7095: No bootstrap required, opened a new log
I20260710 13:17:25.123618  6036 ts_tablet_manager.cc:1403] T dce8fe494eb3478090e8adcdb250cba1 P c0a0074c6794422e98ed127bc31e7095: Time spent bootstrapping tablet: real 0.022s	user 0.013s	sys 0.005s
I20260710 13:17:25.125303  6037 tablet_bootstrap.cc:492] T 899bed8fce0b4fb18ac54711a08d6733 P 46b420648d2043b3b562bec790418bff: Bootstrap starting.
I20260710 13:17:25.126621  6036 raft_consensus.cc:359] T dce8fe494eb3478090e8adcdb250cba1 P c0a0074c6794422e98ed127bc31e7095 [term 0 FOLLOWER]: Replica starting. Triggering 0 pending ops. Active config: opid_index: -1 OBSOLETE_local: false peers { permanent_uuid: "d558f1c1ec034aa69f3362fdf031c828" member_type: VOTER last_known_addr { host: "127.5.147.65" port: 34891 } } peers { permanent_uuid: "c0a0074c6794422e98ed127bc31e7095" member_type: VOTER last_known_addr { host: "127.5.147.66" port: 34479 } } peers { permanent_uuid: "46b420648d2043b3b562bec790418bff" member_type: VOTER last_known_addr { host: "127.5.147.67" port: 43059 } }
I20260710 13:17:25.127420  6036 raft_consensus.cc:385] T dce8fe494eb3478090e8adcdb250cba1 P c0a0074c6794422e98ed127bc31e7095 [term 0 FOLLOWER]: Consensus starting up: Expiring failure detector timer to make a prompt election more likely
I20260710 13:17:25.127733  6036 raft_consensus.cc:740] T dce8fe494eb3478090e8adcdb250cba1 P c0a0074c6794422e98ed127bc31e7095 [term 0 FOLLOWER]: Becoming Follower/Learner. State: Replica: c0a0074c6794422e98ed127bc31e7095, State: Initialized, Role: FOLLOWER
I20260710 13:17:25.128931  6044 leader_election.cc:290] T 7912ab8c47ed49f9ab6306f49d1bb41d P d558f1c1ec034aa69f3362fdf031c828 [CANDIDATE]: Term 1 pre-election: Requested pre-vote from peers c0a0074c6794422e98ed127bc31e7095 (127.5.147.66:34479), 46b420648d2043b3b562bec790418bff (127.5.147.67:43059)
I20260710 13:17:25.112063  6038 ts_tablet_manager.cc:1434] T c3c977f10f57439b872d3a6491132944 P d558f1c1ec034aa69f3362fdf031c828: Time spent starting tablet: real 0.016s	user 0.006s	sys 0.000s
I20260710 13:17:25.131045  6038 tablet_bootstrap.cc:492] T 899bed8fce0b4fb18ac54711a08d6733 P d558f1c1ec034aa69f3362fdf031c828: Bootstrap starting.
I20260710 13:17:25.132547  6037 tablet_bootstrap.cc:654] T 899bed8fce0b4fb18ac54711a08d6733 P 46b420648d2043b3b562bec790418bff: Neither blocks nor log segments found. Creating new log.
I20260710 13:17:25.128566  6036 consensus_queue.cc:260] T dce8fe494eb3478090e8adcdb250cba1 P c0a0074c6794422e98ed127bc31e7095 [NON_LEADER]: Queue going to NON_LEADER mode. State: All replicated index: 0, Majority replicated index: 0, Committed index: 0, Last appended: 0.0, Last appended by leader: 0, Current term: 0, Majority size: -1, State: 0, Mode: NON_LEADER, active raft config: opid_index: -1 OBSOLETE_local: false peers { permanent_uuid: "d558f1c1ec034aa69f3362fdf031c828" member_type: VOTER last_known_addr { host: "127.5.147.65" port: 34891 } } peers { permanent_uuid: "c0a0074c6794422e98ed127bc31e7095" member_type: VOTER last_known_addr { host: "127.5.147.66" port: 34479 } } peers { permanent_uuid: "46b420648d2043b3b562bec790418bff" member_type: VOTER last_known_addr { host: "127.5.147.67" port: 43059 } }
I20260710 13:17:25.144758  6036 ts_tablet_manager.cc:1434] T dce8fe494eb3478090e8adcdb250cba1 P c0a0074c6794422e98ed127bc31e7095: Time spent starting tablet: real 0.021s	user 0.004s	sys 0.004s
I20260710 13:17:25.145846  6036 tablet_bootstrap.cc:492] T 9db3b13257ff4a5b9b66bb6ab4de0e3d P c0a0074c6794422e98ed127bc31e7095: Bootstrap starting.
I20260710 13:17:25.151038  5993 tablet_service.cc:1917] Received RequestConsensusVote() RPC: tablet_id: "7912ab8c47ed49f9ab6306f49d1bb41d" candidate_uuid: "d558f1c1ec034aa69f3362fdf031c828" candidate_term: 1 candidate_status { last_received { term: 0 index: 0 } } ignore_live_leader: false dest_uuid: "46b420648d2043b3b562bec790418bff" is_pre_election: true
I20260710 13:17:25.151852  6043 raft_consensus.cc:493] T de04066c918244cfba201cf54c717012 P 46b420648d2043b3b562bec790418bff [term 0 FOLLOWER]: Starting pre-election (no leader contacted us within the election timeout)
I20260710 13:17:25.152374  6043 raft_consensus.cc:515] T de04066c918244cfba201cf54c717012 P 46b420648d2043b3b562bec790418bff [term 0 FOLLOWER]: Starting pre-election with config: opid_index: -1 OBSOLETE_local: false peers { permanent_uuid: "d558f1c1ec034aa69f3362fdf031c828" member_type: VOTER last_known_addr { host: "127.5.147.65" port: 34891 } } peers { permanent_uuid: "c0a0074c6794422e98ed127bc31e7095" member_type: VOTER last_known_addr { host: "127.5.147.66" port: 34479 } } peers { permanent_uuid: "46b420648d2043b3b562bec790418bff" member_type: VOTER last_known_addr { host: "127.5.147.67" port: 43059 } }
W20260710 13:17:25.152850  5807 leader_election.cc:343] T 7912ab8c47ed49f9ab6306f49d1bb41d P d558f1c1ec034aa69f3362fdf031c828 [CANDIDATE]: Term 1 pre-election: Tablet error from VoteRequest() call to peer 46b420648d2043b3b562bec790418bff (127.5.147.67:43059): Illegal state: must be running to vote when last-logged opid is not known
I20260710 13:17:25.137574  6038 tablet_bootstrap.cc:654] T 899bed8fce0b4fb18ac54711a08d6733 P d558f1c1ec034aa69f3362fdf031c828: Neither blocks nor log segments found. Creating new log.
I20260710 13:17:25.155189  6043 leader_election.cc:290] T de04066c918244cfba201cf54c717012 P 46b420648d2043b3b562bec790418bff [CANDIDATE]: Term 1 pre-election: Requested pre-vote from peers d558f1c1ec034aa69f3362fdf031c828 (127.5.147.65:34891), c0a0074c6794422e98ed127bc31e7095 (127.5.147.66:34479)
I20260710 13:17:25.160956  6036 tablet_bootstrap.cc:654] T 9db3b13257ff4a5b9b66bb6ab4de0e3d P c0a0074c6794422e98ed127bc31e7095: Neither blocks nor log segments found. Creating new log.
I20260710 13:17:25.167194  5919 tablet_service.cc:1917] Received RequestConsensusVote() RPC: tablet_id: "7912ab8c47ed49f9ab6306f49d1bb41d" candidate_uuid: "d558f1c1ec034aa69f3362fdf031c828" candidate_term: 1 candidate_status { last_received { term: 0 index: 0 } } ignore_live_leader: false dest_uuid: "c0a0074c6794422e98ed127bc31e7095" is_pre_election: true
I20260710 13:17:25.164431  6037 tablet_bootstrap.cc:492] T 899bed8fce0b4fb18ac54711a08d6733 P 46b420648d2043b3b562bec790418bff: No bootstrap required, opened a new log
I20260710 13:17:25.168949  6037 ts_tablet_manager.cc:1403] T 899bed8fce0b4fb18ac54711a08d6733 P 46b420648d2043b3b562bec790418bff: Time spent bootstrapping tablet: real 0.044s	user 0.009s	sys 0.026s
W20260710 13:17:25.169119  5810 leader_election.cc:343] T 7912ab8c47ed49f9ab6306f49d1bb41d P d558f1c1ec034aa69f3362fdf031c828 [CANDIDATE]: Term 1 pre-election: Tablet error from VoteRequest() call to peer c0a0074c6794422e98ed127bc31e7095 (127.5.147.66:34479): Illegal state: must be running to vote when last-logged opid is not known
I20260710 13:17:25.169588  5810 leader_election.cc:304] T 7912ab8c47ed49f9ab6306f49d1bb41d P d558f1c1ec034aa69f3362fdf031c828 [CANDIDATE]: Term 1 pre-election: Election decided. Result: candidate lost. Election summary: received 3 responses out of 3 voters: 1 yes votes; 2 no votes. yes voters: d558f1c1ec034aa69f3362fdf031c828; no voters: 46b420648d2043b3b562bec790418bff, c0a0074c6794422e98ed127bc31e7095
I20260710 13:17:25.170765  6044 raft_consensus.cc:2749] T 7912ab8c47ed49f9ab6306f49d1bb41d P d558f1c1ec034aa69f3362fdf031c828 [term 0 FOLLOWER]: Leader pre-election lost for term 1. Reason: could not achieve majority
I20260710 13:17:25.171906  6037 raft_consensus.cc:359] T 899bed8fce0b4fb18ac54711a08d6733 P 46b420648d2043b3b562bec790418bff [term 0 FOLLOWER]: Replica starting. Triggering 0 pending ops. Active config: opid_index: -1 OBSOLETE_local: false peers { permanent_uuid: "d558f1c1ec034aa69f3362fdf031c828" member_type: VOTER last_known_addr { host: "127.5.147.65" port: 34891 } } peers { permanent_uuid: "c0a0074c6794422e98ed127bc31e7095" member_type: VOTER last_known_addr { host: "127.5.147.66" port: 34479 } } peers { permanent_uuid: "46b420648d2043b3b562bec790418bff" member_type: VOTER last_known_addr { host: "127.5.147.67" port: 43059 } }
I20260710 13:17:25.172665  6037 raft_consensus.cc:385] T 899bed8fce0b4fb18ac54711a08d6733 P 46b420648d2043b3b562bec790418bff [term 0 FOLLOWER]: Consensus starting up: Expiring failure detector timer to make a prompt election more likely
I20260710 13:17:25.172959  6037 raft_consensus.cc:740] T 899bed8fce0b4fb18ac54711a08d6733 P 46b420648d2043b3b562bec790418bff [term 0 FOLLOWER]: Becoming Follower/Learner. State: Replica: 46b420648d2043b3b562bec790418bff, State: Initialized, Role: FOLLOWER
I20260710 13:17:25.173696  6037 consensus_queue.cc:260] T 899bed8fce0b4fb18ac54711a08d6733 P 46b420648d2043b3b562bec790418bff [NON_LEADER]: Queue going to NON_LEADER mode. State: All replicated index: 0, Majority replicated index: 0, Committed index: 0, Last appended: 0.0, Last appended by leader: 0, Current term: 0, Majority size: -1, State: 0, Mode: NON_LEADER, active raft config: opid_index: -1 OBSOLETE_local: false peers { permanent_uuid: "d558f1c1ec034aa69f3362fdf031c828" member_type: VOTER last_known_addr { host: "127.5.147.65" port: 34891 } } peers { permanent_uuid: "c0a0074c6794422e98ed127bc31e7095" member_type: VOTER last_known_addr { host: "127.5.147.66" port: 34479 } } peers { permanent_uuid: "46b420648d2043b3b562bec790418bff" member_type: VOTER last_known_addr { host: "127.5.147.67" port: 43059 } }
I20260710 13:17:25.176010  6038 tablet_bootstrap.cc:492] T 899bed8fce0b4fb18ac54711a08d6733 P d558f1c1ec034aa69f3362fdf031c828: No bootstrap required, opened a new log
I20260710 13:17:25.176559  6038 ts_tablet_manager.cc:1403] T 899bed8fce0b4fb18ac54711a08d6733 P d558f1c1ec034aa69f3362fdf031c828: Time spent bootstrapping tablet: real 0.046s	user 0.009s	sys 0.004s
I20260710 13:17:25.179749  6038 raft_consensus.cc:359] T 899bed8fce0b4fb18ac54711a08d6733 P d558f1c1ec034aa69f3362fdf031c828 [term 0 FOLLOWER]: Replica starting. Triggering 0 pending ops. Active config: opid_index: -1 OBSOLETE_local: false peers { permanent_uuid: "d558f1c1ec034aa69f3362fdf031c828" member_type: VOTER last_known_addr { host: "127.5.147.65" port: 34891 } } peers { permanent_uuid: "c0a0074c6794422e98ed127bc31e7095" member_type: VOTER last_known_addr { host: "127.5.147.66" port: 34479 } } peers { permanent_uuid: "46b420648d2043b3b562bec790418bff" member_type: VOTER last_known_addr { host: "127.5.147.67" port: 43059 } }
I20260710 13:17:25.180539  6038 raft_consensus.cc:385] T 899bed8fce0b4fb18ac54711a08d6733 P d558f1c1ec034aa69f3362fdf031c828 [term 0 FOLLOWER]: Consensus starting up: Expiring failure detector timer to make a prompt election more likely
I20260710 13:17:25.180826  6037 ts_tablet_manager.cc:1434] T 899bed8fce0b4fb18ac54711a08d6733 P 46b420648d2043b3b562bec790418bff: Time spent starting tablet: real 0.012s	user 0.006s	sys 0.000s
I20260710 13:17:25.180869  6038 raft_consensus.cc:740] T 899bed8fce0b4fb18ac54711a08d6733 P d558f1c1ec034aa69f3362fdf031c828 [term 0 FOLLOWER]: Becoming Follower/Learner. State: Replica: d558f1c1ec034aa69f3362fdf031c828, State: Initialized, Role: FOLLOWER
I20260710 13:17:25.181983  6037 tablet_bootstrap.cc:492] T dce8fe494eb3478090e8adcdb250cba1 P 46b420648d2043b3b562bec790418bff: Bootstrap starting.
I20260710 13:17:25.183550  6038 consensus_queue.cc:260] T 899bed8fce0b4fb18ac54711a08d6733 P d558f1c1ec034aa69f3362fdf031c828 [NON_LEADER]: Queue going to NON_LEADER mode. State: All replicated index: 0, Majority replicated index: 0, Committed index: 0, Last appended: 0.0, Last appended by leader: 0, Current term: 0, Majority size: -1, State: 0, Mode: NON_LEADER, active raft config: opid_index: -1 OBSOLETE_local: false peers { permanent_uuid: "d558f1c1ec034aa69f3362fdf031c828" member_type: VOTER last_known_addr { host: "127.5.147.65" port: 34891 } } peers { permanent_uuid: "c0a0074c6794422e98ed127bc31e7095" member_type: VOTER last_known_addr { host: "127.5.147.66" port: 34479 } } peers { permanent_uuid: "46b420648d2043b3b562bec790418bff" member_type: VOTER last_known_addr { host: "127.5.147.67" port: 43059 } }
I20260710 13:17:25.186169  6038 ts_tablet_manager.cc:1434] T 899bed8fce0b4fb18ac54711a08d6733 P d558f1c1ec034aa69f3362fdf031c828: Time spent starting tablet: real 0.009s	user 0.001s	sys 0.007s
I20260710 13:17:25.193579  6044 raft_consensus.cc:493] T 9db3b13257ff4a5b9b66bb6ab4de0e3d P d558f1c1ec034aa69f3362fdf031c828 [term 0 FOLLOWER]: Starting pre-election (no leader contacted us within the election timeout)
I20260710 13:17:25.194124  6044 raft_consensus.cc:515] T 9db3b13257ff4a5b9b66bb6ab4de0e3d P d558f1c1ec034aa69f3362fdf031c828 [term 0 FOLLOWER]: Starting pre-election with config: opid_index: -1 OBSOLETE_local: false peers { permanent_uuid: "d558f1c1ec034aa69f3362fdf031c828" member_type: VOTER last_known_addr { host: "127.5.147.65" port: 34891 } } peers { permanent_uuid: "c0a0074c6794422e98ed127bc31e7095" member_type: VOTER last_known_addr { host: "127.5.147.66" port: 34479 } } peers { permanent_uuid: "46b420648d2043b3b562bec790418bff" member_type: VOTER last_known_addr { host: "127.5.147.67" port: 43059 } }
I20260710 13:17:25.196075  6038 tablet_bootstrap.cc:492] T dce8fe494eb3478090e8adcdb250cba1 P d558f1c1ec034aa69f3362fdf031c828: Bootstrap starting.
I20260710 13:17:25.197018  6044 leader_election.cc:290] T 9db3b13257ff4a5b9b66bb6ab4de0e3d P d558f1c1ec034aa69f3362fdf031c828 [CANDIDATE]: Term 1 pre-election: Requested pre-vote from peers c0a0074c6794422e98ed127bc31e7095 (127.5.147.66:34479), 46b420648d2043b3b562bec790418bff (127.5.147.67:43059)
I20260710 13:17:25.198096  5919 tablet_service.cc:1917] Received RequestConsensusVote() RPC: tablet_id: "9db3b13257ff4a5b9b66bb6ab4de0e3d" candidate_uuid: "d558f1c1ec034aa69f3362fdf031c828" candidate_term: 1 candidate_status { last_received { term: 0 index: 0 } } ignore_live_leader: false dest_uuid: "c0a0074c6794422e98ed127bc31e7095" is_pre_election: true
I20260710 13:17:25.199725  5993 tablet_service.cc:1917] Received RequestConsensusVote() RPC: tablet_id: "9db3b13257ff4a5b9b66bb6ab4de0e3d" candidate_uuid: "d558f1c1ec034aa69f3362fdf031c828" candidate_term: 1 candidate_status { last_received { term: 0 index: 0 } } ignore_live_leader: false dest_uuid: "46b420648d2043b3b562bec790418bff" is_pre_election: true
W20260710 13:17:25.201334  5810 leader_election.cc:343] T 9db3b13257ff4a5b9b66bb6ab4de0e3d P d558f1c1ec034aa69f3362fdf031c828 [CANDIDATE]: Term 1 pre-election: Tablet error from VoteRequest() call to peer c0a0074c6794422e98ed127bc31e7095 (127.5.147.66:34479): Illegal state: must be running to vote when last-logged opid is not known
I20260710 13:17:25.201385  5993 raft_consensus.cc:2468] T 9db3b13257ff4a5b9b66bb6ab4de0e3d P 46b420648d2043b3b562bec790418bff [term 0 FOLLOWER]: Leader pre-election vote request: Granting yes vote for candidate d558f1c1ec034aa69f3362fdf031c828 in term 0.
I20260710 13:17:25.201987  6037 tablet_bootstrap.cc:654] T dce8fe494eb3478090e8adcdb250cba1 P 46b420648d2043b3b562bec790418bff: Neither blocks nor log segments found. Creating new log.
