I20260710 13:17:25.656980  5737 catalog_manager.cc:5697] T c3c977f10f57439b872d3a6491132944 P c0a0074c6794422e98ed127bc31e7095 reported cstate change: term changed from 0 to 1, leader changed from <none> to c0a0074c6794422e98ed127bc31e7095 (127.5.147.66). New cstate: current_term: 1 leader_uuid: "c0a0074c6794422e98ed127bc31e7095" committed_config { opid_index: -1 OBSOLETE_local: false peers { permanent_uuid: "46b420648d2043b3b562bec790418bff" member_type: VOTER last_known_addr { host: "127.5.147.67" port: 43059 } health_report { overall_health: UNKNOWN } } peers { permanent_uuid: "c0a0074c6794422e98ed127bc31e7095" member_type: VOTER last_known_addr { host: "127.5.147.66" port: 34479 } health_report { overall_health: HEALTHY } } peers { permanent_uuid: "d558f1c1ec034aa69f3362fdf031c828" member_type: VOTER last_known_addr { host: "127.5.147.65" port: 34891 } health_report { overall_health: UNKNOWN } } }
I20260710 13:17:25.674858  6044 consensus_queue.cc:1048] T 9db3b13257ff4a5b9b66bb6ab4de0e3d P d558f1c1ec034aa69f3362fdf031c828 [LEADER]: Connected to new peer: Peer: permanent_uuid: "46b420648d2043b3b562bec790418bff" member_type: VOTER last_known_addr { host: "127.5.147.67" port: 43059 }, Status: LMP_MISMATCH, Last received: 0.0, Next index: 1, Last known committed idx: 0, Time since last communication: 0.000s
I20260710 13:17:25.710951  6044 raft_consensus.cc:493] T de04066c918244cfba201cf54c717012 P d558f1c1ec034aa69f3362fdf031c828 [term 0 FOLLOWER]: Starting pre-election (no leader contacted us within the election timeout)
I20260710 13:17:25.711383  6044 raft_consensus.cc:515] T de04066c918244cfba201cf54c717012 P d558f1c1ec034aa69f3362fdf031c828 [term 0 FOLLOWER]: Starting pre-election with config: opid_index: -1 OBSOLETE_local: false peers { permanent_uuid: "d558f1c1ec034aa69f3362fdf031c828" member_type: VOTER last_known_addr { host: "127.5.147.65" port: 34891 } } peers { permanent_uuid: "c0a0074c6794422e98ed127bc31e7095" member_type: VOTER last_known_addr { host: "127.5.147.66" port: 34479 } } peers { permanent_uuid: "46b420648d2043b3b562bec790418bff" member_type: VOTER last_known_addr { host: "127.5.147.67" port: 43059 } }
I20260710 13:17:25.713045  6044 leader_election.cc:290] T de04066c918244cfba201cf54c717012 P d558f1c1ec034aa69f3362fdf031c828 [CANDIDATE]: Term 1 pre-election: Requested pre-vote from peers c0a0074c6794422e98ed127bc31e7095 (127.5.147.66:34479), 46b420648d2043b3b562bec790418bff (127.5.147.67:43059)
I20260710 13:17:25.714047  5917 tablet_service.cc:1917] Received RequestConsensusVote() RPC: tablet_id: "de04066c918244cfba201cf54c717012" candidate_uuid: "d558f1c1ec034aa69f3362fdf031c828" candidate_term: 1 candidate_status { last_received { term: 0 index: 0 } } ignore_live_leader: false dest_uuid: "c0a0074c6794422e98ed127bc31e7095" is_pre_election: true
I20260710 13:17:25.714258  5993 tablet_service.cc:1917] Received RequestConsensusVote() RPC: tablet_id: "de04066c918244cfba201cf54c717012" candidate_uuid: "d558f1c1ec034aa69f3362fdf031c828" candidate_term: 1 candidate_status { last_received { term: 0 index: 0 } } ignore_live_leader: false dest_uuid: "46b420648d2043b3b562bec790418bff" is_pre_election: true
I20260710 13:17:25.714661  5917 raft_consensus.cc:2393] T de04066c918244cfba201cf54c717012 P c0a0074c6794422e98ed127bc31e7095 [term 1 FOLLOWER]: Leader pre-election vote request: Denying vote to candidate d558f1c1ec034aa69f3362fdf031c828 in current term 1: Already voted for candidate 46b420648d2043b3b562bec790418bff in this term.
I20260710 13:17:25.715711  5807 leader_election.cc:304] T de04066c918244cfba201cf54c717012 P d558f1c1ec034aa69f3362fdf031c828 [CANDIDATE]: Term 1 pre-election: Election decided. Result: candidate lost. Election summary: received 3 responses out of 3 voters: 1 yes votes; 2 no votes. yes voters: d558f1c1ec034aa69f3362fdf031c828; no voters: 46b420648d2043b3b562bec790418bff, c0a0074c6794422e98ed127bc31e7095
I20260710 13:17:25.716346  6044 raft_consensus.cc:3060] T de04066c918244cfba201cf54c717012 P d558f1c1ec034aa69f3362fdf031c828 [term 0 FOLLOWER]: Advancing to term 1
I20260710 13:17:25.722810  6044 raft_consensus.cc:2749] T de04066c918244cfba201cf54c717012 P d558f1c1ec034aa69f3362fdf031c828 [term 1 FOLLOWER]: Leader pre-election lost for term 1. Reason: could not achieve majority
W20260710 13:17:25.739454  5789 auto_rebalancer.cc:288] Could not retrieve cluster info: Service unavailable: Tablet not running
I20260710 13:17:25.875334  6042 consensus_queue.cc:1048] T dce8fe494eb3478090e8adcdb250cba1 P c0a0074c6794422e98ed127bc31e7095 [LEADER]: Connected to new peer: Peer: permanent_uuid: "d558f1c1ec034aa69f3362fdf031c828" member_type: VOTER last_known_addr { host: "127.5.147.65" port: 34891 }, Status: LMP_MISMATCH, Last received: 0.0, Next index: 1, Last known committed idx: 0, Time since last communication: 0.000s
I20260710 13:17:25.879680  6044 raft_consensus.cc:493] T 83bb1e9a51cf43e18561ffa5a7cc8277 P d558f1c1ec034aa69f3362fdf031c828 [term 0 FOLLOWER]: Starting pre-election (no leader contacted us within the election timeout)
I20260710 13:17:25.880030  6081 consensus_queue.cc:1048] T de04066c918244cfba201cf54c717012 P 46b420648d2043b3b562bec790418bff [LEADER]: Connected to new peer: Peer: permanent_uuid: "c0a0074c6794422e98ed127bc31e7095" member_type: VOTER last_known_addr { host: "127.5.147.66" port: 34479 }, Status: LMP_MISMATCH, Last received: 0.0, Next index: 1, Last known committed idx: 0, Time since last communication: 0.000s
I20260710 13:17:25.880183  6044 raft_consensus.cc:515] T 83bb1e9a51cf43e18561ffa5a7cc8277 P d558f1c1ec034aa69f3362fdf031c828 [term 0 FOLLOWER]: Starting pre-election with config: opid_index: -1 OBSOLETE_local: false peers { permanent_uuid: "d558f1c1ec034aa69f3362fdf031c828" member_type: VOTER last_known_addr { host: "127.5.147.65" port: 34891 } } peers { permanent_uuid: "c0a0074c6794422e98ed127bc31e7095" member_type: VOTER last_known_addr { host: "127.5.147.66" port: 34479 } } peers { permanent_uuid: "46b420648d2043b3b562bec790418bff" member_type: VOTER last_known_addr { host: "127.5.147.67" port: 43059 } }
I20260710 13:17:25.882265  6044 leader_election.cc:290] T 83bb1e9a51cf43e18561ffa5a7cc8277 P d558f1c1ec034aa69f3362fdf031c828 [CANDIDATE]: Term 1 pre-election: Requested pre-vote from peers c0a0074c6794422e98ed127bc31e7095 (127.5.147.66:34479), 46b420648d2043b3b562bec790418bff (127.5.147.67:43059)
I20260710 13:17:25.882872  5918 tablet_service.cc:1917] Received RequestConsensusVote() RPC: tablet_id: "83bb1e9a51cf43e18561ffa5a7cc8277" candidate_uuid: "d558f1c1ec034aa69f3362fdf031c828" candidate_term: 1 candidate_status { last_received { term: 0 index: 0 } } ignore_live_leader: false dest_uuid: "c0a0074c6794422e98ed127bc31e7095" is_pre_election: true
I20260710 13:17:25.883404  5993 tablet_service.cc:1917] Received RequestConsensusVote() RPC: tablet_id: "83bb1e9a51cf43e18561ffa5a7cc8277" candidate_uuid: "d558f1c1ec034aa69f3362fdf031c828" candidate_term: 1 candidate_status { last_received { term: 0 index: 0 } } ignore_live_leader: false dest_uuid: "46b420648d2043b3b562bec790418bff" is_pre_election: true
I20260710 13:17:25.883545  5918 raft_consensus.cc:2468] T 83bb1e9a51cf43e18561ffa5a7cc8277 P c0a0074c6794422e98ed127bc31e7095 [term 0 FOLLOWER]: Leader pre-election vote request: Granting yes vote for candidate d558f1c1ec034aa69f3362fdf031c828 in term 0.
I20260710 13:17:25.884012  5993 raft_consensus.cc:2468] T 83bb1e9a51cf43e18561ffa5a7cc8277 P 46b420648d2043b3b562bec790418bff [term 0 FOLLOWER]: Leader pre-election vote request: Granting yes vote for candidate d558f1c1ec034aa69f3362fdf031c828 in term 0.
I20260710 13:17:25.884817  5810 leader_election.cc:304] T 83bb1e9a51cf43e18561ffa5a7cc8277 P d558f1c1ec034aa69f3362fdf031c828 [CANDIDATE]: Term 1 pre-election: Election decided. Result: candidate won. Election summary: received 2 responses out of 3 voters: 2 yes votes; 0 no votes. yes voters: c0a0074c6794422e98ed127bc31e7095, d558f1c1ec034aa69f3362fdf031c828; no voters: 
I20260710 13:17:25.885835  6044 raft_consensus.cc:2804] T 83bb1e9a51cf43e18561ffa5a7cc8277 P d558f1c1ec034aa69f3362fdf031c828 [term 0 FOLLOWER]: Leader pre-election won for term 1
I20260710 13:17:25.886195  6044 raft_consensus.cc:493] T 83bb1e9a51cf43e18561ffa5a7cc8277 P d558f1c1ec034aa69f3362fdf031c828 [term 0 FOLLOWER]: Starting leader election (no leader contacted us within the election timeout)
I20260710 13:17:25.886502  6044 raft_consensus.cc:3060] T 83bb1e9a51cf43e18561ffa5a7cc8277 P d558f1c1ec034aa69f3362fdf031c828 [term 0 FOLLOWER]: Advancing to term 1
I20260710 13:17:25.892829  6044 raft_consensus.cc:515] T 83bb1e9a51cf43e18561ffa5a7cc8277 P d558f1c1ec034aa69f3362fdf031c828 [term 1 FOLLOWER]: Starting leader election with config: opid_index: -1 OBSOLETE_local: false peers { permanent_uuid: "d558f1c1ec034aa69f3362fdf031c828" member_type: VOTER last_known_addr { host: "127.5.147.65" port: 34891 } } peers { permanent_uuid: "c0a0074c6794422e98ed127bc31e7095" member_type: VOTER last_known_addr { host: "127.5.147.66" port: 34479 } } peers { permanent_uuid: "46b420648d2043b3b562bec790418bff" member_type: VOTER last_known_addr { host: "127.5.147.67" port: 43059 } }
I20260710 13:17:25.894855  6044 leader_election.cc:290] T 83bb1e9a51cf43e18561ffa5a7cc8277 P d558f1c1ec034aa69f3362fdf031c828 [CANDIDATE]: Term 1 election: Requested vote from peers c0a0074c6794422e98ed127bc31e7095 (127.5.147.66:34479), 46b420648d2043b3b562bec790418bff (127.5.147.67:43059)
I20260710 13:17:25.895481  6077 consensus_queue.cc:1048] T dce8fe494eb3478090e8adcdb250cba1 P c0a0074c6794422e98ed127bc31e7095 [LEADER]: Connected to new peer: Peer: permanent_uuid: "46b420648d2043b3b562bec790418bff" member_type: VOTER last_known_addr { host: "127.5.147.67" port: 43059 }, Status: LMP_MISMATCH, Last received: 0.0, Next index: 1, Last known committed idx: 0, Time since last communication: 0.000s
I20260710 13:17:25.896524  5992 tablet_service.cc:1917] Received RequestConsensusVote() RPC: tablet_id: "83bb1e9a51cf43e18561ffa5a7cc8277" candidate_uuid: "d558f1c1ec034aa69f3362fdf031c828" candidate_term: 1 candidate_status { last_received { term: 0 index: 0 } } ignore_live_leader: false dest_uuid: "46b420648d2043b3b562bec790418bff"
I20260710 13:17:25.897061  5992 raft_consensus.cc:3060] T 83bb1e9a51cf43e18561ffa5a7cc8277 P 46b420648d2043b3b562bec790418bff [term 0 FOLLOWER]: Advancing to term 1
I20260710 13:17:25.897348  5918 tablet_service.cc:1917] Received RequestConsensusVote() RPC: tablet_id: "83bb1e9a51cf43e18561ffa5a7cc8277" candidate_uuid: "d558f1c1ec034aa69f3362fdf031c828" candidate_term: 1 candidate_status { last_received { term: 0 index: 0 } } ignore_live_leader: false dest_uuid: "c0a0074c6794422e98ed127bc31e7095"
I20260710 13:17:25.897892  5918 raft_consensus.cc:3060] T 83bb1e9a51cf43e18561ffa5a7cc8277 P c0a0074c6794422e98ed127bc31e7095 [term 0 FOLLOWER]: Advancing to term 1
I20260710 13:17:25.903690  5992 raft_consensus.cc:2468] T 83bb1e9a51cf43e18561ffa5a7cc8277 P 46b420648d2043b3b562bec790418bff [term 1 FOLLOWER]: Leader election vote request: Granting yes vote for candidate d558f1c1ec034aa69f3362fdf031c828 in term 1.
I20260710 13:17:25.905102  5807 leader_election.cc:304] T 83bb1e9a51cf43e18561ffa5a7cc8277 P d558f1c1ec034aa69f3362fdf031c828 [CANDIDATE]: Term 1 election: Election decided. Result: candidate won. Election summary: received 2 responses out of 3 voters: 2 yes votes; 0 no votes. yes voters: 46b420648d2043b3b562bec790418bff, d558f1c1ec034aa69f3362fdf031c828; no voters: 
I20260710 13:17:25.905932  6044 raft_consensus.cc:2804] T 83bb1e9a51cf43e18561ffa5a7cc8277 P d558f1c1ec034aa69f3362fdf031c828 [term 1 FOLLOWER]: Leader election won for term 1
I20260710 13:17:25.906455  6044 raft_consensus.cc:697] T 83bb1e9a51cf43e18561ffa5a7cc8277 P d558f1c1ec034aa69f3362fdf031c828 [term 1 LEADER]: Becoming Leader. State: Replica: d558f1c1ec034aa69f3362fdf031c828, State: Running, Role: LEADER
I20260710 13:17:25.907346  6044 consensus_queue.cc:237] T 83bb1e9a51cf43e18561ffa5a7cc8277 P d558f1c1ec034aa69f3362fdf031c828 [LEADER]: Queue going to LEADER mode. State: All replicated index: 0, Majority replicated index: 0, Committed index: 0, Last appended: 0.0, Last appended by leader: 0, Current term: 1, Majority size: 2, State: 0, Mode: LEADER, active raft config: opid_index: -1 OBSOLETE_local: false peers { permanent_uuid: "d558f1c1ec034aa69f3362fdf031c828" member_type: VOTER last_known_addr { host: "127.5.147.65" port: 34891 } } peers { permanent_uuid: "c0a0074c6794422e98ed127bc31e7095" member_type: VOTER last_known_addr { host: "127.5.147.66" port: 34479 } } peers { permanent_uuid: "46b420648d2043b3b562bec790418bff" member_type: VOTER last_known_addr { host: "127.5.147.67" port: 43059 } }
I20260710 13:17:25.912654  5918 raft_consensus.cc:2468] T 83bb1e9a51cf43e18561ffa5a7cc8277 P c0a0074c6794422e98ed127bc31e7095 [term 1 FOLLOWER]: Leader election vote request: Granting yes vote for candidate d558f1c1ec034aa69f3362fdf031c828 in term 1.
I20260710 13:17:25.916740  6070 raft_consensus.cc:493] T 42e7ba4dbffb4a46b7793d3efc8dd886 P d558f1c1ec034aa69f3362fdf031c828 [term 0 FOLLOWER]: Starting pre-election (no leader contacted us within the election timeout)
I20260710 13:17:25.917251  6070 raft_consensus.cc:515] T 42e7ba4dbffb4a46b7793d3efc8dd886 P d558f1c1ec034aa69f3362fdf031c828 [term 0 FOLLOWER]: Starting pre-election with config: opid_index: -1 OBSOLETE_local: false peers { permanent_uuid: "d558f1c1ec034aa69f3362fdf031c828" member_type: VOTER last_known_addr { host: "127.5.147.65" port: 34891 } } peers { permanent_uuid: "c0a0074c6794422e98ed127bc31e7095" member_type: VOTER last_known_addr { host: "127.5.147.66" port: 34479 } } peers { permanent_uuid: "46b420648d2043b3b562bec790418bff" member_type: VOTER last_known_addr { host: "127.5.147.67" port: 43059 } }
I20260710 13:17:25.918650  6081 consensus_queue.cc:1048] T 899bed8fce0b4fb18ac54711a08d6733 P 46b420648d2043b3b562bec790418bff [LEADER]: Connected to new peer: Peer: permanent_uuid: "d558f1c1ec034aa69f3362fdf031c828" member_type: VOTER last_known_addr { host: "127.5.147.65" port: 34891 }, Status: LMP_MISMATCH, Last received: 0.0, Next index: 1, Last known committed idx: 0, Time since last communication: 0.000s
I20260710 13:17:25.919559  6070 leader_election.cc:290] T 42e7ba4dbffb4a46b7793d3efc8dd886 P d558f1c1ec034aa69f3362fdf031c828 [CANDIDATE]: Term 1 pre-election: Requested pre-vote from peers c0a0074c6794422e98ed127bc31e7095 (127.5.147.66:34479), 46b420648d2043b3b562bec790418bff (127.5.147.67:43059)
I20260710 13:17:25.921056  5991 tablet_service.cc:1917] Received RequestConsensusVote() RPC: tablet_id: "42e7ba4dbffb4a46b7793d3efc8dd886" candidate_uuid: "d558f1c1ec034aa69f3362fdf031c828" candidate_term: 1 candidate_status { last_received { term: 0 index: 0 } } ignore_live_leader: false dest_uuid: "46b420648d2043b3b562bec790418bff" is_pre_election: true
I20260710 13:17:25.921187  5918 tablet_service.cc:1917] Received RequestConsensusVote() RPC: tablet_id: "42e7ba4dbffb4a46b7793d3efc8dd886" candidate_uuid: "d558f1c1ec034aa69f3362fdf031c828" candidate_term: 1 candidate_status { last_received { term: 0 index: 0 } } ignore_live_leader: false dest_uuid: "c0a0074c6794422e98ed127bc31e7095" is_pre_election: true
I20260710 13:17:25.921998  5918 raft_consensus.cc:2393] T 42e7ba4dbffb4a46b7793d3efc8dd886 P c0a0074c6794422e98ed127bc31e7095 [term 1 FOLLOWER]: Leader pre-election vote request: Denying vote to candidate d558f1c1ec034aa69f3362fdf031c828 in current term 1: Already voted for candidate 46b420648d2043b3b562bec790418bff in this term.
I20260710 13:17:25.923141  5810 leader_election.cc:304] T 42e7ba4dbffb4a46b7793d3efc8dd886 P d558f1c1ec034aa69f3362fdf031c828 [CANDIDATE]: Term 1 pre-election: Election decided. Result: candidate lost. Election summary: received 3 responses out of 3 voters: 1 yes votes; 2 no votes. yes voters: d558f1c1ec034aa69f3362fdf031c828; no voters: 46b420648d2043b3b562bec790418bff, c0a0074c6794422e98ed127bc31e7095
I20260710 13:17:25.924252  6070 raft_consensus.cc:3060] T 42e7ba4dbffb4a46b7793d3efc8dd886 P d558f1c1ec034aa69f3362fdf031c828 [term 0 FOLLOWER]: Advancing to term 1
I20260710 13:17:25.939476  5739 catalog_manager.cc:5697] T 83bb1e9a51cf43e18561ffa5a7cc8277 P d558f1c1ec034aa69f3362fdf031c828 reported cstate change: term changed from 0 to 1, leader changed from <none> to d558f1c1ec034aa69f3362fdf031c828 (127.5.147.65). New cstate: current_term: 1 leader_uuid: "d558f1c1ec034aa69f3362fdf031c828" committed_config { opid_index: -1 OBSOLETE_local: false peers { permanent_uuid: "d558f1c1ec034aa69f3362fdf031c828" member_type: VOTER last_known_addr { host: "127.5.147.65" port: 34891 } health_report { overall_health: HEALTHY } } peers { permanent_uuid: "c0a0074c6794422e98ed127bc31e7095" member_type: VOTER last_known_addr { host: "127.5.147.66" port: 34479 } health_report { overall_health: UNKNOWN } } peers { permanent_uuid: "46b420648d2043b3b562bec790418bff" member_type: VOTER last_known_addr { host: "127.5.147.67" port: 43059 } health_report { overall_health: UNKNOWN } } }
I20260710 13:17:25.941167  6070 raft_consensus.cc:2749] T 42e7ba4dbffb4a46b7793d3efc8dd886 P d558f1c1ec034aa69f3362fdf031c828 [term 1 FOLLOWER]: Leader pre-election lost for term 1. Reason: could not achieve majority
I20260710 13:17:25.944175  6081 consensus_queue.cc:1048] T de04066c918244cfba201cf54c717012 P 46b420648d2043b3b562bec790418bff [LEADER]: Connected to new peer: Peer: permanent_uuid: "d558f1c1ec034aa69f3362fdf031c828" member_type: VOTER last_known_addr { host: "127.5.147.65" port: 34891 }, Status: LMP_MISMATCH, Last received: 0.0, Next index: 1, Last known committed idx: 0, Time since last communication: 0.000s
I20260710 13:17:25.953301  6042 consensus_queue.cc:1048] T 7912ab8c47ed49f9ab6306f49d1bb41d P c0a0074c6794422e98ed127bc31e7095 [LEADER]: Connected to new peer: Peer: permanent_uuid: "d558f1c1ec034aa69f3362fdf031c828" member_type: VOTER last_known_addr { host: "127.5.147.65" port: 34891 }, Status: LMP_MISMATCH, Last received: 0.0, Next index: 1, Last known committed idx: 0, Time since last communication: 0.001s
I20260710 13:17:25.956017  6080 consensus_queue.cc:1048] T 42e7ba4dbffb4a46b7793d3efc8dd886 P 46b420648d2043b3b562bec790418bff [LEADER]: Connected to new peer: Peer: permanent_uuid: "d558f1c1ec034aa69f3362fdf031c828" member_type: VOTER last_known_addr { host: "127.5.147.65" port: 34891 }, Status: LMP_MISMATCH, Last received: 0.0, Next index: 1, Last known committed idx: 0, Time since last communication: 0.001s
I20260710 13:17:25.982210  6068 consensus_queue.cc:1048] T 899bed8fce0b4fb18ac54711a08d6733 P 46b420648d2043b3b562bec790418bff [LEADER]: Connected to new peer: Peer: permanent_uuid: "c0a0074c6794422e98ed127bc31e7095" member_type: VOTER last_known_addr { host: "127.5.147.66" port: 34479 }, Status: LMP_MISMATCH, Last received: 0.0, Next index: 1, Last known committed idx: 0, Time since last communication: 0.000s
I20260710 13:17:25.989051  6076 consensus_queue.cc:1048] T 7912ab8c47ed49f9ab6306f49d1bb41d P c0a0074c6794422e98ed127bc31e7095 [LEADER]: Connected to new peer: Peer: permanent_uuid: "46b420648d2043b3b562bec790418bff" member_type: VOTER last_known_addr { host: "127.5.147.67" port: 43059 }, Status: LMP_MISMATCH, Last received: 0.0, Next index: 1, Last known committed idx: 0, Time since last communication: 0.001s
I20260710 13:17:26.000154  6044 consensus_queue.cc:1048] T 7196804c78c34ec9bd7098b3d916f89f P d558f1c1ec034aa69f3362fdf031c828 [LEADER]: Connected to new peer: Peer: permanent_uuid: "c0a0074c6794422e98ed127bc31e7095" member_type: VOTER last_known_addr { host: "127.5.147.66" port: 34479 }, Status: LMP_MISMATCH, Last received: 0.0, Next index: 1, Last known committed idx: 0, Time since last communication: 0.000s
I20260710 13:17:26.000614  6080 consensus_queue.cc:1048] T 42e7ba4dbffb4a46b7793d3efc8dd886 P 46b420648d2043b3b562bec790418bff [LEADER]: Connected to new peer: Peer: permanent_uuid: "c0a0074c6794422e98ed127bc31e7095" member_type: VOTER last_known_addr { host: "127.5.147.66" port: 34479 }, Status: LMP_MISMATCH, Last received: 0.0, Next index: 1, Last known committed idx: 0, Time since last communication: 0.000s
I20260710 13:17:26.019879  6070 consensus_queue.cc:1048] T 7196804c78c34ec9bd7098b3d916f89f P d558f1c1ec034aa69f3362fdf031c828 [LEADER]: Connected to new peer: Peer: permanent_uuid: "46b420648d2043b3b562bec790418bff" member_type: VOTER last_known_addr { host: "127.5.147.67" port: 43059 }, Status: LMP_MISMATCH, Last received: 0.0, Next index: 1, Last known committed idx: 0, Time since last communication: 0.000s
I20260710 13:17:26.049322  6076 consensus_queue.cc:1048] T c3c977f10f57439b872d3a6491132944 P c0a0074c6794422e98ed127bc31e7095 [LEADER]: Connected to new peer: Peer: permanent_uuid: "46b420648d2043b3b562bec790418bff" member_type: VOTER last_known_addr { host: "127.5.147.67" port: 43059 }, Status: LMP_MISMATCH, Last received: 0.0, Next index: 1, Last known committed idx: 0, Time since last communication: 0.000s
I20260710 13:17:26.068207  6042 consensus_queue.cc:1048] T c3c977f10f57439b872d3a6491132944 P c0a0074c6794422e98ed127bc31e7095 [LEADER]: Connected to new peer: Peer: permanent_uuid: "d558f1c1ec034aa69f3362fdf031c828" member_type: VOTER last_known_addr { host: "127.5.147.65" port: 34891 }, Status: LMP_MISMATCH, Last received: 0.0, Next index: 1, Last known committed idx: 0, Time since last communication: 0.000s
I20260710 13:17:26.293989  5919 tablet_service.cc:2072] Received LeaderStepDown RPC: tablet_id: "c3c977f10f57439b872d3a6491132944"
dest_uuid: "c0a0074c6794422e98ed127bc31e7095"
mode: GRACEFUL
new_leader_uuid: "d558f1c1ec034aa69f3362fdf031c828"
 from {username='slave'} at 127.0.0.1:42348
I20260710 13:17:26.294605  5919 raft_consensus.cc:606] T c3c977f10f57439b872d3a6491132944 P c0a0074c6794422e98ed127bc31e7095 [term 1 LEADER]: Received request to transfer leadership to TS d558f1c1ec034aa69f3362fdf031c828
I20260710 13:17:26.322058  5991 tablet_service.cc:2072] Received LeaderStepDown RPC: tablet_id: "de04066c918244cfba201cf54c717012"
dest_uuid: "46b420648d2043b3b562bec790418bff"
mode: GRACEFUL
new_leader_uuid: "d558f1c1ec034aa69f3362fdf031c828"
 from {username='slave'} at 127.0.0.1:59292
I20260710 13:17:26.322547  5991 raft_consensus.cc:606] T de04066c918244cfba201cf54c717012 P 46b420648d2043b3b562bec790418bff [term 1 LEADER]: Received request to transfer leadership to TS d558f1c1ec034aa69f3362fdf031c828
I20260710 13:17:26.328025  5991 tablet_service.cc:2072] Received LeaderStepDown RPC: tablet_id: "42e7ba4dbffb4a46b7793d3efc8dd886"
dest_uuid: "46b420648d2043b3b562bec790418bff"
mode: GRACEFUL
new_leader_uuid: "d558f1c1ec034aa69f3362fdf031c828"
 from {username='slave'} at 127.0.0.1:59292
I20260710 13:17:26.328641  5991 raft_consensus.cc:606] T 42e7ba4dbffb4a46b7793d3efc8dd886 P 46b420648d2043b3b562bec790418bff [term 1 LEADER]: Received request to transfer leadership to TS d558f1c1ec034aa69f3362fdf031c828
I20260710 13:17:26.342303  5843 tablet_service.cc:2072] Received LeaderStepDown RPC: tablet_id: "83bb1e9a51cf43e18561ffa5a7cc8277"
dest_uuid: "d558f1c1ec034aa69f3362fdf031c828"
mode: GRACEFUL
new_leader_uuid: "c0a0074c6794422e98ed127bc31e7095"
 from {username='slave'} at 127.0.0.1:46434
I20260710 13:17:26.342216  6044 consensus_queue.cc:1048] T 83bb1e9a51cf43e18561ffa5a7cc8277 P d558f1c1ec034aa69f3362fdf031c828 [LEADER]: Connected to new peer: Peer: permanent_uuid: "c0a0074c6794422e98ed127bc31e7095" member_type: VOTER last_known_addr { host: "127.5.147.66" port: 34479 }, Status: LMP_MISMATCH, Last received: 0.0, Next index: 1, Last known committed idx: 0, Time since last communication: 0.001s
I20260710 13:17:26.342962  5843 raft_consensus.cc:606] T 83bb1e9a51cf43e18561ffa5a7cc8277 P d558f1c1ec034aa69f3362fdf031c828 [term 1 LEADER]: Received request to transfer leadership to TS c0a0074c6794422e98ed127bc31e7095
I20260710 13:17:26.351922  6070 raft_consensus.cc:993] T 83bb1e9a51cf43e18561ffa5a7cc8277 P d558f1c1ec034aa69f3362fdf031c828: : Instructing follower c0a0074c6794422e98ed127bc31e7095 to start an election
I20260710 13:17:26.352419  6069 raft_consensus.cc:1081] T 83bb1e9a51cf43e18561ffa5a7cc8277 P d558f1c1ec034aa69f3362fdf031c828 [term 1 LEADER]: Signalling peer c0a0074c6794422e98ed127bc31e7095 to start an election
I20260710 13:17:26.353930  5843 tablet_service.cc:2072] Received LeaderStepDown RPC: tablet_id: "9db3b13257ff4a5b9b66bb6ab4de0e3d"
dest_uuid: "d558f1c1ec034aa69f3362fdf031c828"
mode: GRACEFUL
new_leader_uuid: "c0a0074c6794422e98ed127bc31e7095"
 from {username='slave'} at 127.0.0.1:46434
I20260710 13:17:26.354390  5918 tablet_service.cc:2044] Received Run Leader Election RPC: tablet_id: "83bb1e9a51cf43e18561ffa5a7cc8277"
dest_uuid: "c0a0074c6794422e98ed127bc31e7095"
 from {username='slave'} at 127.0.0.1:42326
I20260710 13:17:26.354568  5843 raft_consensus.cc:606] T 9db3b13257ff4a5b9b66bb6ab4de0e3d P d558f1c1ec034aa69f3362fdf031c828 [term 1 LEADER]: Received request to transfer leadership to TS c0a0074c6794422e98ed127bc31e7095
I20260710 13:17:26.354970  5918 raft_consensus.cc:493] T 83bb1e9a51cf43e18561ffa5a7cc8277 P c0a0074c6794422e98ed127bc31e7095 [term 1 FOLLOWER]: Starting forced leader election (received explicit request)
I20260710 13:17:26.355334  5918 raft_consensus.cc:3060] T 83bb1e9a51cf43e18561ffa5a7cc8277 P c0a0074c6794422e98ed127bc31e7095 [term 1 FOLLOWER]: Advancing to term 2
I20260710 13:17:26.361965  6044 consensus_queue.cc:1048] T 83bb1e9a51cf43e18561ffa5a7cc8277 P d558f1c1ec034aa69f3362fdf031c828 [LEADER]: Connected to new peer: Peer: permanent_uuid: "46b420648d2043b3b562bec790418bff" member_type: VOTER last_known_addr { host: "127.5.147.67" port: 43059 }, Status: LMP_MISMATCH, Last received: 0.0, Next index: 1, Last known committed idx: 0, Time since last communication: 0.000s
I20260710 13:17:26.362263  5918 raft_consensus.cc:515] T 83bb1e9a51cf43e18561ffa5a7cc8277 P c0a0074c6794422e98ed127bc31e7095 [term 2 FOLLOWER]: Starting forced leader election with config: opid_index: -1 OBSOLETE_local: false peers { permanent_uuid: "d558f1c1ec034aa69f3362fdf031c828" member_type: VOTER last_known_addr { host: "127.5.147.65" port: 34891 } } peers { permanent_uuid: "c0a0074c6794422e98ed127bc31e7095" member_type: VOTER last_known_addr { host: "127.5.147.66" port: 34479 } } peers { permanent_uuid: "46b420648d2043b3b562bec790418bff" member_type: VOTER last_known_addr { host: "127.5.147.67" port: 43059 } }
I20260710 13:17:26.363415  5919 raft_consensus.cc:1240] T 83bb1e9a51cf43e18561ffa5a7cc8277 P c0a0074c6794422e98ed127bc31e7095 [term 2 FOLLOWER]: Rejecting Update request from peer d558f1c1ec034aa69f3362fdf031c828 for earlier term 1. Current term is 2. Ops: []
I20260710 13:17:26.364543  5918 leader_election.cc:290] T 83bb1e9a51cf43e18561ffa5a7cc8277 P c0a0074c6794422e98ed127bc31e7095 [CANDIDATE]: Term 2 election: Requested vote from peers d558f1c1ec034aa69f3362fdf031c828 (127.5.147.65:34891), 46b420648d2043b3b562bec790418bff (127.5.147.67:43059)
I20260710 13:17:26.366113  5992 tablet_service.cc:1917] Received RequestConsensusVote() RPC: tablet_id: "83bb1e9a51cf43e18561ffa5a7cc8277" candidate_uuid: "c0a0074c6794422e98ed127bc31e7095" candidate_term: 2 candidate_status { last_received { term: 1 index: 1 } } ignore_live_leader: true dest_uuid: "46b420648d2043b3b562bec790418bff"
I20260710 13:17:26.369431  5843 tablet_service.cc:1917] Received RequestConsensusVote() RPC: tablet_id: "83bb1e9a51cf43e18561ffa5a7cc8277" candidate_uuid: "c0a0074c6794422e98ed127bc31e7095" candidate_term: 2 candidate_status { last_received { term: 1 index: 1 } } ignore_live_leader: true dest_uuid: "d558f1c1ec034aa69f3362fdf031c828"
I20260710 13:17:26.370105  5843 raft_consensus.cc:3055] T 83bb1e9a51cf43e18561ffa5a7cc8277 P d558f1c1ec034aa69f3362fdf031c828 [term 1 LEADER]: Stepping down as leader of term 1
I20260710 13:17:26.370433  5843 raft_consensus.cc:740] T 83bb1e9a51cf43e18561ffa5a7cc8277 P d558f1c1ec034aa69f3362fdf031c828 [term 1 LEADER]: Becoming Follower/Learner. State: Replica: d558f1c1ec034aa69f3362fdf031c828, State: Running, Role: LEADER
I20260710 13:17:26.371276  5843 consensus_queue.cc:260] T 83bb1e9a51cf43e18561ffa5a7cc8277 P d558f1c1ec034aa69f3362fdf031c828 [NON_LEADER]: Queue going to NON_LEADER mode. State: All replicated index: 0, Majority replicated index: 1, Committed index: 1, Last appended: 1.1, Last appended by leader: 1, Current term: 1, Majority size: -1, State: 0, Mode: NON_LEADER, active raft config: opid_index: -1 OBSOLETE_local: false peers { permanent_uuid: "d558f1c1ec034aa69f3362fdf031c828" member_type: VOTER last_known_addr { host: "127.5.147.65" port: 34891 } } peers { permanent_uuid: "c0a0074c6794422e98ed127bc31e7095" member_type: VOTER last_known_addr { host: "127.5.147.66" port: 34479 } } peers { permanent_uuid: "46b420648d2043b3b562bec790418bff" member_type: VOTER last_known_addr { host: "127.5.147.67" port: 43059 } }
I20260710 13:17:26.372289  5843 raft_consensus.cc:3060] T 83bb1e9a51cf43e18561ffa5a7cc8277 P d558f1c1ec034aa69f3362fdf031c828 [term 1 FOLLOWER]: Advancing to term 2
I20260710 13:17:26.381963  5843 raft_consensus.cc:2468] T 83bb1e9a51cf43e18561ffa5a7cc8277 P d558f1c1ec034aa69f3362fdf031c828 [term 2 FOLLOWER]: Leader election vote request: Granting yes vote for candidate c0a0074c6794422e98ed127bc31e7095 in term 2.
I20260710 13:17:26.383097  5885 leader_election.cc:304] T 83bb1e9a51cf43e18561ffa5a7cc8277 P c0a0074c6794422e98ed127bc31e7095 [CANDIDATE]: Term 2 election: Election decided. Result: candidate won. Election summary: received 3 responses out of 3 voters: 2 yes votes; 1 no votes. yes voters: c0a0074c6794422e98ed127bc31e7095, d558f1c1ec034aa69f3362fdf031c828; no voters: 46b420648d2043b3b562bec790418bff
I20260710 13:17:26.383981  6115 raft_consensus.cc:2804] T 83bb1e9a51cf43e18561ffa5a7cc8277 P c0a0074c6794422e98ed127bc31e7095 [term 2 FOLLOWER]: Leader election won for term 2
I20260710 13:17:26.384461  6115 raft_consensus.cc:697] T 83bb1e9a51cf43e18561ffa5a7cc8277 P c0a0074c6794422e98ed127bc31e7095 [term 2 LEADER]: Becoming Leader. State: Replica: c0a0074c6794422e98ed127bc31e7095, State: Running, Role: LEADER
I20260710 13:17:26.385291  6115 consensus_queue.cc:237] T 83bb1e9a51cf43e18561ffa5a7cc8277 P c0a0074c6794422e98ed127bc31e7095 [LEADER]: Queue going to LEADER mode. State: All replicated index: 0, Majority replicated index: 0, Committed index: 0, Last appended: 1.1, Last appended by leader: 1, Current term: 2, Majority size: 2, State: 0, Mode: LEADER, active raft config: opid_index: -1 OBSOLETE_local: false peers { permanent_uuid: "d558f1c1ec034aa69f3362fdf031c828" member_type: VOTER last_known_addr { host: "127.5.147.65" port: 34891 } } peers { permanent_uuid: "c0a0074c6794422e98ed127bc31e7095" member_type: VOTER last_known_addr { host: "127.5.147.66" port: 34479 } } peers { permanent_uuid: "46b420648d2043b3b562bec790418bff" member_type: VOTER last_known_addr { host: "127.5.147.67" port: 43059 } }
I20260710 13:17:26.392033  5737 catalog_manager.cc:5697] T 83bb1e9a51cf43e18561ffa5a7cc8277 P c0a0074c6794422e98ed127bc31e7095 reported cstate change: term changed from 1 to 2, leader changed from d558f1c1ec034aa69f3362fdf031c828 (127.5.147.65) to c0a0074c6794422e98ed127bc31e7095 (127.5.147.66). New cstate: current_term: 2 leader_uuid: "c0a0074c6794422e98ed127bc31e7095" committed_config { opid_index: -1 OBSOLETE_local: false peers { permanent_uuid: "d558f1c1ec034aa69f3362fdf031c828" member_type: VOTER last_known_addr { host: "127.5.147.65" port: 34891 } health_report { overall_health: UNKNOWN } } peers { permanent_uuid: "c0a0074c6794422e98ed127bc31e7095" member_type: VOTER last_known_addr { host: "127.5.147.66" port: 34479 } health_report { overall_health: HEALTHY } } peers { permanent_uuid: "46b420648d2043b3b562bec790418bff" member_type: VOTER last_known_addr { host: "127.5.147.67" port: 43059 } health_report { overall_health: UNKNOWN } } }
I20260710 13:17:26.449612  6080 raft_consensus.cc:993] T de04066c918244cfba201cf54c717012 P 46b420648d2043b3b562bec790418bff: : Instructing follower d558f1c1ec034aa69f3362fdf031c828 to start an election
I20260710 13:17:26.450081  6081 raft_consensus.cc:1081] T de04066c918244cfba201cf54c717012 P 46b420648d2043b3b562bec790418bff [term 1 LEADER]: Signalling peer d558f1c1ec034aa69f3362fdf031c828 to start an election
I20260710 13:17:26.451901  5841 tablet_service.cc:2044] Received Run Leader Election RPC: tablet_id: "de04066c918244cfba201cf54c717012"
dest_uuid: "d558f1c1ec034aa69f3362fdf031c828"
 from {username='slave'} at 127.0.0.1:46428
I20260710 13:17:26.452447  5841 raft_consensus.cc:493] T de04066c918244cfba201cf54c717012 P d558f1c1ec034aa69f3362fdf031c828 [term 1 FOLLOWER]: Starting forced leader election (received explicit request)
I20260710 13:17:26.452809  5841 raft_consensus.cc:3060] T de04066c918244cfba201cf54c717012 P d558f1c1ec034aa69f3362fdf031c828 [term 1 FOLLOWER]: Advancing to term 2
I20260710 13:17:26.457581  5841 raft_consensus.cc:515] T de04066c918244cfba201cf54c717012 P d558f1c1ec034aa69f3362fdf031c828 [term 2 FOLLOWER]: Starting forced leader election with config: opid_index: -1 OBSOLETE_local: false peers { permanent_uuid: "d558f1c1ec034aa69f3362fdf031c828" member_type: VOTER last_known_addr { host: "127.5.147.65" port: 34891 } } peers { permanent_uuid: "c0a0074c6794422e98ed127bc31e7095" member_type: VOTER last_known_addr { host: "127.5.147.66" port: 34479 } } peers { permanent_uuid: "46b420648d2043b3b562bec790418bff" member_type: VOTER last_known_addr { host: "127.5.147.67" port: 43059 } }
I20260710 13:17:26.460326  5919 tablet_service.cc:1917] Received RequestConsensusVote() RPC: tablet_id: "de04066c918244cfba201cf54c717012" candidate_uuid: "d558f1c1ec034aa69f3362fdf031c828" candidate_term: 2 candidate_status { last_received { term: 1 index: 1 } } ignore_live_leader: true dest_uuid: "c0a0074c6794422e98ed127bc31e7095"
I20260710 13:17:26.460806  5841 leader_election.cc:290] T de04066c918244cfba201cf54c717012 P d558f1c1ec034aa69f3362fdf031c828 [CANDIDATE]: Term 2 election: Requested vote from peers c0a0074c6794422e98ed127bc31e7095 (127.5.147.66:34479), 46b420648d2043b3b562bec790418bff (127.5.147.67:43059)
I20260710 13:17:26.460326  5991 tablet_service.cc:1917] Received RequestConsensusVote() RPC: tablet_id: "de04066c918244cfba201cf54c717012" candidate_uuid: "d558f1c1ec034aa69f3362fdf031c828" candidate_term: 2 candidate_status { last_received { term: 1 index: 1 } } ignore_live_leader: true dest_uuid: "46b420648d2043b3b562bec790418bff"
I20260710 13:17:26.461650  5919 raft_consensus.cc:3060] T de04066c918244cfba201cf54c717012 P c0a0074c6794422e98ed127bc31e7095 [term 1 FOLLOWER]: Advancing to term 2
I20260710 13:17:26.461759  5991 raft_consensus.cc:3055] T de04066c918244cfba201cf54c717012 P 46b420648d2043b3b562bec790418bff [term 1 LEADER]: Stepping down as leader of term 1
I20260710 13:17:26.462225  5991 raft_consensus.cc:740] T de04066c918244cfba201cf54c717012 P 46b420648d2043b3b562bec790418bff [term 1 LEADER]: Becoming Follower/Learner. State: Replica: 46b420648d2043b3b562bec790418bff, State: Running, Role: LEADER
I20260710 13:17:26.462982  5991 consensus_queue.cc:260] T de04066c918244cfba201cf54c717012 P 46b420648d2043b3b562bec790418bff [NON_LEADER]: Queue going to NON_LEADER mode. State: All replicated index: 0, Majority replicated index: 1, Committed index: 1, Last appended: 1.1, Last appended by leader: 1, Current term: 1, Majority size: -1, State: 0, Mode: NON_LEADER, active raft config: opid_index: -1 OBSOLETE_local: false peers { permanent_uuid: "d558f1c1ec034aa69f3362fdf031c828" member_type: VOTER last_known_addr { host: "127.5.147.65" port: 34891 } } peers { permanent_uuid: "c0a0074c6794422e98ed127bc31e7095" member_type: VOTER last_known_addr { host: "127.5.147.66" port: 34479 } } peers { permanent_uuid: "46b420648d2043b3b562bec790418bff" member_type: VOTER last_known_addr { host: "127.5.147.67" port: 43059 } }
I20260710 13:17:26.464118  5991 raft_consensus.cc:3060] T de04066c918244cfba201cf54c717012 P 46b420648d2043b3b562bec790418bff [term 1 FOLLOWER]: Advancing to term 2
I20260710 13:17:26.468591  5919 raft_consensus.cc:2468] T de04066c918244cfba201cf54c717012 P c0a0074c6794422e98ed127bc31e7095 [term 2 FOLLOWER]: Leader election vote request: Granting yes vote for candidate d558f1c1ec034aa69f3362fdf031c828 in term 2.
I20260710 13:17:26.469956  5810 leader_election.cc:304] T de04066c918244cfba201cf54c717012 P d558f1c1ec034aa69f3362fdf031c828 [CANDIDATE]: Term 2 election: Election decided. Result: candidate won. Election summary: received 2 responses out of 3 voters: 2 yes votes; 0 no votes. yes voters: c0a0074c6794422e98ed127bc31e7095, d558f1c1ec034aa69f3362fdf031c828; no voters: 
I20260710 13:17:26.470814  6044 raft_consensus.cc:2804] T de04066c918244cfba201cf54c717012 P d558f1c1ec034aa69f3362fdf031c828 [term 2 FOLLOWER]: Leader election won for term 2
I20260710 13:17:26.470880  5991 raft_consensus.cc:2468] T de04066c918244cfba201cf54c717012 P 46b420648d2043b3b562bec790418bff [term 2 FOLLOWER]: Leader election vote request: Granting yes vote for candidate d558f1c1ec034aa69f3362fdf031c828 in term 2.
I20260710 13:17:26.471362  6044 raft_consensus.cc:697] T de04066c918244cfba201cf54c717012 P d558f1c1ec034aa69f3362fdf031c828 [term 2 LEADER]: Becoming Leader. State: Replica: d558f1c1ec034aa69f3362fdf031c828, State: Running, Role: LEADER
I20260710 13:17:26.472154  6044 consensus_queue.cc:237] T de04066c918244cfba201cf54c717012 P d558f1c1ec034aa69f3362fdf031c828 [LEADER]: Queue going to LEADER mode. State: All replicated index: 0, Majority replicated index: 1, Committed index: 1, Last appended: 1.1, Last appended by leader: 1, Current term: 2, Majority size: 2, State: 0, Mode: LEADER, active raft config: opid_index: -1 OBSOLETE_local: false peers { permanent_uuid: "d558f1c1ec034aa69f3362fdf031c828" member_type: VOTER last_known_addr { host: "127.5.147.65" port: 34891 } } peers { permanent_uuid: "c0a0074c6794422e98ed127bc31e7095" member_type: VOTER last_known_addr { host: "127.5.147.66" port: 34479 } } peers { permanent_uuid: "46b420648d2043b3b562bec790418bff" member_type: VOTER last_known_addr { host: "127.5.147.67" port: 43059 } }
I20260710 13:17:26.479379  5737 catalog_manager.cc:5697] T de04066c918244cfba201cf54c717012 P d558f1c1ec034aa69f3362fdf031c828 reported cstate change: term changed from 1 to 2, leader changed from 46b420648d2043b3b562bec790418bff (127.5.147.67) to d558f1c1ec034aa69f3362fdf031c828 (127.5.147.65). New cstate: current_term: 2 leader_uuid: "d558f1c1ec034aa69f3362fdf031c828" committed_config { opid_index: -1 OBSOLETE_local: false peers { permanent_uuid: "d558f1c1ec034aa69f3362fdf031c828" member_type: VOTER last_known_addr { host: "127.5.147.65" port: 34891 } health_report { overall_health: HEALTHY } } peers { permanent_uuid: "c0a0074c6794422e98ed127bc31e7095" member_type: VOTER last_known_addr { host: "127.5.147.66" port: 34479 } health_report { overall_health: UNKNOWN } } peers { permanent_uuid: "46b420648d2043b3b562bec790418bff" member_type: VOTER last_known_addr { host: "127.5.147.67" port: 43059 } health_report { overall_health: UNKNOWN } } }
I20260710 13:17:26.506186  6081 raft_consensus.cc:993] T 42e7ba4dbffb4a46b7793d3efc8dd886 P 46b420648d2043b3b562bec790418bff: : Instructing follower d558f1c1ec034aa69f3362fdf031c828 to start an election
I20260710 13:17:26.506641  6080 raft_consensus.cc:1081] T 42e7ba4dbffb4a46b7793d3efc8dd886 P 46b420648d2043b3b562bec790418bff [term 1 LEADER]: Signalling peer d558f1c1ec034aa69f3362fdf031c828 to start an election
I20260710 13:17:26.508258  5841 tablet_service.cc:2044] Received Run Leader Election RPC: tablet_id: "42e7ba4dbffb4a46b7793d3efc8dd886"
dest_uuid: "d558f1c1ec034aa69f3362fdf031c828"
 from {username='slave'} at 127.0.0.1:46428
I20260710 13:17:26.508786  5841 raft_consensus.cc:493] T 42e7ba4dbffb4a46b7793d3efc8dd886 P d558f1c1ec034aa69f3362fdf031c828 [term 1 FOLLOWER]: Starting forced leader election (received explicit request)
I20260710 13:17:26.509119  5841 raft_consensus.cc:3060] T 42e7ba4dbffb4a46b7793d3efc8dd886 P d558f1c1ec034aa69f3362fdf031c828 [term 1 FOLLOWER]: Advancing to term 2
I20260710 13:17:26.514467  5841 raft_consensus.cc:515] T 42e7ba4dbffb4a46b7793d3efc8dd886 P d558f1c1ec034aa69f3362fdf031c828 [term 2 FOLLOWER]: Starting forced leader election with config: opid_index: -1 OBSOLETE_local: false peers { permanent_uuid: "d558f1c1ec034aa69f3362fdf031c828" member_type: VOTER last_known_addr { host: "127.5.147.65" port: 34891 } } peers { permanent_uuid: "c0a0074c6794422e98ed127bc31e7095" member_type: VOTER last_known_addr { host: "127.5.147.66" port: 34479 } } peers { permanent_uuid: "46b420648d2043b3b562bec790418bff" member_type: VOTER last_known_addr { host: "127.5.147.67" port: 43059 } }
I20260710 13:17:26.516299  5841 leader_election.cc:290] T 42e7ba4dbffb4a46b7793d3efc8dd886 P d558f1c1ec034aa69f3362fdf031c828 [CANDIDATE]: Term 2 election: Requested vote from peers c0a0074c6794422e98ed127bc31e7095 (127.5.147.66:34479), 46b420648d2043b3b562bec790418bff (127.5.147.67:43059)
I20260710 13:17:26.517320  5919 tablet_service.cc:1917] Received RequestConsensusVote() RPC: tablet_id: "42e7ba4dbffb4a46b7793d3efc8dd886" candidate_uuid: "d558f1c1ec034aa69f3362fdf031c828" candidate_term: 2 candidate_status { last_received { term: 1 index: 1 } } ignore_live_leader: true dest_uuid: "c0a0074c6794422e98ed127bc31e7095"
I20260710 13:17:26.517971  5919 raft_consensus.cc:3060] T 42e7ba4dbffb4a46b7793d3efc8dd886 P c0a0074c6794422e98ed127bc31e7095 [term 1 FOLLOWER]: Advancing to term 2
I20260710 13:17:26.517544  5991 tablet_service.cc:1917] Received RequestConsensusVote() RPC: tablet_id: "42e7ba4dbffb4a46b7793d3efc8dd886" candidate_uuid: "d558f1c1ec034aa69f3362fdf031c828" candidate_term: 2 candidate_status { last_received { term: 1 index: 1 } } ignore_live_leader: true dest_uuid: "46b420648d2043b3b562bec790418bff"
I20260710 13:17:26.519210  5991 raft_consensus.cc:3055] T 42e7ba4dbffb4a46b7793d3efc8dd886 P 46b420648d2043b3b562bec790418bff [term 1 LEADER]: Stepping down as leader of term 1
I20260710 13:17:26.519729  5991 raft_consensus.cc:740] T 42e7ba4dbffb4a46b7793d3efc8dd886 P 46b420648d2043b3b562bec790418bff [term 1 LEADER]: Becoming Follower/Learner. State: Replica: 46b420648d2043b3b562bec790418bff, State: Running, Role: LEADER
I20260710 13:17:26.520550  5991 consensus_queue.cc:260] T 42e7ba4dbffb4a46b7793d3efc8dd886 P 46b420648d2043b3b562bec790418bff [NON_LEADER]: Queue going to NON_LEADER mode. State: All replicated index: 0, Majority replicated index: 1, Committed index: 1, Last appended: 1.1, Last appended by leader: 1, Current term: 1, Majority size: -1, State: 0, Mode: NON_LEADER, active raft config: opid_index: -1 OBSOLETE_local: false peers { permanent_uuid: "d558f1c1ec034aa69f3362fdf031c828" member_type: VOTER last_known_addr { host: "127.5.147.65" port: 34891 } } peers { permanent_uuid: "c0a0074c6794422e98ed127bc31e7095" member_type: VOTER last_known_addr { host: "127.5.147.66" port: 34479 } } peers { permanent_uuid: "46b420648d2043b3b562bec790418bff" member_type: VOTER last_known_addr { host: "127.5.147.67" port: 43059 } }
I20260710 13:17:26.521782  5991 raft_consensus.cc:3060] T 42e7ba4dbffb4a46b7793d3efc8dd886 P 46b420648d2043b3b562bec790418bff [term 1 FOLLOWER]: Advancing to term 2
I20260710 13:17:26.525597  5919 raft_consensus.cc:2468] T 42e7ba4dbffb4a46b7793d3efc8dd886 P c0a0074c6794422e98ed127bc31e7095 [term 2 FOLLOWER]: Leader election vote request: Granting yes vote for candidate d558f1c1ec034aa69f3362fdf031c828 in term 2.
I20260710 13:17:26.526814  5810 leader_election.cc:304] T 42e7ba4dbffb4a46b7793d3efc8dd886 P d558f1c1ec034aa69f3362fdf031c828 [CANDIDATE]: Term 2 election: Election decided. Result: candidate won. Election summary: received 2 responses out of 3 voters: 2 yes votes; 0 no votes. yes voters: c0a0074c6794422e98ed127bc31e7095, d558f1c1ec034aa69f3362fdf031c828; no voters: 
I20260710 13:17:26.527660  6044 raft_consensus.cc:2804] T 42e7ba4dbffb4a46b7793d3efc8dd886 P d558f1c1ec034aa69f3362fdf031c828 [term 2 FOLLOWER]: Leader election won for term 2
I20260710 13:17:26.528127  6044 raft_consensus.cc:697] T 42e7ba4dbffb4a46b7793d3efc8dd886 P d558f1c1ec034aa69f3362fdf031c828 [term 2 LEADER]: Becoming Leader. State: Replica: d558f1c1ec034aa69f3362fdf031c828, State: Running, Role: LEADER
I20260710 13:17:26.528932  5991 raft_consensus.cc:2468] T 42e7ba4dbffb4a46b7793d3efc8dd886 P 46b420648d2043b3b562bec790418bff [term 2 FOLLOWER]: Leader election vote request: Granting yes vote for candidate d558f1c1ec034aa69f3362fdf031c828 in term 2.
I20260710 13:17:26.528906  6044 consensus_queue.cc:237] T 42e7ba4dbffb4a46b7793d3efc8dd886 P d558f1c1ec034aa69f3362fdf031c828 [LEADER]: Queue going to LEADER mode. State: All replicated index: 0, Majority replicated index: 1, Committed index: 1, Last appended: 1.1, Last appended by leader: 1, Current term: 2, Majority size: 2, State: 0, Mode: LEADER, active raft config: opid_index: -1 OBSOLETE_local: false peers { permanent_uuid: "d558f1c1ec034aa69f3362fdf031c828" member_type: VOTER last_known_addr { host: "127.5.147.65" port: 34891 } } peers { permanent_uuid: "c0a0074c6794422e98ed127bc31e7095" member_type: VOTER last_known_addr { host: "127.5.147.66" port: 34479 } } peers { permanent_uuid: "46b420648d2043b3b562bec790418bff" member_type: VOTER last_known_addr { host: "127.5.147.67" port: 43059 } }
I20260710 13:17:26.529804  6077 raft_consensus.cc:993] T c3c977f10f57439b872d3a6491132944 P c0a0074c6794422e98ed127bc31e7095: : Instructing follower d558f1c1ec034aa69f3362fdf031c828 to start an election
I20260710 13:17:26.530222  6077 raft_consensus.cc:1081] T c3c977f10f57439b872d3a6491132944 P c0a0074c6794422e98ed127bc31e7095 [term 1 LEADER]: Signalling peer d558f1c1ec034aa69f3362fdf031c828 to start an election
I20260710 13:17:26.531805  5841 tablet_service.cc:2044] Received Run Leader Election RPC: tablet_id: "c3c977f10f57439b872d3a6491132944"
dest_uuid: "d558f1c1ec034aa69f3362fdf031c828"
 from {username='slave'} at 127.0.0.1:46416
I20260710 13:17:26.532475  5841 raft_consensus.cc:493] T c3c977f10f57439b872d3a6491132944 P d558f1c1ec034aa69f3362fdf031c828 [term 1 FOLLOWER]: Starting forced leader election (received explicit request)
I20260710 13:17:26.532898  5841 raft_consensus.cc:3060] T c3c977f10f57439b872d3a6491132944 P d558f1c1ec034aa69f3362fdf031c828 [term 1 FOLLOWER]: Advancing to term 2
I20260710 13:17:26.536028  5737 catalog_manager.cc:5697] T 42e7ba4dbffb4a46b7793d3efc8dd886 P d558f1c1ec034aa69f3362fdf031c828 reported cstate change: term changed from 1 to 2, leader changed from 46b420648d2043b3b562bec790418bff (127.5.147.67) to d558f1c1ec034aa69f3362fdf031c828 (127.5.147.65). New cstate: current_term: 2 leader_uuid: "d558f1c1ec034aa69f3362fdf031c828" committed_config { opid_index: -1 OBSOLETE_local: false peers { permanent_uuid: "d558f1c1ec034aa69f3362fdf031c828" member_type: VOTER last_known_addr { host: "127.5.147.65" port: 34891 } health_report { overall_health: HEALTHY } } peers { permanent_uuid: "c0a0074c6794422e98ed127bc31e7095" member_type: VOTER last_known_addr { host: "127.5.147.66" port: 34479 } health_report { overall_health: UNKNOWN } } peers { permanent_uuid: "46b420648d2043b3b562bec790418bff" member_type: VOTER last_known_addr { host: "127.5.147.67" port: 43059 } health_report { overall_health: UNKNOWN } } }
I20260710 13:17:26.539813  5841 raft_consensus.cc:515] T c3c977f10f57439b872d3a6491132944 P d558f1c1ec034aa69f3362fdf031c828 [term 2 FOLLOWER]: Starting forced leader election with config: opid_index: -1 OBSOLETE_local: false peers { permanent_uuid: "46b420648d2043b3b562bec790418bff" member_type: VOTER last_known_addr { host: "127.5.147.67" port: 43059 } } peers { permanent_uuid: "c0a0074c6794422e98ed127bc31e7095" member_type: VOTER last_known_addr { host: "127.5.147.66" port: 34479 } } peers { permanent_uuid: "d558f1c1ec034aa69f3362fdf031c828" member_type: VOTER last_known_addr { host: "127.5.147.65" port: 34891 } }
I20260710 13:17:26.541848  5841 leader_election.cc:290] T c3c977f10f57439b872d3a6491132944 P d558f1c1ec034aa69f3362fdf031c828 [CANDIDATE]: Term 2 election: Requested vote from peers 46b420648d2043b3b562bec790418bff (127.5.147.67:43059), c0a0074c6794422e98ed127bc31e7095 (127.5.147.66:34479)
I20260710 13:17:26.542695  5991 tablet_service.cc:1917] Received RequestConsensusVote() RPC: tablet_id: "c3c977f10f57439b872d3a6491132944" candidate_uuid: "d558f1c1ec034aa69f3362fdf031c828" candidate_term: 2 candidate_status { last_received { term: 1 index: 1 } } ignore_live_leader: true dest_uuid: "46b420648d2043b3b562bec790418bff"
I20260710 13:17:26.543336  5991 raft_consensus.cc:3060] T c3c977f10f57439b872d3a6491132944 P 46b420648d2043b3b562bec790418bff [term 1 FOLLOWER]: Advancing to term 2
I20260710 13:17:26.543498  5919 tablet_service.cc:1917] Received RequestConsensusVote() RPC: tablet_id: "c3c977f10f57439b872d3a6491132944" candidate_uuid: "d558f1c1ec034aa69f3362fdf031c828" candidate_term: 2 candidate_status { last_received { term: 1 index: 1 } } ignore_live_leader: true dest_uuid: "c0a0074c6794422e98ed127bc31e7095"
I20260710 13:17:26.544067  5919 raft_consensus.cc:3055] T c3c977f10f57439b872d3a6491132944 P c0a0074c6794422e98ed127bc31e7095 [term 1 LEADER]: Stepping down as leader of term 1
I20260710 13:17:26.544365  5919 raft_consensus.cc:740] T c3c977f10f57439b872d3a6491132944 P c0a0074c6794422e98ed127bc31e7095 [term 1 LEADER]: Becoming Follower/Learner. State: Replica: c0a0074c6794422e98ed127bc31e7095, State: Running, Role: LEADER
