I20260710 13:17:21.803454 11351 raft_consensus.cc:359] T 2334fa34ad784de885b9deb242174fd2 P 9968146c6cb14a1e8933c557391d6011 [term 0 FOLLOWER]: Replica starting. Triggering 0 pending ops. Active config: opid_index: -1 OBSOLETE_local: false peers { permanent_uuid: "ce853c1f46734c7d9ab0c62843b49ee7" member_type: VOTER last_known_addr { host: "127.10.195.193" port: 36217 } } peers { permanent_uuid: "9968146c6cb14a1e8933c557391d6011" member_type: VOTER last_known_addr { host: "127.10.195.194" port: 42701 } } peers { permanent_uuid: "4d45696cc84e4d1686d3e18ba6d5dc96" member_type: VOTER last_known_addr { host: "127.10.195.195" port: 43283 } }
I20260710 13:17:21.804191 11351 raft_consensus.cc:385] T 2334fa34ad784de885b9deb242174fd2 P 9968146c6cb14a1e8933c557391d6011 [term 0 FOLLOWER]: Consensus starting up: Expiring failure detector timer to make a prompt election more likely
I20260710 13:17:21.804463 11351 raft_consensus.cc:740] T 2334fa34ad784de885b9deb242174fd2 P 9968146c6cb14a1e8933c557391d6011 [term 0 FOLLOWER]: Becoming Follower/Learner. State: Replica: 9968146c6cb14a1e8933c557391d6011, State: Initialized, Role: FOLLOWER
I20260710 13:17:21.805183 11351 consensus_queue.cc:260] T 2334fa34ad784de885b9deb242174fd2 P 9968146c6cb14a1e8933c557391d6011 [NON_LEADER]: Queue going to NON_LEADER mode. State: All replicated index: 0, Majority replicated index: 0, Committed index: 0, Last appended: 0.0, Last appended by leader: 0, Current term: 0, Majority size: -1, State: 0, Mode: NON_LEADER, active raft config: opid_index: -1 OBSOLETE_local: false peers { permanent_uuid: "ce853c1f46734c7d9ab0c62843b49ee7" member_type: VOTER last_known_addr { host: "127.10.195.193" port: 36217 } } peers { permanent_uuid: "9968146c6cb14a1e8933c557391d6011" member_type: VOTER last_known_addr { host: "127.10.195.194" port: 42701 } } peers { permanent_uuid: "4d45696cc84e4d1686d3e18ba6d5dc96" member_type: VOTER last_known_addr { host: "127.10.195.195" port: 43283 } }
I20260710 13:17:21.806222 11350 tablet_bootstrap.cc:492] T c9ca2520c85040b0baa8bf6ea45b3847 P ce853c1f46734c7d9ab0c62843b49ee7: No bootstrap required, opened a new log
I20260710 13:17:21.806658 11350 ts_tablet_manager.cc:1403] T c9ca2520c85040b0baa8bf6ea45b3847 P ce853c1f46734c7d9ab0c62843b49ee7: Time spent bootstrapping tablet: real 0.024s	user 0.006s	sys 0.010s
I20260710 13:17:21.809290 11350 raft_consensus.cc:359] T c9ca2520c85040b0baa8bf6ea45b3847 P ce853c1f46734c7d9ab0c62843b49ee7 [term 0 FOLLOWER]: Replica starting. Triggering 0 pending ops. Active config: opid_index: -1 OBSOLETE_local: false peers { permanent_uuid: "ce853c1f46734c7d9ab0c62843b49ee7" member_type: VOTER last_known_addr { host: "127.10.195.193" port: 36217 } } peers { permanent_uuid: "9968146c6cb14a1e8933c557391d6011" member_type: VOTER last_known_addr { host: "127.10.195.194" port: 42701 } } peers { permanent_uuid: "4d45696cc84e4d1686d3e18ba6d5dc96" member_type: VOTER last_known_addr { host: "127.10.195.195" port: 43283 } }
I20260710 13:17:21.809976 11350 raft_consensus.cc:385] T c9ca2520c85040b0baa8bf6ea45b3847 P ce853c1f46734c7d9ab0c62843b49ee7 [term 0 FOLLOWER]: Consensus starting up: Expiring failure detector timer to make a prompt election more likely
I20260710 13:17:21.810235 11350 raft_consensus.cc:740] T c9ca2520c85040b0baa8bf6ea45b3847 P ce853c1f46734c7d9ab0c62843b49ee7 [term 0 FOLLOWER]: Becoming Follower/Learner. State: Replica: ce853c1f46734c7d9ab0c62843b49ee7, State: Initialized, Role: FOLLOWER
I20260710 13:17:21.810873 11350 consensus_queue.cc:260] T c9ca2520c85040b0baa8bf6ea45b3847 P ce853c1f46734c7d9ab0c62843b49ee7 [NON_LEADER]: Queue going to NON_LEADER mode. State: All replicated index: 0, Majority replicated index: 0, Committed index: 0, Last appended: 0.0, Last appended by leader: 0, Current term: 0, Majority size: -1, State: 0, Mode: NON_LEADER, active raft config: opid_index: -1 OBSOLETE_local: false peers { permanent_uuid: "ce853c1f46734c7d9ab0c62843b49ee7" member_type: VOTER last_known_addr { host: "127.10.195.193" port: 36217 } } peers { permanent_uuid: "9968146c6cb14a1e8933c557391d6011" member_type: VOTER last_known_addr { host: "127.10.195.194" port: 42701 } } peers { permanent_uuid: "4d45696cc84e4d1686d3e18ba6d5dc96" member_type: VOTER last_known_addr { host: "127.10.195.195" port: 43283 } }
I20260710 13:17:21.813196 11350 ts_tablet_manager.cc:1434] T c9ca2520c85040b0baa8bf6ea45b3847 P ce853c1f46734c7d9ab0c62843b49ee7: Time spent starting tablet: real 0.006s	user 0.006s	sys 0.000s
I20260710 13:17:21.814083 11350 tablet_bootstrap.cc:492] T 0b802bc3611d4280a135492938ed3c74 P ce853c1f46734c7d9ab0c62843b49ee7: Bootstrap starting.
I20260710 13:17:21.817711 11258 heartbeater.cc:499] Master 127.10.195.254:38505 was elected leader, sending a full tablet report...
I20260710 13:17:21.818266 11351 ts_tablet_manager.cc:1434] T 2334fa34ad784de885b9deb242174fd2 P 9968146c6cb14a1e8933c557391d6011: Time spent starting tablet: real 0.017s	user 0.011s	sys 0.007s
I20260710 13:17:21.819199 11351 tablet_bootstrap.cc:492] T c9ca2520c85040b0baa8bf6ea45b3847 P 9968146c6cb14a1e8933c557391d6011: Bootstrap starting.
I20260710 13:17:21.823957 11350 tablet_bootstrap.cc:654] T 0b802bc3611d4280a135492938ed3c74 P ce853c1f46734c7d9ab0c62843b49ee7: Neither blocks nor log segments found. Creating new log.
I20260710 13:17:21.825316 11351 tablet_bootstrap.cc:654] T c9ca2520c85040b0baa8bf6ea45b3847 P 9968146c6cb14a1e8933c557391d6011: Neither blocks nor log segments found. Creating new log.
I20260710 13:17:21.836040 11350 tablet_bootstrap.cc:492] T 0b802bc3611d4280a135492938ed3c74 P ce853c1f46734c7d9ab0c62843b49ee7: No bootstrap required, opened a new log
I20260710 13:17:21.836467 11351 tablet_bootstrap.cc:492] T c9ca2520c85040b0baa8bf6ea45b3847 P 9968146c6cb14a1e8933c557391d6011: No bootstrap required, opened a new log
I20260710 13:17:21.836503 11350 ts_tablet_manager.cc:1403] T 0b802bc3611d4280a135492938ed3c74 P ce853c1f46734c7d9ab0c62843b49ee7: Time spent bootstrapping tablet: real 0.023s	user 0.011s	sys 0.004s
I20260710 13:17:21.837404 11351 ts_tablet_manager.cc:1403] T c9ca2520c85040b0baa8bf6ea45b3847 P 9968146c6cb14a1e8933c557391d6011: Time spent bootstrapping tablet: real 0.018s	user 0.007s	sys 0.009s
I20260710 13:17:21.840150 11351 raft_consensus.cc:359] T c9ca2520c85040b0baa8bf6ea45b3847 P 9968146c6cb14a1e8933c557391d6011 [term 0 FOLLOWER]: Replica starting. Triggering 0 pending ops. Active config: opid_index: -1 OBSOLETE_local: false peers { permanent_uuid: "ce853c1f46734c7d9ab0c62843b49ee7" member_type: VOTER last_known_addr { host: "127.10.195.193" port: 36217 } } peers { permanent_uuid: "9968146c6cb14a1e8933c557391d6011" member_type: VOTER last_known_addr { host: "127.10.195.194" port: 42701 } } peers { permanent_uuid: "4d45696cc84e4d1686d3e18ba6d5dc96" member_type: VOTER last_known_addr { host: "127.10.195.195" port: 43283 } }
I20260710 13:17:21.840822 11351 raft_consensus.cc:385] T c9ca2520c85040b0baa8bf6ea45b3847 P 9968146c6cb14a1e8933c557391d6011 [term 0 FOLLOWER]: Consensus starting up: Expiring failure detector timer to make a prompt election more likely
I20260710 13:17:21.841116 11351 raft_consensus.cc:740] T c9ca2520c85040b0baa8bf6ea45b3847 P 9968146c6cb14a1e8933c557391d6011 [term 0 FOLLOWER]: Becoming Follower/Learner. State: Replica: 9968146c6cb14a1e8933c557391d6011, State: Initialized, Role: FOLLOWER
I20260710 13:17:21.841801 11351 consensus_queue.cc:260] T c9ca2520c85040b0baa8bf6ea45b3847 P 9968146c6cb14a1e8933c557391d6011 [NON_LEADER]: Queue going to NON_LEADER mode. State: All replicated index: 0, Majority replicated index: 0, Committed index: 0, Last appended: 0.0, Last appended by leader: 0, Current term: 0, Majority size: -1, State: 0, Mode: NON_LEADER, active raft config: opid_index: -1 OBSOLETE_local: false peers { permanent_uuid: "ce853c1f46734c7d9ab0c62843b49ee7" member_type: VOTER last_known_addr { host: "127.10.195.193" port: 36217 } } peers { permanent_uuid: "9968146c6cb14a1e8933c557391d6011" member_type: VOTER last_known_addr { host: "127.10.195.194" port: 42701 } } peers { permanent_uuid: "4d45696cc84e4d1686d3e18ba6d5dc96" member_type: VOTER last_known_addr { host: "127.10.195.195" port: 43283 } }
I20260710 13:17:21.842737 11350 raft_consensus.cc:359] T 0b802bc3611d4280a135492938ed3c74 P ce853c1f46734c7d9ab0c62843b49ee7 [term 0 FOLLOWER]: Replica starting. Triggering 0 pending ops. Active config: opid_index: -1 OBSOLETE_local: false peers { permanent_uuid: "ce853c1f46734c7d9ab0c62843b49ee7" member_type: VOTER last_known_addr { host: "127.10.195.193" port: 36217 } } peers { permanent_uuid: "9968146c6cb14a1e8933c557391d6011" member_type: VOTER last_known_addr { host: "127.10.195.194" port: 42701 } } peers { permanent_uuid: "4d45696cc84e4d1686d3e18ba6d5dc96" member_type: VOTER last_known_addr { host: "127.10.195.195" port: 43283 } }
I20260710 13:17:21.843449 11350 raft_consensus.cc:385] T 0b802bc3611d4280a135492938ed3c74 P ce853c1f46734c7d9ab0c62843b49ee7 [term 0 FOLLOWER]: Consensus starting up: Expiring failure detector timer to make a prompt election more likely
I20260710 13:17:21.843776 11351 ts_tablet_manager.cc:1434] T c9ca2520c85040b0baa8bf6ea45b3847 P 9968146c6cb14a1e8933c557391d6011: Time spent starting tablet: real 0.006s	user 0.003s	sys 0.001s
I20260710 13:17:21.843725 11350 raft_consensus.cc:740] T 0b802bc3611d4280a135492938ed3c74 P ce853c1f46734c7d9ab0c62843b49ee7 [term 0 FOLLOWER]: Becoming Follower/Learner. State: Replica: ce853c1f46734c7d9ab0c62843b49ee7, State: Initialized, Role: FOLLOWER
I20260710 13:17:21.844691 11351 tablet_bootstrap.cc:492] T c8aa5c6bccb84982916b57e04ea307f1 P 9968146c6cb14a1e8933c557391d6011: Bootstrap starting.
I20260710 13:17:21.844550 11350 consensus_queue.cc:260] T 0b802bc3611d4280a135492938ed3c74 P ce853c1f46734c7d9ab0c62843b49ee7 [NON_LEADER]: Queue going to NON_LEADER mode. State: All replicated index: 0, Majority replicated index: 0, Committed index: 0, Last appended: 0.0, Last appended by leader: 0, Current term: 0, Majority size: -1, State: 0, Mode: NON_LEADER, active raft config: opid_index: -1 OBSOLETE_local: false peers { permanent_uuid: "ce853c1f46734c7d9ab0c62843b49ee7" member_type: VOTER last_known_addr { host: "127.10.195.193" port: 36217 } } peers { permanent_uuid: "9968146c6cb14a1e8933c557391d6011" member_type: VOTER last_known_addr { host: "127.10.195.194" port: 42701 } } peers { permanent_uuid: "4d45696cc84e4d1686d3e18ba6d5dc96" member_type: VOTER last_known_addr { host: "127.10.195.195" port: 43283 } }
I20260710 13:17:21.846797 11350 ts_tablet_manager.cc:1434] T 0b802bc3611d4280a135492938ed3c74 P ce853c1f46734c7d9ab0c62843b49ee7: Time spent starting tablet: real 0.010s	user 0.003s	sys 0.002s
I20260710 13:17:21.847611 11350 tablet_bootstrap.cc:492] T 8a889b9af361413b8f789ddbc4518250 P ce853c1f46734c7d9ab0c62843b49ee7: Bootstrap starting.
I20260710 13:17:21.849702 11352 ts_tablet_manager.cc:1434] T c9ca2520c85040b0baa8bf6ea45b3847 P 4d45696cc84e4d1686d3e18ba6d5dc96: Time spent starting tablet: real 0.075s	user 0.007s	sys 0.007s
I20260710 13:17:21.850399 11332 heartbeater.cc:499] Master 127.10.195.254:38505 was elected leader, sending a full tablet report...
I20260710 13:17:21.850719 11352 tablet_bootstrap.cc:492] T 4e4cbd50846f4741972fb3d8e0198eb3 P 4d45696cc84e4d1686d3e18ba6d5dc96: Bootstrap starting.
I20260710 13:17:21.850982 11351 tablet_bootstrap.cc:654] T c8aa5c6bccb84982916b57e04ea307f1 P 9968146c6cb14a1e8933c557391d6011: Neither blocks nor log segments found. Creating new log.
I20260710 13:17:21.853462 11350 tablet_bootstrap.cc:654] T 8a889b9af361413b8f789ddbc4518250 P ce853c1f46734c7d9ab0c62843b49ee7: Neither blocks nor log segments found. Creating new log.
I20260710 13:17:21.859800 11352 tablet_bootstrap.cc:654] T 4e4cbd50846f4741972fb3d8e0198eb3 P 4d45696cc84e4d1686d3e18ba6d5dc96: Neither blocks nor log segments found. Creating new log.
I20260710 13:17:21.863078 11351 tablet_bootstrap.cc:492] T c8aa5c6bccb84982916b57e04ea307f1 P 9968146c6cb14a1e8933c557391d6011: No bootstrap required, opened a new log
I20260710 13:17:21.863565 11351 ts_tablet_manager.cc:1403] T c8aa5c6bccb84982916b57e04ea307f1 P 9968146c6cb14a1e8933c557391d6011: Time spent bootstrapping tablet: real 0.019s	user 0.008s	sys 0.009s
I20260710 13:17:21.866415 11351 raft_consensus.cc:359] T c8aa5c6bccb84982916b57e04ea307f1 P 9968146c6cb14a1e8933c557391d6011 [term 0 FOLLOWER]: Replica starting. Triggering 0 pending ops. Active config: opid_index: -1 OBSOLETE_local: false peers { permanent_uuid: "4d45696cc84e4d1686d3e18ba6d5dc96" member_type: VOTER last_known_addr { host: "127.10.195.195" port: 43283 } } peers { permanent_uuid: "ce853c1f46734c7d9ab0c62843b49ee7" member_type: VOTER last_known_addr { host: "127.10.195.193" port: 36217 } } peers { permanent_uuid: "9968146c6cb14a1e8933c557391d6011" member_type: VOTER last_known_addr { host: "127.10.195.194" port: 42701 } }
I20260710 13:17:21.867105 11351 raft_consensus.cc:385] T c8aa5c6bccb84982916b57e04ea307f1 P 9968146c6cb14a1e8933c557391d6011 [term 0 FOLLOWER]: Consensus starting up: Expiring failure detector timer to make a prompt election more likely
I20260710 13:17:21.867401 11351 raft_consensus.cc:740] T c8aa5c6bccb84982916b57e04ea307f1 P 9968146c6cb14a1e8933c557391d6011 [term 0 FOLLOWER]: Becoming Follower/Learner. State: Replica: 9968146c6cb14a1e8933c557391d6011, State: Initialized, Role: FOLLOWER
I20260710 13:17:21.868094 11351 consensus_queue.cc:260] T c8aa5c6bccb84982916b57e04ea307f1 P 9968146c6cb14a1e8933c557391d6011 [NON_LEADER]: Queue going to NON_LEADER mode. State: All replicated index: 0, Majority replicated index: 0, Committed index: 0, Last appended: 0.0, Last appended by leader: 0, Current term: 0, Majority size: -1, State: 0, Mode: NON_LEADER, active raft config: opid_index: -1 OBSOLETE_local: false peers { permanent_uuid: "4d45696cc84e4d1686d3e18ba6d5dc96" member_type: VOTER last_known_addr { host: "127.10.195.195" port: 43283 } } peers { permanent_uuid: "ce853c1f46734c7d9ab0c62843b49ee7" member_type: VOTER last_known_addr { host: "127.10.195.193" port: 36217 } } peers { permanent_uuid: "9968146c6cb14a1e8933c557391d6011" member_type: VOTER last_known_addr { host: "127.10.195.194" port: 42701 } }
I20260710 13:17:21.870232 11351 ts_tablet_manager.cc:1434] T c8aa5c6bccb84982916b57e04ea307f1 P 9968146c6cb14a1e8933c557391d6011: Time spent starting tablet: real 0.006s	user 0.006s	sys 0.000s
I20260710 13:17:21.871215 11351 tablet_bootstrap.cc:492] T 14e2d421d9a64d6cad0bb86147b365e1 P 9968146c6cb14a1e8933c557391d6011: Bootstrap starting.
I20260710 13:17:21.877311 11351 tablet_bootstrap.cc:654] T 14e2d421d9a64d6cad0bb86147b365e1 P 9968146c6cb14a1e8933c557391d6011: Neither blocks nor log segments found. Creating new log.
W20260710 13:17:21.887171 11259 tablet.cc:2406] T 2334fa34ad784de885b9deb242174fd2 P 9968146c6cb14a1e8933c557391d6011: Can't schedule compaction. Clean time has not been advanced past its initial value.
I20260710 13:17:21.888484 11359 raft_consensus.cc:493] T c8aa5c6bccb84982916b57e04ea307f1 P 9968146c6cb14a1e8933c557391d6011 [term 0 FOLLOWER]: Starting pre-election (no leader contacted us within the election timeout)
I20260710 13:17:21.888965 11359 raft_consensus.cc:515] T c8aa5c6bccb84982916b57e04ea307f1 P 9968146c6cb14a1e8933c557391d6011 [term 0 FOLLOWER]: Starting pre-election with config: opid_index: -1 OBSOLETE_local: false peers { permanent_uuid: "4d45696cc84e4d1686d3e18ba6d5dc96" member_type: VOTER last_known_addr { host: "127.10.195.195" port: 43283 } } peers { permanent_uuid: "ce853c1f46734c7d9ab0c62843b49ee7" member_type: VOTER last_known_addr { host: "127.10.195.193" port: 36217 } } peers { permanent_uuid: "9968146c6cb14a1e8933c557391d6011" member_type: VOTER last_known_addr { host: "127.10.195.194" port: 42701 } }
I20260710 13:17:21.890522 11351 tablet_bootstrap.cc:492] T 14e2d421d9a64d6cad0bb86147b365e1 P 9968146c6cb14a1e8933c557391d6011: No bootstrap required, opened a new log
I20260710 13:17:21.891005 11351 ts_tablet_manager.cc:1403] T 14e2d421d9a64d6cad0bb86147b365e1 P 9968146c6cb14a1e8933c557391d6011: Time spent bootstrapping tablet: real 0.020s	user 0.012s	sys 0.005s
I20260710 13:17:21.891739 11359 leader_election.cc:290] T c8aa5c6bccb84982916b57e04ea307f1 P 9968146c6cb14a1e8933c557391d6011 [CANDIDATE]: Term 1 pre-election: Requested pre-vote from peers 4d45696cc84e4d1686d3e18ba6d5dc96 (127.10.195.195:43283), ce853c1f46734c7d9ab0c62843b49ee7 (127.10.195.193:36217)
I20260710 13:17:21.893821 11351 raft_consensus.cc:359] T 14e2d421d9a64d6cad0bb86147b365e1 P 9968146c6cb14a1e8933c557391d6011 [term 0 FOLLOWER]: Replica starting. Triggering 0 pending ops. Active config: opid_index: -1 OBSOLETE_local: false peers { permanent_uuid: "ce853c1f46734c7d9ab0c62843b49ee7" member_type: VOTER last_known_addr { host: "127.10.195.193" port: 36217 } } peers { permanent_uuid: "9968146c6cb14a1e8933c557391d6011" member_type: VOTER last_known_addr { host: "127.10.195.194" port: 42701 } } peers { permanent_uuid: "4d45696cc84e4d1686d3e18ba6d5dc96" member_type: VOTER last_known_addr { host: "127.10.195.195" port: 43283 } }
I20260710 13:17:21.894636 11351 raft_consensus.cc:385] T 14e2d421d9a64d6cad0bb86147b365e1 P 9968146c6cb14a1e8933c557391d6011 [term 0 FOLLOWER]: Consensus starting up: Expiring failure detector timer to make a prompt election more likely
I20260710 13:17:21.894979 11351 raft_consensus.cc:740] T 14e2d421d9a64d6cad0bb86147b365e1 P 9968146c6cb14a1e8933c557391d6011 [term 0 FOLLOWER]: Becoming Follower/Learner. State: Replica: 9968146c6cb14a1e8933c557391d6011, State: Initialized, Role: FOLLOWER
I20260710 13:17:21.895689 11351 consensus_queue.cc:260] T 14e2d421d9a64d6cad0bb86147b365e1 P 9968146c6cb14a1e8933c557391d6011 [NON_LEADER]: Queue going to NON_LEADER mode. State: All replicated index: 0, Majority replicated index: 0, Committed index: 0, Last appended: 0.0, Last appended by leader: 0, Current term: 0, Majority size: -1, State: 0, Mode: NON_LEADER, active raft config: opid_index: -1 OBSOLETE_local: false peers { permanent_uuid: "ce853c1f46734c7d9ab0c62843b49ee7" member_type: VOTER last_known_addr { host: "127.10.195.193" port: 36217 } } peers { permanent_uuid: "9968146c6cb14a1e8933c557391d6011" member_type: VOTER last_known_addr { host: "127.10.195.194" port: 42701 } } peers { permanent_uuid: "4d45696cc84e4d1686d3e18ba6d5dc96" member_type: VOTER last_known_addr { host: "127.10.195.195" port: 43283 } }
I20260710 13:17:21.896431 11355 raft_consensus.cc:493] T 0b802bc3611d4280a135492938ed3c74 P ce853c1f46734c7d9ab0c62843b49ee7 [term 0 FOLLOWER]: Starting pre-election (no leader contacted us within the election timeout)
I20260710 13:17:21.896916 11355 raft_consensus.cc:515] T 0b802bc3611d4280a135492938ed3c74 P ce853c1f46734c7d9ab0c62843b49ee7 [term 0 FOLLOWER]: Starting pre-election with config: opid_index: -1 OBSOLETE_local: false peers { permanent_uuid: "ce853c1f46734c7d9ab0c62843b49ee7" member_type: VOTER last_known_addr { host: "127.10.195.193" port: 36217 } } peers { permanent_uuid: "9968146c6cb14a1e8933c557391d6011" member_type: VOTER last_known_addr { host: "127.10.195.194" port: 42701 } } peers { permanent_uuid: "4d45696cc84e4d1686d3e18ba6d5dc96" member_type: VOTER last_known_addr { host: "127.10.195.195" port: 43283 } }
I20260710 13:17:21.899495 11355 leader_election.cc:290] T 0b802bc3611d4280a135492938ed3c74 P ce853c1f46734c7d9ab0c62843b49ee7 [CANDIDATE]: Term 1 pre-election: Requested pre-vote from peers 9968146c6cb14a1e8933c557391d6011 (127.10.195.194:42701), 4d45696cc84e4d1686d3e18ba6d5dc96 (127.10.195.195:43283)
I20260710 13:17:21.901499 11351 ts_tablet_manager.cc:1434] T 14e2d421d9a64d6cad0bb86147b365e1 P 9968146c6cb14a1e8933c557391d6011: Time spent starting tablet: real 0.010s	user 0.007s	sys 0.001s
I20260710 13:17:21.902486 11351 tablet_bootstrap.cc:492] T 9f6d171342a1426589cb842ab95f095c P 9968146c6cb14a1e8933c557391d6011: Bootstrap starting.
I20260710 13:17:21.905364 11350 tablet_bootstrap.cc:492] T 8a889b9af361413b8f789ddbc4518250 P ce853c1f46734c7d9ab0c62843b49ee7: No bootstrap required, opened a new log
I20260710 13:17:21.905854 11350 ts_tablet_manager.cc:1403] T 8a889b9af361413b8f789ddbc4518250 P ce853c1f46734c7d9ab0c62843b49ee7: Time spent bootstrapping tablet: real 0.058s	user 0.014s	sys 0.011s
I20260710 13:17:21.908687 11351 tablet_bootstrap.cc:654] T 9f6d171342a1426589cb842ab95f095c P 9968146c6cb14a1e8933c557391d6011: Neither blocks nor log segments found. Creating new log.
I20260710 13:17:21.908759 11350 raft_consensus.cc:359] T 8a889b9af361413b8f789ddbc4518250 P ce853c1f46734c7d9ab0c62843b49ee7 [term 0 FOLLOWER]: Replica starting. Triggering 0 pending ops. Active config: opid_index: -1 OBSOLETE_local: false peers { permanent_uuid: "ce853c1f46734c7d9ab0c62843b49ee7" member_type: VOTER last_known_addr { host: "127.10.195.193" port: 36217 } } peers { permanent_uuid: "9968146c6cb14a1e8933c557391d6011" member_type: VOTER last_known_addr { host: "127.10.195.194" port: 42701 } } peers { permanent_uuid: "4d45696cc84e4d1686d3e18ba6d5dc96" member_type: VOTER last_known_addr { host: "127.10.195.195" port: 43283 } }
I20260710 13:17:21.909533 11350 raft_consensus.cc:385] T 8a889b9af361413b8f789ddbc4518250 P ce853c1f46734c7d9ab0c62843b49ee7 [term 0 FOLLOWER]: Consensus starting up: Expiring failure detector timer to make a prompt election more likely
I20260710 13:17:21.909828 11350 raft_consensus.cc:740] T 8a889b9af361413b8f789ddbc4518250 P ce853c1f46734c7d9ab0c62843b49ee7 [term 0 FOLLOWER]: Becoming Follower/Learner. State: Replica: ce853c1f46734c7d9ab0c62843b49ee7, State: Initialized, Role: FOLLOWER
I20260710 13:17:21.910485 11350 consensus_queue.cc:260] T 8a889b9af361413b8f789ddbc4518250 P ce853c1f46734c7d9ab0c62843b49ee7 [NON_LEADER]: Queue going to NON_LEADER mode. State: All replicated index: 0, Majority replicated index: 0, Committed index: 0, Last appended: 0.0, Last appended by leader: 0, Current term: 0, Majority size: -1, State: 0, Mode: NON_LEADER, active raft config: opid_index: -1 OBSOLETE_local: false peers { permanent_uuid: "ce853c1f46734c7d9ab0c62843b49ee7" member_type: VOTER last_known_addr { host: "127.10.195.193" port: 36217 } } peers { permanent_uuid: "9968146c6cb14a1e8933c557391d6011" member_type: VOTER last_known_addr { host: "127.10.195.194" port: 42701 } } peers { permanent_uuid: "4d45696cc84e4d1686d3e18ba6d5dc96" member_type: VOTER last_known_addr { host: "127.10.195.195" port: 43283 } }
I20260710 13:17:21.913342 11352 tablet_bootstrap.cc:492] T 4e4cbd50846f4741972fb3d8e0198eb3 P 4d45696cc84e4d1686d3e18ba6d5dc96: No bootstrap required, opened a new log
I20260710 13:17:21.913887 11352 ts_tablet_manager.cc:1403] T 4e4cbd50846f4741972fb3d8e0198eb3 P 4d45696cc84e4d1686d3e18ba6d5dc96: Time spent bootstrapping tablet: real 0.063s	user 0.012s	sys 0.011s
I20260710 13:17:21.918880 11352 raft_consensus.cc:359] T 4e4cbd50846f4741972fb3d8e0198eb3 P 4d45696cc84e4d1686d3e18ba6d5dc96 [term 0 FOLLOWER]: Replica starting. Triggering 0 pending ops. Active config: opid_index: -1 OBSOLETE_local: false peers { permanent_uuid: "ce853c1f46734c7d9ab0c62843b49ee7" member_type: VOTER last_known_addr { host: "127.10.195.193" port: 36217 } } peers { permanent_uuid: "9968146c6cb14a1e8933c557391d6011" member_type: VOTER last_known_addr { host: "127.10.195.194" port: 42701 } } peers { permanent_uuid: "4d45696cc84e4d1686d3e18ba6d5dc96" member_type: VOTER last_known_addr { host: "127.10.195.195" port: 43283 } }
I20260710 13:17:21.919632 11352 raft_consensus.cc:385] T 4e4cbd50846f4741972fb3d8e0198eb3 P 4d45696cc84e4d1686d3e18ba6d5dc96 [term 0 FOLLOWER]: Consensus starting up: Expiring failure detector timer to make a prompt election more likely
I20260710 13:17:21.919921 11352 raft_consensus.cc:740] T 4e4cbd50846f4741972fb3d8e0198eb3 P 4d45696cc84e4d1686d3e18ba6d5dc96 [term 0 FOLLOWER]: Becoming Follower/Learner. State: Replica: 4d45696cc84e4d1686d3e18ba6d5dc96, State: Initialized, Role: FOLLOWER
I20260710 13:17:21.926569 11352 consensus_queue.cc:260] T 4e4cbd50846f4741972fb3d8e0198eb3 P 4d45696cc84e4d1686d3e18ba6d5dc96 [NON_LEADER]: Queue going to NON_LEADER mode. State: All replicated index: 0, Majority replicated index: 0, Committed index: 0, Last appended: 0.0, Last appended by leader: 0, Current term: 0, Majority size: -1, State: 0, Mode: NON_LEADER, active raft config: opid_index: -1 OBSOLETE_local: false peers { permanent_uuid: "ce853c1f46734c7d9ab0c62843b49ee7" member_type: VOTER last_known_addr { host: "127.10.195.193" port: 36217 } } peers { permanent_uuid: "9968146c6cb14a1e8933c557391d6011" member_type: VOTER last_known_addr { host: "127.10.195.194" port: 42701 } } peers { permanent_uuid: "4d45696cc84e4d1686d3e18ba6d5dc96" member_type: VOTER last_known_addr { host: "127.10.195.195" port: 43283 } }
I20260710 13:17:21.920881 11351 tablet_bootstrap.cc:492] T 9f6d171342a1426589cb842ab95f095c P 9968146c6cb14a1e8933c557391d6011: No bootstrap required, opened a new log
I20260710 13:17:21.928589 11351 ts_tablet_manager.cc:1403] T 9f6d171342a1426589cb842ab95f095c P 9968146c6cb14a1e8933c557391d6011: Time spent bootstrapping tablet: real 0.026s	user 0.009s	sys 0.008s
I20260710 13:17:21.930197 11352 ts_tablet_manager.cc:1434] T 4e4cbd50846f4741972fb3d8e0198eb3 P 4d45696cc84e4d1686d3e18ba6d5dc96: Time spent starting tablet: real 0.016s	user 0.005s	sys 0.001s
I20260710 13:17:21.925853 11350 ts_tablet_manager.cc:1434] T 8a889b9af361413b8f789ddbc4518250 P ce853c1f46734c7d9ab0c62843b49ee7: Time spent starting tablet: real 0.020s	user 0.007s	sys 0.000s
I20260710 13:17:21.931113 11352 tablet_bootstrap.cc:492] T bbb67e3a7b274311aad722ee8edb792c P 4d45696cc84e4d1686d3e18ba6d5dc96: Bootstrap starting.
I20260710 13:17:21.933486 11350 tablet_bootstrap.cc:492] T 14e2d421d9a64d6cad0bb86147b365e1 P ce853c1f46734c7d9ab0c62843b49ee7: Bootstrap starting.
I20260710 13:17:21.939941 11350 tablet_bootstrap.cc:654] T 14e2d421d9a64d6cad0bb86147b365e1 P ce853c1f46734c7d9ab0c62843b49ee7: Neither blocks nor log segments found. Creating new log.
I20260710 13:17:21.941485 11352 tablet_bootstrap.cc:654] T bbb67e3a7b274311aad722ee8edb792c P 4d45696cc84e4d1686d3e18ba6d5dc96: Neither blocks nor log segments found. Creating new log.
I20260710 13:17:21.941222 11351 raft_consensus.cc:359] T 9f6d171342a1426589cb842ab95f095c P 9968146c6cb14a1e8933c557391d6011 [term 0 FOLLOWER]: Replica starting. Triggering 0 pending ops. Active config: opid_index: -1 OBSOLETE_local: false peers { permanent_uuid: "ce853c1f46734c7d9ab0c62843b49ee7" member_type: VOTER last_known_addr { host: "127.10.195.193" port: 36217 } } peers { permanent_uuid: "9968146c6cb14a1e8933c557391d6011" member_type: VOTER last_known_addr { host: "127.10.195.194" port: 42701 } } peers { permanent_uuid: "4d45696cc84e4d1686d3e18ba6d5dc96" member_type: VOTER last_known_addr { host: "127.10.195.195" port: 43283 } }
I20260710 13:17:21.942094 11351 raft_consensus.cc:385] T 9f6d171342a1426589cb842ab95f095c P 9968146c6cb14a1e8933c557391d6011 [term 0 FOLLOWER]: Consensus starting up: Expiring failure detector timer to make a prompt election more likely
I20260710 13:17:21.942404 11351 raft_consensus.cc:740] T 9f6d171342a1426589cb842ab95f095c P 9968146c6cb14a1e8933c557391d6011 [term 0 FOLLOWER]: Becoming Follower/Learner. State: Replica: 9968146c6cb14a1e8933c557391d6011, State: Initialized, Role: FOLLOWER
I20260710 13:17:21.943133 11351 consensus_queue.cc:260] T 9f6d171342a1426589cb842ab95f095c P 9968146c6cb14a1e8933c557391d6011 [NON_LEADER]: Queue going to NON_LEADER mode. State: All replicated index: 0, Majority replicated index: 0, Committed index: 0, Last appended: 0.0, Last appended by leader: 0, Current term: 0, Majority size: -1, State: 0, Mode: NON_LEADER, active raft config: opid_index: -1 OBSOLETE_local: false peers { permanent_uuid: "ce853c1f46734c7d9ab0c62843b49ee7" member_type: VOTER last_known_addr { host: "127.10.195.193" port: 36217 } } peers { permanent_uuid: "9968146c6cb14a1e8933c557391d6011" member_type: VOTER last_known_addr { host: "127.10.195.194" port: 42701 } } peers { permanent_uuid: "4d45696cc84e4d1686d3e18ba6d5dc96" member_type: VOTER last_known_addr { host: "127.10.195.195" port: 43283 } }
I20260710 13:17:21.945308 11351 ts_tablet_manager.cc:1434] T 9f6d171342a1426589cb842ab95f095c P 9968146c6cb14a1e8933c557391d6011: Time spent starting tablet: real 0.016s	user 0.003s	sys 0.000s
I20260710 13:17:21.946225 11351 tablet_bootstrap.cc:492] T bbb67e3a7b274311aad722ee8edb792c P 9968146c6cb14a1e8933c557391d6011: Bootstrap starting.
I20260710 13:17:21.952584 11351 tablet_bootstrap.cc:654] T bbb67e3a7b274311aad722ee8edb792c P 9968146c6cb14a1e8933c557391d6011: Neither blocks nor log segments found. Creating new log.
I20260710 13:17:21.961567 11352 tablet_bootstrap.cc:492] T bbb67e3a7b274311aad722ee8edb792c P 4d45696cc84e4d1686d3e18ba6d5dc96: No bootstrap required, opened a new log
I20260710 13:17:21.962036 11352 ts_tablet_manager.cc:1403] T bbb67e3a7b274311aad722ee8edb792c P 4d45696cc84e4d1686d3e18ba6d5dc96: Time spent bootstrapping tablet: real 0.031s	user 0.010s	sys 0.003s
I20260710 13:17:21.967105 11307 tablet_service.cc:1917] Received RequestConsensusVote() RPC: tablet_id: "c8aa5c6bccb84982916b57e04ea307f1" candidate_uuid: "9968146c6cb14a1e8933c557391d6011" candidate_term: 1 candidate_status { last_received { term: 0 index: 0 } } ignore_live_leader: false dest_uuid: "4d45696cc84e4d1686d3e18ba6d5dc96" is_pre_election: true
I20260710 13:17:21.967356 11352 raft_consensus.cc:359] T bbb67e3a7b274311aad722ee8edb792c P 4d45696cc84e4d1686d3e18ba6d5dc96 [term 0 FOLLOWER]: Replica starting. Triggering 0 pending ops. Active config: opid_index: -1 OBSOLETE_local: false peers { permanent_uuid: "ce853c1f46734c7d9ab0c62843b49ee7" member_type: VOTER last_known_addr { host: "127.10.195.193" port: 36217 } } peers { permanent_uuid: "9968146c6cb14a1e8933c557391d6011" member_type: VOTER last_known_addr { host: "127.10.195.194" port: 42701 } } peers { permanent_uuid: "4d45696cc84e4d1686d3e18ba6d5dc96" member_type: VOTER last_known_addr { host: "127.10.195.195" port: 43283 } }
I20260710 13:17:21.968127 11352 raft_consensus.cc:385] T bbb67e3a7b274311aad722ee8edb792c P 4d45696cc84e4d1686d3e18ba6d5dc96 [term 0 FOLLOWER]: Consensus starting up: Expiring failure detector timer to make a prompt election more likely
I20260710 13:17:21.968411 11352 raft_consensus.cc:740] T bbb67e3a7b274311aad722ee8edb792c P 4d45696cc84e4d1686d3e18ba6d5dc96 [term 0 FOLLOWER]: Becoming Follower/Learner. State: Replica: 4d45696cc84e4d1686d3e18ba6d5dc96, State: Initialized, Role: FOLLOWER
I20260710 13:17:21.969080 11352 consensus_queue.cc:260] T bbb67e3a7b274311aad722ee8edb792c P 4d45696cc84e4d1686d3e18ba6d5dc96 [NON_LEADER]: Queue going to NON_LEADER mode. State: All replicated index: 0, Majority replicated index: 0, Committed index: 0, Last appended: 0.0, Last appended by leader: 0, Current term: 0, Majority size: -1, State: 0, Mode: NON_LEADER, active raft config: opid_index: -1 OBSOLETE_local: false peers { permanent_uuid: "ce853c1f46734c7d9ab0c62843b49ee7" member_type: VOTER last_known_addr { host: "127.10.195.193" port: 36217 } } peers { permanent_uuid: "9968146c6cb14a1e8933c557391d6011" member_type: VOTER last_known_addr { host: "127.10.195.194" port: 42701 } } peers { permanent_uuid: "4d45696cc84e4d1686d3e18ba6d5dc96" member_type: VOTER last_known_addr { host: "127.10.195.195" port: 43283 } }
W20260710 13:17:21.969794 11196 leader_election.cc:343] T c8aa5c6bccb84982916b57e04ea307f1 P 9968146c6cb14a1e8933c557391d6011 [CANDIDATE]: Term 1 pre-election: Tablet error from VoteRequest() call to peer 4d45696cc84e4d1686d3e18ba6d5dc96 (127.10.195.195:43283): Illegal state: must be running to vote when last-logged opid is not known
I20260710 13:17:21.971205 11352 ts_tablet_manager.cc:1434] T bbb67e3a7b274311aad722ee8edb792c P 4d45696cc84e4d1686d3e18ba6d5dc96: Time spent starting tablet: real 0.009s	user 0.006s	sys 0.001s
I20260710 13:17:21.972083 11352 tablet_bootstrap.cc:492] T c8aa5c6bccb84982916b57e04ea307f1 P 4d45696cc84e4d1686d3e18ba6d5dc96: Bootstrap starting.
I20260710 13:17:21.972736 11355 raft_consensus.cc:493] T 8a889b9af361413b8f789ddbc4518250 P ce853c1f46734c7d9ab0c62843b49ee7 [term 0 FOLLOWER]: Starting pre-election (no leader contacted us within the election timeout)
I20260710 13:17:21.973153 11355 raft_consensus.cc:515] T 8a889b9af361413b8f789ddbc4518250 P ce853c1f46734c7d9ab0c62843b49ee7 [term 0 FOLLOWER]: Starting pre-election with config: opid_index: -1 OBSOLETE_local: false peers { permanent_uuid: "ce853c1f46734c7d9ab0c62843b49ee7" member_type: VOTER last_known_addr { host: "127.10.195.193" port: 36217 } } peers { permanent_uuid: "9968146c6cb14a1e8933c557391d6011" member_type: VOTER last_known_addr { host: "127.10.195.194" port: 42701 } } peers { permanent_uuid: "4d45696cc84e4d1686d3e18ba6d5dc96" member_type: VOTER last_known_addr { host: "127.10.195.195" port: 43283 } }
I20260710 13:17:21.975063 11355 leader_election.cc:290] T 8a889b9af361413b8f789ddbc4518250 P ce853c1f46734c7d9ab0c62843b49ee7 [CANDIDATE]: Term 1 pre-election: Requested pre-vote from peers 9968146c6cb14a1e8933c557391d6011 (127.10.195.194:42701), 4d45696cc84e4d1686d3e18ba6d5dc96 (127.10.195.195:43283)
I20260710 13:17:21.980103 11158 tablet_service.cc:1917] Received RequestConsensusVote() RPC: tablet_id: "c8aa5c6bccb84982916b57e04ea307f1" candidate_uuid: "9968146c6cb14a1e8933c557391d6011" candidate_term: 1 candidate_status { last_received { term: 0 index: 0 } } ignore_live_leader: false dest_uuid: "ce853c1f46734c7d9ab0c62843b49ee7" is_pre_election: true
I20260710 13:17:21.980875 11158 raft_consensus.cc:2468] T c8aa5c6bccb84982916b57e04ea307f1 P ce853c1f46734c7d9ab0c62843b49ee7 [term 0 FOLLOWER]: Leader pre-election vote request: Granting yes vote for candidate 9968146c6cb14a1e8933c557391d6011 in term 0.
I20260710 13:17:21.981228 11352 tablet_bootstrap.cc:654] T c8aa5c6bccb84982916b57e04ea307f1 P 4d45696cc84e4d1686d3e18ba6d5dc96: Neither blocks nor log segments found. Creating new log.
I20260710 13:17:21.982477 11197 leader_election.cc:304] T c8aa5c6bccb84982916b57e04ea307f1 P 9968146c6cb14a1e8933c557391d6011 [CANDIDATE]: Term 1 pre-election: Election decided. Result: candidate won. Election summary: received 3 responses out of 3 voters: 2 yes votes; 1 no votes. yes voters: 9968146c6cb14a1e8933c557391d6011, ce853c1f46734c7d9ab0c62843b49ee7; no voters: 4d45696cc84e4d1686d3e18ba6d5dc96
I20260710 13:17:21.983659 11359 raft_consensus.cc:2804] T c8aa5c6bccb84982916b57e04ea307f1 P 9968146c6cb14a1e8933c557391d6011 [term 0 FOLLOWER]: Leader pre-election won for term 1
I20260710 13:17:21.983991 11359 raft_consensus.cc:493] T c8aa5c6bccb84982916b57e04ea307f1 P 9968146c6cb14a1e8933c557391d6011 [term 0 FOLLOWER]: Starting leader election (no leader contacted us within the election timeout)
I20260710 13:17:21.984301 11359 raft_consensus.cc:3060] T c8aa5c6bccb84982916b57e04ea307f1 P 9968146c6cb14a1e8933c557391d6011 [term 0 FOLLOWER]: Advancing to term 1
I20260710 13:17:22.004752 11307 tablet_service.cc:1917] Received RequestConsensusVote() RPC: tablet_id: "0b802bc3611d4280a135492938ed3c74" candidate_uuid: "ce853c1f46734c7d9ab0c62843b49ee7" candidate_term: 1 candidate_status { last_received { term: 0 index: 0 } } ignore_live_leader: false dest_uuid: "4d45696cc84e4d1686d3e18ba6d5dc96" is_pre_election: true
I20260710 13:17:22.006814 11307 tablet_service.cc:1917] Received RequestConsensusVote() RPC: tablet_id: "8a889b9af361413b8f789ddbc4518250" candidate_uuid: "ce853c1f46734c7d9ab0c62843b49ee7" candidate_term: 1 candidate_status { last_received { term: 0 index: 0 } } ignore_live_leader: false dest_uuid: "4d45696cc84e4d1686d3e18ba6d5dc96" is_pre_election: true
W20260710 13:17:22.008065 11121 leader_election.cc:343] T 0b802bc3611d4280a135492938ed3c74 P ce853c1f46734c7d9ab0c62843b49ee7 [CANDIDATE]: Term 1 pre-election: Tablet error from VoteRequest() call to peer 4d45696cc84e4d1686d3e18ba6d5dc96 (127.10.195.195:43283): Illegal state: must be running to vote when last-logged opid is not known
I20260710 13:17:22.009946 11233 tablet_service.cc:1917] Received RequestConsensusVote() RPC: tablet_id: "0b802bc3611d4280a135492938ed3c74" candidate_uuid: "ce853c1f46734c7d9ab0c62843b49ee7" candidate_term: 1 candidate_status { last_received { term: 0 index: 0 } } ignore_live_leader: false dest_uuid: "9968146c6cb14a1e8933c557391d6011" is_pre_election: true
W20260710 13:17:22.010339 11121 leader_election.cc:343] T 8a889b9af361413b8f789ddbc4518250 P ce853c1f46734c7d9ab0c62843b49ee7 [CANDIDATE]: Term 1 pre-election: Tablet error from VoteRequest() call to peer 4d45696cc84e4d1686d3e18ba6d5dc96 (127.10.195.195:43283): Illegal state: must be running to vote when last-logged opid is not known
W20260710 13:17:22.011451 11123 leader_election.cc:343] T 0b802bc3611d4280a135492938ed3c74 P ce853c1f46734c7d9ab0c62843b49ee7 [CANDIDATE]: Term 1 pre-election: Tablet error from VoteRequest() call to peer 9968146c6cb14a1e8933c557391d6011 (127.10.195.194:42701): Illegal state: must be running to vote when last-logged opid is not known
I20260710 13:17:22.011348 11232 tablet_service.cc:1917] Received RequestConsensusVote() RPC: tablet_id: "8a889b9af361413b8f789ddbc4518250" candidate_uuid: "ce853c1f46734c7d9ab0c62843b49ee7" candidate_term: 1 candidate_status { last_received { term: 0 index: 0 } } ignore_live_leader: false dest_uuid: "9968146c6cb14a1e8933c557391d6011" is_pre_election: true
I20260710 13:17:22.012502 11123 leader_election.cc:304] T 0b802bc3611d4280a135492938ed3c74 P ce853c1f46734c7d9ab0c62843b49ee7 [CANDIDATE]: Term 1 pre-election: Election decided. Result: candidate lost. Election summary: received 3 responses out of 3 voters: 1 yes votes; 2 no votes. yes voters: ce853c1f46734c7d9ab0c62843b49ee7; no voters: 4d45696cc84e4d1686d3e18ba6d5dc96, 9968146c6cb14a1e8933c557391d6011
I20260710 13:17:22.013700 11355 raft_consensus.cc:2749] T 0b802bc3611d4280a135492938ed3c74 P ce853c1f46734c7d9ab0c62843b49ee7 [term 0 FOLLOWER]: Leader pre-election lost for term 1. Reason: could not achieve majority
W20260710 13:17:22.014125 11123 leader_election.cc:343] T 8a889b9af361413b8f789ddbc4518250 P ce853c1f46734c7d9ab0c62843b49ee7 [CANDIDATE]: Term 1 pre-election: Tablet error from VoteRequest() call to peer 9968146c6cb14a1e8933c557391d6011 (127.10.195.194:42701): Illegal state: must be running to vote when last-logged opid is not known
I20260710 13:17:22.014792 11123 leader_election.cc:304] T 8a889b9af361413b8f789ddbc4518250 P ce853c1f46734c7d9ab0c62843b49ee7 [CANDIDATE]: Term 1 pre-election: Election decided. Result: candidate lost. Election summary: received 3 responses out of 3 voters: 1 yes votes; 2 no votes. yes voters: ce853c1f46734c7d9ab0c62843b49ee7; no voters: 4d45696cc84e4d1686d3e18ba6d5dc96, 9968146c6cb14a1e8933c557391d6011
I20260710 13:17:22.016127 11355 raft_consensus.cc:2749] T 8a889b9af361413b8f789ddbc4518250 P ce853c1f46734c7d9ab0c62843b49ee7 [term 0 FOLLOWER]: Leader pre-election lost for term 1. Reason: could not achieve majority
I20260710 13:17:22.001120 11359 raft_consensus.cc:515] T c8aa5c6bccb84982916b57e04ea307f1 P 9968146c6cb14a1e8933c557391d6011 [term 1 FOLLOWER]: Starting leader election with config: opid_index: -1 OBSOLETE_local: false peers { permanent_uuid: "4d45696cc84e4d1686d3e18ba6d5dc96" member_type: VOTER last_known_addr { host: "127.10.195.195" port: 43283 } } peers { permanent_uuid: "ce853c1f46734c7d9ab0c62843b49ee7" member_type: VOTER last_known_addr { host: "127.10.195.193" port: 36217 } } peers { permanent_uuid: "9968146c6cb14a1e8933c557391d6011" member_type: VOTER last_known_addr { host: "127.10.195.194" port: 42701 } }
I20260710 13:17:22.020251 11307 tablet_service.cc:1917] Received RequestConsensusVote() RPC: tablet_id: "c8aa5c6bccb84982916b57e04ea307f1" candidate_uuid: "9968146c6cb14a1e8933c557391d6011" candidate_term: 1 candidate_status { last_received { term: 0 index: 0 } } ignore_live_leader: false dest_uuid: "4d45696cc84e4d1686d3e18ba6d5dc96"
I20260710 13:17:22.020661 11158 tablet_service.cc:1917] Received RequestConsensusVote() RPC: tablet_id: "c8aa5c6bccb84982916b57e04ea307f1" candidate_uuid: "9968146c6cb14a1e8933c557391d6011" candidate_term: 1 candidate_status { last_received { term: 0 index: 0 } } ignore_live_leader: false dest_uuid: "ce853c1f46734c7d9ab0c62843b49ee7"
I20260710 13:17:22.021234 11158 raft_consensus.cc:3060] T c8aa5c6bccb84982916b57e04ea307f1 P ce853c1f46734c7d9ab0c62843b49ee7 [term 0 FOLLOWER]: Advancing to term 1
W20260710 13:17:22.021548 11196 leader_election.cc:343] T c8aa5c6bccb84982916b57e04ea307f1 P 9968146c6cb14a1e8933c557391d6011 [CANDIDATE]: Term 1 election: Tablet error from VoteRequest() call to peer 4d45696cc84e4d1686d3e18ba6d5dc96 (127.10.195.195:43283): Illegal state: must be running to vote when last-logged opid is not known
I20260710 13:17:22.028271 11158 raft_consensus.cc:2468] T c8aa5c6bccb84982916b57e04ea307f1 P ce853c1f46734c7d9ab0c62843b49ee7 [term 1 FOLLOWER]: Leader election vote request: Granting yes vote for candidate 9968146c6cb14a1e8933c557391d6011 in term 1.
I20260710 13:17:22.032841 11197 leader_election.cc:304] T c8aa5c6bccb84982916b57e04ea307f1 P 9968146c6cb14a1e8933c557391d6011 [CANDIDATE]: Term 1 election: Election decided. Result: candidate won. Election summary: received 3 responses out of 3 voters: 2 yes votes; 1 no votes. yes voters: 9968146c6cb14a1e8933c557391d6011, ce853c1f46734c7d9ab0c62843b49ee7; no voters: 4d45696cc84e4d1686d3e18ba6d5dc96
I20260710 13:17:22.034474 11351 tablet_bootstrap.cc:492] T bbb67e3a7b274311aad722ee8edb792c P 9968146c6cb14a1e8933c557391d6011: No bootstrap required, opened a new log
I20260710 13:17:22.034987 11351 ts_tablet_manager.cc:1403] T bbb67e3a7b274311aad722ee8edb792c P 9968146c6cb14a1e8933c557391d6011: Time spent bootstrapping tablet: real 0.089s	user 0.017s	sys 0.017s
I20260710 13:17:22.038435 11351 raft_consensus.cc:359] T bbb67e3a7b274311aad722ee8edb792c P 9968146c6cb14a1e8933c557391d6011 [term 0 FOLLOWER]: Replica starting. Triggering 0 pending ops. Active config: opid_index: -1 OBSOLETE_local: false peers { permanent_uuid: "ce853c1f46734c7d9ab0c62843b49ee7" member_type: VOTER last_known_addr { host: "127.10.195.193" port: 36217 } } peers { permanent_uuid: "9968146c6cb14a1e8933c557391d6011" member_type: VOTER last_known_addr { host: "127.10.195.194" port: 42701 } } peers { permanent_uuid: "4d45696cc84e4d1686d3e18ba6d5dc96" member_type: VOTER last_known_addr { host: "127.10.195.195" port: 43283 } }
I20260710 13:17:22.039191 11351 raft_consensus.cc:385] T bbb67e3a7b274311aad722ee8edb792c P 9968146c6cb14a1e8933c557391d6011 [term 0 FOLLOWER]: Consensus starting up: Expiring failure detector timer to make a prompt election more likely
I20260710 13:17:22.039474 11351 raft_consensus.cc:740] T bbb67e3a7b274311aad722ee8edb792c P 9968146c6cb14a1e8933c557391d6011 [term 0 FOLLOWER]: Becoming Follower/Learner. State: Replica: 9968146c6cb14a1e8933c557391d6011, State: Initialized, Role: FOLLOWER
I20260710 13:17:22.040156 11351 consensus_queue.cc:260] T bbb67e3a7b274311aad722ee8edb792c P 9968146c6cb14a1e8933c557391d6011 [NON_LEADER]: Queue going to NON_LEADER mode. State: All replicated index: 0, Majority replicated index: 0, Committed index: 0, Last appended: 0.0, Last appended by leader: 0, Current term: 0, Majority size: -1, State: 0, Mode: NON_LEADER, active raft config: opid_index: -1 OBSOLETE_local: false peers { permanent_uuid: "ce853c1f46734c7d9ab0c62843b49ee7" member_type: VOTER last_known_addr { host: "127.10.195.193" port: 36217 } } peers { permanent_uuid: "9968146c6cb14a1e8933c557391d6011" member_type: VOTER last_known_addr { host: "127.10.195.194" port: 42701 } } peers { permanent_uuid: "4d45696cc84e4d1686d3e18ba6d5dc96" member_type: VOTER last_known_addr { host: "127.10.195.195" port: 43283 } }
I20260710 13:17:22.041431 11359 leader_election.cc:290] T c8aa5c6bccb84982916b57e04ea307f1 P 9968146c6cb14a1e8933c557391d6011 [CANDIDATE]: Term 1 election: Requested vote from peers 4d45696cc84e4d1686d3e18ba6d5dc96 (127.10.195.195:43283), ce853c1f46734c7d9ab0c62843b49ee7 (127.10.195.193:36217)
I20260710 13:17:22.042251 11377 raft_consensus.cc:493] T 14e2d421d9a64d6cad0bb86147b365e1 P 9968146c6cb14a1e8933c557391d6011 [term 0 FOLLOWER]: Starting pre-election (no leader contacted us within the election timeout)
I20260710 13:17:22.042755 11377 raft_consensus.cc:515] T 14e2d421d9a64d6cad0bb86147b365e1 P 9968146c6cb14a1e8933c557391d6011 [term 0 FOLLOWER]: Starting pre-election with config: opid_index: -1 OBSOLETE_local: false peers { permanent_uuid: "ce853c1f46734c7d9ab0c62843b49ee7" member_type: VOTER last_known_addr { host: "127.10.195.193" port: 36217 } } peers { permanent_uuid: "9968146c6cb14a1e8933c557391d6011" member_type: VOTER last_known_addr { host: "127.10.195.194" port: 42701 } } peers { permanent_uuid: "4d45696cc84e4d1686d3e18ba6d5dc96" member_type: VOTER last_known_addr { host: "127.10.195.195" port: 43283 } }
I20260710 13:17:22.044513 11376 raft_consensus.cc:2804] T c8aa5c6bccb84982916b57e04ea307f1 P 9968146c6cb14a1e8933c557391d6011 [term 1 FOLLOWER]: Leader election won for term 1
I20260710 13:17:22.046350 11307 tablet_service.cc:1917] Received RequestConsensusVote() RPC: tablet_id: "14e2d421d9a64d6cad0bb86147b365e1" candidate_uuid: "9968146c6cb14a1e8933c557391d6011" candidate_term: 1 candidate_status { last_received { term: 0 index: 0 } } ignore_live_leader: false dest_uuid: "4d45696cc84e4d1686d3e18ba6d5dc96" is_pre_election: true
W20260710 13:17:22.050773 11196 leader_election.cc:343] T 14e2d421d9a64d6cad0bb86147b365e1 P 9968146c6cb14a1e8933c557391d6011 [CANDIDATE]: Term 1 pre-election: Tablet error from VoteRequest() call to peer 4d45696cc84e4d1686d3e18ba6d5dc96 (127.10.195.195:43283): Illegal state: must be running to vote when last-logged opid is not known
I20260710 13:17:22.047899 11158 tablet_service.cc:1917] Received RequestConsensusVote() RPC: tablet_id: "14e2d421d9a64d6cad0bb86147b365e1" candidate_uuid: "9968146c6cb14a1e8933c557391d6011" candidate_term: 1 candidate_status { last_received { term: 0 index: 0 } } ignore_live_leader: false dest_uuid: "ce853c1f46734c7d9ab0c62843b49ee7" is_pre_election: true
I20260710 13:17:22.051200 11350 tablet_bootstrap.cc:492] T 14e2d421d9a64d6cad0bb86147b365e1 P ce853c1f46734c7d9ab0c62843b49ee7: No bootstrap required, opened a new log
I20260710 13:17:22.051647 11350 ts_tablet_manager.cc:1403] T 14e2d421d9a64d6cad0bb86147b365e1 P ce853c1f46734c7d9ab0c62843b49ee7: Time spent bootstrapping tablet: real 0.118s	user 0.035s	sys 0.040s
I20260710 13:17:22.052269 11376 raft_consensus.cc:697] T c8aa5c6bccb84982916b57e04ea307f1 P 9968146c6cb14a1e8933c557391d6011 [term 1 LEADER]: Becoming Leader. State: Replica: 9968146c6cb14a1e8933c557391d6011, State: Running, Role: LEADER
I20260710 13:17:22.053174 11376 consensus_queue.cc:237] T c8aa5c6bccb84982916b57e04ea307f1 P 9968146c6cb14a1e8933c557391d6011 [LEADER]: Queue going to LEADER mode. State: All replicated index: 0, Majority replicated index: 0, Committed index: 0, Last appended: 0.0, Last appended by leader: 0, Current term: 1, Majority size: 2, State: 0, Mode: LEADER, active raft config: opid_index: -1 OBSOLETE_local: false peers { permanent_uuid: "4d45696cc84e4d1686d3e18ba6d5dc96" member_type: VOTER last_known_addr { host: "127.10.195.195" port: 43283 } } peers { permanent_uuid: "ce853c1f46734c7d9ab0c62843b49ee7" member_type: VOTER last_known_addr { host: "127.10.195.193" port: 36217 } } peers { permanent_uuid: "9968146c6cb14a1e8933c557391d6011" member_type: VOTER last_known_addr { host: "127.10.195.194" port: 42701 } }
W20260710 13:17:22.054453 11197 leader_election.cc:343] T 14e2d421d9a64d6cad0bb86147b365e1 P 9968146c6cb14a1e8933c557391d6011 [CANDIDATE]: Term 1 pre-election: Tablet error from VoteRequest() call to peer ce853c1f46734c7d9ab0c62843b49ee7 (127.10.195.193:36217): Illegal state: must be running to vote when last-logged opid is not known
I20260710 13:17:22.060808 11197 leader_election.cc:304] T 14e2d421d9a64d6cad0bb86147b365e1 P 9968146c6cb14a1e8933c557391d6011 [CANDIDATE]: Term 1 pre-election: Election decided. Result: candidate lost. Election summary: received 3 responses out of 3 voters: 1 yes votes; 2 no votes. yes voters: 9968146c6cb14a1e8933c557391d6011; no voters: 4d45696cc84e4d1686d3e18ba6d5dc96, ce853c1f46734c7d9ab0c62843b49ee7
I20260710 13:17:22.061975 11378 raft_consensus.cc:2749] T 14e2d421d9a64d6cad0bb86147b365e1 P 9968146c6cb14a1e8933c557391d6011 [term 0 FOLLOWER]: Leader pre-election lost for term 1. Reason: could not achieve majority
I20260710 13:17:22.054703 11350 raft_consensus.cc:359] T 14e2d421d9a64d6cad0bb86147b365e1 P ce853c1f46734c7d9ab0c62843b49ee7 [term 0 FOLLOWER]: Replica starting. Triggering 0 pending ops. Active config: opid_index: -1 OBSOLETE_local: false peers { permanent_uuid: "ce853c1f46734c7d9ab0c62843b49ee7" member_type: VOTER last_known_addr { host: "127.10.195.193" port: 36217 } } peers { permanent_uuid: "9968146c6cb14a1e8933c557391d6011" member_type: VOTER last_known_addr { host: "127.10.195.194" port: 42701 } } peers { permanent_uuid: "4d45696cc84e4d1686d3e18ba6d5dc96" member_type: VOTER last_known_addr { host: "127.10.195.195" port: 43283 } }
I20260710 13:17:22.055624 11377 leader_election.cc:290] T 14e2d421d9a64d6cad0bb86147b365e1 P 9968146c6cb14a1e8933c557391d6011 [CANDIDATE]: Term 1 pre-election: Requested pre-vote from peers ce853c1f46734c7d9ab0c62843b49ee7 (127.10.195.193:36217), 4d45696cc84e4d1686d3e18ba6d5dc96 (127.10.195.195:43283)
I20260710 13:17:22.062562 11350 raft_consensus.cc:385] T 14e2d421d9a64d6cad0bb86147b365e1 P ce853c1f46734c7d9ab0c62843b49ee7 [term 0 FOLLOWER]: Consensus starting up: Expiring failure detector timer to make a prompt election more likely
I20260710 13:17:22.058007 11351 ts_tablet_manager.cc:1434] T bbb67e3a7b274311aad722ee8edb792c P 9968146c6cb14a1e8933c557391d6011: Time spent starting tablet: real 0.023s	user 0.006s	sys 0.003s
