I20260710 13:17:57.914465 12238 tablet_copy_service.cc:342] P 7da27829b3a140268161d2d8ca9120d5: Request end of tablet copy session 718d0df33cdf4a2f94563f0dcf7af2b1-b115ef4a902c46ccac8e2f9a9de7d582 received from {username='slave'} at 127.0.0.1:57144
I20260710 13:17:57.914855 12238 tablet_copy_service.cc:434] P 7da27829b3a140268161d2d8ca9120d5: ending tablet copy session 718d0df33cdf4a2f94563f0dcf7af2b1-b115ef4a902c46ccac8e2f9a9de7d582 on tablet b115ef4a902c46ccac8e2f9a9de7d582 with peer 718d0df33cdf4a2f94563f0dcf7af2b1
I20260710 13:17:57.916615 12836 tablet_copy_client.cc:806] T 518f63aad00941c0bdbe6b580b076c6d P 718d0df33cdf4a2f94563f0dcf7af2b1: tablet copy: Starting download of 0 data blocks...
I20260710 13:17:57.917130 12836 tablet_copy_client.cc:670] T 518f63aad00941c0bdbe6b580b076c6d P 718d0df33cdf4a2f94563f0dcf7af2b1: tablet copy: Starting download of 1 WAL segments...
I20260710 13:17:57.920315 12836 tablet_copy_client.cc:538] T 518f63aad00941c0bdbe6b580b076c6d P 718d0df33cdf4a2f94563f0dcf7af2b1: tablet copy: Tablet Copy complete. Replacing tablet superblock.
I20260710 13:17:57.928339 12836 tablet_bootstrap.cc:492] T 518f63aad00941c0bdbe6b580b076c6d P 718d0df33cdf4a2f94563f0dcf7af2b1: Bootstrap starting.
I20260710 13:17:57.946739 12836 tablet_bootstrap.cc:492] T 518f63aad00941c0bdbe6b580b076c6d P 718d0df33cdf4a2f94563f0dcf7af2b1: Bootstrap replayed 1/1 log segments. Stats: ops{read=2 overwritten=0 applied=2 ignored=0} inserts{seen=0 ignored=0} mutations{seen=0 ignored=0} orphaned_commits=0. Pending: 0 replicates
I20260710 13:17:57.947520 12836 tablet_bootstrap.cc:492] T 518f63aad00941c0bdbe6b580b076c6d P 718d0df33cdf4a2f94563f0dcf7af2b1: Bootstrap complete.
I20260710 13:17:57.948102 12836 ts_tablet_manager.cc:1403] T 518f63aad00941c0bdbe6b580b076c6d P 718d0df33cdf4a2f94563f0dcf7af2b1: Time spent bootstrapping tablet: real 0.020s	user 0.019s	sys 0.000s
I20260710 13:17:57.950753 12836 raft_consensus.cc:359] T 518f63aad00941c0bdbe6b580b076c6d P 718d0df33cdf4a2f94563f0dcf7af2b1 [term 1 LEARNER]: Replica starting. Triggering 0 pending ops. Active config: opid_index: 2 OBSOLETE_local: false peers { permanent_uuid: "8af253aaa2ed41fcaac0e2f971fcaa36" member_type: VOTER last_known_addr { host: "127.10.195.193" port: 44137 } attrs { replace: true } } peers { permanent_uuid: "7da27829b3a140268161d2d8ca9120d5" member_type: VOTER last_known_addr { host: "127.10.195.194" port: 36991 } } peers { permanent_uuid: "5fab067a2dde45cb9bd466db1543ebed" member_type: VOTER last_known_addr { host: "127.10.195.195" port: 42093 } } peers { permanent_uuid: "718d0df33cdf4a2f94563f0dcf7af2b1" member_type: NON_VOTER last_known_addr { host: "127.10.195.196" port: 37757 } attrs { promote: true } }
I20260710 13:17:57.951539 12836 raft_consensus.cc:740] T 518f63aad00941c0bdbe6b580b076c6d P 718d0df33cdf4a2f94563f0dcf7af2b1 [term 1 LEARNER]: Becoming Follower/Learner. State: Replica: 718d0df33cdf4a2f94563f0dcf7af2b1, State: Initialized, Role: LEARNER
I20260710 13:17:57.952129 12836 consensus_queue.cc:260] T 518f63aad00941c0bdbe6b580b076c6d P 718d0df33cdf4a2f94563f0dcf7af2b1 [NON_LEADER]: Queue going to NON_LEADER mode. State: All replicated index: 0, Majority replicated index: 0, Committed index: 2, Last appended: 1.2, Last appended by leader: 2, Current term: 0, Majority size: -1, State: 0, Mode: NON_LEADER, active raft config: opid_index: 2 OBSOLETE_local: false peers { permanent_uuid: "8af253aaa2ed41fcaac0e2f971fcaa36" member_type: VOTER last_known_addr { host: "127.10.195.193" port: 44137 } attrs { replace: true } } peers { permanent_uuid: "7da27829b3a140268161d2d8ca9120d5" member_type: VOTER last_known_addr { host: "127.10.195.194" port: 36991 } } peers { permanent_uuid: "5fab067a2dde45cb9bd466db1543ebed" member_type: VOTER last_known_addr { host: "127.10.195.195" port: 42093 } } peers { permanent_uuid: "718d0df33cdf4a2f94563f0dcf7af2b1" member_type: NON_VOTER last_known_addr { host: "127.10.195.196" port: 37757 } attrs { promote: true } }
I20260710 13:17:57.954488 12836 ts_tablet_manager.cc:1434] T 518f63aad00941c0bdbe6b580b076c6d P 718d0df33cdf4a2f94563f0dcf7af2b1: Time spent starting tablet: real 0.006s	user 0.008s	sys 0.000s
I20260710 13:17:57.956959 12311 tablet_copy_service.cc:342] P 5fab067a2dde45cb9bd466db1543ebed: Request end of tablet copy session 718d0df33cdf4a2f94563f0dcf7af2b1-518f63aad00941c0bdbe6b580b076c6d received from {username='slave'} at 127.0.0.1:42574
I20260710 13:17:57.957336 12311 tablet_copy_service.cc:434] P 5fab067a2dde45cb9bd466db1543ebed: ending tablet copy session 718d0df33cdf4a2f94563f0dcf7af2b1-518f63aad00941c0bdbe6b580b076c6d on tablet 518f63aad00941c0bdbe6b580b076c6d with peer 718d0df33cdf4a2f94563f0dcf7af2b1
I20260710 13:17:58.121235 12581 raft_consensus.cc:1217] T 9306375329784cea97a185471b71cffb P 718d0df33cdf4a2f94563f0dcf7af2b1 [term 1 LEARNER]: Deduplicated request from leader. Original: 1.1->[1.2-1.2]   Dedup: 1.2->[]
I20260710 13:17:58.157136 12581 raft_consensus.cc:1217] T 80aa061d05f343f4afe2053091aaab27 P 718d0df33cdf4a2f94563f0dcf7af2b1 [term 1 LEARNER]: Deduplicated request from leader. Original: 1.1->[1.2-1.2]   Dedup: 1.2->[]
I20260710 13:17:58.367583 12581 raft_consensus.cc:1217] T b115ef4a902c46ccac8e2f9a9de7d582 P 718d0df33cdf4a2f94563f0dcf7af2b1 [term 1 LEARNER]: Deduplicated request from leader. Original: 1.1->[1.2-1.2]   Dedup: 1.2->[]
I20260710 13:17:58.500481 12581 raft_consensus.cc:1217] T 518f63aad00941c0bdbe6b580b076c6d P 718d0df33cdf4a2f94563f0dcf7af2b1 [term 1 LEARNER]: Deduplicated request from leader. Original: 1.1->[1.2-1.2]   Dedup: 1.2->[]
I20260710 13:17:58.571557 12850 raft_consensus.cc:1064] T 80aa061d05f343f4afe2053091aaab27 P 8af253aaa2ed41fcaac0e2f971fcaa36: attempting to promote NON_VOTER 718d0df33cdf4a2f94563f0dcf7af2b1 to VOTER
I20260710 13:17:58.573305 12850 consensus_queue.cc:237] T 80aa061d05f343f4afe2053091aaab27 P 8af253aaa2ed41fcaac0e2f971fcaa36 [LEADER]: Queue going to LEADER mode. State: All replicated index: 0, Majority replicated index: 2, Committed index: 2, Last appended: 1.2, Last appended by leader: 0, Current term: 1, Majority size: 3, State: 0, Mode: LEADER, active raft config: opid_index: 3 OBSOLETE_local: false peers { permanent_uuid: "8af253aaa2ed41fcaac0e2f971fcaa36" member_type: VOTER last_known_addr { host: "127.10.195.193" port: 44137 } } peers { permanent_uuid: "7da27829b3a140268161d2d8ca9120d5" member_type: VOTER last_known_addr { host: "127.10.195.194" port: 36991 } attrs { replace: true } } peers { permanent_uuid: "5fab067a2dde45cb9bd466db1543ebed" member_type: VOTER last_known_addr { host: "127.10.195.195" port: 42093 } } peers { permanent_uuid: "718d0df33cdf4a2f94563f0dcf7af2b1" member_type: VOTER last_known_addr { host: "127.10.195.196" port: 37757 } attrs { promote: false } }
I20260710 13:17:58.578761 12581 raft_consensus.cc:1275] T 80aa061d05f343f4afe2053091aaab27 P 718d0df33cdf4a2f94563f0dcf7af2b1 [term 1 LEARNER]: Refusing update from remote peer 8af253aaa2ed41fcaac0e2f971fcaa36: Log matching property violated. Preceding OpId in replica: term: 1 index: 2. Preceding OpId from leader: term: 1 index: 3. (index mismatch)
I20260710 13:17:58.579551 12227 raft_consensus.cc:1275] T 80aa061d05f343f4afe2053091aaab27 P 7da27829b3a140268161d2d8ca9120d5 [term 1 FOLLOWER]: Refusing update from remote peer 8af253aaa2ed41fcaac0e2f971fcaa36: Log matching property violated. Preceding OpId in replica: term: 1 index: 2. Preceding OpId from leader: term: 1 index: 3. (index mismatch)
I20260710 13:17:58.579671 12302 raft_consensus.cc:1275] T 80aa061d05f343f4afe2053091aaab27 P 5fab067a2dde45cb9bd466db1543ebed [term 1 FOLLOWER]: Refusing update from remote peer 8af253aaa2ed41fcaac0e2f971fcaa36: Log matching property violated. Preceding OpId in replica: term: 1 index: 2. Preceding OpId from leader: term: 1 index: 3. (index mismatch)
I20260710 13:17:58.580711 12786 consensus_queue.cc:1048] T 80aa061d05f343f4afe2053091aaab27 P 8af253aaa2ed41fcaac0e2f971fcaa36 [LEADER]: Connected to new peer: Peer: permanent_uuid: "718d0df33cdf4a2f94563f0dcf7af2b1" member_type: VOTER last_known_addr { host: "127.10.195.196" port: 37757 } attrs { promote: false }, Status: LMP_MISMATCH, Last received: 0.0, Next index: 3, Last known committed idx: 2, Time since last communication: 0.000s
I20260710 13:17:58.581558 12849 consensus_queue.cc:1048] T 80aa061d05f343f4afe2053091aaab27 P 8af253aaa2ed41fcaac0e2f971fcaa36 [LEADER]: Connected to new peer: Peer: permanent_uuid: "5fab067a2dde45cb9bd466db1543ebed" member_type: VOTER last_known_addr { host: "127.10.195.195" port: 42093 }, Status: LMP_MISMATCH, Last received: 0.0, Next index: 3, Last known committed idx: 2, Time since last communication: 0.000s
I20260710 13:17:58.582943 12850 consensus_queue.cc:1048] T 80aa061d05f343f4afe2053091aaab27 P 8af253aaa2ed41fcaac0e2f971fcaa36 [LEADER]: Connected to new peer: Peer: permanent_uuid: "7da27829b3a140268161d2d8ca9120d5" member_type: VOTER last_known_addr { host: "127.10.195.194" port: 36991 } attrs { replace: true }, Status: LMP_MISMATCH, Last received: 0.0, Next index: 3, Last known committed idx: 2, Time since last communication: 0.000s
I20260710 13:17:58.592724 12850 raft_consensus.cc:2955] T 80aa061d05f343f4afe2053091aaab27 P 8af253aaa2ed41fcaac0e2f971fcaa36 [term 1 LEADER]: Committing config change with OpId 1.3: config changed from index 2 to 3, 718d0df33cdf4a2f94563f0dcf7af2b1 (127.10.195.196) changed from NON_VOTER to VOTER. New config: { opid_index: 3 OBSOLETE_local: false peers { permanent_uuid: "8af253aaa2ed41fcaac0e2f971fcaa36" member_type: VOTER last_known_addr { host: "127.10.195.193" port: 44137 } } peers { permanent_uuid: "7da27829b3a140268161d2d8ca9120d5" member_type: VOTER last_known_addr { host: "127.10.195.194" port: 36991 } attrs { replace: true } } peers { permanent_uuid: "5fab067a2dde45cb9bd466db1543ebed" member_type: VOTER last_known_addr { host: "127.10.195.195" port: 42093 } } peers { permanent_uuid: "718d0df33cdf4a2f94563f0dcf7af2b1" member_type: VOTER last_known_addr { host: "127.10.195.196" port: 37757 } attrs { promote: false } } }
I20260710 13:17:58.594393 12227 raft_consensus.cc:2955] T 80aa061d05f343f4afe2053091aaab27 P 7da27829b3a140268161d2d8ca9120d5 [term 1 FOLLOWER]: Committing config change with OpId 1.3: config changed from index 2 to 3, 718d0df33cdf4a2f94563f0dcf7af2b1 (127.10.195.196) changed from NON_VOTER to VOTER. New config: { opid_index: 3 OBSOLETE_local: false peers { permanent_uuid: "8af253aaa2ed41fcaac0e2f971fcaa36" member_type: VOTER last_known_addr { host: "127.10.195.193" port: 44137 } } peers { permanent_uuid: "7da27829b3a140268161d2d8ca9120d5" member_type: VOTER last_known_addr { host: "127.10.195.194" port: 36991 } attrs { replace: true } } peers { permanent_uuid: "5fab067a2dde45cb9bd466db1543ebed" member_type: VOTER last_known_addr { host: "127.10.195.195" port: 42093 } } peers { permanent_uuid: "718d0df33cdf4a2f94563f0dcf7af2b1" member_type: VOTER last_known_addr { host: "127.10.195.196" port: 37757 } attrs { promote: false } } }
I20260710 13:17:58.597424 12302 raft_consensus.cc:2955] T 80aa061d05f343f4afe2053091aaab27 P 5fab067a2dde45cb9bd466db1543ebed [term 1 FOLLOWER]: Committing config change with OpId 1.3: config changed from index 2 to 3, 718d0df33cdf4a2f94563f0dcf7af2b1 (127.10.195.196) changed from NON_VOTER to VOTER. New config: { opid_index: 3 OBSOLETE_local: false peers { permanent_uuid: "8af253aaa2ed41fcaac0e2f971fcaa36" member_type: VOTER last_known_addr { host: "127.10.195.193" port: 44137 } } peers { permanent_uuid: "7da27829b3a140268161d2d8ca9120d5" member_type: VOTER last_known_addr { host: "127.10.195.194" port: 36991 } attrs { replace: true } } peers { permanent_uuid: "5fab067a2dde45cb9bd466db1543ebed" member_type: VOTER last_known_addr { host: "127.10.195.195" port: 42093 } } peers { permanent_uuid: "718d0df33cdf4a2f94563f0dcf7af2b1" member_type: VOTER last_known_addr { host: "127.10.195.196" port: 37757 } attrs { promote: false } } }
I20260710 13:17:58.606354 12581 raft_consensus.cc:2955] T 80aa061d05f343f4afe2053091aaab27 P 718d0df33cdf4a2f94563f0dcf7af2b1 [term 1 FOLLOWER]: Committing config change with OpId 1.3: config changed from index 2 to 3, 718d0df33cdf4a2f94563f0dcf7af2b1 (127.10.195.196) changed from NON_VOTER to VOTER. New config: { opid_index: 3 OBSOLETE_local: false peers { permanent_uuid: "8af253aaa2ed41fcaac0e2f971fcaa36" member_type: VOTER last_known_addr { host: "127.10.195.193" port: 44137 } } peers { permanent_uuid: "7da27829b3a140268161d2d8ca9120d5" member_type: VOTER last_known_addr { host: "127.10.195.194" port: 36991 } attrs { replace: true } } peers { permanent_uuid: "5fab067a2dde45cb9bd466db1543ebed" member_type: VOTER last_known_addr { host: "127.10.195.195" port: 42093 } } peers { permanent_uuid: "718d0df33cdf4a2f94563f0dcf7af2b1" member_type: VOTER last_known_addr { host: "127.10.195.196" port: 37757 } attrs { promote: false } } }
I20260710 13:17:58.610311 12050 catalog_manager.cc:5697] T 80aa061d05f343f4afe2053091aaab27 P 7da27829b3a140268161d2d8ca9120d5 reported cstate change: config changed from index 2 to 3, 718d0df33cdf4a2f94563f0dcf7af2b1 (127.10.195.196) changed from NON_VOTER to VOTER. New cstate: current_term: 1 leader_uuid: "8af253aaa2ed41fcaac0e2f971fcaa36" committed_config { opid_index: 3 OBSOLETE_local: false peers { permanent_uuid: "8af253aaa2ed41fcaac0e2f971fcaa36" member_type: VOTER last_known_addr { host: "127.10.195.193" port: 44137 } } peers { permanent_uuid: "7da27829b3a140268161d2d8ca9120d5" member_type: VOTER last_known_addr { host: "127.10.195.194" port: 36991 } attrs { replace: true } } peers { permanent_uuid: "5fab067a2dde45cb9bd466db1543ebed" member_type: VOTER last_known_addr { host: "127.10.195.195" port: 42093 } } peers { permanent_uuid: "718d0df33cdf4a2f94563f0dcf7af2b1" member_type: VOTER last_known_addr { host: "127.10.195.196" port: 37757 } attrs { promote: false } } }
I20260710 13:17:58.631445 12151 consensus_queue.cc:237] T 80aa061d05f343f4afe2053091aaab27 P 8af253aaa2ed41fcaac0e2f971fcaa36 [LEADER]: Queue going to LEADER mode. State: All replicated index: 0, Majority replicated index: 3, Committed index: 3, Last appended: 1.3, Last appended by leader: 0, Current term: 1, Majority size: 2, State: 0, Mode: LEADER, active raft config: opid_index: 4 OBSOLETE_local: false peers { permanent_uuid: "8af253aaa2ed41fcaac0e2f971fcaa36" member_type: VOTER last_known_addr { host: "127.10.195.193" port: 44137 } } peers { permanent_uuid: "5fab067a2dde45cb9bd466db1543ebed" member_type: VOTER last_known_addr { host: "127.10.195.195" port: 42093 } } peers { permanent_uuid: "718d0df33cdf4a2f94563f0dcf7af2b1" member_type: VOTER last_known_addr { host: "127.10.195.196" port: 37757 } attrs { promote: false } }
I20260710 13:17:58.637092 12581 raft_consensus.cc:1275] T 80aa061d05f343f4afe2053091aaab27 P 718d0df33cdf4a2f94563f0dcf7af2b1 [term 1 FOLLOWER]: Refusing update from remote peer 8af253aaa2ed41fcaac0e2f971fcaa36: Log matching property violated. Preceding OpId in replica: term: 1 index: 3. Preceding OpId from leader: term: 1 index: 4. (index mismatch)
I20260710 13:17:58.637223 12302 raft_consensus.cc:1275] T 80aa061d05f343f4afe2053091aaab27 P 5fab067a2dde45cb9bd466db1543ebed [term 1 FOLLOWER]: Refusing update from remote peer 8af253aaa2ed41fcaac0e2f971fcaa36: Log matching property violated. Preceding OpId in replica: term: 1 index: 3. Preceding OpId from leader: term: 1 index: 4. (index mismatch)
I20260710 13:17:58.639300 12786 consensus_queue.cc:1048] T 80aa061d05f343f4afe2053091aaab27 P 8af253aaa2ed41fcaac0e2f971fcaa36 [LEADER]: Connected to new peer: Peer: permanent_uuid: "5fab067a2dde45cb9bd466db1543ebed" member_type: VOTER last_known_addr { host: "127.10.195.195" port: 42093 }, Status: LMP_MISMATCH, Last received: 0.0, Next index: 4, Last known committed idx: 3, Time since last communication: 0.000s
I20260710 13:17:58.640144 12849 consensus_queue.cc:1048] T 80aa061d05f343f4afe2053091aaab27 P 8af253aaa2ed41fcaac0e2f971fcaa36 [LEADER]: Connected to new peer: Peer: permanent_uuid: "718d0df33cdf4a2f94563f0dcf7af2b1" member_type: VOTER last_known_addr { host: "127.10.195.196" port: 37757 } attrs { promote: false }, Status: LMP_MISMATCH, Last received: 0.0, Next index: 4, Last known committed idx: 3, Time since last communication: 0.000s
I20260710 13:17:58.648751 12850 raft_consensus.cc:2955] T 80aa061d05f343f4afe2053091aaab27 P 8af253aaa2ed41fcaac0e2f971fcaa36 [term 1 LEADER]: Committing config change with OpId 1.4: config changed from index 3 to 4, VOTER 7da27829b3a140268161d2d8ca9120d5 (127.10.195.194) evicted. New config: { opid_index: 4 OBSOLETE_local: false peers { permanent_uuid: "8af253aaa2ed41fcaac0e2f971fcaa36" member_type: VOTER last_known_addr { host: "127.10.195.193" port: 44137 } } peers { permanent_uuid: "5fab067a2dde45cb9bd466db1543ebed" member_type: VOTER last_known_addr { host: "127.10.195.195" port: 42093 } } peers { permanent_uuid: "718d0df33cdf4a2f94563f0dcf7af2b1" member_type: VOTER last_known_addr { host: "127.10.195.196" port: 37757 } attrs { promote: false } } }
I20260710 13:17:58.651226 12300 raft_consensus.cc:2955] T 80aa061d05f343f4afe2053091aaab27 P 5fab067a2dde45cb9bd466db1543ebed [term 1 FOLLOWER]: Committing config change with OpId 1.4: config changed from index 3 to 4, VOTER 7da27829b3a140268161d2d8ca9120d5 (127.10.195.194) evicted. New config: { opid_index: 4 OBSOLETE_local: false peers { permanent_uuid: "8af253aaa2ed41fcaac0e2f971fcaa36" member_type: VOTER last_known_addr { host: "127.10.195.193" port: 44137 } } peers { permanent_uuid: "5fab067a2dde45cb9bd466db1543ebed" member_type: VOTER last_known_addr { host: "127.10.195.195" port: 42093 } } peers { permanent_uuid: "718d0df33cdf4a2f94563f0dcf7af2b1" member_type: VOTER last_known_addr { host: "127.10.195.196" port: 37757 } attrs { promote: false } } }
I20260710 13:17:58.656196 12581 raft_consensus.cc:2955] T 80aa061d05f343f4afe2053091aaab27 P 718d0df33cdf4a2f94563f0dcf7af2b1 [term 1 FOLLOWER]: Committing config change with OpId 1.4: config changed from index 3 to 4, VOTER 7da27829b3a140268161d2d8ca9120d5 (127.10.195.194) evicted. New config: { opid_index: 4 OBSOLETE_local: false peers { permanent_uuid: "8af253aaa2ed41fcaac0e2f971fcaa36" member_type: VOTER last_known_addr { host: "127.10.195.193" port: 44137 } } peers { permanent_uuid: "5fab067a2dde45cb9bd466db1543ebed" member_type: VOTER last_known_addr { host: "127.10.195.195" port: 42093 } } peers { permanent_uuid: "718d0df33cdf4a2f94563f0dcf7af2b1" member_type: VOTER last_known_addr { host: "127.10.195.196" port: 37757 } attrs { promote: false } } }
I20260710 13:17:58.662974 12035 catalog_manager.cc:5210] ChangeConfig:REMOVE_PEER RPC for tablet 80aa061d05f343f4afe2053091aaab27 with cas_config_opid_index 3: ChangeConfig:REMOVE_PEER succeeded (attempt 1)
I20260710 13:17:58.664032 12051 catalog_manager.cc:5697] T 80aa061d05f343f4afe2053091aaab27 P 5fab067a2dde45cb9bd466db1543ebed reported cstate change: config changed from index 3 to 4, VOTER 7da27829b3a140268161d2d8ca9120d5 (127.10.195.194) evicted. New cstate: current_term: 1 leader_uuid: "8af253aaa2ed41fcaac0e2f971fcaa36" committed_config { opid_index: 4 OBSOLETE_local: false peers { permanent_uuid: "8af253aaa2ed41fcaac0e2f971fcaa36" member_type: VOTER last_known_addr { host: "127.10.195.193" port: 44137 } } peers { permanent_uuid: "5fab067a2dde45cb9bd466db1543ebed" member_type: VOTER last_known_addr { host: "127.10.195.195" port: 42093 } } peers { permanent_uuid: "718d0df33cdf4a2f94563f0dcf7af2b1" member_type: VOTER last_known_addr { host: "127.10.195.196" port: 37757 } attrs { promote: false } } }
I20260710 13:17:58.673712 12212 tablet_service.cc:1558] Processing DeleteTablet for tablet 80aa061d05f343f4afe2053091aaab27 with delete_type TABLET_DATA_TOMBSTONED (TS 7da27829b3a140268161d2d8ca9120d5 not found in new config with opid_index 4) from {username='slave'} at 127.0.0.1:57098
I20260710 13:17:58.678514 12861 tablet_replica.cc:333] T 80aa061d05f343f4afe2053091aaab27 P 7da27829b3a140268161d2d8ca9120d5: stopping tablet replica
I20260710 13:17:58.679214 12861 raft_consensus.cc:2243] T 80aa061d05f343f4afe2053091aaab27 P 7da27829b3a140268161d2d8ca9120d5 [term 1 FOLLOWER]: Raft consensus shutting down.
I20260710 13:17:58.679845 12861 raft_consensus.cc:2272] T 80aa061d05f343f4afe2053091aaab27 P 7da27829b3a140268161d2d8ca9120d5 [term 1 FOLLOWER]: Raft consensus is shut down!
I20260710 13:17:58.682818 12861 ts_tablet_manager.cc:1916] T 80aa061d05f343f4afe2053091aaab27 P 7da27829b3a140268161d2d8ca9120d5: Deleting tablet data with delete state TABLET_DATA_TOMBSTONED
I20260710 13:17:58.694133 12861 ts_tablet_manager.cc:1929] T 80aa061d05f343f4afe2053091aaab27 P 7da27829b3a140268161d2d8ca9120d5: tablet deleted with delete type TABLET_DATA_TOMBSTONED: last-logged OpId 1.3
I20260710 13:17:58.694792 12861 log.cc:1199] T 80aa061d05f343f4afe2053091aaab27 P 7da27829b3a140268161d2d8ca9120d5: Deleting WAL directory at /tmp/dist-test-taskgjJNoV/test-tmp/auto_leader_rebalancer-test.0.LeaderRebalancerTest.AddTserver.1783689439169936-11023-0/minicluster-data/ts-1-root/wals/80aa061d05f343f4afe2053091aaab27
I20260710 13:17:58.696247 12036 catalog_manager.cc:5028] TS 7da27829b3a140268161d2d8ca9120d5 (127.10.195.194:36991): tablet 80aa061d05f343f4afe2053091aaab27 (table test-workload [id=f73226303164428d8bb6da91ba68838c]) successfully deleted
I20260710 13:17:58.697616 12847 raft_consensus.cc:1064] T 9306375329784cea97a185471b71cffb P 5fab067a2dde45cb9bd466db1543ebed: attempting to promote NON_VOTER 718d0df33cdf4a2f94563f0dcf7af2b1 to VOTER
I20260710 13:17:58.700171 12847 consensus_queue.cc:237] T 9306375329784cea97a185471b71cffb P 5fab067a2dde45cb9bd466db1543ebed [LEADER]: Queue going to LEADER mode. State: All replicated index: 0, Majority replicated index: 2, Committed index: 2, Last appended: 1.2, Last appended by leader: 0, Current term: 1, Majority size: 3, State: 0, Mode: LEADER, active raft config: opid_index: 3 OBSOLETE_local: false peers { permanent_uuid: "8af253aaa2ed41fcaac0e2f971fcaa36" member_type: VOTER last_known_addr { host: "127.10.195.193" port: 44137 } } peers { permanent_uuid: "7da27829b3a140268161d2d8ca9120d5" member_type: VOTER last_known_addr { host: "127.10.195.194" port: 36991 } attrs { replace: true } } peers { permanent_uuid: "5fab067a2dde45cb9bd466db1543ebed" member_type: VOTER last_known_addr { host: "127.10.195.195" port: 42093 } } peers { permanent_uuid: "718d0df33cdf4a2f94563f0dcf7af2b1" member_type: VOTER last_known_addr { host: "127.10.195.196" port: 37757 } attrs { promote: false } }
I20260710 13:17:58.706558 12581 raft_consensus.cc:1275] T 9306375329784cea97a185471b71cffb P 718d0df33cdf4a2f94563f0dcf7af2b1 [term 1 LEARNER]: Refusing update from remote peer 5fab067a2dde45cb9bd466db1543ebed: Log matching property violated. Preceding OpId in replica: term: 1 index: 2. Preceding OpId from leader: term: 1 index: 3. (index mismatch)
I20260710 13:17:58.706676 12227 raft_consensus.cc:1275] T 9306375329784cea97a185471b71cffb P 7da27829b3a140268161d2d8ca9120d5 [term 1 FOLLOWER]: Refusing update from remote peer 5fab067a2dde45cb9bd466db1543ebed: Log matching property violated. Preceding OpId in replica: term: 1 index: 2. Preceding OpId from leader: term: 1 index: 3. (index mismatch)
I20260710 13:17:58.708074 12847 consensus_queue.cc:1048] T 9306375329784cea97a185471b71cffb P 5fab067a2dde45cb9bd466db1543ebed [LEADER]: Connected to new peer: Peer: permanent_uuid: "718d0df33cdf4a2f94563f0dcf7af2b1" member_type: VOTER last_known_addr { host: "127.10.195.196" port: 37757 } attrs { promote: false }, Status: LMP_MISMATCH, Last received: 0.0, Next index: 3, Last known committed idx: 2, Time since last communication: 0.000s
I20260710 13:17:58.708736 12151 raft_consensus.cc:1275] T 9306375329784cea97a185471b71cffb P 8af253aaa2ed41fcaac0e2f971fcaa36 [term 1 FOLLOWER]: Refusing update from remote peer 5fab067a2dde45cb9bd466db1543ebed: Log matching property violated. Preceding OpId in replica: term: 1 index: 2. Preceding OpId from leader: term: 1 index: 3. (index mismatch)
I20260710 13:17:58.708928 12818 consensus_queue.cc:1048] T 9306375329784cea97a185471b71cffb P 5fab067a2dde45cb9bd466db1543ebed [LEADER]: Connected to new peer: Peer: permanent_uuid: "7da27829b3a140268161d2d8ca9120d5" member_type: VOTER last_known_addr { host: "127.10.195.194" port: 36991 } attrs { replace: true }, Status: LMP_MISMATCH, Last received: 0.0, Next index: 3, Last known committed idx: 2, Time since last communication: 0.000s
I20260710 13:17:58.712647 12848 consensus_queue.cc:1048] T 9306375329784cea97a185471b71cffb P 5fab067a2dde45cb9bd466db1543ebed [LEADER]: Connected to new peer: Peer: permanent_uuid: "8af253aaa2ed41fcaac0e2f971fcaa36" member_type: VOTER last_known_addr { host: "127.10.195.193" port: 44137 }, Status: LMP_MISMATCH, Last received: 0.0, Next index: 3, Last known committed idx: 2, Time since last communication: 0.000s
I20260710 13:17:58.722941 12818 raft_consensus.cc:2955] T 9306375329784cea97a185471b71cffb P 5fab067a2dde45cb9bd466db1543ebed [term 1 LEADER]: Committing config change with OpId 1.3: config changed from index 2 to 3, 718d0df33cdf4a2f94563f0dcf7af2b1 (127.10.195.196) changed from NON_VOTER to VOTER. New config: { opid_index: 3 OBSOLETE_local: false peers { permanent_uuid: "8af253aaa2ed41fcaac0e2f971fcaa36" member_type: VOTER last_known_addr { host: "127.10.195.193" port: 44137 } } peers { permanent_uuid: "7da27829b3a140268161d2d8ca9120d5" member_type: VOTER last_known_addr { host: "127.10.195.194" port: 36991 } attrs { replace: true } } peers { permanent_uuid: "5fab067a2dde45cb9bd466db1543ebed" member_type: VOTER last_known_addr { host: "127.10.195.195" port: 42093 } } peers { permanent_uuid: "718d0df33cdf4a2f94563f0dcf7af2b1" member_type: VOTER last_known_addr { host: "127.10.195.196" port: 37757 } attrs { promote: false } } }
I20260710 13:17:58.724691 12148 raft_consensus.cc:2955] T 9306375329784cea97a185471b71cffb P 8af253aaa2ed41fcaac0e2f971fcaa36 [term 1 FOLLOWER]: Committing config change with OpId 1.3: config changed from index 2 to 3, 718d0df33cdf4a2f94563f0dcf7af2b1 (127.10.195.196) changed from NON_VOTER to VOTER. New config: { opid_index: 3 OBSOLETE_local: false peers { permanent_uuid: "8af253aaa2ed41fcaac0e2f971fcaa36" member_type: VOTER last_known_addr { host: "127.10.195.193" port: 44137 } } peers { permanent_uuid: "7da27829b3a140268161d2d8ca9120d5" member_type: VOTER last_known_addr { host: "127.10.195.194" port: 36991 } attrs { replace: true } } peers { permanent_uuid: "5fab067a2dde45cb9bd466db1543ebed" member_type: VOTER last_known_addr { host: "127.10.195.195" port: 42093 } } peers { permanent_uuid: "718d0df33cdf4a2f94563f0dcf7af2b1" member_type: VOTER last_known_addr { host: "127.10.195.196" port: 37757 } attrs { promote: false } } }
I20260710 13:17:58.738057 12049 catalog_manager.cc:5697] T 9306375329784cea97a185471b71cffb P 8af253aaa2ed41fcaac0e2f971fcaa36 reported cstate change: config changed from index 2 to 3, 718d0df33cdf4a2f94563f0dcf7af2b1 (127.10.195.196) changed from NON_VOTER to VOTER. New cstate: current_term: 1 leader_uuid: "5fab067a2dde45cb9bd466db1543ebed" committed_config { opid_index: 3 OBSOLETE_local: false peers { permanent_uuid: "8af253aaa2ed41fcaac0e2f971fcaa36" member_type: VOTER last_known_addr { host: "127.10.195.193" port: 44137 } } peers { permanent_uuid: "7da27829b3a140268161d2d8ca9120d5" member_type: VOTER last_known_addr { host: "127.10.195.194" port: 36991 } attrs { replace: true } } peers { permanent_uuid: "5fab067a2dde45cb9bd466db1543ebed" member_type: VOTER last_known_addr { host: "127.10.195.195" port: 42093 } } peers { permanent_uuid: "718d0df33cdf4a2f94563f0dcf7af2b1" member_type: VOTER last_known_addr { host: "127.10.195.196" port: 37757 } attrs { promote: false } } }
I20260710 13:17:58.750761 12581 raft_consensus.cc:2955] T 9306375329784cea97a185471b71cffb P 718d0df33cdf4a2f94563f0dcf7af2b1 [term 1 FOLLOWER]: Committing config change with OpId 1.3: config changed from index 2 to 3, 718d0df33cdf4a2f94563f0dcf7af2b1 (127.10.195.196) changed from NON_VOTER to VOTER. New config: { opid_index: 3 OBSOLETE_local: false peers { permanent_uuid: "8af253aaa2ed41fcaac0e2f971fcaa36" member_type: VOTER last_known_addr { host: "127.10.195.193" port: 44137 } } peers { permanent_uuid: "7da27829b3a140268161d2d8ca9120d5" member_type: VOTER last_known_addr { host: "127.10.195.194" port: 36991 } attrs { replace: true } } peers { permanent_uuid: "5fab067a2dde45cb9bd466db1543ebed" member_type: VOTER last_known_addr { host: "127.10.195.195" port: 42093 } } peers { permanent_uuid: "718d0df33cdf4a2f94563f0dcf7af2b1" member_type: VOTER last_known_addr { host: "127.10.195.196" port: 37757 } attrs { promote: false } } }
I20260710 13:17:58.755455 12225 raft_consensus.cc:2955] T 9306375329784cea97a185471b71cffb P 7da27829b3a140268161d2d8ca9120d5 [term 1 FOLLOWER]: Committing config change with OpId 1.3: config changed from index 2 to 3, 718d0df33cdf4a2f94563f0dcf7af2b1 (127.10.195.196) changed from NON_VOTER to VOTER. New config: { opid_index: 3 OBSOLETE_local: false peers { permanent_uuid: "8af253aaa2ed41fcaac0e2f971fcaa36" member_type: VOTER last_known_addr { host: "127.10.195.193" port: 44137 } } peers { permanent_uuid: "7da27829b3a140268161d2d8ca9120d5" member_type: VOTER last_known_addr { host: "127.10.195.194" port: 36991 } attrs { replace: true } } peers { permanent_uuid: "5fab067a2dde45cb9bd466db1543ebed" member_type: VOTER last_known_addr { host: "127.10.195.195" port: 42093 } } peers { permanent_uuid: "718d0df33cdf4a2f94563f0dcf7af2b1" member_type: VOTER last_known_addr { host: "127.10.195.196" port: 37757 } attrs { promote: false } } }
I20260710 13:17:58.769662 12300 consensus_queue.cc:237] T 9306375329784cea97a185471b71cffb P 5fab067a2dde45cb9bd466db1543ebed [LEADER]: Queue going to LEADER mode. State: All replicated index: 0, Majority replicated index: 3, Committed index: 3, Last appended: 1.3, Last appended by leader: 0, Current term: 1, Majority size: 2, State: 0, Mode: LEADER, active raft config: opid_index: 4 OBSOLETE_local: false peers { permanent_uuid: "8af253aaa2ed41fcaac0e2f971fcaa36" member_type: VOTER last_known_addr { host: "127.10.195.193" port: 44137 } } peers { permanent_uuid: "5fab067a2dde45cb9bd466db1543ebed" member_type: VOTER last_known_addr { host: "127.10.195.195" port: 42093 } } peers { permanent_uuid: "718d0df33cdf4a2f94563f0dcf7af2b1" member_type: VOTER last_known_addr { host: "127.10.195.196" port: 37757 } attrs { promote: false } }
I20260710 13:17:58.774266 12581 raft_consensus.cc:1275] T 9306375329784cea97a185471b71cffb P 718d0df33cdf4a2f94563f0dcf7af2b1 [term 1 FOLLOWER]: Refusing update from remote peer 5fab067a2dde45cb9bd466db1543ebed: Log matching property violated. Preceding OpId in replica: term: 1 index: 3. Preceding OpId from leader: term: 1 index: 4. (index mismatch)
I20260710 13:17:58.774569 12151 raft_consensus.cc:1275] T 9306375329784cea97a185471b71cffb P 8af253aaa2ed41fcaac0e2f971fcaa36 [term 1 FOLLOWER]: Refusing update from remote peer 5fab067a2dde45cb9bd466db1543ebed: Log matching property violated. Preceding OpId in replica: term: 1 index: 3. Preceding OpId from leader: term: 1 index: 4. (index mismatch)
I20260710 13:17:58.775753 12866 consensus_queue.cc:1048] T 9306375329784cea97a185471b71cffb P 5fab067a2dde45cb9bd466db1543ebed [LEADER]: Connected to new peer: Peer: permanent_uuid: "8af253aaa2ed41fcaac0e2f971fcaa36" member_type: VOTER last_known_addr { host: "127.10.195.193" port: 44137 }, Status: LMP_MISMATCH, Last received: 0.0, Next index: 4, Last known committed idx: 3, Time since last communication: 0.000s
I20260710 13:17:58.776485 12848 consensus_queue.cc:1048] T 9306375329784cea97a185471b71cffb P 5fab067a2dde45cb9bd466db1543ebed [LEADER]: Connected to new peer: Peer: permanent_uuid: "718d0df33cdf4a2f94563f0dcf7af2b1" member_type: VOTER last_known_addr { host: "127.10.195.196" port: 37757 } attrs { promote: false }, Status: LMP_MISMATCH, Last received: 0.0, Next index: 4, Last known committed idx: 3, Time since last communication: 0.000s
I20260710 13:17:58.782596 12848 raft_consensus.cc:2955] T 9306375329784cea97a185471b71cffb P 5fab067a2dde45cb9bd466db1543ebed [term 1 LEADER]: Committing config change with OpId 1.4: config changed from index 3 to 4, VOTER 7da27829b3a140268161d2d8ca9120d5 (127.10.195.194) evicted. New config: { opid_index: 4 OBSOLETE_local: false peers { permanent_uuid: "8af253aaa2ed41fcaac0e2f971fcaa36" member_type: VOTER last_known_addr { host: "127.10.195.193" port: 44137 } } peers { permanent_uuid: "5fab067a2dde45cb9bd466db1543ebed" member_type: VOTER last_known_addr { host: "127.10.195.195" port: 42093 } } peers { permanent_uuid: "718d0df33cdf4a2f94563f0dcf7af2b1" member_type: VOTER last_known_addr { host: "127.10.195.196" port: 37757 } attrs { promote: false } } }
I20260710 13:17:58.784735 12581 raft_consensus.cc:2955] T 9306375329784cea97a185471b71cffb P 718d0df33cdf4a2f94563f0dcf7af2b1 [term 1 FOLLOWER]: Committing config change with OpId 1.4: config changed from index 3 to 4, VOTER 7da27829b3a140268161d2d8ca9120d5 (127.10.195.194) evicted. New config: { opid_index: 4 OBSOLETE_local: false peers { permanent_uuid: "8af253aaa2ed41fcaac0e2f971fcaa36" member_type: VOTER last_known_addr { host: "127.10.195.193" port: 44137 } } peers { permanent_uuid: "5fab067a2dde45cb9bd466db1543ebed" member_type: VOTER last_known_addr { host: "127.10.195.195" port: 42093 } } peers { permanent_uuid: "718d0df33cdf4a2f94563f0dcf7af2b1" member_type: VOTER last_known_addr { host: "127.10.195.196" port: 37757 } attrs { promote: false } } }
I20260710 13:17:58.788661 12151 raft_consensus.cc:2955] T 9306375329784cea97a185471b71cffb P 8af253aaa2ed41fcaac0e2f971fcaa36 [term 1 FOLLOWER]: Committing config change with OpId 1.4: config changed from index 3 to 4, VOTER 7da27829b3a140268161d2d8ca9120d5 (127.10.195.194) evicted. New config: { opid_index: 4 OBSOLETE_local: false peers { permanent_uuid: "8af253aaa2ed41fcaac0e2f971fcaa36" member_type: VOTER last_known_addr { host: "127.10.195.193" port: 44137 } } peers { permanent_uuid: "5fab067a2dde45cb9bd466db1543ebed" member_type: VOTER last_known_addr { host: "127.10.195.195" port: 42093 } } peers { permanent_uuid: "718d0df33cdf4a2f94563f0dcf7af2b1" member_type: VOTER last_known_addr { host: "127.10.195.196" port: 37757 } attrs { promote: false } } }
I20260710 13:17:58.798539 12049 catalog_manager.cc:5697] T 9306375329784cea97a185471b71cffb P 718d0df33cdf4a2f94563f0dcf7af2b1 reported cstate change: config changed from index 3 to 4, VOTER 7da27829b3a140268161d2d8ca9120d5 (127.10.195.194) evicted. New cstate: current_term: 1 leader_uuid: "5fab067a2dde45cb9bd466db1543ebed" committed_config { opid_index: 4 OBSOLETE_local: false peers { permanent_uuid: "8af253aaa2ed41fcaac0e2f971fcaa36" member_type: VOTER last_known_addr { host: "127.10.195.193" port: 44137 } } peers { permanent_uuid: "5fab067a2dde45cb9bd466db1543ebed" member_type: VOTER last_known_addr { host: "127.10.195.195" port: 42093 } } peers { permanent_uuid: "718d0df33cdf4a2f94563f0dcf7af2b1" member_type: VOTER last_known_addr { host: "127.10.195.196" port: 37757 } attrs { promote: false } } }
I20260710 13:17:58.805085 12826 raft_consensus.cc:1064] T b115ef4a902c46ccac8e2f9a9de7d582 P 7da27829b3a140268161d2d8ca9120d5: attempting to promote NON_VOTER 718d0df33cdf4a2f94563f0dcf7af2b1 to VOTER
I20260710 13:17:58.807651 12826 consensus_queue.cc:237] T b115ef4a902c46ccac8e2f9a9de7d582 P 7da27829b3a140268161d2d8ca9120d5 [LEADER]: Queue going to LEADER mode. State: All replicated index: 0, Majority replicated index: 2, Committed index: 2, Last appended: 1.2, Last appended by leader: 0, Current term: 1, Majority size: 3, State: 0, Mode: LEADER, active raft config: opid_index: 3 OBSOLETE_local: false peers { permanent_uuid: "8af253aaa2ed41fcaac0e2f971fcaa36" member_type: VOTER last_known_addr { host: "127.10.195.193" port: 44137 } } peers { permanent_uuid: "7da27829b3a140268161d2d8ca9120d5" member_type: VOTER last_known_addr { host: "127.10.195.194" port: 36991 } } peers { permanent_uuid: "5fab067a2dde45cb9bd466db1543ebed" member_type: VOTER last_known_addr { host: "127.10.195.195" port: 42093 } attrs { replace: true } } peers { permanent_uuid: "718d0df33cdf4a2f94563f0dcf7af2b1" member_type: VOTER last_known_addr { host: "127.10.195.196" port: 37757 } attrs { promote: false } }
I20260710 13:17:58.811082 12037 catalog_manager.cc:5210] ChangeConfig:REMOVE_PEER RPC for tablet 9306375329784cea97a185471b71cffb with cas_config_opid_index 3: ChangeConfig:REMOVE_PEER succeeded (attempt 1)
I20260710 13:17:58.814442 12212 tablet_service.cc:1558] Processing DeleteTablet for tablet 9306375329784cea97a185471b71cffb with delete_type TABLET_DATA_TOMBSTONED (TS 7da27829b3a140268161d2d8ca9120d5 not found in new config with opid_index 4) from {username='slave'} at 127.0.0.1:57098
I20260710 13:17:58.815317 12861 tablet_replica.cc:333] T 9306375329784cea97a185471b71cffb P 7da27829b3a140268161d2d8ca9120d5: stopping tablet replica
I20260710 13:17:58.816175 12861 raft_consensus.cc:2243] T 9306375329784cea97a185471b71cffb P 7da27829b3a140268161d2d8ca9120d5 [term 1 FOLLOWER]: Raft consensus shutting down.
I20260710 13:17:58.816844 12861 raft_consensus.cc:2272] T 9306375329784cea97a185471b71cffb P 7da27829b3a140268161d2d8ca9120d5 [term 1 FOLLOWER]: Raft consensus is shut down!
I20260710 13:17:58.818629 12581 raft_consensus.cc:1275] T b115ef4a902c46ccac8e2f9a9de7d582 P 718d0df33cdf4a2f94563f0dcf7af2b1 [term 1 LEARNER]: Refusing update from remote peer 7da27829b3a140268161d2d8ca9120d5: Log matching property violated. Preceding OpId in replica: term: 1 index: 2. Preceding OpId from leader: term: 1 index: 3. (index mismatch)
I20260710 13:17:58.820055 12861 ts_tablet_manager.cc:1916] T 9306375329784cea97a185471b71cffb P 7da27829b3a140268161d2d8ca9120d5: Deleting tablet data with delete state TABLET_DATA_TOMBSTONED
I20260710 13:17:58.820408 12851 consensus_queue.cc:1048] T b115ef4a902c46ccac8e2f9a9de7d582 P 7da27829b3a140268161d2d8ca9120d5 [LEADER]: Connected to new peer: Peer: permanent_uuid: "718d0df33cdf4a2f94563f0dcf7af2b1" member_type: VOTER last_known_addr { host: "127.10.195.196" port: 37757 } attrs { promote: false }, Status: LMP_MISMATCH, Last received: 0.0, Next index: 3, Last known committed idx: 2, Time since last communication: 0.001s
I20260710 13:17:58.822795 12151 raft_consensus.cc:1275] T b115ef4a902c46ccac8e2f9a9de7d582 P 8af253aaa2ed41fcaac0e2f971fcaa36 [term 1 FOLLOWER]: Refusing update from remote peer 7da27829b3a140268161d2d8ca9120d5: Log matching property violated. Preceding OpId in replica: term: 1 index: 2. Preceding OpId from leader: term: 1 index: 3. (index mismatch)
I20260710 13:17:58.824105 12851 consensus_queue.cc:1048] T b115ef4a902c46ccac8e2f9a9de7d582 P 7da27829b3a140268161d2d8ca9120d5 [LEADER]: Connected to new peer: Peer: permanent_uuid: "8af253aaa2ed41fcaac0e2f971fcaa36" member_type: VOTER last_known_addr { host: "127.10.195.193" port: 44137 }, Status: LMP_MISMATCH, Last received: 0.0, Next index: 3, Last known committed idx: 2, Time since last communication: 0.000s
I20260710 13:17:58.826610 12300 raft_consensus.cc:1275] T b115ef4a902c46ccac8e2f9a9de7d582 P 5fab067a2dde45cb9bd466db1543ebed [term 1 FOLLOWER]: Refusing update from remote peer 7da27829b3a140268161d2d8ca9120d5: Log matching property violated. Preceding OpId in replica: term: 1 index: 2. Preceding OpId from leader: term: 1 index: 3. (index mismatch)
I20260710 13:17:58.828068 12851 consensus_queue.cc:1048] T b115ef4a902c46ccac8e2f9a9de7d582 P 7da27829b3a140268161d2d8ca9120d5 [LEADER]: Connected to new peer: Peer: permanent_uuid: "5fab067a2dde45cb9bd466db1543ebed" member_type: VOTER last_known_addr { host: "127.10.195.195" port: 42093 } attrs { replace: true }, Status: LMP_MISMATCH, Last received: 0.0, Next index: 3, Last known committed idx: 2, Time since last communication: 0.000s
I20260710 13:17:58.833673 12861 ts_tablet_manager.cc:1929] T 9306375329784cea97a185471b71cffb P 7da27829b3a140268161d2d8ca9120d5: tablet deleted with delete type TABLET_DATA_TOMBSTONED: last-logged OpId 1.3
I20260710 13:17:58.834169 12861 log.cc:1199] T 9306375329784cea97a185471b71cffb P 7da27829b3a140268161d2d8ca9120d5: Deleting WAL directory at /tmp/dist-test-taskgjJNoV/test-tmp/auto_leader_rebalancer-test.0.LeaderRebalancerTest.AddTserver.1783689439169936-11023-0/minicluster-data/ts-1-root/wals/9306375329784cea97a185471b71cffb
I20260710 13:17:58.835774 12036 catalog_manager.cc:5028] TS 7da27829b3a140268161d2d8ca9120d5 (127.10.195.194:36991): tablet 9306375329784cea97a185471b71cffb (table test-workload [id=f73226303164428d8bb6da91ba68838c]) successfully deleted
I20260710 13:17:58.839886 12826 raft_consensus.cc:2955] T b115ef4a902c46ccac8e2f9a9de7d582 P 7da27829b3a140268161d2d8ca9120d5 [term 1 LEADER]: Committing config change with OpId 1.3: config changed from index 2 to 3, 718d0df33cdf4a2f94563f0dcf7af2b1 (127.10.195.196) changed from NON_VOTER to VOTER. New config: { opid_index: 3 OBSOLETE_local: false peers { permanent_uuid: "8af253aaa2ed41fcaac0e2f971fcaa36" member_type: VOTER last_known_addr { host: "127.10.195.193" port: 44137 } } peers { permanent_uuid: "7da27829b3a140268161d2d8ca9120d5" member_type: VOTER last_known_addr { host: "127.10.195.194" port: 36991 } } peers { permanent_uuid: "5fab067a2dde45cb9bd466db1543ebed" member_type: VOTER last_known_addr { host: "127.10.195.195" port: 42093 } attrs { replace: true } } peers { permanent_uuid: "718d0df33cdf4a2f94563f0dcf7af2b1" member_type: VOTER last_known_addr { host: "127.10.195.196" port: 37757 } attrs { promote: false } } }
I20260710 13:17:58.841576 12151 raft_consensus.cc:2955] T b115ef4a902c46ccac8e2f9a9de7d582 P 8af253aaa2ed41fcaac0e2f971fcaa36 [term 1 FOLLOWER]: Committing config change with OpId 1.3: config changed from index 2 to 3, 718d0df33cdf4a2f94563f0dcf7af2b1 (127.10.195.196) changed from NON_VOTER to VOTER. New config: { opid_index: 3 OBSOLETE_local: false peers { permanent_uuid: "8af253aaa2ed41fcaac0e2f971fcaa36" member_type: VOTER last_known_addr { host: "127.10.195.193" port: 44137 } } peers { permanent_uuid: "7da27829b3a140268161d2d8ca9120d5" member_type: VOTER last_known_addr { host: "127.10.195.194" port: 36991 } } peers { permanent_uuid: "5fab067a2dde45cb9bd466db1543ebed" member_type: VOTER last_known_addr { host: "127.10.195.195" port: 42093 } attrs { replace: true } } peers { permanent_uuid: "718d0df33cdf4a2f94563f0dcf7af2b1" member_type: VOTER last_known_addr { host: "127.10.195.196" port: 37757 } attrs { promote: false } } }
I20260710 13:17:58.845170 12300 raft_consensus.cc:2955] T b115ef4a902c46ccac8e2f9a9de7d582 P 5fab067a2dde45cb9bd466db1543ebed [term 1 FOLLOWER]: Committing config change with OpId 1.3: config changed from index 2 to 3, 718d0df33cdf4a2f94563f0dcf7af2b1 (127.10.195.196) changed from NON_VOTER to VOTER. New config: { opid_index: 3 OBSOLETE_local: false peers { permanent_uuid: "8af253aaa2ed41fcaac0e2f971fcaa36" member_type: VOTER last_known_addr { host: "127.10.195.193" port: 44137 } } peers { permanent_uuid: "7da27829b3a140268161d2d8ca9120d5" member_type: VOTER last_known_addr { host: "127.10.195.194" port: 36991 } } peers { permanent_uuid: "5fab067a2dde45cb9bd466db1543ebed" member_type: VOTER last_known_addr { host: "127.10.195.195" port: 42093 } attrs { replace: true } } peers { permanent_uuid: "718d0df33cdf4a2f94563f0dcf7af2b1" member_type: VOTER last_known_addr { host: "127.10.195.196" port: 37757 } attrs { promote: false } } }
I20260710 13:17:58.852257 12581 raft_consensus.cc:2955] T b115ef4a902c46ccac8e2f9a9de7d582 P 718d0df33cdf4a2f94563f0dcf7af2b1 [term 1 FOLLOWER]: Committing config change with OpId 1.3: config changed from index 2 to 3, 718d0df33cdf4a2f94563f0dcf7af2b1 (127.10.195.196) changed from NON_VOTER to VOTER. New config: { opid_index: 3 OBSOLETE_local: false peers { permanent_uuid: "8af253aaa2ed41fcaac0e2f971fcaa36" member_type: VOTER last_known_addr { host: "127.10.195.193" port: 44137 } } peers { permanent_uuid: "7da27829b3a140268161d2d8ca9120d5" member_type: VOTER last_known_addr { host: "127.10.195.194" port: 36991 } } peers { permanent_uuid: "5fab067a2dde45cb9bd466db1543ebed" member_type: VOTER last_known_addr { host: "127.10.195.195" port: 42093 } attrs { replace: true } } peers { permanent_uuid: "718d0df33cdf4a2f94563f0dcf7af2b1" member_type: VOTER last_known_addr { host: "127.10.195.196" port: 37757 } attrs { promote: false } } }
I20260710 13:17:58.854842 12051 catalog_manager.cc:5697] T b115ef4a902c46ccac8e2f9a9de7d582 P 8af253aaa2ed41fcaac0e2f971fcaa36 reported cstate change: config changed from index 2 to 3, 718d0df33cdf4a2f94563f0dcf7af2b1 (127.10.195.196) changed from NON_VOTER to VOTER. New cstate: current_term: 1 leader_uuid: "7da27829b3a140268161d2d8ca9120d5" committed_config { opid_index: 3 OBSOLETE_local: false peers { permanent_uuid: "8af253aaa2ed41fcaac0e2f971fcaa36" member_type: VOTER last_known_addr { host: "127.10.195.193" port: 44137 } } peers { permanent_uuid: "7da27829b3a140268161d2d8ca9120d5" member_type: VOTER last_known_addr { host: "127.10.195.194" port: 36991 } } peers { permanent_uuid: "5fab067a2dde45cb9bd466db1543ebed" member_type: VOTER last_known_addr { host: "127.10.195.195" port: 42093 } attrs { replace: true } } peers { permanent_uuid: "718d0df33cdf4a2f94563f0dcf7af2b1" member_type: VOTER last_known_addr { host: "127.10.195.196" port: 37757 } attrs { promote: false } } }
I20260710 13:17:58.881500 12225 consensus_queue.cc:237] T b115ef4a902c46ccac8e2f9a9de7d582 P 7da27829b3a140268161d2d8ca9120d5 [LEADER]: Queue going to LEADER mode. State: All replicated index: 0, Majority replicated index: 3, Committed index: 3, Last appended: 1.3, Last appended by leader: 0, Current term: 1, Majority size: 2, State: 0, Mode: LEADER, active raft config: opid_index: 4 OBSOLETE_local: false peers { permanent_uuid: "8af253aaa2ed41fcaac0e2f971fcaa36" member_type: VOTER last_known_addr { host: "127.10.195.193" port: 44137 } } peers { permanent_uuid: "7da27829b3a140268161d2d8ca9120d5" member_type: VOTER last_known_addr { host: "127.10.195.194" port: 36991 } } peers { permanent_uuid: "718d0df33cdf4a2f94563f0dcf7af2b1" member_type: VOTER last_known_addr { host: "127.10.195.196" port: 37757 } attrs { promote: false } }
I20260710 13:17:58.886298 12581 raft_consensus.cc:1275] T b115ef4a902c46ccac8e2f9a9de7d582 P 718d0df33cdf4a2f94563f0dcf7af2b1 [term 1 FOLLOWER]: Refusing update from remote peer 7da27829b3a140268161d2d8ca9120d5: Log matching property violated. Preceding OpId in replica: term: 1 index: 3. Preceding OpId from leader: term: 1 index: 4. (index mismatch)
I20260710 13:17:58.886925 12151 raft_consensus.cc:1275] T b115ef4a902c46ccac8e2f9a9de7d582 P 8af253aaa2ed41fcaac0e2f971fcaa36 [term 1 FOLLOWER]: Refusing update from remote peer 7da27829b3a140268161d2d8ca9120d5: Log matching property violated. Preceding OpId in replica: term: 1 index: 3. Preceding OpId from leader: term: 1 index: 4. (index mismatch)
I20260710 13:17:58.887730 12671 consensus_queue.cc:1048] T b115ef4a902c46ccac8e2f9a9de7d582 P 7da27829b3a140268161d2d8ca9120d5 [LEADER]: Connected to new peer: Peer: permanent_uuid: "718d0df33cdf4a2f94563f0dcf7af2b1" member_type: VOTER last_known_addr { host: "127.10.195.196" port: 37757 } attrs { promote: false }, Status: LMP_MISMATCH, Last received: 0.0, Next index: 4, Last known committed idx: 3, Time since last communication: 0.000s
I20260710 13:17:58.888525 12873 consensus_queue.cc:1048] T b115ef4a902c46ccac8e2f9a9de7d582 P 7da27829b3a140268161d2d8ca9120d5 [LEADER]: Connected to new peer: Peer: permanent_uuid: "8af253aaa2ed41fcaac0e2f971fcaa36" member_type: VOTER last_known_addr { host: "127.10.195.193" port: 44137 }, Status: LMP_MISMATCH, Last received: 0.0, Next index: 4, Last known committed idx: 3, Time since last communication: 0.000s
I20260710 13:17:58.894152 12671 raft_consensus.cc:2955] T b115ef4a902c46ccac8e2f9a9de7d582 P 7da27829b3a140268161d2d8ca9120d5 [term 1 LEADER]: Committing config change with OpId 1.4: config changed from index 3 to 4, VOTER 5fab067a2dde45cb9bd466db1543ebed (127.10.195.195) evicted. New config: { opid_index: 4 OBSOLETE_local: false peers { permanent_uuid: "8af253aaa2ed41fcaac0e2f971fcaa36" member_type: VOTER last_known_addr { host: "127.10.195.193" port: 44137 } } peers { permanent_uuid: "7da27829b3a140268161d2d8ca9120d5" member_type: VOTER last_known_addr { host: "127.10.195.194" port: 36991 } } peers { permanent_uuid: "718d0df33cdf4a2f94563f0dcf7af2b1" member_type: VOTER last_known_addr { host: "127.10.195.196" port: 37757 } attrs { promote: false } } }
I20260710 13:17:58.895670 12581 raft_consensus.cc:2955] T b115ef4a902c46ccac8e2f9a9de7d582 P 718d0df33cdf4a2f94563f0dcf7af2b1 [term 1 FOLLOWER]: Committing config change with OpId 1.4: config changed from index 3 to 4, VOTER 5fab067a2dde45cb9bd466db1543ebed (127.10.195.195) evicted. New config: { opid_index: 4 OBSOLETE_local: false peers { permanent_uuid: "8af253aaa2ed41fcaac0e2f971fcaa36" member_type: VOTER last_known_addr { host: "127.10.195.193" port: 44137 } } peers { permanent_uuid: "7da27829b3a140268161d2d8ca9120d5" member_type: VOTER last_known_addr { host: "127.10.195.194" port: 36991 } } peers { permanent_uuid: "718d0df33cdf4a2f94563f0dcf7af2b1" member_type: VOTER last_known_addr { host: "127.10.195.196" port: 37757 } attrs { promote: false } } }
