I20260710 13:17:36.049400  6959 tablet_service.cc:1917] Received RequestConsensusVote() RPC: tablet_id: "38868652a3c74fbb90c6348643df2f12" candidate_uuid: "3a7e10b03b974e9d8d5aa05d153cdfea" candidate_term: 1 candidate_status { last_received { term: 0 index: 0 } } ignore_live_leader: false dest_uuid: "e4df479155a04a04b8d1b766d61500ae" is_pre_election: true
I20260710 13:17:36.050184  6959 raft_consensus.cc:2468] T 38868652a3c74fbb90c6348643df2f12 P e4df479155a04a04b8d1b766d61500ae [term 0 FOLLOWER]: Leader pre-election vote request: Granting yes vote for candidate 3a7e10b03b974e9d8d5aa05d153cdfea in term 0.
I20260710 13:17:36.051676  6851 leader_election.cc:304] T 38868652a3c74fbb90c6348643df2f12 P 3a7e10b03b974e9d8d5aa05d153cdfea [CANDIDATE]: Term 1 pre-election: Election decided. Result: candidate won. Election summary: received 2 responses out of 3 voters: 2 yes votes; 0 no votes. yes voters: 3a7e10b03b974e9d8d5aa05d153cdfea, e4df479155a04a04b8d1b766d61500ae; no voters: 
I20260710 13:17:36.052723  7012 raft_consensus.cc:2804] T 38868652a3c74fbb90c6348643df2f12 P 3a7e10b03b974e9d8d5aa05d153cdfea [term 0 FOLLOWER]: Leader pre-election won for term 1
I20260710 13:17:36.053169  7012 raft_consensus.cc:493] T 38868652a3c74fbb90c6348643df2f12 P 3a7e10b03b974e9d8d5aa05d153cdfea [term 0 FOLLOWER]: Starting leader election (no leader contacted us within the election timeout)
I20260710 13:17:36.053577  7012 raft_consensus.cc:3060] T 38868652a3c74fbb90c6348643df2f12 P 3a7e10b03b974e9d8d5aa05d153cdfea [term 0 FOLLOWER]: Advancing to term 1
I20260710 13:17:36.063931  7001 tablet_bootstrap.cc:492] T d1e5e3409254496aab12ba3c0802833a P d3fb638ce1684299bae77fa8f91cedc9: No bootstrap required, opened a new log
I20260710 13:17:36.064369  7001 ts_tablet_manager.cc:1403] T d1e5e3409254496aab12ba3c0802833a P d3fb638ce1684299bae77fa8f91cedc9: Time spent bootstrapping tablet: real 0.084s	user 0.009s	sys 0.012s
I20260710 13:17:36.056515  7005 leader_election.cc:290] T 38868652a3c74fbb90c6348643df2f12 P 3a7e10b03b974e9d8d5aa05d153cdfea [CANDIDATE]: Term 1 pre-election: Requested pre-vote from peers d3fb638ce1684299bae77fa8f91cedc9 (127.5.148.1:40589), e4df479155a04a04b8d1b766d61500ae (127.5.148.3:41605)
I20260710 13:17:36.068320  7001 raft_consensus.cc:359] T d1e5e3409254496aab12ba3c0802833a P d3fb638ce1684299bae77fa8f91cedc9 [term 0 FOLLOWER]: Replica starting. Triggering 0 pending ops. Active config: opid_index: -1 OBSOLETE_local: false peers { permanent_uuid: "d3fb638ce1684299bae77fa8f91cedc9" member_type: VOTER last_known_addr { host: "127.5.148.1" port: 40589 } } peers { permanent_uuid: "3a7e10b03b974e9d8d5aa05d153cdfea" member_type: VOTER last_known_addr { host: "127.5.148.2" port: 41015 } } peers { permanent_uuid: "e4df479155a04a04b8d1b766d61500ae" member_type: VOTER last_known_addr { host: "127.5.148.3" port: 41605 } }
I20260710 13:17:36.069169  7001 raft_consensus.cc:385] T d1e5e3409254496aab12ba3c0802833a P d3fb638ce1684299bae77fa8f91cedc9 [term 0 FOLLOWER]: Consensus starting up: Expiring failure detector timer to make a prompt election more likely
I20260710 13:17:36.069485  7001 raft_consensus.cc:740] T d1e5e3409254496aab12ba3c0802833a P d3fb638ce1684299bae77fa8f91cedc9 [term 0 FOLLOWER]: Becoming Follower/Learner. State: Replica: d3fb638ce1684299bae77fa8f91cedc9, State: Initialized, Role: FOLLOWER
I20260710 13:17:36.074534  6809 tablet_service.cc:1917] Received RequestConsensusVote() RPC: tablet_id: "38868652a3c74fbb90c6348643df2f12" candidate_uuid: "3a7e10b03b974e9d8d5aa05d153cdfea" candidate_term: 1 candidate_status { last_received { term: 0 index: 0 } } ignore_live_leader: false dest_uuid: "d3fb638ce1684299bae77fa8f91cedc9" is_pre_election: true
I20260710 13:17:36.076175  6885 raft_consensus.cc:2468] T 75a2426f65be4a5285e7e4f737a1042c P 3a7e10b03b974e9d8d5aa05d153cdfea [term 1 FOLLOWER]: Leader election vote request: Granting yes vote for candidate e4df479155a04a04b8d1b766d61500ae in term 1.
W20260710 13:17:36.076385  6850 leader_election.cc:343] T 38868652a3c74fbb90c6348643df2f12 P 3a7e10b03b974e9d8d5aa05d153cdfea [CANDIDATE]: Term 1 pre-election: Tablet error from VoteRequest() call to peer d3fb638ce1684299bae77fa8f91cedc9 (127.5.148.1:40589): Illegal state: must be running to vote when last-logged opid is not known
I20260710 13:17:36.078540  6883 raft_consensus.cc:2468] T 0536df8eca3f43ebad7676fa2e7d4baf P 3a7e10b03b974e9d8d5aa05d153cdfea [term 1 FOLLOWER]: Leader election vote request: Granting yes vote for candidate e4df479155a04a04b8d1b766d61500ae in term 1.
I20260710 13:17:36.078409  7001 consensus_queue.cc:260] T d1e5e3409254496aab12ba3c0802833a P d3fb638ce1684299bae77fa8f91cedc9 [NON_LEADER]: Queue going to NON_LEADER mode. State: All replicated index: 0, Majority replicated index: 0, Committed index: 0, Last appended: 0.0, Last appended by leader: 0, Current term: 0, Majority size: -1, State: 0, Mode: NON_LEADER, active raft config: opid_index: -1 OBSOLETE_local: false peers { permanent_uuid: "d3fb638ce1684299bae77fa8f91cedc9" member_type: VOTER last_known_addr { host: "127.5.148.1" port: 40589 } } peers { permanent_uuid: "3a7e10b03b974e9d8d5aa05d153cdfea" member_type: VOTER last_known_addr { host: "127.5.148.2" port: 41015 } } peers { permanent_uuid: "e4df479155a04a04b8d1b766d61500ae" member_type: VOTER last_known_addr { host: "127.5.148.3" port: 41605 } }
I20260710 13:17:36.080973  7001 ts_tablet_manager.cc:1434] T d1e5e3409254496aab12ba3c0802833a P d3fb638ce1684299bae77fa8f91cedc9: Time spent starting tablet: real 0.016s	user 0.006s	sys 0.000s
I20260710 13:17:36.082793  7001 tablet_bootstrap.cc:492] T 2e29421e11fd40f6ba8d415fb8053c95 P d3fb638ce1684299bae77fa8f91cedc9: Bootstrap starting.
I20260710 13:17:36.083999  7005 raft_consensus.cc:493] T 93521979fbf34c53a32f54ec4b242404 P 3a7e10b03b974e9d8d5aa05d153cdfea [term 0 FOLLOWER]: Starting pre-election (no leader contacted us within the election timeout)
I20260710 13:17:36.084596  7005 raft_consensus.cc:515] T 93521979fbf34c53a32f54ec4b242404 P 3a7e10b03b974e9d8d5aa05d153cdfea [term 0 FOLLOWER]: Starting pre-election with config: opid_index: -1 OBSOLETE_local: false peers { permanent_uuid: "d3fb638ce1684299bae77fa8f91cedc9" member_type: VOTER last_known_addr { host: "127.5.148.1" port: 40589 } } peers { permanent_uuid: "3a7e10b03b974e9d8d5aa05d153cdfea" member_type: VOTER last_known_addr { host: "127.5.148.2" port: 41015 } } peers { permanent_uuid: "e4df479155a04a04b8d1b766d61500ae" member_type: VOTER last_known_addr { host: "127.5.148.3" port: 41605 } }
I20260710 13:17:36.085064  7012 raft_consensus.cc:515] T 38868652a3c74fbb90c6348643df2f12 P 3a7e10b03b974e9d8d5aa05d153cdfea [term 1 FOLLOWER]: Starting leader election with config: opid_index: -1 OBSOLETE_local: false peers { permanent_uuid: "d3fb638ce1684299bae77fa8f91cedc9" member_type: VOTER last_known_addr { host: "127.5.148.1" port: 40589 } } peers { permanent_uuid: "3a7e10b03b974e9d8d5aa05d153cdfea" member_type: VOTER last_known_addr { host: "127.5.148.2" port: 41015 } } peers { permanent_uuid: "e4df479155a04a04b8d1b766d61500ae" member_type: VOTER last_known_addr { host: "127.5.148.3" port: 41605 } }
I20260710 13:17:36.086455  7035 raft_consensus.cc:493] T d1e5e3409254496aab12ba3c0802833a P d3fb638ce1684299bae77fa8f91cedc9 [term 0 FOLLOWER]: Starting pre-election (no leader contacted us within the election timeout)
I20260710 13:17:36.087661  7035 raft_consensus.cc:515] T d1e5e3409254496aab12ba3c0802833a P d3fb638ce1684299bae77fa8f91cedc9 [term 0 FOLLOWER]: Starting pre-election with config: opid_index: -1 OBSOLETE_local: false peers { permanent_uuid: "d3fb638ce1684299bae77fa8f91cedc9" member_type: VOTER last_known_addr { host: "127.5.148.1" port: 40589 } } peers { permanent_uuid: "3a7e10b03b974e9d8d5aa05d153cdfea" member_type: VOTER last_known_addr { host: "127.5.148.2" port: 41015 } } peers { permanent_uuid: "e4df479155a04a04b8d1b766d61500ae" member_type: VOTER last_known_addr { host: "127.5.148.3" port: 41605 } }
I20260710 13:17:36.088707  7012 leader_election.cc:290] T 38868652a3c74fbb90c6348643df2f12 P 3a7e10b03b974e9d8d5aa05d153cdfea [CANDIDATE]: Term 1 election: Requested vote from peers d3fb638ce1684299bae77fa8f91cedc9 (127.5.148.1:40589), e4df479155a04a04b8d1b766d61500ae (127.5.148.3:41605)
I20260710 13:17:36.089612  7035 leader_election.cc:290] T d1e5e3409254496aab12ba3c0802833a P d3fb638ce1684299bae77fa8f91cedc9 [CANDIDATE]: Term 1 pre-election: Requested pre-vote from peers 3a7e10b03b974e9d8d5aa05d153cdfea (127.5.148.2:41015), e4df479155a04a04b8d1b766d61500ae (127.5.148.3:41605)
I20260710 13:17:36.089748  6959 tablet_service.cc:1917] Received RequestConsensusVote() RPC: tablet_id: "38868652a3c74fbb90c6348643df2f12" candidate_uuid: "3a7e10b03b974e9d8d5aa05d153cdfea" candidate_term: 1 candidate_status { last_received { term: 0 index: 0 } } ignore_live_leader: false dest_uuid: "e4df479155a04a04b8d1b766d61500ae"
I20260710 13:17:36.090351  6959 raft_consensus.cc:3060] T 38868652a3c74fbb90c6348643df2f12 P e4df479155a04a04b8d1b766d61500ae [term 0 FOLLOWER]: Advancing to term 1
I20260710 13:17:36.090827  7000 tablet_bootstrap.cc:492] T 1d1dca8ca321467bb43929a061a3b348 P 3a7e10b03b974e9d8d5aa05d153cdfea: No bootstrap required, opened a new log
I20260710 13:17:36.091120  7005 leader_election.cc:290] T 93521979fbf34c53a32f54ec4b242404 P 3a7e10b03b974e9d8d5aa05d153cdfea [CANDIDATE]: Term 1 pre-election: Requested pre-vote from peers d3fb638ce1684299bae77fa8f91cedc9 (127.5.148.1:40589), e4df479155a04a04b8d1b766d61500ae (127.5.148.3:41605)
I20260710 13:17:36.091253  7000 ts_tablet_manager.cc:1403] T 1d1dca8ca321467bb43929a061a3b348 P 3a7e10b03b974e9d8d5aa05d153cdfea: Time spent bootstrapping tablet: real 0.075s	user 0.015s	sys 0.022s
I20260710 13:17:36.096071  7000 raft_consensus.cc:359] T 1d1dca8ca321467bb43929a061a3b348 P 3a7e10b03b974e9d8d5aa05d153cdfea [term 0 FOLLOWER]: Replica starting. Triggering 0 pending ops. Active config: opid_index: -1 OBSOLETE_local: false peers { permanent_uuid: "d3fb638ce1684299bae77fa8f91cedc9" member_type: VOTER last_known_addr { host: "127.5.148.1" port: 40589 } } peers { permanent_uuid: "3a7e10b03b974e9d8d5aa05d153cdfea" member_type: VOTER last_known_addr { host: "127.5.148.2" port: 41015 } } peers { permanent_uuid: "e4df479155a04a04b8d1b766d61500ae" member_type: VOTER last_known_addr { host: "127.5.148.3" port: 41605 } }
I20260710 13:17:36.096731  7000 raft_consensus.cc:385] T 1d1dca8ca321467bb43929a061a3b348 P 3a7e10b03b974e9d8d5aa05d153cdfea [term 0 FOLLOWER]: Consensus starting up: Expiring failure detector timer to make a prompt election more likely
I20260710 13:17:36.096971  7000 raft_consensus.cc:740] T 1d1dca8ca321467bb43929a061a3b348 P 3a7e10b03b974e9d8d5aa05d153cdfea [term 0 FOLLOWER]: Becoming Follower/Learner. State: Replica: 3a7e10b03b974e9d8d5aa05d153cdfea, State: Initialized, Role: FOLLOWER
I20260710 13:17:36.098492  6958 tablet_service.cc:1917] Received RequestConsensusVote() RPC: tablet_id: "93521979fbf34c53a32f54ec4b242404" candidate_uuid: "3a7e10b03b974e9d8d5aa05d153cdfea" candidate_term: 1 candidate_status { last_received { term: 0 index: 0 } } ignore_live_leader: false dest_uuid: "e4df479155a04a04b8d1b766d61500ae" is_pre_election: true
I20260710 13:17:36.098416  6883 tablet_service.cc:1917] Received RequestConsensusVote() RPC: tablet_id: "d1e5e3409254496aab12ba3c0802833a" candidate_uuid: "d3fb638ce1684299bae77fa8f91cedc9" candidate_term: 1 candidate_status { last_received { term: 0 index: 0 } } ignore_live_leader: false dest_uuid: "3a7e10b03b974e9d8d5aa05d153cdfea" is_pre_election: true
I20260710 13:17:36.099170  6958 raft_consensus.cc:2468] T 93521979fbf34c53a32f54ec4b242404 P e4df479155a04a04b8d1b766d61500ae [term 0 FOLLOWER]: Leader pre-election vote request: Granting yes vote for candidate 3a7e10b03b974e9d8d5aa05d153cdfea in term 0.
I20260710 13:17:36.100067  7060 raft_consensus.cc:493] T ee8a182ebd4e42ed94da0eb8154b18c6 P e4df479155a04a04b8d1b766d61500ae [term 0 FOLLOWER]: Starting pre-election (no leader contacted us within the election timeout)
I20260710 13:17:36.101137  6810 tablet_service.cc:1917] Received RequestConsensusVote() RPC: tablet_id: "93521979fbf34c53a32f54ec4b242404" candidate_uuid: "3a7e10b03b974e9d8d5aa05d153cdfea" candidate_term: 1 candidate_status { last_received { term: 0 index: 0 } } ignore_live_leader: false dest_uuid: "d3fb638ce1684299bae77fa8f91cedc9" is_pre_election: true
I20260710 13:17:36.101694  6958 tablet_service.cc:1917] Received RequestConsensusVote() RPC: tablet_id: "d1e5e3409254496aab12ba3c0802833a" candidate_uuid: "d3fb638ce1684299bae77fa8f91cedc9" candidate_term: 1 candidate_status { last_received { term: 0 index: 0 } } ignore_live_leader: false dest_uuid: "e4df479155a04a04b8d1b766d61500ae" is_pre_election: true
I20260710 13:17:36.101748  6810 raft_consensus.cc:2468] T 93521979fbf34c53a32f54ec4b242404 P d3fb638ce1684299bae77fa8f91cedc9 [term 0 FOLLOWER]: Leader pre-election vote request: Granting yes vote for candidate 3a7e10b03b974e9d8d5aa05d153cdfea in term 0.
I20260710 13:17:36.103377  6851 leader_election.cc:304] T 93521979fbf34c53a32f54ec4b242404 P 3a7e10b03b974e9d8d5aa05d153cdfea [CANDIDATE]: Term 1 pre-election: Election decided. Result: candidate won. Election summary: received 2 responses out of 3 voters: 2 yes votes; 0 no votes. yes voters: 3a7e10b03b974e9d8d5aa05d153cdfea, e4df479155a04a04b8d1b766d61500ae; no voters: 
I20260710 13:17:36.103754  6999 tablet_bootstrap.cc:492] T d1e5e3409254496aab12ba3c0802833a P e4df479155a04a04b8d1b766d61500ae: No bootstrap required, opened a new log
I20260710 13:17:36.103600  7030 consensus_queue.cc:1048] T 50d863eb7c9f4ad290a854a14482d57b P e4df479155a04a04b8d1b766d61500ae [LEADER]: Connected to new peer: Peer: permanent_uuid: "3a7e10b03b974e9d8d5aa05d153cdfea" member_type: VOTER last_known_addr { host: "127.5.148.2" port: 41015 }, Status: LMP_MISMATCH, Last received: 0.0, Next index: 1, Last known committed idx: 0, Time since last communication: 0.001s
W20260710 13:17:36.104050  6776 leader_election.cc:343] T d1e5e3409254496aab12ba3c0802833a P d3fb638ce1684299bae77fa8f91cedc9 [CANDIDATE]: Term 1 pre-election: Tablet error from VoteRequest() call to peer e4df479155a04a04b8d1b766d61500ae (127.5.148.3:41605): Illegal state: must be running to vote when last-logged opid is not known
I20260710 13:17:36.104204  6999 ts_tablet_manager.cc:1403] T d1e5e3409254496aab12ba3c0802833a P e4df479155a04a04b8d1b766d61500ae: Time spent bootstrapping tablet: real 0.068s	user 0.031s	sys 0.012s
I20260710 13:17:36.104149  6809 tablet_service.cc:1917] Received RequestConsensusVote() RPC: tablet_id: "38868652a3c74fbb90c6348643df2f12" candidate_uuid: "3a7e10b03b974e9d8d5aa05d153cdfea" candidate_term: 1 candidate_status { last_received { term: 0 index: 0 } } ignore_live_leader: false dest_uuid: "d3fb638ce1684299bae77fa8f91cedc9"
I20260710 13:17:36.106964  6999 raft_consensus.cc:359] T d1e5e3409254496aab12ba3c0802833a P e4df479155a04a04b8d1b766d61500ae [term 0 FOLLOWER]: Replica starting. Triggering 0 pending ops. Active config: opid_index: -1 OBSOLETE_local: false peers { permanent_uuid: "d3fb638ce1684299bae77fa8f91cedc9" member_type: VOTER last_known_addr { host: "127.5.148.1" port: 40589 } } peers { permanent_uuid: "3a7e10b03b974e9d8d5aa05d153cdfea" member_type: VOTER last_known_addr { host: "127.5.148.2" port: 41015 } } peers { permanent_uuid: "e4df479155a04a04b8d1b766d61500ae" member_type: VOTER last_known_addr { host: "127.5.148.3" port: 41605 } }
I20260710 13:17:36.107589  6999 raft_consensus.cc:385] T d1e5e3409254496aab12ba3c0802833a P e4df479155a04a04b8d1b766d61500ae [term 0 FOLLOWER]: Consensus starting up: Expiring failure detector timer to make a prompt election more likely
I20260710 13:17:36.107870  6999 raft_consensus.cc:740] T d1e5e3409254496aab12ba3c0802833a P e4df479155a04a04b8d1b766d61500ae [term 0 FOLLOWER]: Becoming Follower/Learner. State: Replica: e4df479155a04a04b8d1b766d61500ae, State: Initialized, Role: FOLLOWER
W20260710 13:17:36.108116  6773 leader_election.cc:343] T d1e5e3409254496aab12ba3c0802833a P d3fb638ce1684299bae77fa8f91cedc9 [CANDIDATE]: Term 1 pre-election: Tablet error from VoteRequest() call to peer 3a7e10b03b974e9d8d5aa05d153cdfea (127.5.148.2:41015): Illegal state: must be running to vote when last-logged opid is not known
W20260710 13:17:36.107600  6850 leader_election.cc:343] T 38868652a3c74fbb90c6348643df2f12 P 3a7e10b03b974e9d8d5aa05d153cdfea [CANDIDATE]: Term 1 election: Tablet error from VoteRequest() call to peer d3fb638ce1684299bae77fa8f91cedc9 (127.5.148.1:40589): Illegal state: must be running to vote when last-logged opid is not known
I20260710 13:17:36.108466  6999 consensus_queue.cc:260] T d1e5e3409254496aab12ba3c0802833a P e4df479155a04a04b8d1b766d61500ae [NON_LEADER]: Queue going to NON_LEADER mode. State: All replicated index: 0, Majority replicated index: 0, Committed index: 0, Last appended: 0.0, Last appended by leader: 0, Current term: 0, Majority size: -1, State: 0, Mode: NON_LEADER, active raft config: opid_index: -1 OBSOLETE_local: false peers { permanent_uuid: "d3fb638ce1684299bae77fa8f91cedc9" member_type: VOTER last_known_addr { host: "127.5.148.1" port: 40589 } } peers { permanent_uuid: "3a7e10b03b974e9d8d5aa05d153cdfea" member_type: VOTER last_known_addr { host: "127.5.148.2" port: 41015 } } peers { permanent_uuid: "e4df479155a04a04b8d1b766d61500ae" member_type: VOTER last_known_addr { host: "127.5.148.3" port: 41605 } }
I20260710 13:17:36.108510  6773 leader_election.cc:304] T d1e5e3409254496aab12ba3c0802833a P d3fb638ce1684299bae77fa8f91cedc9 [CANDIDATE]: Term 1 pre-election: Election decided. Result: candidate lost. Election summary: received 3 responses out of 3 voters: 1 yes votes; 2 no votes. yes voters: d3fb638ce1684299bae77fa8f91cedc9; no voters: 3a7e10b03b974e9d8d5aa05d153cdfea, e4df479155a04a04b8d1b766d61500ae
I20260710 13:17:36.110008  7035 raft_consensus.cc:2749] T d1e5e3409254496aab12ba3c0802833a P d3fb638ce1684299bae77fa8f91cedc9 [term 0 FOLLOWER]: Leader pre-election lost for term 1. Reason: could not achieve majority
I20260710 13:17:36.110519  6999 ts_tablet_manager.cc:1434] T d1e5e3409254496aab12ba3c0802833a P e4df479155a04a04b8d1b766d61500ae: Time spent starting tablet: real 0.006s	user 0.006s	sys 0.000s
I20260710 13:17:36.108510  6959 raft_consensus.cc:2468] T 38868652a3c74fbb90c6348643df2f12 P e4df479155a04a04b8d1b766d61500ae [term 1 FOLLOWER]: Leader election vote request: Granting yes vote for candidate 3a7e10b03b974e9d8d5aa05d153cdfea in term 1.
I20260710 13:17:36.111351  6999 tablet_bootstrap.cc:492] T 9de5a75bb24740b4874c83c23f22a475 P e4df479155a04a04b8d1b766d61500ae: Bootstrap starting.
I20260710 13:17:36.111832  6851 leader_election.cc:304] T 38868652a3c74fbb90c6348643df2f12 P 3a7e10b03b974e9d8d5aa05d153cdfea [CANDIDATE]: Term 1 election: Election decided. Result: candidate won. Election summary: received 3 responses out of 3 voters: 2 yes votes; 1 no votes. yes voters: 3a7e10b03b974e9d8d5aa05d153cdfea, e4df479155a04a04b8d1b766d61500ae; no voters: d3fb638ce1684299bae77fa8f91cedc9
I20260710 13:17:36.112414  7005 raft_consensus.cc:2804] T 93521979fbf34c53a32f54ec4b242404 P 3a7e10b03b974e9d8d5aa05d153cdfea [term 0 FOLLOWER]: Leader pre-election won for term 1
I20260710 13:17:36.112986  7028 raft_consensus.cc:2804] T 38868652a3c74fbb90c6348643df2f12 P 3a7e10b03b974e9d8d5aa05d153cdfea [term 1 FOLLOWER]: Leader election won for term 1
I20260710 13:17:36.115118  7005 raft_consensus.cc:493] T 93521979fbf34c53a32f54ec4b242404 P 3a7e10b03b974e9d8d5aa05d153cdfea [term 0 FOLLOWER]: Starting leader election (no leader contacted us within the election timeout)
I20260710 13:17:36.115633  7005 raft_consensus.cc:3060] T 93521979fbf34c53a32f54ec4b242404 P 3a7e10b03b974e9d8d5aa05d153cdfea [term 0 FOLLOWER]: Advancing to term 1
I20260710 13:17:36.118764  6999 tablet_bootstrap.cc:654] T 9de5a75bb24740b4874c83c23f22a475 P e4df479155a04a04b8d1b766d61500ae: Neither blocks nor log segments found. Creating new log.
I20260710 13:17:36.113329  7000 consensus_queue.cc:260] T 1d1dca8ca321467bb43929a061a3b348 P 3a7e10b03b974e9d8d5aa05d153cdfea [NON_LEADER]: Queue going to NON_LEADER mode. State: All replicated index: 0, Majority replicated index: 0, Committed index: 0, Last appended: 0.0, Last appended by leader: 0, Current term: 0, Majority size: -1, State: 0, Mode: NON_LEADER, active raft config: opid_index: -1 OBSOLETE_local: false peers { permanent_uuid: "d3fb638ce1684299bae77fa8f91cedc9" member_type: VOTER last_known_addr { host: "127.5.148.1" port: 40589 } } peers { permanent_uuid: "3a7e10b03b974e9d8d5aa05d153cdfea" member_type: VOTER last_known_addr { host: "127.5.148.2" port: 41015 } } peers { permanent_uuid: "e4df479155a04a04b8d1b766d61500ae" member_type: VOTER last_known_addr { host: "127.5.148.3" port: 41605 } }
I20260710 13:17:36.121248  7000 ts_tablet_manager.cc:1434] T 1d1dca8ca321467bb43929a061a3b348 P 3a7e10b03b974e9d8d5aa05d153cdfea: Time spent starting tablet: real 0.030s	user 0.006s	sys 0.000s
I20260710 13:17:36.121599  7005 raft_consensus.cc:515] T 93521979fbf34c53a32f54ec4b242404 P 3a7e10b03b974e9d8d5aa05d153cdfea [term 1 FOLLOWER]: Starting leader election with config: opid_index: -1 OBSOLETE_local: false peers { permanent_uuid: "d3fb638ce1684299bae77fa8f91cedc9" member_type: VOTER last_known_addr { host: "127.5.148.1" port: 40589 } } peers { permanent_uuid: "3a7e10b03b974e9d8d5aa05d153cdfea" member_type: VOTER last_known_addr { host: "127.5.148.2" port: 41015 } } peers { permanent_uuid: "e4df479155a04a04b8d1b766d61500ae" member_type: VOTER last_known_addr { host: "127.5.148.3" port: 41605 } }
I20260710 13:17:36.115192  7028 raft_consensus.cc:697] T 38868652a3c74fbb90c6348643df2f12 P 3a7e10b03b974e9d8d5aa05d153cdfea [term 1 LEADER]: Becoming Leader. State: Replica: 3a7e10b03b974e9d8d5aa05d153cdfea, State: Running, Role: LEADER
I20260710 13:17:36.100623  7060 raft_consensus.cc:515] T ee8a182ebd4e42ed94da0eb8154b18c6 P e4df479155a04a04b8d1b766d61500ae [term 0 FOLLOWER]: Starting pre-election with config: opid_index: -1 OBSOLETE_local: false peers { permanent_uuid: "d3fb638ce1684299bae77fa8f91cedc9" member_type: VOTER last_known_addr { host: "127.5.148.1" port: 40589 } } peers { permanent_uuid: "3a7e10b03b974e9d8d5aa05d153cdfea" member_type: VOTER last_known_addr { host: "127.5.148.2" port: 41015 } } peers { permanent_uuid: "e4df479155a04a04b8d1b766d61500ae" member_type: VOTER last_known_addr { host: "127.5.148.3" port: 41605 } }
I20260710 13:17:36.129547  7028 consensus_queue.cc:237] T 38868652a3c74fbb90c6348643df2f12 P 3a7e10b03b974e9d8d5aa05d153cdfea [LEADER]: Queue going to LEADER mode. State: All replicated index: 0, Majority replicated index: 0, Committed index: 0, Last appended: 0.0, Last appended by leader: 0, Current term: 1, Majority size: 2, State: 0, Mode: LEADER, active raft config: opid_index: -1 OBSOLETE_local: false peers { permanent_uuid: "d3fb638ce1684299bae77fa8f91cedc9" member_type: VOTER last_known_addr { host: "127.5.148.1" port: 40589 } } peers { permanent_uuid: "3a7e10b03b974e9d8d5aa05d153cdfea" member_type: VOTER last_known_addr { host: "127.5.148.2" port: 41015 } } peers { permanent_uuid: "e4df479155a04a04b8d1b766d61500ae" member_type: VOTER last_known_addr { host: "127.5.148.3" port: 41605 } }
I20260710 13:17:36.113550  6705 catalog_manager.cc:5697] T 75a2426f65be4a5285e7e4f737a1042c P e4df479155a04a04b8d1b766d61500ae reported cstate change: term changed from 0 to 1, leader changed from <none> to e4df479155a04a04b8d1b766d61500ae (127.5.148.3). New cstate: current_term: 1 leader_uuid: "e4df479155a04a04b8d1b766d61500ae" committed_config { opid_index: -1 OBSOLETE_local: false peers { permanent_uuid: "e4df479155a04a04b8d1b766d61500ae" member_type: VOTER last_known_addr { host: "127.5.148.3" port: 41605 } health_report { overall_health: HEALTHY } } peers { permanent_uuid: "3a7e10b03b974e9d8d5aa05d153cdfea" member_type: VOTER last_known_addr { host: "127.5.148.2" port: 41015 } health_report { overall_health: UNKNOWN } } peers { permanent_uuid: "d3fb638ce1684299bae77fa8f91cedc9" member_type: VOTER last_known_addr { host: "127.5.148.1" port: 40589 } health_report { overall_health: UNKNOWN } } }
I20260710 13:17:36.131114  7005 leader_election.cc:290] T 93521979fbf34c53a32f54ec4b242404 P 3a7e10b03b974e9d8d5aa05d153cdfea [CANDIDATE]: Term 1 election: Requested vote from peers d3fb638ce1684299bae77fa8f91cedc9 (127.5.148.1:40589), e4df479155a04a04b8d1b766d61500ae (127.5.148.3:41605)
I20260710 13:17:36.132689  7060 leader_election.cc:290] T ee8a182ebd4e42ed94da0eb8154b18c6 P e4df479155a04a04b8d1b766d61500ae [CANDIDATE]: Term 1 pre-election: Requested pre-vote from peers d3fb638ce1684299bae77fa8f91cedc9 (127.5.148.1:40589), 3a7e10b03b974e9d8d5aa05d153cdfea (127.5.148.2:41015)
I20260710 13:17:36.131776  6705 catalog_manager.cc:5697] T 0536df8eca3f43ebad7676fa2e7d4baf P e4df479155a04a04b8d1b766d61500ae reported cstate change: term changed from 0 to 1, leader changed from <none> to e4df479155a04a04b8d1b766d61500ae (127.5.148.3). New cstate: current_term: 1 leader_uuid: "e4df479155a04a04b8d1b766d61500ae" committed_config { opid_index: -1 OBSOLETE_local: false peers { permanent_uuid: "d3fb638ce1684299bae77fa8f91cedc9" member_type: VOTER last_known_addr { host: "127.5.148.1" port: 40589 } health_report { overall_health: UNKNOWN } } peers { permanent_uuid: "3a7e10b03b974e9d8d5aa05d153cdfea" member_type: VOTER last_known_addr { host: "127.5.148.2" port: 41015 } health_report { overall_health: UNKNOWN } } peers { permanent_uuid: "e4df479155a04a04b8d1b766d61500ae" member_type: VOTER last_known_addr { host: "127.5.148.3" port: 41605 } health_report { overall_health: HEALTHY } } }
I20260710 13:17:36.134831  6808 tablet_service.cc:1917] Received RequestConsensusVote() RPC: tablet_id: "93521979fbf34c53a32f54ec4b242404" candidate_uuid: "3a7e10b03b974e9d8d5aa05d153cdfea" candidate_term: 1 candidate_status { last_received { term: 0 index: 0 } } ignore_live_leader: false dest_uuid: "d3fb638ce1684299bae77fa8f91cedc9"
I20260710 13:17:36.134967  6810 tablet_service.cc:1917] Received RequestConsensusVote() RPC: tablet_id: "ee8a182ebd4e42ed94da0eb8154b18c6" candidate_uuid: "e4df479155a04a04b8d1b766d61500ae" candidate_term: 1 candidate_status { last_received { term: 0 index: 0 } } ignore_live_leader: false dest_uuid: "d3fb638ce1684299bae77fa8f91cedc9" is_pre_election: true
I20260710 13:17:36.135401  6808 raft_consensus.cc:3060] T 93521979fbf34c53a32f54ec4b242404 P d3fb638ce1684299bae77fa8f91cedc9 [term 0 FOLLOWER]: Advancing to term 1
I20260710 13:17:36.136118  6883 tablet_service.cc:1917] Received RequestConsensusVote() RPC: tablet_id: "ee8a182ebd4e42ed94da0eb8154b18c6" candidate_uuid: "e4df479155a04a04b8d1b766d61500ae" candidate_term: 1 candidate_status { last_received { term: 0 index: 0 } } ignore_live_leader: false dest_uuid: "3a7e10b03b974e9d8d5aa05d153cdfea" is_pre_election: true
I20260710 13:17:36.136783  6883 raft_consensus.cc:2393] T ee8a182ebd4e42ed94da0eb8154b18c6 P 3a7e10b03b974e9d8d5aa05d153cdfea [term 1 FOLLOWER]: Leader pre-election vote request: Denying vote to candidate e4df479155a04a04b8d1b766d61500ae in current term 1: Already voted for candidate d3fb638ce1684299bae77fa8f91cedc9 in this term.
I20260710 13:17:36.138490  6922 leader_election.cc:304] T ee8a182ebd4e42ed94da0eb8154b18c6 P e4df479155a04a04b8d1b766d61500ae [CANDIDATE]: Term 1 pre-election: Election decided. Result: candidate lost. Election summary: received 3 responses out of 3 voters: 1 yes votes; 2 no votes. yes voters: e4df479155a04a04b8d1b766d61500ae; no voters: 3a7e10b03b974e9d8d5aa05d153cdfea, d3fb638ce1684299bae77fa8f91cedc9
I20260710 13:17:36.139698  7060 raft_consensus.cc:3060] T ee8a182ebd4e42ed94da0eb8154b18c6 P e4df479155a04a04b8d1b766d61500ae [term 0 FOLLOWER]: Advancing to term 1
I20260710 13:17:36.142623  6808 raft_consensus.cc:2468] T 93521979fbf34c53a32f54ec4b242404 P d3fb638ce1684299bae77fa8f91cedc9 [term 1 FOLLOWER]: Leader election vote request: Granting yes vote for candidate 3a7e10b03b974e9d8d5aa05d153cdfea in term 1.
W20260710 13:17:36.143934  6850 consensus_peers.cc:597] T e0a541fb219c450fbc0e0c7958eb3e60 P 3a7e10b03b974e9d8d5aa05d153cdfea -> Peer d3fb638ce1684299bae77fa8f91cedc9 (127.5.148.1:40589): Couldn't send request to peer d3fb638ce1684299bae77fa8f91cedc9. Error code: TABLET_NOT_RUNNING (12). Status: Illegal state: Tablet not RUNNING: INITIALIZED. This is attempt 1: this message will repeat every 5th retry.
I20260710 13:17:36.144435  6959 tablet_service.cc:1917] Received RequestConsensusVote() RPC: tablet_id: "93521979fbf34c53a32f54ec4b242404" candidate_uuid: "3a7e10b03b974e9d8d5aa05d153cdfea" candidate_term: 1 candidate_status { last_received { term: 0 index: 0 } } ignore_live_leader: false dest_uuid: "e4df479155a04a04b8d1b766d61500ae"
I20260710 13:17:36.144634  6850 leader_election.cc:304] T 93521979fbf34c53a32f54ec4b242404 P 3a7e10b03b974e9d8d5aa05d153cdfea [CANDIDATE]: Term 1 election: Election decided. Result: candidate won. Election summary: received 2 responses out of 3 voters: 2 yes votes; 0 no votes. yes voters: 3a7e10b03b974e9d8d5aa05d153cdfea, d3fb638ce1684299bae77fa8f91cedc9; no voters: 
I20260710 13:17:36.145187  6959 raft_consensus.cc:3060] T 93521979fbf34c53a32f54ec4b242404 P e4df479155a04a04b8d1b766d61500ae [term 0 FOLLOWER]: Advancing to term 1
I20260710 13:17:36.145857  7066 raft_consensus.cc:2804] T 93521979fbf34c53a32f54ec4b242404 P 3a7e10b03b974e9d8d5aa05d153cdfea [term 1 FOLLOWER]: Leader election won for term 1
I20260710 13:17:36.146436  7066 raft_consensus.cc:697] T 93521979fbf34c53a32f54ec4b242404 P 3a7e10b03b974e9d8d5aa05d153cdfea [term 1 LEADER]: Becoming Leader. State: Replica: 3a7e10b03b974e9d8d5aa05d153cdfea, State: Running, Role: LEADER
I20260710 13:17:36.147899  7066 consensus_queue.cc:237] T 93521979fbf34c53a32f54ec4b242404 P 3a7e10b03b974e9d8d5aa05d153cdfea [LEADER]: Queue going to LEADER mode. State: All replicated index: 0, Majority replicated index: 0, Committed index: 0, Last appended: 0.0, Last appended by leader: 0, Current term: 1, Majority size: 2, State: 0, Mode: LEADER, active raft config: opid_index: -1 OBSOLETE_local: false peers { permanent_uuid: "d3fb638ce1684299bae77fa8f91cedc9" member_type: VOTER last_known_addr { host: "127.5.148.1" port: 40589 } } peers { permanent_uuid: "3a7e10b03b974e9d8d5aa05d153cdfea" member_type: VOTER last_known_addr { host: "127.5.148.2" port: 41015 } } peers { permanent_uuid: "e4df479155a04a04b8d1b766d61500ae" member_type: VOTER last_known_addr { host: "127.5.148.3" port: 41605 } }
I20260710 13:17:36.149037  7006 consensus_queue.cc:1048] T 50d863eb7c9f4ad290a854a14482d57b P e4df479155a04a04b8d1b766d61500ae [LEADER]: Connected to new peer: Peer: permanent_uuid: "d3fb638ce1684299bae77fa8f91cedc9" member_type: VOTER last_known_addr { host: "127.5.148.1" port: 40589 }, Status: LMP_MISMATCH, Last received: 0.0, Next index: 1, Last known committed idx: 0, Time since last communication: 0.000s
I20260710 13:17:36.158846  7006 raft_consensus.cc:493] T 1d1dca8ca321467bb43929a061a3b348 P e4df479155a04a04b8d1b766d61500ae [term 0 FOLLOWER]: Starting pre-election (no leader contacted us within the election timeout)
I20260710 13:17:36.159502  7060 raft_consensus.cc:2749] T ee8a182ebd4e42ed94da0eb8154b18c6 P e4df479155a04a04b8d1b766d61500ae [term 1 FOLLOWER]: Leader pre-election lost for term 1. Reason: could not achieve majority
I20260710 13:17:36.159417  7006 raft_consensus.cc:515] T 1d1dca8ca321467bb43929a061a3b348 P e4df479155a04a04b8d1b766d61500ae [term 0 FOLLOWER]: Starting pre-election with config: opid_index: -1 OBSOLETE_local: false peers { permanent_uuid: "d3fb638ce1684299bae77fa8f91cedc9" member_type: VOTER last_known_addr { host: "127.5.148.1" port: 40589 } } peers { permanent_uuid: "3a7e10b03b974e9d8d5aa05d153cdfea" member_type: VOTER last_known_addr { host: "127.5.148.2" port: 41015 } } peers { permanent_uuid: "e4df479155a04a04b8d1b766d61500ae" member_type: VOTER last_known_addr { host: "127.5.148.3" port: 41605 } }
W20260710 13:17:36.161913  6980 debug-util.cc:398] Leaking SignalData structure 0x7b08000d5400 after lost signal to thread 5715
I20260710 13:17:36.162622  6810 tablet_service.cc:1917] Received RequestConsensusVote() RPC: tablet_id: "1d1dca8ca321467bb43929a061a3b348" candidate_uuid: "e4df479155a04a04b8d1b766d61500ae" candidate_term: 1 candidate_status { last_received { term: 0 index: 0 } } ignore_live_leader: false dest_uuid: "d3fb638ce1684299bae77fa8f91cedc9" is_pre_election: true
W20260710 13:17:36.162910  6980 debug-util.cc:398] Leaking SignalData structure 0x7b08000e5ee0 after lost signal to thread 6742
I20260710 13:17:36.163308  6810 raft_consensus.cc:2468] T 1d1dca8ca321467bb43929a061a3b348 P d3fb638ce1684299bae77fa8f91cedc9 [term 0 FOLLOWER]: Leader pre-election vote request: Granting yes vote for candidate e4df479155a04a04b8d1b766d61500ae in term 0.
I20260710 13:17:36.164330  6924 leader_election.cc:304] T 1d1dca8ca321467bb43929a061a3b348 P e4df479155a04a04b8d1b766d61500ae [CANDIDATE]: Term 1 pre-election: Election decided. Result: candidate won. Election summary: received 2 responses out of 3 voters: 2 yes votes; 0 no votes. yes voters: d3fb638ce1684299bae77fa8f91cedc9, e4df479155a04a04b8d1b766d61500ae; no voters: 
I20260710 13:17:36.163188  7006 leader_election.cc:290] T 1d1dca8ca321467bb43929a061a3b348 P e4df479155a04a04b8d1b766d61500ae [CANDIDATE]: Term 1 pre-election: Requested pre-vote from peers d3fb638ce1684299bae77fa8f91cedc9 (127.5.148.1:40589), 3a7e10b03b974e9d8d5aa05d153cdfea (127.5.148.2:41015)
I20260710 13:17:36.165457  7006 raft_consensus.cc:2804] T 1d1dca8ca321467bb43929a061a3b348 P e4df479155a04a04b8d1b766d61500ae [term 0 FOLLOWER]: Leader pre-election won for term 1
I20260710 13:17:36.166107  7006 raft_consensus.cc:493] T 1d1dca8ca321467bb43929a061a3b348 P e4df479155a04a04b8d1b766d61500ae [term 0 FOLLOWER]: Starting leader election (no leader contacted us within the election timeout)
I20260710 13:17:36.166682  7006 raft_consensus.cc:3060] T 1d1dca8ca321467bb43929a061a3b348 P e4df479155a04a04b8d1b766d61500ae [term 0 FOLLOWER]: Advancing to term 1
I20260710 13:17:36.168778  6884 tablet_service.cc:1917] Received RequestConsensusVote() RPC: tablet_id: "1d1dca8ca321467bb43929a061a3b348" candidate_uuid: "e4df479155a04a04b8d1b766d61500ae" candidate_term: 1 candidate_status { last_received { term: 0 index: 0 } } ignore_live_leader: false dest_uuid: "3a7e10b03b974e9d8d5aa05d153cdfea" is_pre_election: true
I20260710 13:17:36.169466  6884 raft_consensus.cc:2468] T 1d1dca8ca321467bb43929a061a3b348 P 3a7e10b03b974e9d8d5aa05d153cdfea [term 0 FOLLOWER]: Leader pre-election vote request: Granting yes vote for candidate e4df479155a04a04b8d1b766d61500ae in term 0.
I20260710 13:17:36.171422  7008 raft_consensus.cc:493] T 56393e9fe68940f4864c14ff29e30df0 P d3fb638ce1684299bae77fa8f91cedc9 [term 0 FOLLOWER]: Starting pre-election (no leader contacted us within the election timeout)
I20260710 13:17:36.171531  7035 consensus_queue.cc:1048] T ee8a182ebd4e42ed94da0eb8154b18c6 P d3fb638ce1684299bae77fa8f91cedc9 [LEADER]: Connected to new peer: Peer: permanent_uuid: "3a7e10b03b974e9d8d5aa05d153cdfea" member_type: VOTER last_known_addr { host: "127.5.148.2" port: 41015 }, Status: LMP_MISMATCH, Last received: 0.0, Next index: 1, Last known committed idx: 0, Time since last communication: 0.001s
I20260710 13:17:36.171887  7008 raft_consensus.cc:515] T 56393e9fe68940f4864c14ff29e30df0 P d3fb638ce1684299bae77fa8f91cedc9 [term 0 FOLLOWER]: Starting pre-election with config: opid_index: -1 OBSOLETE_local: false peers { permanent_uuid: "d3fb638ce1684299bae77fa8f91cedc9" member_type: VOTER last_known_addr { host: "127.5.148.1" port: 40589 } } peers { permanent_uuid: "3a7e10b03b974e9d8d5aa05d153cdfea" member_type: VOTER last_known_addr { host: "127.5.148.2" port: 41015 } } peers { permanent_uuid: "e4df479155a04a04b8d1b766d61500ae" member_type: VOTER last_known_addr { host: "127.5.148.3" port: 41605 } }
I20260710 13:17:36.174211  7008 leader_election.cc:290] T 56393e9fe68940f4864c14ff29e30df0 P d3fb638ce1684299bae77fa8f91cedc9 [CANDIDATE]: Term 1 pre-election: Requested pre-vote from peers 3a7e10b03b974e9d8d5aa05d153cdfea (127.5.148.2:41015), e4df479155a04a04b8d1b766d61500ae (127.5.148.3:41605)
I20260710 13:17:36.175588  6958 tablet_service.cc:1917] Received RequestConsensusVote() RPC: tablet_id: "56393e9fe68940f4864c14ff29e30df0" candidate_uuid: "d3fb638ce1684299bae77fa8f91cedc9" candidate_term: 1 candidate_status { last_received { term: 0 index: 0 } } ignore_live_leader: false dest_uuid: "e4df479155a04a04b8d1b766d61500ae" is_pre_election: true
I20260710 13:17:36.176200  6958 raft_consensus.cc:2468] T 56393e9fe68940f4864c14ff29e30df0 P e4df479155a04a04b8d1b766d61500ae [term 0 FOLLOWER]: Leader pre-election vote request: Granting yes vote for candidate d3fb638ce1684299bae77fa8f91cedc9 in term 0.
I20260710 13:17:36.177691  6776 leader_election.cc:304] T 56393e9fe68940f4864c14ff29e30df0 P d3fb638ce1684299bae77fa8f91cedc9 [CANDIDATE]: Term 1 pre-election: Election decided. Result: candidate won. Election summary: received 2 responses out of 3 voters: 2 yes votes; 0 no votes. yes voters: d3fb638ce1684299bae77fa8f91cedc9, e4df479155a04a04b8d1b766d61500ae; no voters: 
I20260710 13:17:36.114470  7001 tablet_bootstrap.cc:654] T 2e29421e11fd40f6ba8d415fb8053c95 P d3fb638ce1684299bae77fa8f91cedc9: Neither blocks nor log segments found. Creating new log.
I20260710 13:17:36.178442  7008 raft_consensus.cc:493] T f788f79bd0b945b6b5983677788e05c7 P d3fb638ce1684299bae77fa8f91cedc9 [term 0 FOLLOWER]: Starting pre-election (no leader contacted us within the election timeout)
I20260710 13:17:36.178889  7008 raft_consensus.cc:515] T f788f79bd0b945b6b5983677788e05c7 P d3fb638ce1684299bae77fa8f91cedc9 [term 0 FOLLOWER]: Starting pre-election with config: opid_index: -1 OBSOLETE_local: false peers { permanent_uuid: "d3fb638ce1684299bae77fa8f91cedc9" member_type: VOTER last_known_addr { host: "127.5.148.1" port: 40589 } } peers { permanent_uuid: "3a7e10b03b974e9d8d5aa05d153cdfea" member_type: VOTER last_known_addr { host: "127.5.148.2" port: 41015 } } peers { permanent_uuid: "e4df479155a04a04b8d1b766d61500ae" member_type: VOTER last_known_addr { host: "127.5.148.3" port: 41605 } }
I20260710 13:17:36.124086  6999 tablet_bootstrap.cc:492] T 9de5a75bb24740b4874c83c23f22a475 P e4df479155a04a04b8d1b766d61500ae: No bootstrap required, opened a new log
I20260710 13:17:36.181910  6882 tablet_service.cc:1917] Received RequestConsensusVote() RPC: tablet_id: "f788f79bd0b945b6b5983677788e05c7" candidate_uuid: "d3fb638ce1684299bae77fa8f91cedc9" candidate_term: 1 candidate_status { last_received { term: 0 index: 0 } } ignore_live_leader: false dest_uuid: "3a7e10b03b974e9d8d5aa05d153cdfea" is_pre_election: true
I20260710 13:17:36.182677  6999 ts_tablet_manager.cc:1403] T 9de5a75bb24740b4874c83c23f22a475 P e4df479155a04a04b8d1b766d61500ae: Time spent bootstrapping tablet: real 0.071s	user 0.007s	sys 0.005s
I20260710 13:17:36.177721  6885 tablet_service.cc:1917] Received RequestConsensusVote() RPC: tablet_id: "56393e9fe68940f4864c14ff29e30df0" candidate_uuid: "d3fb638ce1684299bae77fa8f91cedc9" candidate_term: 1 candidate_status { last_received { term: 0 index: 0 } } ignore_live_leader: false dest_uuid: "3a7e10b03b974e9d8d5aa05d153cdfea" is_pre_election: true
I20260710 13:17:36.184340  7035 raft_consensus.cc:2804] T 56393e9fe68940f4864c14ff29e30df0 P d3fb638ce1684299bae77fa8f91cedc9 [term 0 FOLLOWER]: Leader pre-election won for term 1
I20260710 13:17:36.184805  7035 raft_consensus.cc:493] T 56393e9fe68940f4864c14ff29e30df0 P d3fb638ce1684299bae77fa8f91cedc9 [term 0 FOLLOWER]: Starting leader election (no leader contacted us within the election timeout)
I20260710 13:17:36.185213  7035 raft_consensus.cc:3060] T 56393e9fe68940f4864c14ff29e30df0 P d3fb638ce1684299bae77fa8f91cedc9 [term 0 FOLLOWER]: Advancing to term 1
I20260710 13:17:36.122201  7000 tablet_bootstrap.cc:492] T d1e5e3409254496aab12ba3c0802833a P 3a7e10b03b974e9d8d5aa05d153cdfea: Bootstrap starting.
I20260710 13:17:36.187611  6999 raft_consensus.cc:359] T 9de5a75bb24740b4874c83c23f22a475 P e4df479155a04a04b8d1b766d61500ae [term 0 FOLLOWER]: Replica starting. Triggering 0 pending ops. Active config: opid_index: -1 OBSOLETE_local: false peers { permanent_uuid: "d3fb638ce1684299bae77fa8f91cedc9" member_type: VOTER last_known_addr { host: "127.5.148.1" port: 40589 } } peers { permanent_uuid: "3a7e10b03b974e9d8d5aa05d153cdfea" member_type: VOTER last_known_addr { host: "127.5.148.2" port: 41015 } } peers { permanent_uuid: "e4df479155a04a04b8d1b766d61500ae" member_type: VOTER last_known_addr { host: "127.5.148.3" port: 41605 } }
I20260710 13:17:36.188490  6999 raft_consensus.cc:385] T 9de5a75bb24740b4874c83c23f22a475 P e4df479155a04a04b8d1b766d61500ae [term 0 FOLLOWER]: Consensus starting up: Expiring failure detector timer to make a prompt election more likely
I20260710 13:17:36.188832  6999 raft_consensus.cc:740] T 9de5a75bb24740b4874c83c23f22a475 P e4df479155a04a04b8d1b766d61500ae [term 0 FOLLOWER]: Becoming Follower/Learner. State: Replica: e4df479155a04a04b8d1b766d61500ae, State: Initialized, Role: FOLLOWER
W20260710 13:17:36.190637  6773 leader_election.cc:343] T 56393e9fe68940f4864c14ff29e30df0 P d3fb638ce1684299bae77fa8f91cedc9 [CANDIDATE]: Term 1 pre-election: Tablet error from VoteRequest() call to peer 3a7e10b03b974e9d8d5aa05d153cdfea (127.5.148.2:41015): Illegal state: must be running to vote when last-logged opid is not known
I20260710 13:17:36.190855  6999 consensus_queue.cc:260] T 9de5a75bb24740b4874c83c23f22a475 P e4df479155a04a04b8d1b766d61500ae [NON_LEADER]: Queue going to NON_LEADER mode. State: All replicated index: 0, Majority replicated index: 0, Committed index: 0, Last appended: 0.0, Last appended by leader: 0, Current term: 0, Majority size: -1, State: 0, Mode: NON_LEADER, active raft config: opid_index: -1 OBSOLETE_local: false peers { permanent_uuid: "d3fb638ce1684299bae77fa8f91cedc9" member_type: VOTER last_known_addr { host: "127.5.148.1" port: 40589 } } peers { permanent_uuid: "3a7e10b03b974e9d8d5aa05d153cdfea" member_type: VOTER last_known_addr { host: "127.5.148.2" port: 41015 } } peers { permanent_uuid: "e4df479155a04a04b8d1b766d61500ae" member_type: VOTER last_known_addr { host: "127.5.148.3" port: 41605 } }
I20260710 13:17:36.193190  7008 leader_election.cc:290] T f788f79bd0b945b6b5983677788e05c7 P d3fb638ce1684299bae77fa8f91cedc9 [CANDIDATE]: Term 1 pre-election: Requested pre-vote from peers 3a7e10b03b974e9d8d5aa05d153cdfea (127.5.148.2:41015), e4df479155a04a04b8d1b766d61500ae (127.5.148.3:41605)
I20260710 13:17:36.193887  6999 ts_tablet_manager.cc:1434] T 9de5a75bb24740b4874c83c23f22a475 P e4df479155a04a04b8d1b766d61500ae: Time spent starting tablet: real 0.011s	user 0.005s	sys 0.001s
I20260710 13:17:36.194763  6958 tablet_service.cc:1917] Received RequestConsensusVote() RPC: tablet_id: "f788f79bd0b945b6b5983677788e05c7" candidate_uuid: "d3fb638ce1684299bae77fa8f91cedc9" candidate_term: 1 candidate_status { last_received { term: 0 index: 0 } } ignore_live_leader: false dest_uuid: "e4df479155a04a04b8d1b766d61500ae" is_pre_election: true
I20260710 13:17:36.197782  6958 raft_consensus.cc:2393] T f788f79bd0b945b6b5983677788e05c7 P e4df479155a04a04b8d1b766d61500ae [term 1 FOLLOWER]: Leader pre-election vote request: Denying vote to candidate d3fb638ce1684299bae77fa8f91cedc9 in current term 1: Already voted for candidate 3a7e10b03b974e9d8d5aa05d153cdfea in this term.
I20260710 13:17:36.199873  6999 tablet_bootstrap.cc:492] T add67742507b4545abd548134d9e8bd6 P e4df479155a04a04b8d1b766d61500ae: Bootstrap starting.
I20260710 13:17:36.200208  6776 leader_election.cc:304] T f788f79bd0b945b6b5983677788e05c7 P d3fb638ce1684299bae77fa8f91cedc9 [CANDIDATE]: Term 1 pre-election: Election decided. Result: candidate lost. Election summary: received 3 responses out of 3 voters: 1 yes votes; 2 no votes. yes voters: d3fb638ce1684299bae77fa8f91cedc9; no voters: 3a7e10b03b974e9d8d5aa05d153cdfea, e4df479155a04a04b8d1b766d61500ae
I20260710 13:17:36.205612  7006 raft_consensus.cc:515] T 1d1dca8ca321467bb43929a061a3b348 P e4df479155a04a04b8d1b766d61500ae [term 1 FOLLOWER]: Starting leader election with config: opid_index: -1 OBSOLETE_local: false peers { permanent_uuid: "d3fb638ce1684299bae77fa8f91cedc9" member_type: VOTER last_known_addr { host: "127.5.148.1" port: 40589 } } peers { permanent_uuid: "3a7e10b03b974e9d8d5aa05d153cdfea" member_type: VOTER last_known_addr { host: "127.5.148.2" port: 41015 } } peers { permanent_uuid: "e4df479155a04a04b8d1b766d61500ae" member_type: VOTER last_known_addr { host: "127.5.148.3" port: 41605 } }
I20260710 13:17:36.206362  7008 raft_consensus.cc:3060] T f788f79bd0b945b6b5983677788e05c7 P d3fb638ce1684299bae77fa8f91cedc9 [term 0 FOLLOWER]: Advancing to term 1
I20260710 13:17:36.208660  6959 raft_consensus.cc:2468] T 93521979fbf34c53a32f54ec4b242404 P e4df479155a04a04b8d1b766d61500ae [term 1 FOLLOWER]: Leader election vote request: Granting yes vote for candidate 3a7e10b03b974e9d8d5aa05d153cdfea in term 1.
I20260710 13:17:36.214151  7035 raft_consensus.cc:515] T 56393e9fe68940f4864c14ff29e30df0 P d3fb638ce1684299bae77fa8f91cedc9 [term 1 FOLLOWER]: Starting leader election with config: opid_index: -1 OBSOLETE_local: false peers { permanent_uuid: "d3fb638ce1684299bae77fa8f91cedc9" member_type: VOTER last_known_addr { host: "127.5.148.1" port: 40589 } } peers { permanent_uuid: "3a7e10b03b974e9d8d5aa05d153cdfea" member_type: VOTER last_known_addr { host: "127.5.148.2" port: 41015 } } peers { permanent_uuid: "e4df479155a04a04b8d1b766d61500ae" member_type: VOTER last_known_addr { host: "127.5.148.3" port: 41605 } }
I20260710 13:17:36.239199  7006 leader_election.cc:290] T 1d1dca8ca321467bb43929a061a3b348 P e4df479155a04a04b8d1b766d61500ae [CANDIDATE]: Term 1 election: Requested vote from peers d3fb638ce1684299bae77fa8f91cedc9 (127.5.148.1:40589), 3a7e10b03b974e9d8d5aa05d153cdfea (127.5.148.2:41015)
I20260710 13:17:36.240983  7035 leader_election.cc:290] T 56393e9fe68940f4864c14ff29e30df0 P d3fb638ce1684299bae77fa8f91cedc9 [CANDIDATE]: Term 1 election: Requested vote from peers 3a7e10b03b974e9d8d5aa05d153cdfea (127.5.148.2:41015), e4df479155a04a04b8d1b766d61500ae (127.5.148.3:41605)
I20260710 13:17:36.241663  6885 tablet_service.cc:1917] Received RequestConsensusVote() RPC: tablet_id: "56393e9fe68940f4864c14ff29e30df0" candidate_uuid: "d3fb638ce1684299bae77fa8f91cedc9" candidate_term: 1 candidate_status { last_received { term: 0 index: 0 } } ignore_live_leader: false dest_uuid: "3a7e10b03b974e9d8d5aa05d153cdfea"
I20260710 13:17:36.244416  6882 tablet_service.cc:1917] Received RequestConsensusVote() RPC: tablet_id: "1d1dca8ca321467bb43929a061a3b348" candidate_uuid: "e4df479155a04a04b8d1b766d61500ae" candidate_term: 1 candidate_status { last_received { term: 0 index: 0 } } ignore_live_leader: false dest_uuid: "3a7e10b03b974e9d8d5aa05d153cdfea"
I20260710 13:17:36.245185  6882 raft_consensus.cc:3060] T 1d1dca8ca321467bb43929a061a3b348 P 3a7e10b03b974e9d8d5aa05d153cdfea [term 0 FOLLOWER]: Advancing to term 1
I20260710 13:17:36.251703  7028 consensus_queue.cc:1048] T e0a541fb219c450fbc0e0c7958eb3e60 P 3a7e10b03b974e9d8d5aa05d153cdfea [LEADER]: Connected to new peer: Peer: permanent_uuid: "e4df479155a04a04b8d1b766d61500ae" member_type: VOTER last_known_addr { host: "127.5.148.3" port: 41605 }, Status: LMP_MISMATCH, Last received: 0.0, Next index: 1, Last known committed idx: 0, Time since last communication: 0.000s
I20260710 13:17:36.252027  6958 tablet_service.cc:1917] Received RequestConsensusVote() RPC: tablet_id: "56393e9fe68940f4864c14ff29e30df0" candidate_uuid: "d3fb638ce1684299bae77fa8f91cedc9" candidate_term: 1 candidate_status { last_received { term: 0 index: 0 } } ignore_live_leader: false dest_uuid: "e4df479155a04a04b8d1b766d61500ae"
I20260710 13:17:36.252554  6958 raft_consensus.cc:3060] T 56393e9fe68940f4864c14ff29e30df0 P e4df479155a04a04b8d1b766d61500ae [term 0 FOLLOWER]: Advancing to term 1
W20260710 13:17:36.251714  6773 leader_election.cc:343] T 56393e9fe68940f4864c14ff29e30df0 P d3fb638ce1684299bae77fa8f91cedc9 [CANDIDATE]: Term 1 election: Tablet error from VoteRequest() call to peer 3a7e10b03b974e9d8d5aa05d153cdfea (127.5.148.2:41015): Illegal state: must be running to vote when last-logged opid is not known
I20260710 13:17:36.257899  7001 tablet_bootstrap.cc:492] T 2e29421e11fd40f6ba8d415fb8053c95 P d3fb638ce1684299bae77fa8f91cedc9: No bootstrap required, opened a new log
I20260710 13:17:36.258373  7001 ts_tablet_manager.cc:1403] T 2e29421e11fd40f6ba8d415fb8053c95 P d3fb638ce1684299bae77fa8f91cedc9: Time spent bootstrapping tablet: real 0.176s	user 0.007s	sys 0.018s
I20260710 13:17:36.260094  7008 raft_consensus.cc:2749] T f788f79bd0b945b6b5983677788e05c7 P d3fb638ce1684299bae77fa8f91cedc9 [term 1 FOLLOWER]: Leader pre-election lost for term 1. Reason: could not achieve majority
I20260710 13:17:36.260967  7001 raft_consensus.cc:359] T 2e29421e11fd40f6ba8d415fb8053c95 P d3fb638ce1684299bae77fa8f91cedc9 [term 0 FOLLOWER]: Replica starting. Triggering 0 pending ops. Active config: opid_index: -1 OBSOLETE_local: false peers { permanent_uuid: "d3fb638ce1684299bae77fa8f91cedc9" member_type: VOTER last_known_addr { host: "127.5.148.1" port: 40589 } } peers { permanent_uuid: "3a7e10b03b974e9d8d5aa05d153cdfea" member_type: VOTER last_known_addr { host: "127.5.148.2" port: 41015 } } peers { permanent_uuid: "e4df479155a04a04b8d1b766d61500ae" member_type: VOTER last_known_addr { host: "127.5.148.3" port: 41605 } }
I20260710 13:17:36.261411  7001 raft_consensus.cc:385] T 2e29421e11fd40f6ba8d415fb8053c95 P d3fb638ce1684299bae77fa8f91cedc9 [term 0 FOLLOWER]: Consensus starting up: Expiring failure detector timer to make a prompt election more likely
