I20260710 13:17:34.109673  7184 raft_consensus.cc:515] T 6293bfbdb626495da4d77612a40a9cf7 P 39998d6e0cc94a50b80095f18474df6a [term 0 FOLLOWER]: Starting pre-election with config: opid_index: -1 OBSOLETE_local: false peers { permanent_uuid: "39998d6e0cc94a50b80095f18474df6a" member_type: VOTER last_known_addr { host: "127.5.190.129" port: 39313 } } peers { permanent_uuid: "19b34c62b4534d5395019d8c445e7329" member_type: VOTER last_known_addr { host: "127.5.190.130" port: 44389 } } peers { permanent_uuid: "8eaa91a06c74400581446022f2792c5e" member_type: VOTER last_known_addr { host: "127.5.190.131" port: 34001 } }
I20260710 13:17:34.111979  7184 leader_election.cc:290] T 6293bfbdb626495da4d77612a40a9cf7 P 39998d6e0cc94a50b80095f18474df6a [CANDIDATE]: Term 1 pre-election: Requested pre-vote from peers 19b34c62b4534d5395019d8c445e7329 (127.5.190.130:44389), 8eaa91a06c74400581446022f2792c5e (127.5.190.131:34001)
I20260710 13:17:34.111896  7179 raft_consensus.cc:359] T d14efb2b2a0349868e522bcc4d376cec P 8eaa91a06c74400581446022f2792c5e [term 0 FOLLOWER]: Replica starting. Triggering 0 pending ops. Active config: opid_index: -1 OBSOLETE_local: false peers { permanent_uuid: "39998d6e0cc94a50b80095f18474df6a" member_type: VOTER last_known_addr { host: "127.5.190.129" port: 39313 } } peers { permanent_uuid: "19b34c62b4534d5395019d8c445e7329" member_type: VOTER last_known_addr { host: "127.5.190.130" port: 44389 } } peers { permanent_uuid: "8eaa91a06c74400581446022f2792c5e" member_type: VOTER last_known_addr { host: "127.5.190.131" port: 34001 } }
I20260710 13:17:34.112671  7179 raft_consensus.cc:385] T d14efb2b2a0349868e522bcc4d376cec P 8eaa91a06c74400581446022f2792c5e [term 0 FOLLOWER]: Consensus starting up: Expiring failure detector timer to make a prompt election more likely
I20260710 13:17:34.112773  7177 ts_tablet_manager.cc:1434] T 1d110bd6dbd240bb8774cf646ce6349e P 19b34c62b4534d5395019d8c445e7329: Time spent starting tablet: real 0.008s	user 0.007s	sys 0.000s
I20260710 13:17:34.113056  7179 raft_consensus.cc:740] T d14efb2b2a0349868e522bcc4d376cec P 8eaa91a06c74400581446022f2792c5e [term 0 FOLLOWER]: Becoming Follower/Learner. State: Replica: 8eaa91a06c74400581446022f2792c5e, State: Initialized, Role: FOLLOWER
I20260710 13:17:34.113754  7177 tablet_bootstrap.cc:492] T f1e43e5e2bc04944bd9ca6ff0849cca0 P 19b34c62b4534d5395019d8c445e7329: Bootstrap starting.
I20260710 13:17:34.114105  7137 tablet_service.cc:1917] Received RequestConsensusVote() RPC: tablet_id: "6293bfbdb626495da4d77612a40a9cf7" candidate_uuid: "39998d6e0cc94a50b80095f18474df6a" candidate_term: 1 candidate_status { last_received { term: 0 index: 0 } } ignore_live_leader: false dest_uuid: "8eaa91a06c74400581446022f2792c5e" is_pre_election: true
I20260710 13:17:34.113902  7179 consensus_queue.cc:260] T d14efb2b2a0349868e522bcc4d376cec P 8eaa91a06c74400581446022f2792c5e [NON_LEADER]: Queue going to NON_LEADER mode. State: All replicated index: 0, Majority replicated index: 0, Committed index: 0, Last appended: 0.0, Last appended by leader: 0, Current term: 0, Majority size: -1, State: 0, Mode: NON_LEADER, active raft config: opid_index: -1 OBSOLETE_local: false peers { permanent_uuid: "39998d6e0cc94a50b80095f18474df6a" member_type: VOTER last_known_addr { host: "127.5.190.129" port: 39313 } } peers { permanent_uuid: "19b34c62b4534d5395019d8c445e7329" member_type: VOTER last_known_addr { host: "127.5.190.130" port: 44389 } } peers { permanent_uuid: "8eaa91a06c74400581446022f2792c5e" member_type: VOTER last_known_addr { host: "127.5.190.131" port: 34001 } }
I20260710 13:17:34.114851  7137 raft_consensus.cc:2393] T 6293bfbdb626495da4d77612a40a9cf7 P 8eaa91a06c74400581446022f2792c5e [term 1 FOLLOWER]: Leader pre-election vote request: Denying vote to candidate 39998d6e0cc94a50b80095f18474df6a in current term 1: Already voted for candidate 19b34c62b4534d5395019d8c445e7329 in this term.
I20260710 13:17:34.115321  7063 tablet_service.cc:1917] Received RequestConsensusVote() RPC: tablet_id: "6293bfbdb626495da4d77612a40a9cf7" candidate_uuid: "39998d6e0cc94a50b80095f18474df6a" candidate_term: 1 candidate_status { last_received { term: 0 index: 0 } } ignore_live_leader: false dest_uuid: "19b34c62b4534d5395019d8c445e7329" is_pre_election: true
I20260710 13:17:34.116540  7179 ts_tablet_manager.cc:1434] T d14efb2b2a0349868e522bcc4d376cec P 8eaa91a06c74400581446022f2792c5e: Time spent starting tablet: real 0.011s	user 0.007s	sys 0.000s
I20260710 13:17:34.116766  6954 leader_election.cc:304] T 6293bfbdb626495da4d77612a40a9cf7 P 39998d6e0cc94a50b80095f18474df6a [CANDIDATE]: Term 1 pre-election: Election decided. Result: candidate lost. Election summary: received 3 responses out of 3 voters: 1 yes votes; 2 no votes. yes voters: 39998d6e0cc94a50b80095f18474df6a; no voters: 19b34c62b4534d5395019d8c445e7329, 8eaa91a06c74400581446022f2792c5e
I20260710 13:17:34.117630  7179 tablet_bootstrap.cc:492] T f1e43e5e2bc04944bd9ca6ff0849cca0 P 8eaa91a06c74400581446022f2792c5e: Bootstrap starting.
I20260710 13:17:34.117811  7184 raft_consensus.cc:3060] T 6293bfbdb626495da4d77612a40a9cf7 P 39998d6e0cc94a50b80095f18474df6a [term 0 FOLLOWER]: Advancing to term 1
I20260710 13:17:34.123148  7177 tablet_bootstrap.cc:654] T f1e43e5e2bc04944bd9ca6ff0849cca0 P 19b34c62b4534d5395019d8c445e7329: Neither blocks nor log segments found. Creating new log.
I20260710 13:17:34.124079  7179 tablet_bootstrap.cc:654] T f1e43e5e2bc04944bd9ca6ff0849cca0 P 8eaa91a06c74400581446022f2792c5e: Neither blocks nor log segments found. Creating new log.
I20260710 13:17:34.124706  7184 raft_consensus.cc:2749] T 6293bfbdb626495da4d77612a40a9cf7 P 39998d6e0cc94a50b80095f18474df6a [term 1 FOLLOWER]: Leader pre-election lost for term 1. Reason: could not achieve majority
I20260710 13:17:34.128448  7178 tablet_bootstrap.cc:492] T d14efb2b2a0349868e522bcc4d376cec P 39998d6e0cc94a50b80095f18474df6a: No bootstrap required, opened a new log
I20260710 13:17:34.128849  7178 ts_tablet_manager.cc:1403] T d14efb2b2a0349868e522bcc4d376cec P 39998d6e0cc94a50b80095f18474df6a: Time spent bootstrapping tablet: real 0.040s	user 0.016s	sys 0.003s
I20260710 13:17:34.130831  7177 tablet_bootstrap.cc:492] T f1e43e5e2bc04944bd9ca6ff0849cca0 P 19b34c62b4534d5395019d8c445e7329: No bootstrap required, opened a new log
I20260710 13:17:34.131287  7177 ts_tablet_manager.cc:1403] T f1e43e5e2bc04944bd9ca6ff0849cca0 P 19b34c62b4534d5395019d8c445e7329: Time spent bootstrapping tablet: real 0.018s	user 0.008s	sys 0.003s
I20260710 13:17:34.131278  7178 raft_consensus.cc:359] T d14efb2b2a0349868e522bcc4d376cec P 39998d6e0cc94a50b80095f18474df6a [term 0 FOLLOWER]: Replica starting. Triggering 0 pending ops. Active config: opid_index: -1 OBSOLETE_local: false peers { permanent_uuid: "39998d6e0cc94a50b80095f18474df6a" member_type: VOTER last_known_addr { host: "127.5.190.129" port: 39313 } } peers { permanent_uuid: "19b34c62b4534d5395019d8c445e7329" member_type: VOTER last_known_addr { host: "127.5.190.130" port: 44389 } } peers { permanent_uuid: "8eaa91a06c74400581446022f2792c5e" member_type: VOTER last_known_addr { host: "127.5.190.131" port: 34001 } }
I20260710 13:17:34.131976  7178 raft_consensus.cc:385] T d14efb2b2a0349868e522bcc4d376cec P 39998d6e0cc94a50b80095f18474df6a [term 0 FOLLOWER]: Consensus starting up: Expiring failure detector timer to make a prompt election more likely
I20260710 13:17:34.132226  7178 raft_consensus.cc:740] T d14efb2b2a0349868e522bcc4d376cec P 39998d6e0cc94a50b80095f18474df6a [term 0 FOLLOWER]: Becoming Follower/Learner. State: Replica: 39998d6e0cc94a50b80095f18474df6a, State: Initialized, Role: FOLLOWER
I20260710 13:17:34.132833  7178 consensus_queue.cc:260] T d14efb2b2a0349868e522bcc4d376cec P 39998d6e0cc94a50b80095f18474df6a [NON_LEADER]: Queue going to NON_LEADER mode. State: All replicated index: 0, Majority replicated index: 0, Committed index: 0, Last appended: 0.0, Last appended by leader: 0, Current term: 0, Majority size: -1, State: 0, Mode: NON_LEADER, active raft config: opid_index: -1 OBSOLETE_local: false peers { permanent_uuid: "39998d6e0cc94a50b80095f18474df6a" member_type: VOTER last_known_addr { host: "127.5.190.129" port: 39313 } } peers { permanent_uuid: "19b34c62b4534d5395019d8c445e7329" member_type: VOTER last_known_addr { host: "127.5.190.130" port: 44389 } } peers { permanent_uuid: "8eaa91a06c74400581446022f2792c5e" member_type: VOTER last_known_addr { host: "127.5.190.131" port: 34001 } }
I20260710 13:17:34.134123  7177 raft_consensus.cc:359] T f1e43e5e2bc04944bd9ca6ff0849cca0 P 19b34c62b4534d5395019d8c445e7329 [term 0 FOLLOWER]: Replica starting. Triggering 0 pending ops. Active config: opid_index: -1 OBSOLETE_local: false peers { permanent_uuid: "39998d6e0cc94a50b80095f18474df6a" member_type: VOTER last_known_addr { host: "127.5.190.129" port: 39313 } } peers { permanent_uuid: "19b34c62b4534d5395019d8c445e7329" member_type: VOTER last_known_addr { host: "127.5.190.130" port: 44389 } } peers { permanent_uuid: "8eaa91a06c74400581446022f2792c5e" member_type: VOTER last_known_addr { host: "127.5.190.131" port: 34001 } }
I20260710 13:17:34.134657  7177 raft_consensus.cc:385] T f1e43e5e2bc04944bd9ca6ff0849cca0 P 19b34c62b4534d5395019d8c445e7329 [term 0 FOLLOWER]: Consensus starting up: Expiring failure detector timer to make a prompt election more likely
I20260710 13:17:34.134933  7177 raft_consensus.cc:740] T f1e43e5e2bc04944bd9ca6ff0849cca0 P 19b34c62b4534d5395019d8c445e7329 [term 0 FOLLOWER]: Becoming Follower/Learner. State: Replica: 19b34c62b4534d5395019d8c445e7329, State: Initialized, Role: FOLLOWER
I20260710 13:17:34.135106  7178 ts_tablet_manager.cc:1434] T d14efb2b2a0349868e522bcc4d376cec P 39998d6e0cc94a50b80095f18474df6a: Time spent starting tablet: real 0.006s	user 0.007s	sys 0.000s
I20260710 13:17:34.136063  7178 tablet_bootstrap.cc:492] T 1d110bd6dbd240bb8774cf646ce6349e P 39998d6e0cc94a50b80095f18474df6a: Bootstrap starting.
I20260710 13:17:34.135751  7177 consensus_queue.cc:260] T f1e43e5e2bc04944bd9ca6ff0849cca0 P 19b34c62b4534d5395019d8c445e7329 [NON_LEADER]: Queue going to NON_LEADER mode. State: All replicated index: 0, Majority replicated index: 0, Committed index: 0, Last appended: 0.0, Last appended by leader: 0, Current term: 0, Majority size: -1, State: 0, Mode: NON_LEADER, active raft config: opid_index: -1 OBSOLETE_local: false peers { permanent_uuid: "39998d6e0cc94a50b80095f18474df6a" member_type: VOTER last_known_addr { host: "127.5.190.129" port: 39313 } } peers { permanent_uuid: "19b34c62b4534d5395019d8c445e7329" member_type: VOTER last_known_addr { host: "127.5.190.130" port: 44389 } } peers { permanent_uuid: "8eaa91a06c74400581446022f2792c5e" member_type: VOTER last_known_addr { host: "127.5.190.131" port: 34001 } }
I20260710 13:17:34.136552  7179 tablet_bootstrap.cc:492] T f1e43e5e2bc04944bd9ca6ff0849cca0 P 8eaa91a06c74400581446022f2792c5e: No bootstrap required, opened a new log
I20260710 13:17:34.136998  7179 ts_tablet_manager.cc:1403] T f1e43e5e2bc04944bd9ca6ff0849cca0 P 8eaa91a06c74400581446022f2792c5e: Time spent bootstrapping tablet: real 0.020s	user 0.004s	sys 0.006s
I20260710 13:17:34.139734  7179 raft_consensus.cc:359] T f1e43e5e2bc04944bd9ca6ff0849cca0 P 8eaa91a06c74400581446022f2792c5e [term 0 FOLLOWER]: Replica starting. Triggering 0 pending ops. Active config: opid_index: -1 OBSOLETE_local: false peers { permanent_uuid: "39998d6e0cc94a50b80095f18474df6a" member_type: VOTER last_known_addr { host: "127.5.190.129" port: 39313 } } peers { permanent_uuid: "19b34c62b4534d5395019d8c445e7329" member_type: VOTER last_known_addr { host: "127.5.190.130" port: 44389 } } peers { permanent_uuid: "8eaa91a06c74400581446022f2792c5e" member_type: VOTER last_known_addr { host: "127.5.190.131" port: 34001 } }
I20260710 13:17:34.140413  7179 raft_consensus.cc:385] T f1e43e5e2bc04944bd9ca6ff0849cca0 P 8eaa91a06c74400581446022f2792c5e [term 0 FOLLOWER]: Consensus starting up: Expiring failure detector timer to make a prompt election more likely
I20260710 13:17:34.140686  7179 raft_consensus.cc:740] T f1e43e5e2bc04944bd9ca6ff0849cca0 P 8eaa91a06c74400581446022f2792c5e [term 0 FOLLOWER]: Becoming Follower/Learner. State: Replica: 8eaa91a06c74400581446022f2792c5e, State: Initialized, Role: FOLLOWER
I20260710 13:17:34.141356  7179 consensus_queue.cc:260] T f1e43e5e2bc04944bd9ca6ff0849cca0 P 8eaa91a06c74400581446022f2792c5e [NON_LEADER]: Queue going to NON_LEADER mode. State: All replicated index: 0, Majority replicated index: 0, Committed index: 0, Last appended: 0.0, Last appended by leader: 0, Current term: 0, Majority size: -1, State: 0, Mode: NON_LEADER, active raft config: opid_index: -1 OBSOLETE_local: false peers { permanent_uuid: "39998d6e0cc94a50b80095f18474df6a" member_type: VOTER last_known_addr { host: "127.5.190.129" port: 39313 } } peers { permanent_uuid: "19b34c62b4534d5395019d8c445e7329" member_type: VOTER last_known_addr { host: "127.5.190.130" port: 44389 } } peers { permanent_uuid: "8eaa91a06c74400581446022f2792c5e" member_type: VOTER last_known_addr { host: "127.5.190.131" port: 34001 } }
I20260710 13:17:34.142830  7178 tablet_bootstrap.cc:654] T 1d110bd6dbd240bb8774cf646ce6349e P 39998d6e0cc94a50b80095f18474df6a: Neither blocks nor log segments found. Creating new log.
I20260710 13:17:34.143579  7179 ts_tablet_manager.cc:1434] T f1e43e5e2bc04944bd9ca6ff0849cca0 P 8eaa91a06c74400581446022f2792c5e: Time spent starting tablet: real 0.006s	user 0.007s	sys 0.001s
I20260710 13:17:34.144642  7179 tablet_bootstrap.cc:492] T bae4e55ca59a43eeb039ca163989bb03 P 8eaa91a06c74400581446022f2792c5e: Bootstrap starting.
I20260710 13:17:34.147145  7177 ts_tablet_manager.cc:1434] T f1e43e5e2bc04944bd9ca6ff0849cca0 P 19b34c62b4534d5395019d8c445e7329: Time spent starting tablet: real 0.015s	user 0.005s	sys 0.001s
I20260710 13:17:34.150806  7179 tablet_bootstrap.cc:654] T bae4e55ca59a43eeb039ca163989bb03 P 8eaa91a06c74400581446022f2792c5e: Neither blocks nor log segments found. Creating new log.
I20260710 13:17:34.153784  7182 raft_consensus.cc:493] T 8c309895f99a4ab096492befb10e07e8 P 19b34c62b4534d5395019d8c445e7329 [term 0 FOLLOWER]: Starting pre-election (no leader contacted us within the election timeout)
I20260710 13:17:34.154369  7182 raft_consensus.cc:515] T 8c309895f99a4ab096492befb10e07e8 P 19b34c62b4534d5395019d8c445e7329 [term 0 FOLLOWER]: Starting pre-election with config: opid_index: -1 OBSOLETE_local: false peers { permanent_uuid: "8eaa91a06c74400581446022f2792c5e" member_type: VOTER last_known_addr { host: "127.5.190.131" port: 34001 } } peers { permanent_uuid: "39998d6e0cc94a50b80095f18474df6a" member_type: VOTER last_known_addr { host: "127.5.190.129" port: 39313 } } peers { permanent_uuid: "19b34c62b4534d5395019d8c445e7329" member_type: VOTER last_known_addr { host: "127.5.190.130" port: 44389 } }
I20260710 13:17:34.156930  7182 leader_election.cc:290] T 8c309895f99a4ab096492befb10e07e8 P 19b34c62b4534d5395019d8c445e7329 [CANDIDATE]: Term 1 pre-election: Requested pre-vote from peers 8eaa91a06c74400581446022f2792c5e (127.5.190.131:34001), 39998d6e0cc94a50b80095f18474df6a (127.5.190.129:39313)
I20260710 13:17:34.157768  7178 tablet_bootstrap.cc:492] T 1d110bd6dbd240bb8774cf646ce6349e P 39998d6e0cc94a50b80095f18474df6a: No bootstrap required, opened a new log
I20260710 13:17:34.158252  7178 ts_tablet_manager.cc:1403] T 1d110bd6dbd240bb8774cf646ce6349e P 39998d6e0cc94a50b80095f18474df6a: Time spent bootstrapping tablet: real 0.022s	user 0.008s	sys 0.008s
I20260710 13:17:34.158828  7137 tablet_service.cc:1917] Received RequestConsensusVote() RPC: tablet_id: "8c309895f99a4ab096492befb10e07e8" candidate_uuid: "19b34c62b4534d5395019d8c445e7329" candidate_term: 1 candidate_status { last_received { term: 0 index: 0 } } ignore_live_leader: false dest_uuid: "8eaa91a06c74400581446022f2792c5e" is_pre_election: true
I20260710 13:17:34.159564  7137 raft_consensus.cc:2468] T 8c309895f99a4ab096492befb10e07e8 P 8eaa91a06c74400581446022f2792c5e [term 0 FOLLOWER]: Leader pre-election vote request: Granting yes vote for candidate 19b34c62b4534d5395019d8c445e7329 in term 0.
I20260710 13:17:34.161072  7028 leader_election.cc:304] T 8c309895f99a4ab096492befb10e07e8 P 19b34c62b4534d5395019d8c445e7329 [CANDIDATE]: Term 1 pre-election: Election decided. Result: candidate won. Election summary: received 2 responses out of 3 voters: 2 yes votes; 0 no votes. yes voters: 19b34c62b4534d5395019d8c445e7329, 8eaa91a06c74400581446022f2792c5e; no voters: 
I20260710 13:17:34.161773  7179 tablet_bootstrap.cc:492] T bae4e55ca59a43eeb039ca163989bb03 P 8eaa91a06c74400581446022f2792c5e: No bootstrap required, opened a new log
I20260710 13:17:34.162204  7179 ts_tablet_manager.cc:1403] T bae4e55ca59a43eeb039ca163989bb03 P 8eaa91a06c74400581446022f2792c5e: Time spent bootstrapping tablet: real 0.018s	user 0.012s	sys 0.004s
I20260710 13:17:34.162958  6988 tablet_service.cc:1917] Received RequestConsensusVote() RPC: tablet_id: "8c309895f99a4ab096492befb10e07e8" candidate_uuid: "19b34c62b4534d5395019d8c445e7329" candidate_term: 1 candidate_status { last_received { term: 0 index: 0 } } ignore_live_leader: false dest_uuid: "39998d6e0cc94a50b80095f18474df6a" is_pre_election: true
I20260710 13:17:34.163578  6988 raft_consensus.cc:2468] T 8c309895f99a4ab096492befb10e07e8 P 39998d6e0cc94a50b80095f18474df6a [term 0 FOLLOWER]: Leader pre-election vote request: Granting yes vote for candidate 19b34c62b4534d5395019d8c445e7329 in term 0.
I20260710 13:17:34.163965  7177 tablet_bootstrap.cc:492] T c6e98a9a15384993a9af42885d39e39c P 19b34c62b4534d5395019d8c445e7329: Bootstrap starting.
I20260710 13:17:34.163112  7182 raft_consensus.cc:2804] T 8c309895f99a4ab096492befb10e07e8 P 19b34c62b4534d5395019d8c445e7329 [term 0 FOLLOWER]: Leader pre-election won for term 1
I20260710 13:17:34.165151  7182 raft_consensus.cc:493] T 8c309895f99a4ab096492befb10e07e8 P 19b34c62b4534d5395019d8c445e7329 [term 0 FOLLOWER]: Starting leader election (no leader contacted us within the election timeout)
I20260710 13:17:34.165583  7182 raft_consensus.cc:3060] T 8c309895f99a4ab096492befb10e07e8 P 19b34c62b4534d5395019d8c445e7329 [term 0 FOLLOWER]: Advancing to term 1
I20260710 13:17:34.165680  7178 raft_consensus.cc:359] T 1d110bd6dbd240bb8774cf646ce6349e P 39998d6e0cc94a50b80095f18474df6a [term 0 FOLLOWER]: Replica starting. Triggering 0 pending ops. Active config: opid_index: -1 OBSOLETE_local: false peers { permanent_uuid: "39998d6e0cc94a50b80095f18474df6a" member_type: VOTER last_known_addr { host: "127.5.190.129" port: 39313 } } peers { permanent_uuid: "19b34c62b4534d5395019d8c445e7329" member_type: VOTER last_known_addr { host: "127.5.190.130" port: 44389 } } peers { permanent_uuid: "8eaa91a06c74400581446022f2792c5e" member_type: VOTER last_known_addr { host: "127.5.190.131" port: 34001 } }
I20260710 13:17:34.166657  7178 raft_consensus.cc:385] T 1d110bd6dbd240bb8774cf646ce6349e P 39998d6e0cc94a50b80095f18474df6a [term 0 FOLLOWER]: Consensus starting up: Expiring failure detector timer to make a prompt election more likely
I20260710 13:17:34.166999  7178 raft_consensus.cc:740] T 1d110bd6dbd240bb8774cf646ce6349e P 39998d6e0cc94a50b80095f18474df6a [term 0 FOLLOWER]: Becoming Follower/Learner. State: Replica: 39998d6e0cc94a50b80095f18474df6a, State: Initialized, Role: FOLLOWER
I20260710 13:17:34.167626  7178 consensus_queue.cc:260] T 1d110bd6dbd240bb8774cf646ce6349e P 39998d6e0cc94a50b80095f18474df6a [NON_LEADER]: Queue going to NON_LEADER mode. State: All replicated index: 0, Majority replicated index: 0, Committed index: 0, Last appended: 0.0, Last appended by leader: 0, Current term: 0, Majority size: -1, State: 0, Mode: NON_LEADER, active raft config: opid_index: -1 OBSOLETE_local: false peers { permanent_uuid: "39998d6e0cc94a50b80095f18474df6a" member_type: VOTER last_known_addr { host: "127.5.190.129" port: 39313 } } peers { permanent_uuid: "19b34c62b4534d5395019d8c445e7329" member_type: VOTER last_known_addr { host: "127.5.190.130" port: 44389 } } peers { permanent_uuid: "8eaa91a06c74400581446022f2792c5e" member_type: VOTER last_known_addr { host: "127.5.190.131" port: 34001 } }
I20260710 13:17:34.169546  7178 ts_tablet_manager.cc:1434] T 1d110bd6dbd240bb8774cf646ce6349e P 39998d6e0cc94a50b80095f18474df6a: Time spent starting tablet: real 0.011s	user 0.005s	sys 0.000s
I20260710 13:17:34.170439  7178 tablet_bootstrap.cc:492] T f1e43e5e2bc04944bd9ca6ff0849cca0 P 39998d6e0cc94a50b80095f18474df6a: Bootstrap starting.
I20260710 13:17:34.171517  7177 tablet_bootstrap.cc:654] T c6e98a9a15384993a9af42885d39e39c P 19b34c62b4534d5395019d8c445e7329: Neither blocks nor log segments found. Creating new log.
I20260710 13:17:34.175851  7179 raft_consensus.cc:359] T bae4e55ca59a43eeb039ca163989bb03 P 8eaa91a06c74400581446022f2792c5e [term 0 FOLLOWER]: Replica starting. Triggering 0 pending ops. Active config: opid_index: -1 OBSOLETE_local: false peers { permanent_uuid: "39998d6e0cc94a50b80095f18474df6a" member_type: VOTER last_known_addr { host: "127.5.190.129" port: 39313 } } peers { permanent_uuid: "19b34c62b4534d5395019d8c445e7329" member_type: VOTER last_known_addr { host: "127.5.190.130" port: 44389 } } peers { permanent_uuid: "8eaa91a06c74400581446022f2792c5e" member_type: VOTER last_known_addr { host: "127.5.190.131" port: 34001 } }
I20260710 13:17:34.176673  7178 tablet_bootstrap.cc:654] T f1e43e5e2bc04944bd9ca6ff0849cca0 P 39998d6e0cc94a50b80095f18474df6a: Neither blocks nor log segments found. Creating new log.
I20260710 13:17:34.176746  7179 raft_consensus.cc:385] T bae4e55ca59a43eeb039ca163989bb03 P 8eaa91a06c74400581446022f2792c5e [term 0 FOLLOWER]: Consensus starting up: Expiring failure detector timer to make a prompt election more likely
I20260710 13:17:34.177244  7179 raft_consensus.cc:740] T bae4e55ca59a43eeb039ca163989bb03 P 8eaa91a06c74400581446022f2792c5e [term 0 FOLLOWER]: Becoming Follower/Learner. State: Replica: 8eaa91a06c74400581446022f2792c5e, State: Initialized, Role: FOLLOWER
I20260710 13:17:34.180862  7182 raft_consensus.cc:515] T 8c309895f99a4ab096492befb10e07e8 P 19b34c62b4534d5395019d8c445e7329 [term 1 FOLLOWER]: Starting leader election with config: opid_index: -1 OBSOLETE_local: false peers { permanent_uuid: "8eaa91a06c74400581446022f2792c5e" member_type: VOTER last_known_addr { host: "127.5.190.131" port: 34001 } } peers { permanent_uuid: "39998d6e0cc94a50b80095f18474df6a" member_type: VOTER last_known_addr { host: "127.5.190.129" port: 39313 } } peers { permanent_uuid: "19b34c62b4534d5395019d8c445e7329" member_type: VOTER last_known_addr { host: "127.5.190.130" port: 44389 } }
I20260710 13:17:34.183003  7184 raft_consensus.cc:493] T 4acbca32fbdb49309f88960088f168ea P 39998d6e0cc94a50b80095f18474df6a [term 0 FOLLOWER]: Starting pre-election (no leader contacted us within the election timeout)
I20260710 13:17:34.183806  7182 leader_election.cc:290] T 8c309895f99a4ab096492befb10e07e8 P 19b34c62b4534d5395019d8c445e7329 [CANDIDATE]: Term 1 election: Requested vote from peers 8eaa91a06c74400581446022f2792c5e (127.5.190.131:34001), 39998d6e0cc94a50b80095f18474df6a (127.5.190.129:39313)
I20260710 13:17:34.183657  7137 tablet_service.cc:1917] Received RequestConsensusVote() RPC: tablet_id: "8c309895f99a4ab096492befb10e07e8" candidate_uuid: "19b34c62b4534d5395019d8c445e7329" candidate_term: 1 candidate_status { last_received { term: 0 index: 0 } } ignore_live_leader: false dest_uuid: "8eaa91a06c74400581446022f2792c5e"
I20260710 13:17:34.184432  7137 raft_consensus.cc:3060] T 8c309895f99a4ab096492befb10e07e8 P 8eaa91a06c74400581446022f2792c5e [term 0 FOLLOWER]: Advancing to term 1
I20260710 13:17:34.183535  7179 consensus_queue.cc:260] T bae4e55ca59a43eeb039ca163989bb03 P 8eaa91a06c74400581446022f2792c5e [NON_LEADER]: Queue going to NON_LEADER mode. State: All replicated index: 0, Majority replicated index: 0, Committed index: 0, Last appended: 0.0, Last appended by leader: 0, Current term: 0, Majority size: -1, State: 0, Mode: NON_LEADER, active raft config: opid_index: -1 OBSOLETE_local: false peers { permanent_uuid: "39998d6e0cc94a50b80095f18474df6a" member_type: VOTER last_known_addr { host: "127.5.190.129" port: 39313 } } peers { permanent_uuid: "19b34c62b4534d5395019d8c445e7329" member_type: VOTER last_known_addr { host: "127.5.190.130" port: 44389 } } peers { permanent_uuid: "8eaa91a06c74400581446022f2792c5e" member_type: VOTER last_known_addr { host: "127.5.190.131" port: 34001 } }
I20260710 13:17:34.185071  6988 tablet_service.cc:1917] Received RequestConsensusVote() RPC: tablet_id: "8c309895f99a4ab096492befb10e07e8" candidate_uuid: "19b34c62b4534d5395019d8c445e7329" candidate_term: 1 candidate_status { last_received { term: 0 index: 0 } } ignore_live_leader: false dest_uuid: "39998d6e0cc94a50b80095f18474df6a"
I20260710 13:17:34.185739  6988 raft_consensus.cc:3060] T 8c309895f99a4ab096492befb10e07e8 P 39998d6e0cc94a50b80095f18474df6a [term 0 FOLLOWER]: Advancing to term 1
I20260710 13:17:34.185920  7182 raft_consensus.cc:493] T 1d110bd6dbd240bb8774cf646ce6349e P 19b34c62b4534d5395019d8c445e7329 [term 0 FOLLOWER]: Starting pre-election (no leader contacted us within the election timeout)
I20260710 13:17:34.186375  7182 raft_consensus.cc:515] T 1d110bd6dbd240bb8774cf646ce6349e P 19b34c62b4534d5395019d8c445e7329 [term 0 FOLLOWER]: Starting pre-election with config: opid_index: -1 OBSOLETE_local: false peers { permanent_uuid: "39998d6e0cc94a50b80095f18474df6a" member_type: VOTER last_known_addr { host: "127.5.190.129" port: 39313 } } peers { permanent_uuid: "19b34c62b4534d5395019d8c445e7329" member_type: VOTER last_known_addr { host: "127.5.190.130" port: 44389 } } peers { permanent_uuid: "8eaa91a06c74400581446022f2792c5e" member_type: VOTER last_known_addr { host: "127.5.190.131" port: 34001 } }
I20260710 13:17:34.187354  7186 raft_consensus.cc:493] T bae4e55ca59a43eeb039ca163989bb03 P 8eaa91a06c74400581446022f2792c5e [term 0 FOLLOWER]: Starting pre-election (no leader contacted us within the election timeout)
I20260710 13:17:34.187942  7186 raft_consensus.cc:515] T bae4e55ca59a43eeb039ca163989bb03 P 8eaa91a06c74400581446022f2792c5e [term 0 FOLLOWER]: Starting pre-election with config: opid_index: -1 OBSOLETE_local: false peers { permanent_uuid: "39998d6e0cc94a50b80095f18474df6a" member_type: VOTER last_known_addr { host: "127.5.190.129" port: 39313 } } peers { permanent_uuid: "19b34c62b4534d5395019d8c445e7329" member_type: VOTER last_known_addr { host: "127.5.190.130" port: 44389 } } peers { permanent_uuid: "8eaa91a06c74400581446022f2792c5e" member_type: VOTER last_known_addr { host: "127.5.190.131" port: 34001 } }
I20260710 13:17:34.191836  6987 tablet_service.cc:1917] Received RequestConsensusVote() RPC: tablet_id: "1d110bd6dbd240bb8774cf646ce6349e" candidate_uuid: "19b34c62b4534d5395019d8c445e7329" candidate_term: 1 candidate_status { last_received { term: 0 index: 0 } } ignore_live_leader: false dest_uuid: "39998d6e0cc94a50b80095f18474df6a" is_pre_election: true
I20260710 13:17:34.192154  7179 ts_tablet_manager.cc:1434] T bae4e55ca59a43eeb039ca163989bb03 P 8eaa91a06c74400581446022f2792c5e: Time spent starting tablet: real 0.030s	user 0.004s	sys 0.004s
I20260710 13:17:34.192595  6987 raft_consensus.cc:2468] T 1d110bd6dbd240bb8774cf646ce6349e P 39998d6e0cc94a50b80095f18474df6a [term 0 FOLLOWER]: Leader pre-election vote request: Granting yes vote for candidate 19b34c62b4534d5395019d8c445e7329 in term 0.
I20260710 13:17:34.193082  7179 tablet_bootstrap.cc:492] T f31b14c7b79642d2afde006df8f8d3d3 P 8eaa91a06c74400581446022f2792c5e: Bootstrap starting.
I20260710 13:17:34.194310  7026 leader_election.cc:304] T 1d110bd6dbd240bb8774cf646ce6349e P 19b34c62b4534d5395019d8c445e7329 [CANDIDATE]: Term 1 pre-election: Election decided. Result: candidate won. Election summary: received 2 responses out of 3 voters: 2 yes votes; 0 no votes. yes voters: 19b34c62b4534d5395019d8c445e7329, 39998d6e0cc94a50b80095f18474df6a; no voters: 
I20260710 13:17:34.195104  7136 tablet_service.cc:1917] Received RequestConsensusVote() RPC: tablet_id: "1d110bd6dbd240bb8774cf646ce6349e" candidate_uuid: "19b34c62b4534d5395019d8c445e7329" candidate_term: 1 candidate_status { last_received { term: 0 index: 0 } } ignore_live_leader: false dest_uuid: "8eaa91a06c74400581446022f2792c5e" is_pre_election: true
I20260710 13:17:34.195626  7196 raft_consensus.cc:2804] T 1d110bd6dbd240bb8774cf646ce6349e P 19b34c62b4534d5395019d8c445e7329 [term 0 FOLLOWER]: Leader pre-election won for term 1
I20260710 13:17:34.195991  7136 raft_consensus.cc:2468] T 1d110bd6dbd240bb8774cf646ce6349e P 8eaa91a06c74400581446022f2792c5e [term 0 FOLLOWER]: Leader pre-election vote request: Granting yes vote for candidate 19b34c62b4534d5395019d8c445e7329 in term 0.
I20260710 13:17:34.183617  7184 raft_consensus.cc:515] T 4acbca32fbdb49309f88960088f168ea P 39998d6e0cc94a50b80095f18474df6a [term 0 FOLLOWER]: Starting pre-election with config: opid_index: -1 OBSOLETE_local: false peers { permanent_uuid: "39998d6e0cc94a50b80095f18474df6a" member_type: VOTER last_known_addr { host: "127.5.190.129" port: 39313 } } peers { permanent_uuid: "19b34c62b4534d5395019d8c445e7329" member_type: VOTER last_known_addr { host: "127.5.190.130" port: 44389 } } peers { permanent_uuid: "8eaa91a06c74400581446022f2792c5e" member_type: VOTER last_known_addr { host: "127.5.190.131" port: 34001 } }
I20260710 13:17:34.196157  7196 raft_consensus.cc:493] T 1d110bd6dbd240bb8774cf646ce6349e P 19b34c62b4534d5395019d8c445e7329 [term 0 FOLLOWER]: Starting leader election (no leader contacted us within the election timeout)
I20260710 13:17:34.197726  7196 raft_consensus.cc:3060] T 1d110bd6dbd240bb8774cf646ce6349e P 19b34c62b4534d5395019d8c445e7329 [term 0 FOLLOWER]: Advancing to term 1
I20260710 13:17:34.199309  7184 leader_election.cc:290] T 4acbca32fbdb49309f88960088f168ea P 39998d6e0cc94a50b80095f18474df6a [CANDIDATE]: Term 1 pre-election: Requested pre-vote from peers 19b34c62b4534d5395019d8c445e7329 (127.5.190.130:44389), 8eaa91a06c74400581446022f2792c5e (127.5.190.131:34001)
I20260710 13:17:34.192147  7182 leader_election.cc:290] T 1d110bd6dbd240bb8774cf646ce6349e P 19b34c62b4534d5395019d8c445e7329 [CANDIDATE]: Term 1 pre-election: Requested pre-vote from peers 39998d6e0cc94a50b80095f18474df6a (127.5.190.129:39313), 8eaa91a06c74400581446022f2792c5e (127.5.190.131:34001)
I20260710 13:17:34.202699  7063 tablet_service.cc:1917] Received RequestConsensusVote() RPC: tablet_id: "4acbca32fbdb49309f88960088f168ea" candidate_uuid: "39998d6e0cc94a50b80095f18474df6a" candidate_term: 1 candidate_status { last_received { term: 0 index: 0 } } ignore_live_leader: false dest_uuid: "19b34c62b4534d5395019d8c445e7329" is_pre_election: true
I20260710 13:17:34.203536  7063 raft_consensus.cc:2468] T 4acbca32fbdb49309f88960088f168ea P 19b34c62b4534d5395019d8c445e7329 [term 0 FOLLOWER]: Leader pre-election vote request: Granting yes vote for candidate 39998d6e0cc94a50b80095f18474df6a in term 0.
I20260710 13:17:34.204998  7179 tablet_bootstrap.cc:654] T f31b14c7b79642d2afde006df8f8d3d3 P 8eaa91a06c74400581446022f2792c5e: Neither blocks nor log segments found. Creating new log.
I20260710 13:17:34.205615  6954 leader_election.cc:304] T 4acbca32fbdb49309f88960088f168ea P 39998d6e0cc94a50b80095f18474df6a [CANDIDATE]: Term 1 pre-election: Election decided. Result: candidate won. Election summary: received 2 responses out of 3 voters: 2 yes votes; 0 no votes. yes voters: 19b34c62b4534d5395019d8c445e7329, 39998d6e0cc94a50b80095f18474df6a; no voters: 
I20260710 13:17:34.205714  7196 raft_consensus.cc:515] T 1d110bd6dbd240bb8774cf646ce6349e P 19b34c62b4534d5395019d8c445e7329 [term 1 FOLLOWER]: Starting leader election with config: opid_index: -1 OBSOLETE_local: false peers { permanent_uuid: "39998d6e0cc94a50b80095f18474df6a" member_type: VOTER last_known_addr { host: "127.5.190.129" port: 39313 } } peers { permanent_uuid: "19b34c62b4534d5395019d8c445e7329" member_type: VOTER last_known_addr { host: "127.5.190.130" port: 44389 } } peers { permanent_uuid: "8eaa91a06c74400581446022f2792c5e" member_type: VOTER last_known_addr { host: "127.5.190.131" port: 34001 } }
I20260710 13:17:34.207137  7136 tablet_service.cc:1917] Received RequestConsensusVote() RPC: tablet_id: "4acbca32fbdb49309f88960088f168ea" candidate_uuid: "39998d6e0cc94a50b80095f18474df6a" candidate_term: 1 candidate_status { last_received { term: 0 index: 0 } } ignore_live_leader: false dest_uuid: "8eaa91a06c74400581446022f2792c5e" is_pre_election: true
I20260710 13:17:34.207903  7136 raft_consensus.cc:2468] T 4acbca32fbdb49309f88960088f168ea P 8eaa91a06c74400581446022f2792c5e [term 0 FOLLOWER]: Leader pre-election vote request: Granting yes vote for candidate 39998d6e0cc94a50b80095f18474df6a in term 0.
I20260710 13:17:34.210033  7184 raft_consensus.cc:2804] T 4acbca32fbdb49309f88960088f168ea P 39998d6e0cc94a50b80095f18474df6a [term 0 FOLLOWER]: Leader pre-election won for term 1
I20260710 13:17:34.210724  7184 raft_consensus.cc:493] T 4acbca32fbdb49309f88960088f168ea P 39998d6e0cc94a50b80095f18474df6a [term 0 FOLLOWER]: Starting leader election (no leader contacted us within the election timeout)
I20260710 13:17:34.211215  7184 raft_consensus.cc:3060] T 4acbca32fbdb49309f88960088f168ea P 39998d6e0cc94a50b80095f18474df6a [term 0 FOLLOWER]: Advancing to term 1
I20260710 13:17:34.211392  7186 leader_election.cc:290] T bae4e55ca59a43eeb039ca163989bb03 P 8eaa91a06c74400581446022f2792c5e [CANDIDATE]: Term 1 pre-election: Requested pre-vote from peers 39998d6e0cc94a50b80095f18474df6a (127.5.190.129:39313), 19b34c62b4534d5395019d8c445e7329 (127.5.190.130:44389)
I20260710 13:17:34.214267  7177 tablet_bootstrap.cc:492] T c6e98a9a15384993a9af42885d39e39c P 19b34c62b4534d5395019d8c445e7329: No bootstrap required, opened a new log
I20260710 13:17:34.215206  7177 ts_tablet_manager.cc:1403] T c6e98a9a15384993a9af42885d39e39c P 19b34c62b4534d5395019d8c445e7329: Time spent bootstrapping tablet: real 0.051s	user 0.007s	sys 0.010s
I20260710 13:17:34.216658  7179 tablet_bootstrap.cc:492] T f31b14c7b79642d2afde006df8f8d3d3 P 8eaa91a06c74400581446022f2792c5e: No bootstrap required, opened a new log
I20260710 13:17:34.217103  7179 ts_tablet_manager.cc:1403] T f31b14c7b79642d2afde006df8f8d3d3 P 8eaa91a06c74400581446022f2792c5e: Time spent bootstrapping tablet: real 0.024s	user 0.006s	sys 0.003s
I20260710 13:17:34.218185  6988 raft_consensus.cc:2468] T 8c309895f99a4ab096492befb10e07e8 P 39998d6e0cc94a50b80095f18474df6a [term 1 FOLLOWER]: Leader election vote request: Granting yes vote for candidate 19b34c62b4534d5395019d8c445e7329 in term 1.
I20260710 13:17:34.224979  7026 leader_election.cc:304] T 8c309895f99a4ab096492befb10e07e8 P 19b34c62b4534d5395019d8c445e7329 [CANDIDATE]: Term 1 election: Election decided. Result: candidate won. Election summary: received 2 responses out of 3 voters: 2 yes votes; 0 no votes. yes voters: 19b34c62b4534d5395019d8c445e7329, 39998d6e0cc94a50b80095f18474df6a; no voters: 
I20260710 13:17:34.225767  7182 raft_consensus.cc:2804] T 8c309895f99a4ab096492befb10e07e8 P 19b34c62b4534d5395019d8c445e7329 [term 1 FOLLOWER]: Leader election won for term 1
I20260710 13:17:34.227200  7184 raft_consensus.cc:515] T 4acbca32fbdb49309f88960088f168ea P 39998d6e0cc94a50b80095f18474df6a [term 1 FOLLOWER]: Starting leader election with config: opid_index: -1 OBSOLETE_local: false peers { permanent_uuid: "39998d6e0cc94a50b80095f18474df6a" member_type: VOTER last_known_addr { host: "127.5.190.129" port: 39313 } } peers { permanent_uuid: "19b34c62b4534d5395019d8c445e7329" member_type: VOTER last_known_addr { host: "127.5.190.130" port: 44389 } } peers { permanent_uuid: "8eaa91a06c74400581446022f2792c5e" member_type: VOTER last_known_addr { host: "127.5.190.131" port: 34001 } }
I20260710 13:17:34.229197  7184 leader_election.cc:290] T 4acbca32fbdb49309f88960088f168ea P 39998d6e0cc94a50b80095f18474df6a [CANDIDATE]: Term 1 election: Requested vote from peers 19b34c62b4534d5395019d8c445e7329 (127.5.190.130:44389), 8eaa91a06c74400581446022f2792c5e (127.5.190.131:34001)
I20260710 13:17:34.231099  7178 tablet_bootstrap.cc:492] T f1e43e5e2bc04944bd9ca6ff0849cca0 P 39998d6e0cc94a50b80095f18474df6a: No bootstrap required, opened a new log
I20260710 13:17:34.231560  7178 ts_tablet_manager.cc:1403] T f1e43e5e2bc04944bd9ca6ff0849cca0 P 39998d6e0cc94a50b80095f18474df6a: Time spent bootstrapping tablet: real 0.061s	user 0.032s	sys 0.017s
I20260710 13:17:34.232290  7063 tablet_service.cc:1917] Received RequestConsensusVote() RPC: tablet_id: "4acbca32fbdb49309f88960088f168ea" candidate_uuid: "39998d6e0cc94a50b80095f18474df6a" candidate_term: 1 candidate_status { last_received { term: 0 index: 0 } } ignore_live_leader: false dest_uuid: "19b34c62b4534d5395019d8c445e7329"
I20260710 13:17:34.232669  7182 raft_consensus.cc:697] T 8c309895f99a4ab096492befb10e07e8 P 19b34c62b4534d5395019d8c445e7329 [term 1 LEADER]: Becoming Leader. State: Replica: 19b34c62b4534d5395019d8c445e7329, State: Running, Role: LEADER
I20260710 13:17:34.232839  7063 raft_consensus.cc:3060] T 4acbca32fbdb49309f88960088f168ea P 19b34c62b4534d5395019d8c445e7329 [term 0 FOLLOWER]: Advancing to term 1
I20260710 13:17:34.233506  7182 consensus_queue.cc:237] T 8c309895f99a4ab096492befb10e07e8 P 19b34c62b4534d5395019d8c445e7329 [LEADER]: Queue going to LEADER mode. State: All replicated index: 0, Majority replicated index: 0, Committed index: 0, Last appended: 0.0, Last appended by leader: 0, Current term: 1, Majority size: 2, State: 0, Mode: LEADER, active raft config: opid_index: -1 OBSOLETE_local: false peers { permanent_uuid: "8eaa91a06c74400581446022f2792c5e" member_type: VOTER last_known_addr { host: "127.5.190.131" port: 34001 } } peers { permanent_uuid: "39998d6e0cc94a50b80095f18474df6a" member_type: VOTER last_known_addr { host: "127.5.190.129" port: 39313 } } peers { permanent_uuid: "19b34c62b4534d5395019d8c445e7329" member_type: VOTER last_known_addr { host: "127.5.190.130" port: 44389 } }
I20260710 13:17:34.234367  7178 raft_consensus.cc:359] T f1e43e5e2bc04944bd9ca6ff0849cca0 P 39998d6e0cc94a50b80095f18474df6a [term 0 FOLLOWER]: Replica starting. Triggering 0 pending ops. Active config: opid_index: -1 OBSOLETE_local: false peers { permanent_uuid: "39998d6e0cc94a50b80095f18474df6a" member_type: VOTER last_known_addr { host: "127.5.190.129" port: 39313 } } peers { permanent_uuid: "19b34c62b4534d5395019d8c445e7329" member_type: VOTER last_known_addr { host: "127.5.190.130" port: 44389 } } peers { permanent_uuid: "8eaa91a06c74400581446022f2792c5e" member_type: VOTER last_known_addr { host: "127.5.190.131" port: 34001 } }
I20260710 13:17:34.235081  7178 raft_consensus.cc:385] T f1e43e5e2bc04944bd9ca6ff0849cca0 P 39998d6e0cc94a50b80095f18474df6a [term 0 FOLLOWER]: Consensus starting up: Expiring failure detector timer to make a prompt election more likely
I20260710 13:17:34.235357  7178 raft_consensus.cc:740] T f1e43e5e2bc04944bd9ca6ff0849cca0 P 39998d6e0cc94a50b80095f18474df6a [term 0 FOLLOWER]: Becoming Follower/Learner. State: Replica: 39998d6e0cc94a50b80095f18474df6a, State: Initialized, Role: FOLLOWER
I20260710 13:17:34.236042  7178 consensus_queue.cc:260] T f1e43e5e2bc04944bd9ca6ff0849cca0 P 39998d6e0cc94a50b80095f18474df6a [NON_LEADER]: Queue going to NON_LEADER mode. State: All replicated index: 0, Majority replicated index: 0, Committed index: 0, Last appended: 0.0, Last appended by leader: 0, Current term: 0, Majority size: -1, State: 0, Mode: NON_LEADER, active raft config: opid_index: -1 OBSOLETE_local: false peers { permanent_uuid: "39998d6e0cc94a50b80095f18474df6a" member_type: VOTER last_known_addr { host: "127.5.190.129" port: 39313 } } peers { permanent_uuid: "19b34c62b4534d5395019d8c445e7329" member_type: VOTER last_known_addr { host: "127.5.190.130" port: 44389 } } peers { permanent_uuid: "8eaa91a06c74400581446022f2792c5e" member_type: VOTER last_known_addr { host: "127.5.190.131" port: 34001 } }
I20260710 13:17:34.238348  7178 ts_tablet_manager.cc:1434] T f1e43e5e2bc04944bd9ca6ff0849cca0 P 39998d6e0cc94a50b80095f18474df6a: Time spent starting tablet: real 0.007s	user 0.004s	sys 0.003s
I20260710 13:17:34.239307  7178 tablet_bootstrap.cc:492] T 58d5117605c84c76ba439b9cb4a1fde8 P 39998d6e0cc94a50b80095f18474df6a: Bootstrap starting.
I20260710 13:17:34.240515  7062 tablet_service.cc:1917] Received RequestConsensusVote() RPC: tablet_id: "bae4e55ca59a43eeb039ca163989bb03" candidate_uuid: "8eaa91a06c74400581446022f2792c5e" candidate_term: 1 candidate_status { last_received { term: 0 index: 0 } } ignore_live_leader: false dest_uuid: "19b34c62b4534d5395019d8c445e7329" is_pre_election: true
I20260710 13:17:34.241325  7217 raft_consensus.cc:493] T d14efb2b2a0349868e522bcc4d376cec P 8eaa91a06c74400581446022f2792c5e [term 0 FOLLOWER]: Starting pre-election (no leader contacted us within the election timeout)
W20260710 13:17:34.242051  7103 leader_election.cc:343] T bae4e55ca59a43eeb039ca163989bb03 P 8eaa91a06c74400581446022f2792c5e [CANDIDATE]: Term 1 pre-election: Tablet error from VoteRequest() call to peer 19b34c62b4534d5395019d8c445e7329 (127.5.190.130:44389): Illegal state: must be running to vote when last-logged opid is not known
I20260710 13:17:34.220216  7137 raft_consensus.cc:2468] T 8c309895f99a4ab096492befb10e07e8 P 8eaa91a06c74400581446022f2792c5e [term 1 FOLLOWER]: Leader election vote request: Granting yes vote for candidate 19b34c62b4534d5395019d8c445e7329 in term 1.
I20260710 13:17:34.218067  7177 raft_consensus.cc:359] T c6e98a9a15384993a9af42885d39e39c P 19b34c62b4534d5395019d8c445e7329 [term 0 FOLLOWER]: Replica starting. Triggering 0 pending ops. Active config: opid_index: -1 OBSOLETE_local: false peers { permanent_uuid: "39998d6e0cc94a50b80095f18474df6a" member_type: VOTER last_known_addr { host: "127.5.190.129" port: 39313 } } peers { permanent_uuid: "19b34c62b4534d5395019d8c445e7329" member_type: VOTER last_known_addr { host: "127.5.190.130" port: 44389 } } peers { permanent_uuid: "8eaa91a06c74400581446022f2792c5e" member_type: VOTER last_known_addr { host: "127.5.190.131" port: 34001 } }
I20260710 13:17:34.242636  7177 raft_consensus.cc:385] T c6e98a9a15384993a9af42885d39e39c P 19b34c62b4534d5395019d8c445e7329 [term 0 FOLLOWER]: Consensus starting up: Expiring failure detector timer to make a prompt election more likely
I20260710 13:17:34.242980  7177 raft_consensus.cc:740] T c6e98a9a15384993a9af42885d39e39c P 19b34c62b4534d5395019d8c445e7329 [term 0 FOLLOWER]: Becoming Follower/Learner. State: Replica: 19b34c62b4534d5395019d8c445e7329, State: Initialized, Role: FOLLOWER
I20260710 13:17:34.223201  6987 tablet_service.cc:1917] Received RequestConsensusVote() RPC: tablet_id: "1d110bd6dbd240bb8774cf646ce6349e" candidate_uuid: "19b34c62b4534d5395019d8c445e7329" candidate_term: 1 candidate_status { last_received { term: 0 index: 0 } } ignore_live_leader: false dest_uuid: "39998d6e0cc94a50b80095f18474df6a"
I20260710 13:17:34.243642  6987 raft_consensus.cc:3060] T 1d110bd6dbd240bb8774cf646ce6349e P 39998d6e0cc94a50b80095f18474df6a [term 0 FOLLOWER]: Advancing to term 1
I20260710 13:17:34.243680  7177 consensus_queue.cc:260] T c6e98a9a15384993a9af42885d39e39c P 19b34c62b4534d5395019d8c445e7329 [NON_LEADER]: Queue going to NON_LEADER mode. State: All replicated index: 0, Majority replicated index: 0, Committed index: 0, Last appended: 0.0, Last appended by leader: 0, Current term: 0, Majority size: -1, State: 0, Mode: NON_LEADER, active raft config: opid_index: -1 OBSOLETE_local: false peers { permanent_uuid: "39998d6e0cc94a50b80095f18474df6a" member_type: VOTER last_known_addr { host: "127.5.190.129" port: 39313 } } peers { permanent_uuid: "19b34c62b4534d5395019d8c445e7329" member_type: VOTER last_known_addr { host: "127.5.190.130" port: 44389 } } peers { permanent_uuid: "8eaa91a06c74400581446022f2792c5e" member_type: VOTER last_known_addr { host: "127.5.190.131" port: 34001 } }
I20260710 13:17:34.246024  7177 ts_tablet_manager.cc:1434] T c6e98a9a15384993a9af42885d39e39c P 19b34c62b4534d5395019d8c445e7329: Time spent starting tablet: real 0.031s	user 0.006s	sys 0.000s
I20260710 13:17:34.223433  7196 leader_election.cc:290] T 1d110bd6dbd240bb8774cf646ce6349e P 19b34c62b4534d5395019d8c445e7329 [CANDIDATE]: Term 1 election: Requested vote from peers 39998d6e0cc94a50b80095f18474df6a (127.5.190.129:39313), 8eaa91a06c74400581446022f2792c5e (127.5.190.131:34001)
I20260710 13:17:34.223196  7136 tablet_service.cc:1917] Received RequestConsensusVote() RPC: tablet_id: "1d110bd6dbd240bb8774cf646ce6349e" candidate_uuid: "19b34c62b4534d5395019d8c445e7329" candidate_term: 1 candidate_status { last_received { term: 0 index: 0 } } ignore_live_leader: false dest_uuid: "8eaa91a06c74400581446022f2792c5e"
I20260710 13:17:34.247203  7177 tablet_bootstrap.cc:492] T 9d6f07672a6a4428a2eb9fcfc8461fb5 P 19b34c62b4534d5395019d8c445e7329: Bootstrap starting.
I20260710 13:17:34.247298  7136 raft_consensus.cc:3060] T 1d110bd6dbd240bb8774cf646ce6349e P 8eaa91a06c74400581446022f2792c5e [term 0 FOLLOWER]: Advancing to term 1
I20260710 13:17:34.241801  7217 raft_consensus.cc:515] T d14efb2b2a0349868e522bcc4d376cec P 8eaa91a06c74400581446022f2792c5e [term 0 FOLLOWER]: Starting pre-election with config: opid_index: -1 OBSOLETE_local: false peers { permanent_uuid: "39998d6e0cc94a50b80095f18474df6a" member_type: VOTER last_known_addr { host: "127.5.190.129" port: 39313 } } peers { permanent_uuid: "19b34c62b4534d5395019d8c445e7329" member_type: VOTER last_known_addr { host: "127.5.190.130" port: 44389 } } peers { permanent_uuid: "8eaa91a06c74400581446022f2792c5e" member_type: VOTER last_known_addr { host: "127.5.190.131" port: 34001 } }
I20260710 13:17:34.250818  6988 tablet_service.cc:1917] Received RequestConsensusVote() RPC: tablet_id: "bae4e55ca59a43eeb039ca163989bb03" candidate_uuid: "8eaa91a06c74400581446022f2792c5e" candidate_term: 1 candidate_status { last_received { term: 0 index: 0 } } ignore_live_leader: false dest_uuid: "39998d6e0cc94a50b80095f18474df6a" is_pre_election: true
I20260710 13:17:34.252544  7217 leader_election.cc:290] T d14efb2b2a0349868e522bcc4d376cec P 8eaa91a06c74400581446022f2792c5e [CANDIDATE]: Term 1 pre-election: Requested pre-vote from peers 39998d6e0cc94a50b80095f18474df6a (127.5.190.129:39313), 19b34c62b4534d5395019d8c445e7329 (127.5.190.130:44389)
I20260710 13:17:34.253690  7062 tablet_service.cc:1917] Received RequestConsensusVote() RPC: tablet_id: "d14efb2b2a0349868e522bcc4d376cec" candidate_uuid: "8eaa91a06c74400581446022f2792c5e" candidate_term: 1 candidate_status { last_received { term: 0 index: 0 } } ignore_live_leader: false dest_uuid: "19b34c62b4534d5395019d8c445e7329" is_pre_election: true
I20260710 13:17:34.219535  7179 raft_consensus.cc:359] T f31b14c7b79642d2afde006df8f8d3d3 P 8eaa91a06c74400581446022f2792c5e [term 0 FOLLOWER]: Replica starting. Triggering 0 pending ops. Active config: opid_index: -1 OBSOLETE_local: false peers { permanent_uuid: "39998d6e0cc94a50b80095f18474df6a" member_type: VOTER last_known_addr { host: "127.5.190.129" port: 39313 } } peers { permanent_uuid: "19b34c62b4534d5395019d8c445e7329" member_type: VOTER last_known_addr { host: "127.5.190.130" port: 44389 } } peers { permanent_uuid: "8eaa91a06c74400581446022f2792c5e" member_type: VOTER last_known_addr { host: "127.5.190.131" port: 34001 } }
I20260710 13:17:34.249186  7135 tablet_service.cc:1917] Received RequestConsensusVote() RPC: tablet_id: "4acbca32fbdb49309f88960088f168ea" candidate_uuid: "39998d6e0cc94a50b80095f18474df6a" candidate_term: 1 candidate_status { last_received { term: 0 index: 0 } } ignore_live_leader: false dest_uuid: "8eaa91a06c74400581446022f2792c5e"
I20260710 13:17:34.254997  7179 raft_consensus.cc:385] T f31b14c7b79642d2afde006df8f8d3d3 P 8eaa91a06c74400581446022f2792c5e [term 0 FOLLOWER]: Consensus starting up: Expiring failure detector timer to make a prompt election more likely
I20260710 13:17:34.255676  7179 raft_consensus.cc:740] T f31b14c7b79642d2afde006df8f8d3d3 P 8eaa91a06c74400581446022f2792c5e [term 0 FOLLOWER]: Becoming Follower/Learner. State: Replica: 8eaa91a06c74400581446022f2792c5e, State: Initialized, Role: FOLLOWER
I20260710 13:17:34.246004  7178 tablet_bootstrap.cc:654] T 58d5117605c84c76ba439b9cb4a1fde8 P 39998d6e0cc94a50b80095f18474df6a: Neither blocks nor log segments found. Creating new log.
I20260710 13:17:34.256371  7179 consensus_queue.cc:260] T f31b14c7b79642d2afde006df8f8d3d3 P 8eaa91a06c74400581446022f2792c5e [NON_LEADER]: Queue going to NON_LEADER mode. State: All replicated index: 0, Majority replicated index: 0, Committed index: 0, Last appended: 0.0, Last appended by leader: 0, Current term: 0, Majority size: -1, State: 0, Mode: NON_LEADER, active raft config: opid_index: -1 OBSOLETE_local: false peers { permanent_uuid: "39998d6e0cc94a50b80095f18474df6a" member_type: VOTER last_known_addr { host: "127.5.190.129" port: 39313 } } peers { permanent_uuid: "19b34c62b4534d5395019d8c445e7329" member_type: VOTER last_known_addr { host: "127.5.190.130" port: 44389 } } peers { permanent_uuid: "8eaa91a06c74400581446022f2792c5e" member_type: VOTER last_known_addr { host: "127.5.190.131" port: 34001 } }
W20260710 13:17:34.256778  7103 leader_election.cc:343] T d14efb2b2a0349868e522bcc4d376cec P 8eaa91a06c74400581446022f2792c5e [CANDIDATE]: Term 1 pre-election: Tablet error from VoteRequest() call to peer 19b34c62b4534d5395019d8c445e7329 (127.5.190.130:44389): Illegal state: must be running to vote when last-logged opid is not known
W20260710 13:17:34.258035  7100 leader_election.cc:343] T bae4e55ca59a43eeb039ca163989bb03 P 8eaa91a06c74400581446022f2792c5e [CANDIDATE]: Term 1 pre-election: Tablet error from VoteRequest() call to peer 39998d6e0cc94a50b80095f18474df6a (127.5.190.129:39313): Illegal state: must be running to vote when last-logged opid is not known
