I20260710 13:17:35.232287  7091 raft_consensus.cc:2955] T 1e7e9ca2265945c3b8325659f447e55d P d867f613ada043e09b2877e2e25e9178 [term 1 LEADER]: Committing config change with OpId 1.2: config changed from index -1 to 2, NON_VOTER dec9198573fe424c8635d2969b8dc0b3 (127.5.159.4) added. New config: { opid_index: 2 OBSOLETE_local: false peers { permanent_uuid: "62cf4c39f0ff486abbb890d4d1a92c3a" member_type: VOTER last_known_addr { host: "127.5.159.1" port: 38731 } } peers { permanent_uuid: "d867f613ada043e09b2877e2e25e9178" member_type: VOTER last_known_addr { host: "127.5.159.3" port: 34059 } } peers { permanent_uuid: "cb2f99bcaa8b49f3ae13819a36fc3b1e" member_type: VOTER last_known_addr { host: "127.5.159.2" port: 35687 } attrs { replace: true } } peers { permanent_uuid: "dec9198573fe424c8635d2969b8dc0b3" member_type: NON_VOTER last_known_addr { host: "127.5.159.4" port: 46327 } attrs { promote: true } } }
I20260710 13:17:35.233763  6870 raft_consensus.cc:2955] T 1e7e9ca2265945c3b8325659f447e55d P 62cf4c39f0ff486abbb890d4d1a92c3a [term 1 FOLLOWER]: Committing config change with OpId 1.2: config changed from index -1 to 2, NON_VOTER dec9198573fe424c8635d2969b8dc0b3 (127.5.159.4) added. New config: { opid_index: 2 OBSOLETE_local: false peers { permanent_uuid: "62cf4c39f0ff486abbb890d4d1a92c3a" member_type: VOTER last_known_addr { host: "127.5.159.1" port: 38731 } } peers { permanent_uuid: "d867f613ada043e09b2877e2e25e9178" member_type: VOTER last_known_addr { host: "127.5.159.3" port: 34059 } } peers { permanent_uuid: "cb2f99bcaa8b49f3ae13819a36fc3b1e" member_type: VOTER last_known_addr { host: "127.5.159.2" port: 35687 } attrs { replace: true } } peers { permanent_uuid: "dec9198573fe424c8635d2969b8dc0b3" member_type: NON_VOTER last_known_addr { host: "127.5.159.4" port: 46327 } attrs { promote: true } } }
I20260710 13:17:35.238469  7222 consensus_queue.cc:1048] T 1e7e9ca2265945c3b8325659f447e55d P d867f613ada043e09b2877e2e25e9178 [LEADER]: Connected to new peer: Peer: permanent_uuid: "cb2f99bcaa8b49f3ae13819a36fc3b1e" member_type: VOTER last_known_addr { host: "127.5.159.2" port: 35687 } attrs { replace: true }, Status: LMP_MISMATCH, Last received: 0.0, Next index: 2, Last known committed idx: 1, Time since last communication: 0.000s
I20260710 13:17:35.247623  6766 catalog_manager.cc:5697] T 1e7e9ca2265945c3b8325659f447e55d P 62cf4c39f0ff486abbb890d4d1a92c3a reported cstate change: config changed from index -1 to 2, NON_VOTER dec9198573fe424c8635d2969b8dc0b3 (127.5.159.4) added. New cstate: current_term: 1 leader_uuid: "d867f613ada043e09b2877e2e25e9178" committed_config { opid_index: 2 OBSOLETE_local: false peers { permanent_uuid: "62cf4c39f0ff486abbb890d4d1a92c3a" member_type: VOTER last_known_addr { host: "127.5.159.1" port: 38731 } } peers { permanent_uuid: "d867f613ada043e09b2877e2e25e9178" member_type: VOTER last_known_addr { host: "127.5.159.3" port: 34059 } } peers { permanent_uuid: "cb2f99bcaa8b49f3ae13819a36fc3b1e" member_type: VOTER last_known_addr { host: "127.5.159.2" port: 35687 } attrs { replace: true } } peers { permanent_uuid: "dec9198573fe424c8635d2969b8dc0b3" member_type: NON_VOTER last_known_addr { host: "127.5.159.4" port: 46327 } attrs { promote: true } } }
I20260710 13:17:35.255296  6944 raft_consensus.cc:2955] T 1e7e9ca2265945c3b8325659f447e55d P cb2f99bcaa8b49f3ae13819a36fc3b1e [term 1 FOLLOWER]: Committing config change with OpId 1.2: config changed from index -1 to 2, NON_VOTER dec9198573fe424c8635d2969b8dc0b3 (127.5.159.4) added. New config: { opid_index: 2 OBSOLETE_local: false peers { permanent_uuid: "62cf4c39f0ff486abbb890d4d1a92c3a" member_type: VOTER last_known_addr { host: "127.5.159.1" port: 38731 } } peers { permanent_uuid: "d867f613ada043e09b2877e2e25e9178" member_type: VOTER last_known_addr { host: "127.5.159.3" port: 34059 } } peers { permanent_uuid: "cb2f99bcaa8b49f3ae13819a36fc3b1e" member_type: VOTER last_known_addr { host: "127.5.159.2" port: 35687 } attrs { replace: true } } peers { permanent_uuid: "dec9198573fe424c8635d2969b8dc0b3" member_type: NON_VOTER last_known_addr { host: "127.5.159.4" port: 46327 } attrs { promote: true } } }
I20260710 13:17:35.288601  7311 heartbeater.cc:499] Master 127.5.159.62:37099 was elected leader, sending a full tablet report...
I20260710 13:17:35.583963  7343 ts_tablet_manager.cc:933] T 43b2ce82b1604aefb68151d950321f59 P dec9198573fe424c8635d2969b8dc0b3: Initiating tablet copy from peer d867f613ada043e09b2877e2e25e9178 (127.5.159.3:34059)
I20260710 13:17:35.585801  7343 tablet_copy_client.cc:323] T 43b2ce82b1604aefb68151d950321f59 P dec9198573fe424c8635d2969b8dc0b3: tablet copy: Beginning tablet copy session from remote peer at address 127.5.159.3:34059
I20260710 13:17:35.592772  7347 ts_tablet_manager.cc:933] T 1e7e9ca2265945c3b8325659f447e55d P dec9198573fe424c8635d2969b8dc0b3: Initiating tablet copy from peer d867f613ada043e09b2877e2e25e9178 (127.5.159.3:34059)
I20260710 13:17:35.594519  7347 tablet_copy_client.cc:323] T 1e7e9ca2265945c3b8325659f447e55d P dec9198573fe424c8635d2969b8dc0b3: tablet copy: Beginning tablet copy session from remote peer at address 127.5.159.3:34059
I20260710 13:17:35.598181  7029 tablet_copy_service.cc:140] P d867f613ada043e09b2877e2e25e9178: Received BeginTabletCopySession request for tablet 43b2ce82b1604aefb68151d950321f59 from peer dec9198573fe424c8635d2969b8dc0b3 ({username='slave'} at 127.0.0.1:58892)
I20260710 13:17:35.598332  7028 tablet_copy_service.cc:140] P d867f613ada043e09b2877e2e25e9178: Received BeginTabletCopySession request for tablet 1e7e9ca2265945c3b8325659f447e55d from peer dec9198573fe424c8635d2969b8dc0b3 ({username='slave'} at 127.0.0.1:58892)
I20260710 13:17:35.598758  7029 tablet_copy_service.cc:161] P d867f613ada043e09b2877e2e25e9178: Beginning new tablet copy session on tablet 43b2ce82b1604aefb68151d950321f59 from peer dec9198573fe424c8635d2969b8dc0b3 at {username='slave'} at 127.0.0.1:58892: session id = dec9198573fe424c8635d2969b8dc0b3-43b2ce82b1604aefb68151d950321f59
I20260710 13:17:35.599575  7028 tablet_copy_service.cc:161] P d867f613ada043e09b2877e2e25e9178: Beginning new tablet copy session on tablet 1e7e9ca2265945c3b8325659f447e55d from peer dec9198573fe424c8635d2969b8dc0b3 at {username='slave'} at 127.0.0.1:58892: session id = dec9198573fe424c8635d2969b8dc0b3-1e7e9ca2265945c3b8325659f447e55d
I20260710 13:17:35.605439  7028 tablet_copy_source_session.cc:215] T 1e7e9ca2265945c3b8325659f447e55d P d867f613ada043e09b2877e2e25e9178: Tablet Copy: opened 0 blocks and 1 log segments
I20260710 13:17:35.606166  7029 tablet_copy_source_session.cc:215] T 43b2ce82b1604aefb68151d950321f59 P d867f613ada043e09b2877e2e25e9178: Tablet Copy: opened 0 blocks and 1 log segments
I20260710 13:17:35.608464  7347 data_dirs.cc:400] Could only allocate 1 dirs of requested 3 for tablet 1e7e9ca2265945c3b8325659f447e55d. 1 dirs total, 0 dirs full, 0 dirs failed
I20260710 13:17:35.609122  7343 data_dirs.cc:400] Could only allocate 1 dirs of requested 3 for tablet 43b2ce82b1604aefb68151d950321f59. 1 dirs total, 0 dirs full, 0 dirs failed
I20260710 13:17:35.624068  7343 tablet_copy_client.cc:806] T 43b2ce82b1604aefb68151d950321f59 P dec9198573fe424c8635d2969b8dc0b3: tablet copy: Starting download of 0 data blocks...
I20260710 13:17:35.624306  7347 tablet_copy_client.cc:806] T 1e7e9ca2265945c3b8325659f447e55d P dec9198573fe424c8635d2969b8dc0b3: tablet copy: Starting download of 0 data blocks...
I20260710 13:17:35.624651  7343 tablet_copy_client.cc:670] T 43b2ce82b1604aefb68151d950321f59 P dec9198573fe424c8635d2969b8dc0b3: tablet copy: Starting download of 1 WAL segments...
I20260710 13:17:35.624897  7347 tablet_copy_client.cc:670] T 1e7e9ca2265945c3b8325659f447e55d P dec9198573fe424c8635d2969b8dc0b3: tablet copy: Starting download of 1 WAL segments...
I20260710 13:17:35.630195  7343 tablet_copy_client.cc:538] T 43b2ce82b1604aefb68151d950321f59 P dec9198573fe424c8635d2969b8dc0b3: tablet copy: Tablet Copy complete. Replacing tablet superblock.
I20260710 13:17:35.630282  7347 tablet_copy_client.cc:538] T 1e7e9ca2265945c3b8325659f447e55d P dec9198573fe424c8635d2969b8dc0b3: tablet copy: Tablet Copy complete. Replacing tablet superblock.
I20260710 13:17:35.637962  7343 tablet_bootstrap.cc:492] T 43b2ce82b1604aefb68151d950321f59 P dec9198573fe424c8635d2969b8dc0b3: Bootstrap starting.
I20260710 13:17:35.639052  7347 tablet_bootstrap.cc:492] T 1e7e9ca2265945c3b8325659f447e55d P dec9198573fe424c8635d2969b8dc0b3: Bootstrap starting.
I20260710 13:17:35.665050  7347 tablet_bootstrap.cc:492] T 1e7e9ca2265945c3b8325659f447e55d P dec9198573fe424c8635d2969b8dc0b3: Bootstrap replayed 1/1 log segments. Stats: ops{read=2 overwritten=0 applied=2 ignored=0} inserts{seen=0 ignored=0} mutations{seen=0 ignored=0} orphaned_commits=0. Pending: 0 replicates
I20260710 13:17:35.666041  7347 tablet_bootstrap.cc:492] T 1e7e9ca2265945c3b8325659f447e55d P dec9198573fe424c8635d2969b8dc0b3: Bootstrap complete.
I20260710 13:17:35.666710  7347 ts_tablet_manager.cc:1403] T 1e7e9ca2265945c3b8325659f447e55d P dec9198573fe424c8635d2969b8dc0b3: Time spent bootstrapping tablet: real 0.028s	user 0.019s	sys 0.011s
I20260710 13:17:35.669519  7347 raft_consensus.cc:359] T 1e7e9ca2265945c3b8325659f447e55d P dec9198573fe424c8635d2969b8dc0b3 [term 1 LEARNER]: Replica starting. Triggering 0 pending ops. Active config: opid_index: 2 OBSOLETE_local: false peers { permanent_uuid: "62cf4c39f0ff486abbb890d4d1a92c3a" member_type: VOTER last_known_addr { host: "127.5.159.1" port: 38731 } } peers { permanent_uuid: "d867f613ada043e09b2877e2e25e9178" member_type: VOTER last_known_addr { host: "127.5.159.3" port: 34059 } } peers { permanent_uuid: "cb2f99bcaa8b49f3ae13819a36fc3b1e" member_type: VOTER last_known_addr { host: "127.5.159.2" port: 35687 } attrs { replace: true } } peers { permanent_uuid: "dec9198573fe424c8635d2969b8dc0b3" member_type: NON_VOTER last_known_addr { host: "127.5.159.4" port: 46327 } attrs { promote: true } }
I20260710 13:17:35.670369  7347 raft_consensus.cc:740] T 1e7e9ca2265945c3b8325659f447e55d P dec9198573fe424c8635d2969b8dc0b3 [term 1 LEARNER]: Becoming Follower/Learner. State: Replica: dec9198573fe424c8635d2969b8dc0b3, State: Initialized, Role: LEARNER
I20260710 13:17:35.671006  7347 consensus_queue.cc:260] T 1e7e9ca2265945c3b8325659f447e55d P dec9198573fe424c8635d2969b8dc0b3 [NON_LEADER]: Queue going to NON_LEADER mode. State: All replicated index: 0, Majority replicated index: 0, Committed index: 2, Last appended: 1.2, Last appended by leader: 2, Current term: 0, Majority size: -1, State: 0, Mode: NON_LEADER, active raft config: opid_index: 2 OBSOLETE_local: false peers { permanent_uuid: "62cf4c39f0ff486abbb890d4d1a92c3a" member_type: VOTER last_known_addr { host: "127.5.159.1" port: 38731 } } peers { permanent_uuid: "d867f613ada043e09b2877e2e25e9178" member_type: VOTER last_known_addr { host: "127.5.159.3" port: 34059 } } peers { permanent_uuid: "cb2f99bcaa8b49f3ae13819a36fc3b1e" member_type: VOTER last_known_addr { host: "127.5.159.2" port: 35687 } attrs { replace: true } } peers { permanent_uuid: "dec9198573fe424c8635d2969b8dc0b3" member_type: NON_VOTER last_known_addr { host: "127.5.159.4" port: 46327 } attrs { promote: true } }
I20260710 13:17:35.686815  7347 ts_tablet_manager.cc:1434] T 1e7e9ca2265945c3b8325659f447e55d P dec9198573fe424c8635d2969b8dc0b3: Time spent starting tablet: real 0.020s	user 0.011s	sys 0.000s
I20260710 13:17:35.696553  7029 tablet_copy_service.cc:342] P d867f613ada043e09b2877e2e25e9178: Request end of tablet copy session dec9198573fe424c8635d2969b8dc0b3-1e7e9ca2265945c3b8325659f447e55d received from {username='slave'} at 127.0.0.1:58892
I20260710 13:17:35.697105  7029 tablet_copy_service.cc:434] P d867f613ada043e09b2877e2e25e9178: ending tablet copy session dec9198573fe424c8635d2969b8dc0b3-1e7e9ca2265945c3b8325659f447e55d on tablet 1e7e9ca2265945c3b8325659f447e55d with peer dec9198573fe424c8635d2969b8dc0b3
I20260710 13:17:35.705399  7347 ts_tablet_manager.cc:933] T ecef7ee6539647bfae70fe798e2e7e87 P dec9198573fe424c8635d2969b8dc0b3: Initiating tablet copy from peer d867f613ada043e09b2877e2e25e9178 (127.5.159.3:34059)
I20260710 13:17:35.705646  7352 ts_tablet_manager.cc:933] T f3f555a35f164cd889fe67d7c46c90ff P dec9198573fe424c8635d2969b8dc0b3: Initiating tablet copy from peer cb2f99bcaa8b49f3ae13819a36fc3b1e (127.5.159.2:35687)
I20260710 13:17:35.707468  7347 tablet_copy_client.cc:323] T ecef7ee6539647bfae70fe798e2e7e87 P dec9198573fe424c8635d2969b8dc0b3: tablet copy: Beginning tablet copy session from remote peer at address 127.5.159.3:34059
I20260710 13:17:35.708082  7352 tablet_copy_client.cc:323] T f3f555a35f164cd889fe67d7c46c90ff P dec9198573fe424c8635d2969b8dc0b3: tablet copy: Beginning tablet copy session from remote peer at address 127.5.159.2:35687
I20260710 13:17:35.709000  7029 tablet_copy_service.cc:140] P d867f613ada043e09b2877e2e25e9178: Received BeginTabletCopySession request for tablet ecef7ee6539647bfae70fe798e2e7e87 from peer dec9198573fe424c8635d2969b8dc0b3 ({username='slave'} at 127.0.0.1:58892)
I20260710 13:17:35.709560  7029 tablet_copy_service.cc:161] P d867f613ada043e09b2877e2e25e9178: Beginning new tablet copy session on tablet ecef7ee6539647bfae70fe798e2e7e87 from peer dec9198573fe424c8635d2969b8dc0b3 at {username='slave'} at 127.0.0.1:58892: session id = dec9198573fe424c8635d2969b8dc0b3-ecef7ee6539647bfae70fe798e2e7e87
I20260710 13:17:35.716879  7343 tablet_bootstrap.cc:492] T 43b2ce82b1604aefb68151d950321f59 P dec9198573fe424c8635d2969b8dc0b3: Bootstrap replayed 1/1 log segments. Stats: ops{read=2 overwritten=0 applied=2 ignored=0} inserts{seen=0 ignored=0} mutations{seen=0 ignored=0} orphaned_commits=0. Pending: 0 replicates
I20260710 13:17:35.717713  7343 tablet_bootstrap.cc:492] T 43b2ce82b1604aefb68151d950321f59 P dec9198573fe424c8635d2969b8dc0b3: Bootstrap complete.
I20260710 13:17:35.718375  7343 ts_tablet_manager.cc:1403] T 43b2ce82b1604aefb68151d950321f59 P dec9198573fe424c8635d2969b8dc0b3: Time spent bootstrapping tablet: real 0.081s	user 0.036s	sys 0.013s
I20260710 13:17:35.720568  7029 tablet_copy_source_session.cc:215] T ecef7ee6539647bfae70fe798e2e7e87 P d867f613ada043e09b2877e2e25e9178: Tablet Copy: opened 0 blocks and 1 log segments
I20260710 13:17:35.721263  7343 raft_consensus.cc:359] T 43b2ce82b1604aefb68151d950321f59 P dec9198573fe424c8635d2969b8dc0b3 [term 1 LEARNER]: Replica starting. Triggering 0 pending ops. Active config: opid_index: 2 OBSOLETE_local: false peers { permanent_uuid: "62cf4c39f0ff486abbb890d4d1a92c3a" member_type: VOTER last_known_addr { host: "127.5.159.1" port: 38731 } attrs { replace: true } } peers { permanent_uuid: "cb2f99bcaa8b49f3ae13819a36fc3b1e" member_type: VOTER last_known_addr { host: "127.5.159.2" port: 35687 } } peers { permanent_uuid: "d867f613ada043e09b2877e2e25e9178" member_type: VOTER last_known_addr { host: "127.5.159.3" port: 34059 } } peers { permanent_uuid: "dec9198573fe424c8635d2969b8dc0b3" member_type: NON_VOTER last_known_addr { host: "127.5.159.4" port: 46327 } attrs { promote: true } }
I20260710 13:17:35.722107  7343 raft_consensus.cc:740] T 43b2ce82b1604aefb68151d950321f59 P dec9198573fe424c8635d2969b8dc0b3 [term 1 LEARNER]: Becoming Follower/Learner. State: Replica: dec9198573fe424c8635d2969b8dc0b3, State: Initialized, Role: LEARNER
I20260710 13:17:35.722711  7343 consensus_queue.cc:260] T 43b2ce82b1604aefb68151d950321f59 P dec9198573fe424c8635d2969b8dc0b3 [NON_LEADER]: Queue going to NON_LEADER mode. State: All replicated index: 0, Majority replicated index: 0, Committed index: 2, Last appended: 1.2, Last appended by leader: 2, Current term: 0, Majority size: -1, State: 0, Mode: NON_LEADER, active raft config: opid_index: 2 OBSOLETE_local: false peers { permanent_uuid: "62cf4c39f0ff486abbb890d4d1a92c3a" member_type: VOTER last_known_addr { host: "127.5.159.1" port: 38731 } attrs { replace: true } } peers { permanent_uuid: "cb2f99bcaa8b49f3ae13819a36fc3b1e" member_type: VOTER last_known_addr { host: "127.5.159.2" port: 35687 } } peers { permanent_uuid: "d867f613ada043e09b2877e2e25e9178" member_type: VOTER last_known_addr { host: "127.5.159.3" port: 34059 } } peers { permanent_uuid: "dec9198573fe424c8635d2969b8dc0b3" member_type: NON_VOTER last_known_addr { host: "127.5.159.4" port: 46327 } attrs { promote: true } }
I20260710 13:17:35.725279  7343 ts_tablet_manager.cc:1434] T 43b2ce82b1604aefb68151d950321f59 P dec9198573fe424c8635d2969b8dc0b3: Time spent starting tablet: real 0.007s	user 0.002s	sys 0.004s
I20260710 13:17:35.731086  7347 data_dirs.cc:400] Could only allocate 1 dirs of requested 3 for tablet ecef7ee6539647bfae70fe798e2e7e87. 1 dirs total, 0 dirs full, 0 dirs failed
I20260710 13:17:35.731194  7029 tablet_copy_service.cc:342] P d867f613ada043e09b2877e2e25e9178: Request end of tablet copy session dec9198573fe424c8635d2969b8dc0b3-43b2ce82b1604aefb68151d950321f59 received from {username='slave'} at 127.0.0.1:58892
I20260710 13:17:35.731637  7029 tablet_copy_service.cc:434] P d867f613ada043e09b2877e2e25e9178: ending tablet copy session dec9198573fe424c8635d2969b8dc0b3-43b2ce82b1604aefb68151d950321f59 on tablet 43b2ce82b1604aefb68151d950321f59 with peer dec9198573fe424c8635d2969b8dc0b3
I20260710 13:17:35.745164  7347 tablet_copy_client.cc:806] T ecef7ee6539647bfae70fe798e2e7e87 P dec9198573fe424c8635d2969b8dc0b3: tablet copy: Starting download of 0 data blocks...
I20260710 13:17:35.745750  7347 tablet_copy_client.cc:670] T ecef7ee6539647bfae70fe798e2e7e87 P dec9198573fe424c8635d2969b8dc0b3: tablet copy: Starting download of 1 WAL segments...
I20260710 13:17:35.749166  6955 tablet_copy_service.cc:140] P cb2f99bcaa8b49f3ae13819a36fc3b1e: Received BeginTabletCopySession request for tablet f3f555a35f164cd889fe67d7c46c90ff from peer dec9198573fe424c8635d2969b8dc0b3 ({username='slave'} at 127.0.0.1:49796)
I20260710 13:17:35.749300  7347 tablet_copy_client.cc:538] T ecef7ee6539647bfae70fe798e2e7e87 P dec9198573fe424c8635d2969b8dc0b3: tablet copy: Tablet Copy complete. Replacing tablet superblock.
I20260710 13:17:35.749694  6955 tablet_copy_service.cc:161] P cb2f99bcaa8b49f3ae13819a36fc3b1e: Beginning new tablet copy session on tablet f3f555a35f164cd889fe67d7c46c90ff from peer dec9198573fe424c8635d2969b8dc0b3 at {username='slave'} at 127.0.0.1:49796: session id = dec9198573fe424c8635d2969b8dc0b3-f3f555a35f164cd889fe67d7c46c90ff
I20260710 13:17:35.754582  6955 tablet_copy_source_session.cc:215] T f3f555a35f164cd889fe67d7c46c90ff P cb2f99bcaa8b49f3ae13819a36fc3b1e: Tablet Copy: opened 0 blocks and 1 log segments
I20260710 13:17:35.757354  7352 data_dirs.cc:400] Could only allocate 1 dirs of requested 3 for tablet f3f555a35f164cd889fe67d7c46c90ff. 1 dirs total, 0 dirs full, 0 dirs failed
I20260710 13:17:35.757395  7347 tablet_bootstrap.cc:492] T ecef7ee6539647bfae70fe798e2e7e87 P dec9198573fe424c8635d2969b8dc0b3: Bootstrap starting.
I20260710 13:17:35.773142  7352 tablet_copy_client.cc:806] T f3f555a35f164cd889fe67d7c46c90ff P dec9198573fe424c8635d2969b8dc0b3: tablet copy: Starting download of 0 data blocks...
I20260710 13:17:35.773718  7352 tablet_copy_client.cc:670] T f3f555a35f164cd889fe67d7c46c90ff P dec9198573fe424c8635d2969b8dc0b3: tablet copy: Starting download of 1 WAL segments...
I20260710 13:17:35.776480  7347 tablet_bootstrap.cc:492] T ecef7ee6539647bfae70fe798e2e7e87 P dec9198573fe424c8635d2969b8dc0b3: Bootstrap replayed 1/1 log segments. Stats: ops{read=2 overwritten=0 applied=2 ignored=0} inserts{seen=0 ignored=0} mutations{seen=0 ignored=0} orphaned_commits=0. Pending: 0 replicates
I20260710 13:17:35.776813  7352 tablet_copy_client.cc:538] T f3f555a35f164cd889fe67d7c46c90ff P dec9198573fe424c8635d2969b8dc0b3: tablet copy: Tablet Copy complete. Replacing tablet superblock.
I20260710 13:17:35.777313  7347 tablet_bootstrap.cc:492] T ecef7ee6539647bfae70fe798e2e7e87 P dec9198573fe424c8635d2969b8dc0b3: Bootstrap complete.
I20260710 13:17:35.777959  7347 ts_tablet_manager.cc:1403] T ecef7ee6539647bfae70fe798e2e7e87 P dec9198573fe424c8635d2969b8dc0b3: Time spent bootstrapping tablet: real 0.021s	user 0.019s	sys 0.000s
I20260710 13:17:35.780776  7347 raft_consensus.cc:359] T ecef7ee6539647bfae70fe798e2e7e87 P dec9198573fe424c8635d2969b8dc0b3 [term 1 LEARNER]: Replica starting. Triggering 0 pending ops. Active config: opid_index: 2 OBSOLETE_local: false peers { permanent_uuid: "62cf4c39f0ff486abbb890d4d1a92c3a" member_type: VOTER last_known_addr { host: "127.5.159.1" port: 38731 } } peers { permanent_uuid: "cb2f99bcaa8b49f3ae13819a36fc3b1e" member_type: VOTER last_known_addr { host: "127.5.159.2" port: 35687 } attrs { replace: true } } peers { permanent_uuid: "d867f613ada043e09b2877e2e25e9178" member_type: VOTER last_known_addr { host: "127.5.159.3" port: 34059 } } peers { permanent_uuid: "dec9198573fe424c8635d2969b8dc0b3" member_type: NON_VOTER last_known_addr { host: "127.5.159.4" port: 46327 } attrs { promote: true } }
I20260710 13:17:35.781612  7347 raft_consensus.cc:740] T ecef7ee6539647bfae70fe798e2e7e87 P dec9198573fe424c8635d2969b8dc0b3 [term 1 LEARNER]: Becoming Follower/Learner. State: Replica: dec9198573fe424c8635d2969b8dc0b3, State: Initialized, Role: LEARNER
I20260710 13:17:35.782251  7347 consensus_queue.cc:260] T ecef7ee6539647bfae70fe798e2e7e87 P dec9198573fe424c8635d2969b8dc0b3 [NON_LEADER]: Queue going to NON_LEADER mode. State: All replicated index: 0, Majority replicated index: 0, Committed index: 2, Last appended: 1.2, Last appended by leader: 2, Current term: 0, Majority size: -1, State: 0, Mode: NON_LEADER, active raft config: opid_index: 2 OBSOLETE_local: false peers { permanent_uuid: "62cf4c39f0ff486abbb890d4d1a92c3a" member_type: VOTER last_known_addr { host: "127.5.159.1" port: 38731 } } peers { permanent_uuid: "cb2f99bcaa8b49f3ae13819a36fc3b1e" member_type: VOTER last_known_addr { host: "127.5.159.2" port: 35687 } attrs { replace: true } } peers { permanent_uuid: "d867f613ada043e09b2877e2e25e9178" member_type: VOTER last_known_addr { host: "127.5.159.3" port: 34059 } } peers { permanent_uuid: "dec9198573fe424c8635d2969b8dc0b3" member_type: NON_VOTER last_known_addr { host: "127.5.159.4" port: 46327 } attrs { promote: true } }
I20260710 13:17:35.783553  7352 tablet_bootstrap.cc:492] T f3f555a35f164cd889fe67d7c46c90ff P dec9198573fe424c8635d2969b8dc0b3: Bootstrap starting.
I20260710 13:17:35.784773  7347 ts_tablet_manager.cc:1434] T ecef7ee6539647bfae70fe798e2e7e87 P dec9198573fe424c8635d2969b8dc0b3: Time spent starting tablet: real 0.007s	user 0.005s	sys 0.003s
I20260710 13:17:35.787235  7029 tablet_copy_service.cc:342] P d867f613ada043e09b2877e2e25e9178: Request end of tablet copy session dec9198573fe424c8635d2969b8dc0b3-ecef7ee6539647bfae70fe798e2e7e87 received from {username='slave'} at 127.0.0.1:58892
I20260710 13:17:35.787631  7029 tablet_copy_service.cc:434] P d867f613ada043e09b2877e2e25e9178: ending tablet copy session dec9198573fe424c8635d2969b8dc0b3-ecef7ee6539647bfae70fe798e2e7e87 on tablet ecef7ee6539647bfae70fe798e2e7e87 with peer dec9198573fe424c8635d2969b8dc0b3
I20260710 13:17:35.802798  7352 tablet_bootstrap.cc:492] T f3f555a35f164cd889fe67d7c46c90ff P dec9198573fe424c8635d2969b8dc0b3: Bootstrap replayed 1/1 log segments. Stats: ops{read=2 overwritten=0 applied=2 ignored=0} inserts{seen=0 ignored=0} mutations{seen=0 ignored=0} orphaned_commits=0. Pending: 0 replicates
I20260710 13:17:35.803625  7352 tablet_bootstrap.cc:492] T f3f555a35f164cd889fe67d7c46c90ff P dec9198573fe424c8635d2969b8dc0b3: Bootstrap complete.
I20260710 13:17:35.804237  7352 ts_tablet_manager.cc:1403] T f3f555a35f164cd889fe67d7c46c90ff P dec9198573fe424c8635d2969b8dc0b3: Time spent bootstrapping tablet: real 0.021s	user 0.011s	sys 0.008s
I20260710 13:17:35.806947  7352 raft_consensus.cc:359] T f3f555a35f164cd889fe67d7c46c90ff P dec9198573fe424c8635d2969b8dc0b3 [term 1 LEARNER]: Replica starting. Triggering 0 pending ops. Active config: opid_index: 2 OBSOLETE_local: false peers { permanent_uuid: "62cf4c39f0ff486abbb890d4d1a92c3a" member_type: VOTER last_known_addr { host: "127.5.159.1" port: 38731 } } peers { permanent_uuid: "cb2f99bcaa8b49f3ae13819a36fc3b1e" member_type: VOTER last_known_addr { host: "127.5.159.2" port: 35687 } } peers { permanent_uuid: "d867f613ada043e09b2877e2e25e9178" member_type: VOTER last_known_addr { host: "127.5.159.3" port: 34059 } attrs { replace: true } } peers { permanent_uuid: "dec9198573fe424c8635d2969b8dc0b3" member_type: NON_VOTER last_known_addr { host: "127.5.159.4" port: 46327 } attrs { promote: true } }
I20260710 13:17:35.807757  7352 raft_consensus.cc:740] T f3f555a35f164cd889fe67d7c46c90ff P dec9198573fe424c8635d2969b8dc0b3 [term 1 LEARNER]: Becoming Follower/Learner. State: Replica: dec9198573fe424c8635d2969b8dc0b3, State: Initialized, Role: LEARNER
I20260710 13:17:35.808341  7352 consensus_queue.cc:260] T f3f555a35f164cd889fe67d7c46c90ff P dec9198573fe424c8635d2969b8dc0b3 [NON_LEADER]: Queue going to NON_LEADER mode. State: All replicated index: 0, Majority replicated index: 0, Committed index: 2, Last appended: 1.2, Last appended by leader: 2, Current term: 0, Majority size: -1, State: 0, Mode: NON_LEADER, active raft config: opid_index: 2 OBSOLETE_local: false peers { permanent_uuid: "62cf4c39f0ff486abbb890d4d1a92c3a" member_type: VOTER last_known_addr { host: "127.5.159.1" port: 38731 } } peers { permanent_uuid: "cb2f99bcaa8b49f3ae13819a36fc3b1e" member_type: VOTER last_known_addr { host: "127.5.159.2" port: 35687 } } peers { permanent_uuid: "d867f613ada043e09b2877e2e25e9178" member_type: VOTER last_known_addr { host: "127.5.159.3" port: 34059 } attrs { replace: true } } peers { permanent_uuid: "dec9198573fe424c8635d2969b8dc0b3" member_type: NON_VOTER last_known_addr { host: "127.5.159.4" port: 46327 } attrs { promote: true } }
I20260710 13:17:35.810546  7352 ts_tablet_manager.cc:1434] T f3f555a35f164cd889fe67d7c46c90ff P dec9198573fe424c8635d2969b8dc0b3: Time spent starting tablet: real 0.006s	user 0.006s	sys 0.001s
I20260710 13:17:35.812254  6955 tablet_copy_service.cc:342] P cb2f99bcaa8b49f3ae13819a36fc3b1e: Request end of tablet copy session dec9198573fe424c8635d2969b8dc0b3-f3f555a35f164cd889fe67d7c46c90ff received from {username='slave'} at 127.0.0.1:49796
I20260710 13:17:35.812655  6955 tablet_copy_service.cc:434] P cb2f99bcaa8b49f3ae13819a36fc3b1e: ending tablet copy session dec9198573fe424c8635d2969b8dc0b3-f3f555a35f164cd889fe67d7c46c90ff on tablet f3f555a35f164cd889fe67d7c46c90ff with peer dec9198573fe424c8635d2969b8dc0b3
I20260710 13:17:35.970371  7280 raft_consensus.cc:1217] T 43b2ce82b1604aefb68151d950321f59 P dec9198573fe424c8635d2969b8dc0b3 [term 1 LEARNER]: Deduplicated request from leader. Original: 1.1->[1.2-1.2]   Dedup: 1.2->[]
I20260710 13:17:36.062885  7280 raft_consensus.cc:1217] T 1e7e9ca2265945c3b8325659f447e55d P dec9198573fe424c8635d2969b8dc0b3 [term 1 LEARNER]: Deduplicated request from leader. Original: 1.1->[1.2-1.2]   Dedup: 1.2->[]
I20260710 13:17:36.250587  7280 raft_consensus.cc:1217] T f3f555a35f164cd889fe67d7c46c90ff P dec9198573fe424c8635d2969b8dc0b3 [term 1 LEARNER]: Deduplicated request from leader. Original: 1.1->[1.2-1.2]   Dedup: 1.2->[]
I20260710 13:17:36.276852  7280 raft_consensus.cc:1217] T ecef7ee6539647bfae70fe798e2e7e87 P dec9198573fe424c8635d2969b8dc0b3 [term 1 LEARNER]: Deduplicated request from leader. Original: 1.1->[1.2-1.2]   Dedup: 1.2->[]
I20260710 13:17:36.409134  7360 raft_consensus.cc:1064] T 43b2ce82b1604aefb68151d950321f59 P d867f613ada043e09b2877e2e25e9178: attempting to promote NON_VOTER dec9198573fe424c8635d2969b8dc0b3 to VOTER
I20260710 13:17:36.411371  7360 consensus_queue.cc:237] T 43b2ce82b1604aefb68151d950321f59 P d867f613ada043e09b2877e2e25e9178 [LEADER]: Queue going to LEADER mode. State: All replicated index: 0, Majority replicated index: 2, Committed index: 2, Last appended: 1.2, Last appended by leader: 0, Current term: 1, Majority size: 3, State: 0, Mode: LEADER, active raft config: opid_index: 3 OBSOLETE_local: false peers { permanent_uuid: "62cf4c39f0ff486abbb890d4d1a92c3a" member_type: VOTER last_known_addr { host: "127.5.159.1" port: 38731 } attrs { replace: true } } peers { permanent_uuid: "cb2f99bcaa8b49f3ae13819a36fc3b1e" member_type: VOTER last_known_addr { host: "127.5.159.2" port: 35687 } } peers { permanent_uuid: "d867f613ada043e09b2877e2e25e9178" member_type: VOTER last_known_addr { host: "127.5.159.3" port: 34059 } } peers { permanent_uuid: "dec9198573fe424c8635d2969b8dc0b3" member_type: VOTER last_known_addr { host: "127.5.159.4" port: 46327 } attrs { promote: false } }
I20260710 13:17:36.417017  7280 raft_consensus.cc:1275] T 43b2ce82b1604aefb68151d950321f59 P dec9198573fe424c8635d2969b8dc0b3 [term 1 LEARNER]: Refusing update from remote peer d867f613ada043e09b2877e2e25e9178: Log matching property violated. Preceding OpId in replica: term: 1 index: 2. Preceding OpId from leader: term: 1 index: 3. (index mismatch)
I20260710 13:17:36.418085  6867 raft_consensus.cc:1275] T 43b2ce82b1604aefb68151d950321f59 P 62cf4c39f0ff486abbb890d4d1a92c3a [term 1 FOLLOWER]: Refusing update from remote peer d867f613ada043e09b2877e2e25e9178: Log matching property violated. Preceding OpId in replica: term: 1 index: 2. Preceding OpId from leader: term: 1 index: 3. (index mismatch)
I20260710 13:17:36.418124  6945 raft_consensus.cc:1275] T 43b2ce82b1604aefb68151d950321f59 P cb2f99bcaa8b49f3ae13819a36fc3b1e [term 1 FOLLOWER]: Refusing update from remote peer d867f613ada043e09b2877e2e25e9178: Log matching property violated. Preceding OpId in replica: term: 1 index: 2. Preceding OpId from leader: term: 1 index: 3. (index mismatch)
I20260710 13:17:36.418689  7360 consensus_queue.cc:1048] T 43b2ce82b1604aefb68151d950321f59 P d867f613ada043e09b2877e2e25e9178 [LEADER]: Connected to new peer: Peer: permanent_uuid: "dec9198573fe424c8635d2969b8dc0b3" member_type: VOTER last_known_addr { host: "127.5.159.4" port: 46327 } attrs { promote: false }, Status: LMP_MISMATCH, Last received: 0.0, Next index: 3, Last known committed idx: 2, Time since last communication: 0.001s
I20260710 13:17:36.419900  7341 consensus_queue.cc:1048] T 43b2ce82b1604aefb68151d950321f59 P d867f613ada043e09b2877e2e25e9178 [LEADER]: Connected to new peer: Peer: permanent_uuid: "62cf4c39f0ff486abbb890d4d1a92c3a" member_type: VOTER last_known_addr { host: "127.5.159.1" port: 38731 } attrs { replace: true }, Status: LMP_MISMATCH, Last received: 0.0, Next index: 3, Last known committed idx: 2, Time since last communication: 0.000s
I20260710 13:17:36.420622  7091 consensus_queue.cc:1048] T 43b2ce82b1604aefb68151d950321f59 P d867f613ada043e09b2877e2e25e9178 [LEADER]: Connected to new peer: Peer: permanent_uuid: "cb2f99bcaa8b49f3ae13819a36fc3b1e" member_type: VOTER last_known_addr { host: "127.5.159.2" port: 35687 }, Status: LMP_MISMATCH, Last received: 0.0, Next index: 3, Last known committed idx: 2, Time since last communication: 0.000s
I20260710 13:17:36.436404  7091 raft_consensus.cc:2955] T 43b2ce82b1604aefb68151d950321f59 P d867f613ada043e09b2877e2e25e9178 [term 1 LEADER]: Committing config change with OpId 1.3: config changed from index 2 to 3, dec9198573fe424c8635d2969b8dc0b3 (127.5.159.4) changed from NON_VOTER to VOTER. New config: { opid_index: 3 OBSOLETE_local: false peers { permanent_uuid: "62cf4c39f0ff486abbb890d4d1a92c3a" member_type: VOTER last_known_addr { host: "127.5.159.1" port: 38731 } attrs { replace: true } } peers { permanent_uuid: "cb2f99bcaa8b49f3ae13819a36fc3b1e" member_type: VOTER last_known_addr { host: "127.5.159.2" port: 35687 } } peers { permanent_uuid: "d867f613ada043e09b2877e2e25e9178" member_type: VOTER last_known_addr { host: "127.5.159.3" port: 34059 } } peers { permanent_uuid: "dec9198573fe424c8635d2969b8dc0b3" member_type: VOTER last_known_addr { host: "127.5.159.4" port: 46327 } attrs { promote: false } } }
I20260710 13:17:36.438077  7280 raft_consensus.cc:2955] T 43b2ce82b1604aefb68151d950321f59 P dec9198573fe424c8635d2969b8dc0b3 [term 1 FOLLOWER]: Committing config change with OpId 1.3: config changed from index 2 to 3, dec9198573fe424c8635d2969b8dc0b3 (127.5.159.4) changed from NON_VOTER to VOTER. New config: { opid_index: 3 OBSOLETE_local: false peers { permanent_uuid: "62cf4c39f0ff486abbb890d4d1a92c3a" member_type: VOTER last_known_addr { host: "127.5.159.1" port: 38731 } attrs { replace: true } } peers { permanent_uuid: "cb2f99bcaa8b49f3ae13819a36fc3b1e" member_type: VOTER last_known_addr { host: "127.5.159.2" port: 35687 } } peers { permanent_uuid: "d867f613ada043e09b2877e2e25e9178" member_type: VOTER last_known_addr { host: "127.5.159.3" port: 34059 } } peers { permanent_uuid: "dec9198573fe424c8635d2969b8dc0b3" member_type: VOTER last_known_addr { host: "127.5.159.4" port: 46327 } attrs { promote: false } } }
I20260710 13:17:36.441426  6867 raft_consensus.cc:2955] T 43b2ce82b1604aefb68151d950321f59 P 62cf4c39f0ff486abbb890d4d1a92c3a [term 1 FOLLOWER]: Committing config change with OpId 1.3: config changed from index 2 to 3, dec9198573fe424c8635d2969b8dc0b3 (127.5.159.4) changed from NON_VOTER to VOTER. New config: { opid_index: 3 OBSOLETE_local: false peers { permanent_uuid: "62cf4c39f0ff486abbb890d4d1a92c3a" member_type: VOTER last_known_addr { host: "127.5.159.1" port: 38731 } attrs { replace: true } } peers { permanent_uuid: "cb2f99bcaa8b49f3ae13819a36fc3b1e" member_type: VOTER last_known_addr { host: "127.5.159.2" port: 35687 } } peers { permanent_uuid: "d867f613ada043e09b2877e2e25e9178" member_type: VOTER last_known_addr { host: "127.5.159.3" port: 34059 } } peers { permanent_uuid: "dec9198573fe424c8635d2969b8dc0b3" member_type: VOTER last_known_addr { host: "127.5.159.4" port: 46327 } attrs { promote: false } } }
I20260710 13:17:36.450665  6766 catalog_manager.cc:5697] T 43b2ce82b1604aefb68151d950321f59 P d867f613ada043e09b2877e2e25e9178 reported cstate change: config changed from index 2 to 3, dec9198573fe424c8635d2969b8dc0b3 (127.5.159.4) changed from NON_VOTER to VOTER. New cstate: current_term: 1 leader_uuid: "d867f613ada043e09b2877e2e25e9178" committed_config { opid_index: 3 OBSOLETE_local: false peers { permanent_uuid: "62cf4c39f0ff486abbb890d4d1a92c3a" member_type: VOTER last_known_addr { host: "127.5.159.1" port: 38731 } attrs { replace: true } health_report { overall_health: HEALTHY } } peers { permanent_uuid: "cb2f99bcaa8b49f3ae13819a36fc3b1e" member_type: VOTER last_known_addr { host: "127.5.159.2" port: 35687 } health_report { overall_health: HEALTHY } } peers { permanent_uuid: "d867f613ada043e09b2877e2e25e9178" member_type: VOTER last_known_addr { host: "127.5.159.3" port: 34059 } health_report { overall_health: HEALTHY } } peers { permanent_uuid: "dec9198573fe424c8635d2969b8dc0b3" member_type: VOTER last_known_addr { host: "127.5.159.4" port: 46327 } attrs { promote: false } health_report { overall_health: HEALTHY } } }
I20260710 13:17:36.454908  6945 raft_consensus.cc:2955] T 43b2ce82b1604aefb68151d950321f59 P cb2f99bcaa8b49f3ae13819a36fc3b1e [term 1 FOLLOWER]: Committing config change with OpId 1.3: config changed from index 2 to 3, dec9198573fe424c8635d2969b8dc0b3 (127.5.159.4) changed from NON_VOTER to VOTER. New config: { opid_index: 3 OBSOLETE_local: false peers { permanent_uuid: "62cf4c39f0ff486abbb890d4d1a92c3a" member_type: VOTER last_known_addr { host: "127.5.159.1" port: 38731 } attrs { replace: true } } peers { permanent_uuid: "cb2f99bcaa8b49f3ae13819a36fc3b1e" member_type: VOTER last_known_addr { host: "127.5.159.2" port: 35687 } } peers { permanent_uuid: "d867f613ada043e09b2877e2e25e9178" member_type: VOTER last_known_addr { host: "127.5.159.3" port: 34059 } } peers { permanent_uuid: "dec9198573fe424c8635d2969b8dc0b3" member_type: VOTER last_known_addr { host: "127.5.159.4" port: 46327 } attrs { promote: false } } }
I20260710 13:17:36.480868  7017 consensus_queue.cc:237] T 43b2ce82b1604aefb68151d950321f59 P d867f613ada043e09b2877e2e25e9178 [LEADER]: Queue going to LEADER mode. State: All replicated index: 0, Majority replicated index: 3, Committed index: 3, Last appended: 1.3, Last appended by leader: 0, Current term: 1, Majority size: 2, State: 0, Mode: LEADER, active raft config: opid_index: 4 OBSOLETE_local: false peers { permanent_uuid: "cb2f99bcaa8b49f3ae13819a36fc3b1e" member_type: VOTER last_known_addr { host: "127.5.159.2" port: 35687 } } peers { permanent_uuid: "d867f613ada043e09b2877e2e25e9178" member_type: VOTER last_known_addr { host: "127.5.159.3" port: 34059 } } peers { permanent_uuid: "dec9198573fe424c8635d2969b8dc0b3" member_type: VOTER last_known_addr { host: "127.5.159.4" port: 46327 } attrs { promote: false } }
I20260710 13:17:36.486343  7280 raft_consensus.cc:1275] T 43b2ce82b1604aefb68151d950321f59 P dec9198573fe424c8635d2969b8dc0b3 [term 1 FOLLOWER]: Refusing update from remote peer d867f613ada043e09b2877e2e25e9178: Log matching property violated. Preceding OpId in replica: term: 1 index: 3. Preceding OpId from leader: term: 1 index: 4. (index mismatch)
I20260710 13:17:36.487571  7360 consensus_queue.cc:1048] T 43b2ce82b1604aefb68151d950321f59 P d867f613ada043e09b2877e2e25e9178 [LEADER]: Connected to new peer: Peer: permanent_uuid: "dec9198573fe424c8635d2969b8dc0b3" member_type: VOTER last_known_addr { host: "127.5.159.4" port: 46327 } attrs { promote: false }, Status: LMP_MISMATCH, Last received: 0.0, Next index: 4, Last known committed idx: 3, Time since last communication: 0.000s
I20260710 13:17:36.490620  6945 raft_consensus.cc:1275] T 43b2ce82b1604aefb68151d950321f59 P cb2f99bcaa8b49f3ae13819a36fc3b1e [term 1 FOLLOWER]: Refusing update from remote peer d867f613ada043e09b2877e2e25e9178: Log matching property violated. Preceding OpId in replica: term: 1 index: 3. Preceding OpId from leader: term: 1 index: 4. (index mismatch)
I20260710 13:17:36.492012  7360 consensus_queue.cc:1048] T 43b2ce82b1604aefb68151d950321f59 P d867f613ada043e09b2877e2e25e9178 [LEADER]: Connected to new peer: Peer: permanent_uuid: "cb2f99bcaa8b49f3ae13819a36fc3b1e" member_type: VOTER last_known_addr { host: "127.5.159.2" port: 35687 }, Status: LMP_MISMATCH, Last received: 0.0, Next index: 4, Last known committed idx: 3, Time since last communication: 0.000s
I20260710 13:17:36.494606  7360 raft_consensus.cc:2955] T 43b2ce82b1604aefb68151d950321f59 P d867f613ada043e09b2877e2e25e9178 [term 1 LEADER]: Committing config change with OpId 1.4: config changed from index 3 to 4, VOTER 62cf4c39f0ff486abbb890d4d1a92c3a (127.5.159.1) evicted. New config: { opid_index: 4 OBSOLETE_local: false peers { permanent_uuid: "cb2f99bcaa8b49f3ae13819a36fc3b1e" member_type: VOTER last_known_addr { host: "127.5.159.2" port: 35687 } } peers { permanent_uuid: "d867f613ada043e09b2877e2e25e9178" member_type: VOTER last_known_addr { host: "127.5.159.3" port: 34059 } } peers { permanent_uuid: "dec9198573fe424c8635d2969b8dc0b3" member_type: VOTER last_known_addr { host: "127.5.159.4" port: 46327 } attrs { promote: false } } }
I20260710 13:17:36.497460  7280 raft_consensus.cc:2955] T 43b2ce82b1604aefb68151d950321f59 P dec9198573fe424c8635d2969b8dc0b3 [term 1 FOLLOWER]: Committing config change with OpId 1.4: config changed from index 3 to 4, VOTER 62cf4c39f0ff486abbb890d4d1a92c3a (127.5.159.1) evicted. New config: { opid_index: 4 OBSOLETE_local: false peers { permanent_uuid: "cb2f99bcaa8b49f3ae13819a36fc3b1e" member_type: VOTER last_known_addr { host: "127.5.159.2" port: 35687 } } peers { permanent_uuid: "d867f613ada043e09b2877e2e25e9178" member_type: VOTER last_known_addr { host: "127.5.159.3" port: 34059 } } peers { permanent_uuid: "dec9198573fe424c8635d2969b8dc0b3" member_type: VOTER last_known_addr { host: "127.5.159.4" port: 46327 } attrs { promote: false } } }
I20260710 13:17:36.499657  6945 raft_consensus.cc:2955] T 43b2ce82b1604aefb68151d950321f59 P cb2f99bcaa8b49f3ae13819a36fc3b1e [term 1 FOLLOWER]: Committing config change with OpId 1.4: config changed from index 3 to 4, VOTER 62cf4c39f0ff486abbb890d4d1a92c3a (127.5.159.1) evicted. New config: { opid_index: 4 OBSOLETE_local: false peers { permanent_uuid: "cb2f99bcaa8b49f3ae13819a36fc3b1e" member_type: VOTER last_known_addr { host: "127.5.159.2" port: 35687 } } peers { permanent_uuid: "d867f613ada043e09b2877e2e25e9178" member_type: VOTER last_known_addr { host: "127.5.159.3" port: 34059 } } peers { permanent_uuid: "dec9198573fe424c8635d2969b8dc0b3" member_type: VOTER last_known_addr { host: "127.5.159.4" port: 46327 } attrs { promote: false } } }
I20260710 13:17:36.503768  6754 catalog_manager.cc:5210] ChangeConfig:REMOVE_PEER RPC for tablet 43b2ce82b1604aefb68151d950321f59 with cas_config_opid_index 3: ChangeConfig:REMOVE_PEER succeeded (attempt 1)
I20260710 13:17:36.510304  6768 catalog_manager.cc:5697] T 43b2ce82b1604aefb68151d950321f59 P dec9198573fe424c8635d2969b8dc0b3 reported cstate change: config changed from index 3 to 4, VOTER 62cf4c39f0ff486abbb890d4d1a92c3a (127.5.159.1) evicted. New cstate: current_term: 1 leader_uuid: "d867f613ada043e09b2877e2e25e9178" committed_config { opid_index: 4 OBSOLETE_local: false peers { permanent_uuid: "cb2f99bcaa8b49f3ae13819a36fc3b1e" member_type: VOTER last_known_addr { host: "127.5.159.2" port: 35687 } } peers { permanent_uuid: "d867f613ada043e09b2877e2e25e9178" member_type: VOTER last_known_addr { host: "127.5.159.3" port: 34059 } } peers { permanent_uuid: "dec9198573fe424c8635d2969b8dc0b3" member_type: VOTER last_known_addr { host: "127.5.159.4" port: 46327 } attrs { promote: false } } }
I20260710 13:17:36.520748  6851 tablet_service.cc:1558] Processing DeleteTablet for tablet 43b2ce82b1604aefb68151d950321f59 with delete_type TABLET_DATA_TOMBSTONED (TS 62cf4c39f0ff486abbb890d4d1a92c3a not found in new config with opid_index 4) from {username='slave'} at 127.0.0.1:39092
I20260710 13:17:36.525846  7371 tablet_replica.cc:333] T 43b2ce82b1604aefb68151d950321f59 P 62cf4c39f0ff486abbb890d4d1a92c3a: stopping tablet replica
I20260710 13:17:36.526813  7371 raft_consensus.cc:2243] T 43b2ce82b1604aefb68151d950321f59 P 62cf4c39f0ff486abbb890d4d1a92c3a [term 1 FOLLOWER]: Raft consensus shutting down.
I20260710 13:17:36.527483  7371 raft_consensus.cc:2272] T 43b2ce82b1604aefb68151d950321f59 P 62cf4c39f0ff486abbb890d4d1a92c3a [term 1 FOLLOWER]: Raft consensus is shut down!
I20260710 13:17:36.530548  7371 ts_tablet_manager.cc:1916] T 43b2ce82b1604aefb68151d950321f59 P 62cf4c39f0ff486abbb890d4d1a92c3a: Deleting tablet data with delete state TABLET_DATA_TOMBSTONED
I20260710 13:17:36.544814  7371 ts_tablet_manager.cc:1929] T 43b2ce82b1604aefb68151d950321f59 P 62cf4c39f0ff486abbb890d4d1a92c3a: tablet deleted with delete type TABLET_DATA_TOMBSTONED: last-logged OpId 1.3
I20260710 13:17:36.545332  7371 log.cc:1199] T 43b2ce82b1604aefb68151d950321f59 P 62cf4c39f0ff486abbb890d4d1a92c3a: Deleting WAL directory at /tmp/dist-test-task3sO_L3/test-tmp/auto_leader_rebalancer-test.0.LeaderRebalancerTest.AddTserver.1783689426765216-5756-0/minicluster-data/ts-0-root/wals/43b2ce82b1604aefb68151d950321f59
I20260710 13:17:36.546897  6753 catalog_manager.cc:5028] TS 62cf4c39f0ff486abbb890d4d1a92c3a (127.5.159.1:38731): tablet 43b2ce82b1604aefb68151d950321f59 (table test-workload [id=aff0f41d964f4901b45920f7a91cd2b3]) successfully deleted
I20260710 13:17:36.584623  7360 raft_consensus.cc:1064] T 1e7e9ca2265945c3b8325659f447e55d P d867f613ada043e09b2877e2e25e9178: attempting to promote NON_VOTER dec9198573fe424c8635d2969b8dc0b3 to VOTER
I20260710 13:17:36.586350  7360 consensus_queue.cc:237] T 1e7e9ca2265945c3b8325659f447e55d P d867f613ada043e09b2877e2e25e9178 [LEADER]: Queue going to LEADER mode. State: All replicated index: 0, Majority replicated index: 2, Committed index: 2, Last appended: 1.2, Last appended by leader: 0, Current term: 1, Majority size: 3, State: 0, Mode: LEADER, active raft config: opid_index: 3 OBSOLETE_local: false peers { permanent_uuid: "62cf4c39f0ff486abbb890d4d1a92c3a" member_type: VOTER last_known_addr { host: "127.5.159.1" port: 38731 } } peers { permanent_uuid: "d867f613ada043e09b2877e2e25e9178" member_type: VOTER last_known_addr { host: "127.5.159.3" port: 34059 } } peers { permanent_uuid: "cb2f99bcaa8b49f3ae13819a36fc3b1e" member_type: VOTER last_known_addr { host: "127.5.159.2" port: 35687 } attrs { replace: true } } peers { permanent_uuid: "dec9198573fe424c8635d2969b8dc0b3" member_type: VOTER last_known_addr { host: "127.5.159.4" port: 46327 } attrs { promote: false } }
I20260710 13:17:36.591820  6945 raft_consensus.cc:1275] T 1e7e9ca2265945c3b8325659f447e55d P cb2f99bcaa8b49f3ae13819a36fc3b1e [term 1 FOLLOWER]: Refusing update from remote peer d867f613ada043e09b2877e2e25e9178: Log matching property violated. Preceding OpId in replica: term: 1 index: 2. Preceding OpId from leader: term: 1 index: 3. (index mismatch)
I20260710 13:17:36.592151  7280 raft_consensus.cc:1275] T 1e7e9ca2265945c3b8325659f447e55d P dec9198573fe424c8635d2969b8dc0b3 [term 1 LEARNER]: Refusing update from remote peer d867f613ada043e09b2877e2e25e9178: Log matching property violated. Preceding OpId in replica: term: 1 index: 2. Preceding OpId from leader: term: 1 index: 3. (index mismatch)
I20260710 13:17:36.592818  6867 raft_consensus.cc:1275] T 1e7e9ca2265945c3b8325659f447e55d P 62cf4c39f0ff486abbb890d4d1a92c3a [term 1 FOLLOWER]: Refusing update from remote peer d867f613ada043e09b2877e2e25e9178: Log matching property violated. Preceding OpId in replica: term: 1 index: 2. Preceding OpId from leader: term: 1 index: 3. (index mismatch)
I20260710 13:17:36.593242  7341 consensus_queue.cc:1048] T 1e7e9ca2265945c3b8325659f447e55d P d867f613ada043e09b2877e2e25e9178 [LEADER]: Connected to new peer: Peer: permanent_uuid: "cb2f99bcaa8b49f3ae13819a36fc3b1e" member_type: VOTER last_known_addr { host: "127.5.159.2" port: 35687 } attrs { replace: true }, Status: LMP_MISMATCH, Last received: 0.0, Next index: 3, Last known committed idx: 2, Time since last communication: 0.000s
I20260710 13:17:36.594157  7091 consensus_queue.cc:1048] T 1e7e9ca2265945c3b8325659f447e55d P d867f613ada043e09b2877e2e25e9178 [LEADER]: Connected to new peer: Peer: permanent_uuid: "62cf4c39f0ff486abbb890d4d1a92c3a" member_type: VOTER last_known_addr { host: "127.5.159.1" port: 38731 }, Status: LMP_MISMATCH, Last received: 0.0, Next index: 3, Last known committed idx: 2, Time since last communication: 0.000s
I20260710 13:17:36.594825  7360 consensus_queue.cc:1048] T 1e7e9ca2265945c3b8325659f447e55d P d867f613ada043e09b2877e2e25e9178 [LEADER]: Connected to new peer: Peer: permanent_uuid: "dec9198573fe424c8635d2969b8dc0b3" member_type: VOTER last_known_addr { host: "127.5.159.4" port: 46327 } attrs { promote: false }, Status: LMP_MISMATCH, Last received: 0.0, Next index: 3, Last known committed idx: 2, Time since last communication: 0.000s
I20260710 13:17:36.615859  7360 raft_consensus.cc:2955] T 1e7e9ca2265945c3b8325659f447e55d P d867f613ada043e09b2877e2e25e9178 [term 1 LEADER]: Committing config change with OpId 1.3: config changed from index 2 to 3, dec9198573fe424c8635d2969b8dc0b3 (127.5.159.4) changed from NON_VOTER to VOTER. New config: { opid_index: 3 OBSOLETE_local: false peers { permanent_uuid: "62cf4c39f0ff486abbb890d4d1a92c3a" member_type: VOTER last_known_addr { host: "127.5.159.1" port: 38731 } } peers { permanent_uuid: "d867f613ada043e09b2877e2e25e9178" member_type: VOTER last_known_addr { host: "127.5.159.3" port: 34059 } } peers { permanent_uuid: "cb2f99bcaa8b49f3ae13819a36fc3b1e" member_type: VOTER last_known_addr { host: "127.5.159.2" port: 35687 } attrs { replace: true } } peers { permanent_uuid: "dec9198573fe424c8635d2969b8dc0b3" member_type: VOTER last_known_addr { host: "127.5.159.4" port: 46327 } attrs { promote: false } } }
I20260710 13:17:36.618042  6945 raft_consensus.cc:2955] T 1e7e9ca2265945c3b8325659f447e55d P cb2f99bcaa8b49f3ae13819a36fc3b1e [term 1 FOLLOWER]: Committing config change with OpId 1.3: config changed from index 2 to 3, dec9198573fe424c8635d2969b8dc0b3 (127.5.159.4) changed from NON_VOTER to VOTER. New config: { opid_index: 3 OBSOLETE_local: false peers { permanent_uuid: "62cf4c39f0ff486abbb890d4d1a92c3a" member_type: VOTER last_known_addr { host: "127.5.159.1" port: 38731 } } peers { permanent_uuid: "d867f613ada043e09b2877e2e25e9178" member_type: VOTER last_known_addr { host: "127.5.159.3" port: 34059 } } peers { permanent_uuid: "cb2f99bcaa8b49f3ae13819a36fc3b1e" member_type: VOTER last_known_addr { host: "127.5.159.2" port: 35687 } attrs { replace: true } } peers { permanent_uuid: "dec9198573fe424c8635d2969b8dc0b3" member_type: VOTER last_known_addr { host: "127.5.159.4" port: 46327 } attrs { promote: false } } }
I20260710 13:17:36.620798  7280 raft_consensus.cc:2955] T 1e7e9ca2265945c3b8325659f447e55d P dec9198573fe424c8635d2969b8dc0b3 [term 1 FOLLOWER]: Committing config change with OpId 1.3: config changed from index 2 to 3, dec9198573fe424c8635d2969b8dc0b3 (127.5.159.4) changed from NON_VOTER to VOTER. New config: { opid_index: 3 OBSOLETE_local: false peers { permanent_uuid: "62cf4c39f0ff486abbb890d4d1a92c3a" member_type: VOTER last_known_addr { host: "127.5.159.1" port: 38731 } } peers { permanent_uuid: "d867f613ada043e09b2877e2e25e9178" member_type: VOTER last_known_addr { host: "127.5.159.3" port: 34059 } } peers { permanent_uuid: "cb2f99bcaa8b49f3ae13819a36fc3b1e" member_type: VOTER last_known_addr { host: "127.5.159.2" port: 35687 } attrs { replace: true } } peers { permanent_uuid: "dec9198573fe424c8635d2969b8dc0b3" member_type: VOTER last_known_addr { host: "127.5.159.4" port: 46327 } attrs { promote: false } } }
