I20260710 13:17:09.829871  5924 tablet_service.cc:2044] Received Run Leader Election RPC: tablet_id: "495fbcdb283649d8b6655d61f73711df"
dest_uuid: "c80d3f1c850d464e870bb7b89e66a47b"
 from {username='slave'} at 127.0.0.1:52986
I20260710 13:17:09.830520  5924 raft_consensus.cc:493] T 495fbcdb283649d8b6655d61f73711df P c80d3f1c850d464e870bb7b89e66a47b [term 2 FOLLOWER]: Starting forced leader election (received explicit request)
I20260710 13:17:09.830890  5924 raft_consensus.cc:3060] T 495fbcdb283649d8b6655d61f73711df P c80d3f1c850d464e870bb7b89e66a47b [term 2 FOLLOWER]: Advancing to term 3
I20260710 13:17:09.833012  5925 tablet_service.cc:2044] Received Run Leader Election RPC: tablet_id: "d74ffb13d9a54578b199084b6af0eb7a"
dest_uuid: "c80d3f1c850d464e870bb7b89e66a47b"
 from {username='slave'} at 127.0.0.1:52986
I20260710 13:17:09.833484  5925 raft_consensus.cc:493] T d74ffb13d9a54578b199084b6af0eb7a P c80d3f1c850d464e870bb7b89e66a47b [term 2 FOLLOWER]: Starting forced leader election (received explicit request)
I20260710 13:17:09.833874  5925 raft_consensus.cc:3060] T d74ffb13d9a54578b199084b6af0eb7a P c80d3f1c850d464e870bb7b89e66a47b [term 2 FOLLOWER]: Advancing to term 3
I20260710 13:17:09.837761  5924 raft_consensus.cc:515] T 495fbcdb283649d8b6655d61f73711df P c80d3f1c850d464e870bb7b89e66a47b [term 3 FOLLOWER]: Starting forced leader election with config: opid_index: -1 OBSOLETE_local: false peers { permanent_uuid: "60629d42bd8c4a6aa15985b9dd2845fd" member_type: VOTER last_known_addr { host: "127.5.148.193" port: 42431 } } peers { permanent_uuid: "c80d3f1c850d464e870bb7b89e66a47b" member_type: VOTER last_known_addr { host: "127.5.148.194" port: 43853 } } peers { permanent_uuid: "79d029dfe5d945a18b132272816e23d5" member_type: VOTER last_known_addr { host: "127.5.148.195" port: 39011 } }
I20260710 13:17:09.839600  5924 leader_election.cc:290] T 495fbcdb283649d8b6655d61f73711df P c80d3f1c850d464e870bb7b89e66a47b [CANDIDATE]: Term 3 election: Requested vote from peers 60629d42bd8c4a6aa15985b9dd2845fd (127.5.148.193:42431), 79d029dfe5d945a18b132272816e23d5 (127.5.148.195:39011)
I20260710 13:17:09.840291  5925 raft_consensus.cc:515] T d74ffb13d9a54578b199084b6af0eb7a P c80d3f1c850d464e870bb7b89e66a47b [term 3 FOLLOWER]: Starting forced leader election with config: opid_index: -1 OBSOLETE_local: false peers { permanent_uuid: "60629d42bd8c4a6aa15985b9dd2845fd" member_type: VOTER last_known_addr { host: "127.5.148.193" port: 42431 } } peers { permanent_uuid: "c80d3f1c850d464e870bb7b89e66a47b" member_type: VOTER last_known_addr { host: "127.5.148.194" port: 43853 } } peers { permanent_uuid: "79d029dfe5d945a18b132272816e23d5" member_type: VOTER last_known_addr { host: "127.5.148.195" port: 39011 } }
I20260710 13:17:09.840744  5850 tablet_service.cc:1917] Received RequestConsensusVote() RPC: tablet_id: "495fbcdb283649d8b6655d61f73711df" candidate_uuid: "c80d3f1c850d464e870bb7b89e66a47b" candidate_term: 3 candidate_status { last_received { term: 2 index: 2 } } ignore_live_leader: true dest_uuid: "60629d42bd8c4a6aa15985b9dd2845fd"
I20260710 13:17:09.841270  5850 raft_consensus.cc:3055] T 495fbcdb283649d8b6655d61f73711df P 60629d42bd8c4a6aa15985b9dd2845fd [term 2 LEADER]: Stepping down as leader of term 2
I20260710 13:17:09.841351  5997 tablet_service.cc:1917] Received RequestConsensusVote() RPC: tablet_id: "495fbcdb283649d8b6655d61f73711df" candidate_uuid: "c80d3f1c850d464e870bb7b89e66a47b" candidate_term: 3 candidate_status { last_received { term: 2 index: 2 } } ignore_live_leader: true dest_uuid: "79d029dfe5d945a18b132272816e23d5"
I20260710 13:17:09.841643  5850 raft_consensus.cc:740] T 495fbcdb283649d8b6655d61f73711df P 60629d42bd8c4a6aa15985b9dd2845fd [term 2 LEADER]: Becoming Follower/Learner. State: Replica: 60629d42bd8c4a6aa15985b9dd2845fd, State: Running, Role: LEADER
I20260710 13:17:09.842017  5997 raft_consensus.cc:3060] T 495fbcdb283649d8b6655d61f73711df P 79d029dfe5d945a18b132272816e23d5 [term 2 FOLLOWER]: Advancing to term 3
I20260710 13:17:09.842352  5925 leader_election.cc:290] T d74ffb13d9a54578b199084b6af0eb7a P c80d3f1c850d464e870bb7b89e66a47b [CANDIDATE]: Term 3 election: Requested vote from peers 60629d42bd8c4a6aa15985b9dd2845fd (127.5.148.193:42431), 79d029dfe5d945a18b132272816e23d5 (127.5.148.195:39011)
I20260710 13:17:09.842458  5850 consensus_queue.cc:260] T 495fbcdb283649d8b6655d61f73711df P 60629d42bd8c4a6aa15985b9dd2845fd [NON_LEADER]: Queue going to NON_LEADER mode. State: All replicated index: 0, Majority replicated index: 2, Committed index: 2, Last appended: 2.2, Last appended by leader: 2, Current term: 2, Majority size: -1, State: 0, Mode: NON_LEADER, active raft config: opid_index: -1 OBSOLETE_local: false peers { permanent_uuid: "60629d42bd8c4a6aa15985b9dd2845fd" member_type: VOTER last_known_addr { host: "127.5.148.193" port: 42431 } } peers { permanent_uuid: "c80d3f1c850d464e870bb7b89e66a47b" member_type: VOTER last_known_addr { host: "127.5.148.194" port: 43853 } } peers { permanent_uuid: "79d029dfe5d945a18b132272816e23d5" member_type: VOTER last_known_addr { host: "127.5.148.195" port: 39011 } }
I20260710 13:17:09.843691  5850 raft_consensus.cc:3060] T 495fbcdb283649d8b6655d61f73711df P 60629d42bd8c4a6aa15985b9dd2845fd [term 2 FOLLOWER]: Advancing to term 3
I20260710 13:17:09.844797  5849 tablet_service.cc:1917] Received RequestConsensusVote() RPC: tablet_id: "d74ffb13d9a54578b199084b6af0eb7a" candidate_uuid: "c80d3f1c850d464e870bb7b89e66a47b" candidate_term: 3 candidate_status { last_received { term: 2 index: 2 } } ignore_live_leader: true dest_uuid: "60629d42bd8c4a6aa15985b9dd2845fd"
I20260710 13:17:09.845320  5849 raft_consensus.cc:3055] T d74ffb13d9a54578b199084b6af0eb7a P 60629d42bd8c4a6aa15985b9dd2845fd [term 2 LEADER]: Stepping down as leader of term 2
I20260710 13:17:09.845597  5849 raft_consensus.cc:740] T d74ffb13d9a54578b199084b6af0eb7a P 60629d42bd8c4a6aa15985b9dd2845fd [term 2 LEADER]: Becoming Follower/Learner. State: Replica: 60629d42bd8c4a6aa15985b9dd2845fd, State: Running, Role: LEADER
I20260710 13:17:09.846326  5849 consensus_queue.cc:260] T d74ffb13d9a54578b199084b6af0eb7a P 60629d42bd8c4a6aa15985b9dd2845fd [NON_LEADER]: Queue going to NON_LEADER mode. State: All replicated index: 0, Majority replicated index: 2, Committed index: 2, Last appended: 2.2, Last appended by leader: 2, Current term: 2, Majority size: -1, State: 0, Mode: NON_LEADER, active raft config: opid_index: -1 OBSOLETE_local: false peers { permanent_uuid: "60629d42bd8c4a6aa15985b9dd2845fd" member_type: VOTER last_known_addr { host: "127.5.148.193" port: 42431 } } peers { permanent_uuid: "c80d3f1c850d464e870bb7b89e66a47b" member_type: VOTER last_known_addr { host: "127.5.148.194" port: 43853 } } peers { permanent_uuid: "79d029dfe5d945a18b132272816e23d5" member_type: VOTER last_known_addr { host: "127.5.148.195" port: 39011 } }
I20260710 13:17:09.847442  5849 raft_consensus.cc:3060] T d74ffb13d9a54578b199084b6af0eb7a P 60629d42bd8c4a6aa15985b9dd2845fd [term 2 FOLLOWER]: Advancing to term 3
I20260710 13:17:09.849543  5997 raft_consensus.cc:2468] T 495fbcdb283649d8b6655d61f73711df P 79d029dfe5d945a18b132272816e23d5 [term 3 FOLLOWER]: Leader election vote request: Granting yes vote for candidate c80d3f1c850d464e870bb7b89e66a47b in term 3.
I20260710 13:17:09.849556  5850 raft_consensus.cc:2468] T 495fbcdb283649d8b6655d61f73711df P 60629d42bd8c4a6aa15985b9dd2845fd [term 3 FOLLOWER]: Leader election vote request: Granting yes vote for candidate c80d3f1c850d464e870bb7b89e66a47b in term 3.
I20260710 13:17:09.850678  5998 tablet_service.cc:1917] Received RequestConsensusVote() RPC: tablet_id: "d74ffb13d9a54578b199084b6af0eb7a" candidate_uuid: "c80d3f1c850d464e870bb7b89e66a47b" candidate_term: 3 candidate_status { last_received { term: 2 index: 2 } } ignore_live_leader: true dest_uuid: "79d029dfe5d945a18b132272816e23d5"
I20260710 13:17:09.851236  5998 raft_consensus.cc:3060] T d74ffb13d9a54578b199084b6af0eb7a P 79d029dfe5d945a18b132272816e23d5 [term 2 FOLLOWER]: Advancing to term 3
I20260710 13:17:09.852098  5891 leader_election.cc:304] T 495fbcdb283649d8b6655d61f73711df P c80d3f1c850d464e870bb7b89e66a47b [CANDIDATE]: Term 3 election: Election decided. Result: candidate won. Election summary: received 2 responses out of 3 voters: 2 yes votes; 0 no votes. yes voters: 60629d42bd8c4a6aa15985b9dd2845fd, c80d3f1c850d464e870bb7b89e66a47b; no voters: 
I20260710 13:17:09.852934  6075 raft_consensus.cc:2804] T 495fbcdb283649d8b6655d61f73711df P c80d3f1c850d464e870bb7b89e66a47b [term 3 FOLLOWER]: Leader election won for term 3
I20260710 13:17:09.853416  6075 raft_consensus.cc:697] T 495fbcdb283649d8b6655d61f73711df P c80d3f1c850d464e870bb7b89e66a47b [term 3 LEADER]: Becoming Leader. State: Replica: c80d3f1c850d464e870bb7b89e66a47b, State: Running, Role: LEADER
I20260710 13:17:09.854254  5849 raft_consensus.cc:2468] T d74ffb13d9a54578b199084b6af0eb7a P 60629d42bd8c4a6aa15985b9dd2845fd [term 3 FOLLOWER]: Leader election vote request: Granting yes vote for candidate c80d3f1c850d464e870bb7b89e66a47b in term 3.
I20260710 13:17:09.854221  6075 consensus_queue.cc:237] T 495fbcdb283649d8b6655d61f73711df P c80d3f1c850d464e870bb7b89e66a47b [LEADER]: Queue going to LEADER mode. State: All replicated index: 0, Majority replicated index: 2, Committed index: 2, Last appended: 2.2, Last appended by leader: 2, Current term: 3, Majority size: 2, State: 0, Mode: LEADER, active raft config: opid_index: -1 OBSOLETE_local: false peers { permanent_uuid: "60629d42bd8c4a6aa15985b9dd2845fd" member_type: VOTER last_known_addr { host: "127.5.148.193" port: 42431 } } peers { permanent_uuid: "c80d3f1c850d464e870bb7b89e66a47b" member_type: VOTER last_known_addr { host: "127.5.148.194" port: 43853 } } peers { permanent_uuid: "79d029dfe5d945a18b132272816e23d5" member_type: VOTER last_known_addr { host: "127.5.148.195" port: 39011 } }
I20260710 13:17:09.856225  5891 leader_election.cc:304] T d74ffb13d9a54578b199084b6af0eb7a P c80d3f1c850d464e870bb7b89e66a47b [CANDIDATE]: Term 3 election: Election decided. Result: candidate won. Election summary: received 2 responses out of 3 voters: 2 yes votes; 0 no votes. yes voters: 60629d42bd8c4a6aa15985b9dd2845fd, c80d3f1c850d464e870bb7b89e66a47b; no voters: 
I20260710 13:17:09.856694  5998 raft_consensus.cc:2468] T d74ffb13d9a54578b199084b6af0eb7a P 79d029dfe5d945a18b132272816e23d5 [term 3 FOLLOWER]: Leader election vote request: Granting yes vote for candidate c80d3f1c850d464e870bb7b89e66a47b in term 3.
I20260710 13:17:09.857062  6162 raft_consensus.cc:2804] T d74ffb13d9a54578b199084b6af0eb7a P c80d3f1c850d464e870bb7b89e66a47b [term 3 FOLLOWER]: Leader election won for term 3
I20260710 13:17:09.858585  6162 raft_consensus.cc:697] T d74ffb13d9a54578b199084b6af0eb7a P c80d3f1c850d464e870bb7b89e66a47b [term 3 LEADER]: Becoming Leader. State: Replica: c80d3f1c850d464e870bb7b89e66a47b, State: Running, Role: LEADER
I20260710 13:17:09.859437  6162 consensus_queue.cc:237] T d74ffb13d9a54578b199084b6af0eb7a P c80d3f1c850d464e870bb7b89e66a47b [LEADER]: Queue going to LEADER mode. State: All replicated index: 0, Majority replicated index: 2, Committed index: 2, Last appended: 2.2, Last appended by leader: 2, Current term: 3, Majority size: 2, State: 0, Mode: LEADER, active raft config: opid_index: -1 OBSOLETE_local: false peers { permanent_uuid: "60629d42bd8c4a6aa15985b9dd2845fd" member_type: VOTER last_known_addr { host: "127.5.148.193" port: 42431 } } peers { permanent_uuid: "c80d3f1c850d464e870bb7b89e66a47b" member_type: VOTER last_known_addr { host: "127.5.148.194" port: 43853 } } peers { permanent_uuid: "79d029dfe5d945a18b132272816e23d5" member_type: VOTER last_known_addr { host: "127.5.148.195" port: 39011 } }
I20260710 13:17:09.864383  5747 catalog_manager.cc:5697] T 495fbcdb283649d8b6655d61f73711df P c80d3f1c850d464e870bb7b89e66a47b reported cstate change: term changed from 2 to 3, leader changed from 60629d42bd8c4a6aa15985b9dd2845fd (127.5.148.193) to c80d3f1c850d464e870bb7b89e66a47b (127.5.148.194). New cstate: current_term: 3 leader_uuid: "c80d3f1c850d464e870bb7b89e66a47b" committed_config { opid_index: -1 OBSOLETE_local: false peers { permanent_uuid: "60629d42bd8c4a6aa15985b9dd2845fd" member_type: VOTER last_known_addr { host: "127.5.148.193" port: 42431 } health_report { overall_health: UNKNOWN } } peers { permanent_uuid: "c80d3f1c850d464e870bb7b89e66a47b" member_type: VOTER last_known_addr { host: "127.5.148.194" port: 43853 } health_report { overall_health: HEALTHY } } peers { permanent_uuid: "79d029dfe5d945a18b132272816e23d5" member_type: VOTER last_known_addr { host: "127.5.148.195" port: 39011 } health_report { overall_health: UNKNOWN } } }
I20260710 13:17:09.876950  5747 catalog_manager.cc:5697] T d74ffb13d9a54578b199084b6af0eb7a P c80d3f1c850d464e870bb7b89e66a47b reported cstate change: term changed from 2 to 3, leader changed from 60629d42bd8c4a6aa15985b9dd2845fd (127.5.148.193) to c80d3f1c850d464e870bb7b89e66a47b (127.5.148.194). New cstate: current_term: 3 leader_uuid: "c80d3f1c850d464e870bb7b89e66a47b" committed_config { opid_index: -1 OBSOLETE_local: false peers { permanent_uuid: "60629d42bd8c4a6aa15985b9dd2845fd" member_type: VOTER last_known_addr { host: "127.5.148.193" port: 42431 } health_report { overall_health: UNKNOWN } } peers { permanent_uuid: "c80d3f1c850d464e870bb7b89e66a47b" member_type: VOTER last_known_addr { host: "127.5.148.194" port: 43853 } health_report { overall_health: HEALTHY } } peers { permanent_uuid: "79d029dfe5d945a18b132272816e23d5" member_type: VOTER last_known_addr { host: "127.5.148.195" port: 39011 } health_report { overall_health: UNKNOWN } } }
I20260710 13:17:09.898351  5998 raft_consensus.cc:1275] T 2dd351a5437a4f3cbaca6beacfbe025a P 79d029dfe5d945a18b132272816e23d5 [term 3 FOLLOWER]: Refusing update from remote peer c80d3f1c850d464e870bb7b89e66a47b: Log matching property violated. Preceding OpId in replica: term: 2 index: 2. Preceding OpId from leader: term: 3 index: 3. (index mismatch)
I20260710 13:17:09.899631  6162 consensus_queue.cc:1048] T 2dd351a5437a4f3cbaca6beacfbe025a P c80d3f1c850d464e870bb7b89e66a47b [LEADER]: Connected to new peer: Peer: permanent_uuid: "79d029dfe5d945a18b132272816e23d5" member_type: VOTER last_known_addr { host: "127.5.148.195" port: 39011 }, Status: LMP_MISMATCH, Last received: 0.0, Next index: 3, Last known committed idx: 2, Time since last communication: 0.000s
I20260710 13:17:09.917675  5849 raft_consensus.cc:1275] T 2dd351a5437a4f3cbaca6beacfbe025a P 60629d42bd8c4a6aa15985b9dd2845fd [term 3 FOLLOWER]: Refusing update from remote peer c80d3f1c850d464e870bb7b89e66a47b: Log matching property violated. Preceding OpId in replica: term: 2 index: 2. Preceding OpId from leader: term: 3 index: 3. (index mismatch)
I20260710 13:17:09.919391  6168 consensus_queue.cc:1048] T 2dd351a5437a4f3cbaca6beacfbe025a P c80d3f1c850d464e870bb7b89e66a47b [LEADER]: Connected to new peer: Peer: permanent_uuid: "60629d42bd8c4a6aa15985b9dd2845fd" member_type: VOTER last_known_addr { host: "127.5.148.193" port: 42431 }, Status: LMP_MISMATCH, Last received: 0.0, Next index: 3, Last known committed idx: 2, Time since last communication: 0.000s
I20260710 13:17:10.246929  5998 raft_consensus.cc:1275] T 9b143f452871460c960c692512810a94 P 79d029dfe5d945a18b132272816e23d5 [term 3 FOLLOWER]: Refusing update from remote peer c80d3f1c850d464e870bb7b89e66a47b: Log matching property violated. Preceding OpId in replica: term: 2 index: 2. Preceding OpId from leader: term: 3 index: 3. (index mismatch)
I20260710 13:17:10.248389  6168 consensus_queue.cc:1048] T 9b143f452871460c960c692512810a94 P c80d3f1c850d464e870bb7b89e66a47b [LEADER]: Connected to new peer: Peer: permanent_uuid: "79d029dfe5d945a18b132272816e23d5" member_type: VOTER last_known_addr { host: "127.5.148.195" port: 39011 }, Status: LMP_MISMATCH, Last received: 0.0, Next index: 3, Last known committed idx: 2, Time since last communication: 0.000s
I20260710 13:17:10.258773  5849 raft_consensus.cc:1275] T 9b143f452871460c960c692512810a94 P 60629d42bd8c4a6aa15985b9dd2845fd [term 3 FOLLOWER]: Refusing update from remote peer c80d3f1c850d464e870bb7b89e66a47b: Log matching property violated. Preceding OpId in replica: term: 2 index: 2. Preceding OpId from leader: term: 3 index: 3. (index mismatch)
I20260710 13:17:10.260955  6075 consensus_queue.cc:1048] T 9b143f452871460c960c692512810a94 P c80d3f1c850d464e870bb7b89e66a47b [LEADER]: Connected to new peer: Peer: permanent_uuid: "60629d42bd8c4a6aa15985b9dd2845fd" member_type: VOTER last_known_addr { host: "127.5.148.193" port: 42431 }, Status: LMP_MISMATCH, Last received: 0.0, Next index: 3, Last known committed idx: 2, Time since last communication: 0.000s
I20260710 13:17:10.264797  5849 raft_consensus.cc:1275] T 58fe19613c244da6a9eb5f3559609006 P 60629d42bd8c4a6aa15985b9dd2845fd [term 4 FOLLOWER]: Refusing update from remote peer c80d3f1c850d464e870bb7b89e66a47b: Log matching property violated. Preceding OpId in replica: term: 3 index: 3. Preceding OpId from leader: term: 4 index: 4. (index mismatch)
I20260710 13:17:10.266789  6075 consensus_queue.cc:1048] T 58fe19613c244da6a9eb5f3559609006 P c80d3f1c850d464e870bb7b89e66a47b [LEADER]: Connected to new peer: Peer: permanent_uuid: "60629d42bd8c4a6aa15985b9dd2845fd" member_type: VOTER last_known_addr { host: "127.5.148.193" port: 42431 }, Status: LMP_MISMATCH, Last received: 0.0, Next index: 4, Last known committed idx: 3, Time since last communication: 0.000s
I20260710 13:17:10.276876  5998 raft_consensus.cc:1275] T 58fe19613c244da6a9eb5f3559609006 P 79d029dfe5d945a18b132272816e23d5 [term 4 FOLLOWER]: Refusing update from remote peer c80d3f1c850d464e870bb7b89e66a47b: Log matching property violated. Preceding OpId in replica: term: 3 index: 3. Preceding OpId from leader: term: 4 index: 4. (index mismatch)
I20260710 13:17:10.278203  6168 consensus_queue.cc:1048] T 58fe19613c244da6a9eb5f3559609006 P c80d3f1c850d464e870bb7b89e66a47b [LEADER]: Connected to new peer: Peer: permanent_uuid: "79d029dfe5d945a18b132272816e23d5" member_type: VOTER last_known_addr { host: "127.5.148.195" port: 39011 }, Status: LMP_MISMATCH, Last received: 0.0, Next index: 4, Last known committed idx: 3, Time since last communication: 0.000s
I20260710 13:17:10.282266  5997 raft_consensus.cc:1275] T 495fbcdb283649d8b6655d61f73711df P 79d029dfe5d945a18b132272816e23d5 [term 3 FOLLOWER]: Refusing update from remote peer c80d3f1c850d464e870bb7b89e66a47b: Log matching property violated. Preceding OpId in replica: term: 2 index: 2. Preceding OpId from leader: term: 3 index: 3. (index mismatch)
I20260710 13:17:10.283941  6168 consensus_queue.cc:1048] T 495fbcdb283649d8b6655d61f73711df P c80d3f1c850d464e870bb7b89e66a47b [LEADER]: Connected to new peer: Peer: permanent_uuid: "79d029dfe5d945a18b132272816e23d5" member_type: VOTER last_known_addr { host: "127.5.148.195" port: 39011 }, Status: LMP_MISMATCH, Last received: 0.0, Next index: 3, Last known committed idx: 2, Time since last communication: 0.000s
I20260710 13:17:10.305720  5849 raft_consensus.cc:1275] T 495fbcdb283649d8b6655d61f73711df P 60629d42bd8c4a6aa15985b9dd2845fd [term 3 FOLLOWER]: Refusing update from remote peer c80d3f1c850d464e870bb7b89e66a47b: Log matching property violated. Preceding OpId in replica: term: 2 index: 2. Preceding OpId from leader: term: 3 index: 3. (index mismatch)
I20260710 13:17:10.307524  6162 consensus_queue.cc:1048] T 495fbcdb283649d8b6655d61f73711df P c80d3f1c850d464e870bb7b89e66a47b [LEADER]: Connected to new peer: Peer: permanent_uuid: "60629d42bd8c4a6aa15985b9dd2845fd" member_type: VOTER last_known_addr { host: "127.5.148.193" port: 42431 }, Status: LMP_MISMATCH, Last received: 0.0, Next index: 3, Last known committed idx: 2, Time since last communication: 0.000s
I20260710 13:17:10.328568  5850 raft_consensus.cc:1275] T d74ffb13d9a54578b199084b6af0eb7a P 60629d42bd8c4a6aa15985b9dd2845fd [term 3 FOLLOWER]: Refusing update from remote peer c80d3f1c850d464e870bb7b89e66a47b: Log matching property violated. Preceding OpId in replica: term: 2 index: 2. Preceding OpId from leader: term: 3 index: 3. (index mismatch)
I20260710 13:17:10.328568  5997 raft_consensus.cc:1275] T d74ffb13d9a54578b199084b6af0eb7a P 79d029dfe5d945a18b132272816e23d5 [term 3 FOLLOWER]: Refusing update from remote peer c80d3f1c850d464e870bb7b89e66a47b: Log matching property violated. Preceding OpId in replica: term: 2 index: 2. Preceding OpId from leader: term: 3 index: 3. (index mismatch)
I20260710 13:17:10.330394  6168 consensus_queue.cc:1048] T d74ffb13d9a54578b199084b6af0eb7a P c80d3f1c850d464e870bb7b89e66a47b [LEADER]: Connected to new peer: Peer: permanent_uuid: "60629d42bd8c4a6aa15985b9dd2845fd" member_type: VOTER last_known_addr { host: "127.5.148.193" port: 42431 }, Status: LMP_MISMATCH, Last received: 0.0, Next index: 3, Last known committed idx: 2, Time since last communication: 0.000s
I20260710 13:17:10.331600  6168 consensus_queue.cc:1048] T d74ffb13d9a54578b199084b6af0eb7a P c80d3f1c850d464e870bb7b89e66a47b [LEADER]: Connected to new peer: Peer: permanent_uuid: "79d029dfe5d945a18b132272816e23d5" member_type: VOTER last_known_addr { host: "127.5.148.195" port: 39011 }, Status: LMP_MISMATCH, Last received: 0.0, Next index: 3, Last known committed idx: 2, Time since last communication: 0.000s
I20260710 13:17:12.403493  5715 auto_leader_rebalancer.cc:141] leader rebalance for table test-workload
I20260710 13:17:12.411808  5925 tablet_service.cc:2072] Received LeaderStepDown RPC: tablet_id: "2dd351a5437a4f3cbaca6beacfbe025a"
dest_uuid: "c80d3f1c850d464e870bb7b89e66a47b"
mode: GRACEFUL
new_leader_uuid: "79d029dfe5d945a18b132272816e23d5"
 from {username='slave'} at 127.0.0.1:53016
I20260710 13:17:12.412478  5925 raft_consensus.cc:606] T 2dd351a5437a4f3cbaca6beacfbe025a P c80d3f1c850d464e870bb7b89e66a47b [term 3 LEADER]: Received request to transfer leadership to TS 79d029dfe5d945a18b132272816e23d5
I20260710 13:17:12.414769  5925 tablet_service.cc:2072] Received LeaderStepDown RPC: tablet_id: "487d6ef91af245eb889e764edd0ec6bc"
dest_uuid: "c80d3f1c850d464e870bb7b89e66a47b"
mode: GRACEFUL
new_leader_uuid: "60629d42bd8c4a6aa15985b9dd2845fd"
 from {username='slave'} at 127.0.0.1:53016
I20260710 13:17:12.415158  5925 raft_consensus.cc:606] T 487d6ef91af245eb889e764edd0ec6bc P c80d3f1c850d464e870bb7b89e66a47b [term 2 LEADER]: Received request to transfer leadership to TS 60629d42bd8c4a6aa15985b9dd2845fd
I20260710 13:17:12.417019  5925 tablet_service.cc:2072] Received LeaderStepDown RPC: tablet_id: "495fbcdb283649d8b6655d61f73711df"
dest_uuid: "c80d3f1c850d464e870bb7b89e66a47b"
mode: GRACEFUL
new_leader_uuid: "60629d42bd8c4a6aa15985b9dd2845fd"
 from {username='slave'} at 127.0.0.1:53016
I20260710 13:17:12.417374  5925 raft_consensus.cc:606] T 495fbcdb283649d8b6655d61f73711df P c80d3f1c850d464e870bb7b89e66a47b [term 3 LEADER]: Received request to transfer leadership to TS 60629d42bd8c4a6aa15985b9dd2845fd
I20260710 13:17:12.419322  5925 tablet_service.cc:2072] Received LeaderStepDown RPC: tablet_id: "55651bb4ba294e4e8e546ced2ec70a18"
dest_uuid: "c80d3f1c850d464e870bb7b89e66a47b"
mode: GRACEFUL
new_leader_uuid: "79d029dfe5d945a18b132272816e23d5"
 from {username='slave'} at 127.0.0.1:53016
I20260710 13:17:12.419723  5925 raft_consensus.cc:606] T 55651bb4ba294e4e8e546ced2ec70a18 P c80d3f1c850d464e870bb7b89e66a47b [term 2 LEADER]: Received request to transfer leadership to TS 79d029dfe5d945a18b132272816e23d5
I20260710 13:17:12.421662  5925 tablet_service.cc:2072] Received LeaderStepDown RPC: tablet_id: "58fe19613c244da6a9eb5f3559609006"
dest_uuid: "c80d3f1c850d464e870bb7b89e66a47b"
mode: GRACEFUL
new_leader_uuid: "60629d42bd8c4a6aa15985b9dd2845fd"
 from {username='slave'} at 127.0.0.1:53016
I20260710 13:17:12.422083  5925 raft_consensus.cc:606] T 58fe19613c244da6a9eb5f3559609006 P c80d3f1c850d464e870bb7b89e66a47b [term 4 LEADER]: Received request to transfer leadership to TS 60629d42bd8c4a6aa15985b9dd2845fd
I20260710 13:17:12.423189  5715 auto_leader_rebalancer.cc:479] table: test-workload, leader rebalance finish, leader transfer count: 5
I20260710 13:17:12.423686  5715 auto_leader_rebalancer.cc:554] All tables' leader rebalancing finished this round
I20260710 13:17:12.568848  6168 raft_consensus.cc:993] T 58fe19613c244da6a9eb5f3559609006 P c80d3f1c850d464e870bb7b89e66a47b: : Instructing follower 60629d42bd8c4a6aa15985b9dd2845fd to start an election
I20260710 13:17:12.569386  6188 raft_consensus.cc:1081] T 58fe19613c244da6a9eb5f3559609006 P c80d3f1c850d464e870bb7b89e66a47b [term 4 LEADER]: Signalling peer 60629d42bd8c4a6aa15985b9dd2845fd to start an election
I20260710 13:17:12.570832  5850 tablet_service.cc:2044] Received Run Leader Election RPC: tablet_id: "58fe19613c244da6a9eb5f3559609006"
dest_uuid: "60629d42bd8c4a6aa15985b9dd2845fd"
 from {username='slave'} at 127.0.0.1:42776
I20260710 13:17:12.571269  5850 raft_consensus.cc:493] T 58fe19613c244da6a9eb5f3559609006 P 60629d42bd8c4a6aa15985b9dd2845fd [term 4 FOLLOWER]: Starting forced leader election (received explicit request)
I20260710 13:17:12.571571  5850 raft_consensus.cc:3060] T 58fe19613c244da6a9eb5f3559609006 P 60629d42bd8c4a6aa15985b9dd2845fd [term 4 FOLLOWER]: Advancing to term 5
I20260710 13:17:12.576088  5850 raft_consensus.cc:515] T 58fe19613c244da6a9eb5f3559609006 P 60629d42bd8c4a6aa15985b9dd2845fd [term 5 FOLLOWER]: Starting forced leader election with config: opid_index: -1 OBSOLETE_local: false peers { permanent_uuid: "60629d42bd8c4a6aa15985b9dd2845fd" member_type: VOTER last_known_addr { host: "127.5.148.193" port: 42431 } } peers { permanent_uuid: "c80d3f1c850d464e870bb7b89e66a47b" member_type: VOTER last_known_addr { host: "127.5.148.194" port: 43853 } } peers { permanent_uuid: "79d029dfe5d945a18b132272816e23d5" member_type: VOTER last_known_addr { host: "127.5.148.195" port: 39011 } }
I20260710 13:17:12.577627  5850 leader_election.cc:290] T 58fe19613c244da6a9eb5f3559609006 P 60629d42bd8c4a6aa15985b9dd2845fd [CANDIDATE]: Term 5 election: Requested vote from peers c80d3f1c850d464e870bb7b89e66a47b (127.5.148.194:43853), 79d029dfe5d945a18b132272816e23d5 (127.5.148.195:39011)
I20260710 13:17:12.578600  5925 tablet_service.cc:1917] Received RequestConsensusVote() RPC: tablet_id: "58fe19613c244da6a9eb5f3559609006" candidate_uuid: "60629d42bd8c4a6aa15985b9dd2845fd" candidate_term: 5 candidate_status { last_received { term: 4 index: 4 } } ignore_live_leader: true dest_uuid: "c80d3f1c850d464e870bb7b89e66a47b"
I20260710 13:17:12.578891  5997 tablet_service.cc:1917] Received RequestConsensusVote() RPC: tablet_id: "58fe19613c244da6a9eb5f3559609006" candidate_uuid: "60629d42bd8c4a6aa15985b9dd2845fd" candidate_term: 5 candidate_status { last_received { term: 4 index: 4 } } ignore_live_leader: true dest_uuid: "79d029dfe5d945a18b132272816e23d5"
I20260710 13:17:12.579275  5925 raft_consensus.cc:3055] T 58fe19613c244da6a9eb5f3559609006 P c80d3f1c850d464e870bb7b89e66a47b [term 4 LEADER]: Stepping down as leader of term 4
I20260710 13:17:12.579398  5997 raft_consensus.cc:3060] T 58fe19613c244da6a9eb5f3559609006 P 79d029dfe5d945a18b132272816e23d5 [term 4 FOLLOWER]: Advancing to term 5
I20260710 13:17:12.579610  5925 raft_consensus.cc:740] T 58fe19613c244da6a9eb5f3559609006 P c80d3f1c850d464e870bb7b89e66a47b [term 4 LEADER]: Becoming Follower/Learner. State: Replica: c80d3f1c850d464e870bb7b89e66a47b, State: Running, Role: LEADER
I20260710 13:17:12.580437  5925 consensus_queue.cc:260] T 58fe19613c244da6a9eb5f3559609006 P c80d3f1c850d464e870bb7b89e66a47b [NON_LEADER]: Queue going to NON_LEADER mode. State: All replicated index: 0, Majority replicated index: 4, Committed index: 4, Last appended: 4.4, Last appended by leader: 4, Current term: 4, Majority size: -1, State: 0, Mode: NON_LEADER, active raft config: opid_index: -1 OBSOLETE_local: false peers { permanent_uuid: "60629d42bd8c4a6aa15985b9dd2845fd" member_type: VOTER last_known_addr { host: "127.5.148.193" port: 42431 } } peers { permanent_uuid: "c80d3f1c850d464e870bb7b89e66a47b" member_type: VOTER last_known_addr { host: "127.5.148.194" port: 43853 } } peers { permanent_uuid: "79d029dfe5d945a18b132272816e23d5" member_type: VOTER last_known_addr { host: "127.5.148.195" port: 39011 } }
I20260710 13:17:12.581410  5925 raft_consensus.cc:3060] T 58fe19613c244da6a9eb5f3559609006 P c80d3f1c850d464e870bb7b89e66a47b [term 4 FOLLOWER]: Advancing to term 5
I20260710 13:17:12.583972  5997 raft_consensus.cc:2468] T 58fe19613c244da6a9eb5f3559609006 P 79d029dfe5d945a18b132272816e23d5 [term 5 FOLLOWER]: Leader election vote request: Granting yes vote for candidate 60629d42bd8c4a6aa15985b9dd2845fd in term 5.
I20260710 13:17:12.585141  5816 leader_election.cc:304] T 58fe19613c244da6a9eb5f3559609006 P 60629d42bd8c4a6aa15985b9dd2845fd [CANDIDATE]: Term 5 election: Election decided. Result: candidate won. Election summary: received 2 responses out of 3 voters: 2 yes votes; 0 no votes. yes voters: 60629d42bd8c4a6aa15985b9dd2845fd, 79d029dfe5d945a18b132272816e23d5; no voters: 
I20260710 13:17:12.586658  6189 raft_consensus.cc:2804] T 58fe19613c244da6a9eb5f3559609006 P 60629d42bd8c4a6aa15985b9dd2845fd [term 5 FOLLOWER]: Leader election won for term 5
I20260710 13:17:12.586593  5925 raft_consensus.cc:2468] T 58fe19613c244da6a9eb5f3559609006 P c80d3f1c850d464e870bb7b89e66a47b [term 5 FOLLOWER]: Leader election vote request: Granting yes vote for candidate 60629d42bd8c4a6aa15985b9dd2845fd in term 5.
I20260710 13:17:12.588465  6189 raft_consensus.cc:697] T 58fe19613c244da6a9eb5f3559609006 P 60629d42bd8c4a6aa15985b9dd2845fd [term 5 LEADER]: Becoming Leader. State: Replica: 60629d42bd8c4a6aa15985b9dd2845fd, State: Running, Role: LEADER
I20260710 13:17:12.589282  6189 consensus_queue.cc:237] T 58fe19613c244da6a9eb5f3559609006 P 60629d42bd8c4a6aa15985b9dd2845fd [LEADER]: Queue going to LEADER mode. State: All replicated index: 0, Majority replicated index: 4, Committed index: 4, Last appended: 4.4, Last appended by leader: 4, Current term: 5, Majority size: 2, State: 0, Mode: LEADER, active raft config: opid_index: -1 OBSOLETE_local: false peers { permanent_uuid: "60629d42bd8c4a6aa15985b9dd2845fd" member_type: VOTER last_known_addr { host: "127.5.148.193" port: 42431 } } peers { permanent_uuid: "c80d3f1c850d464e870bb7b89e66a47b" member_type: VOTER last_known_addr { host: "127.5.148.194" port: 43853 } } peers { permanent_uuid: "79d029dfe5d945a18b132272816e23d5" member_type: VOTER last_known_addr { host: "127.5.148.195" port: 39011 } }
I20260710 13:17:12.595788  5746 catalog_manager.cc:5697] T 58fe19613c244da6a9eb5f3559609006 P 60629d42bd8c4a6aa15985b9dd2845fd reported cstate change: term changed from 4 to 5, leader changed from c80d3f1c850d464e870bb7b89e66a47b (127.5.148.194) to 60629d42bd8c4a6aa15985b9dd2845fd (127.5.148.193). New cstate: current_term: 5 leader_uuid: "60629d42bd8c4a6aa15985b9dd2845fd" committed_config { opid_index: -1 OBSOLETE_local: false peers { permanent_uuid: "60629d42bd8c4a6aa15985b9dd2845fd" member_type: VOTER last_known_addr { host: "127.5.148.193" port: 42431 } health_report { overall_health: HEALTHY } } peers { permanent_uuid: "c80d3f1c850d464e870bb7b89e66a47b" member_type: VOTER last_known_addr { host: "127.5.148.194" port: 43853 } health_report { overall_health: UNKNOWN } } peers { permanent_uuid: "79d029dfe5d945a18b132272816e23d5" member_type: VOTER last_known_addr { host: "127.5.148.195" port: 39011 } health_report { overall_health: UNKNOWN } } }
I20260710 13:17:12.700718  6168 raft_consensus.cc:993] T 495fbcdb283649d8b6655d61f73711df P c80d3f1c850d464e870bb7b89e66a47b: : Instructing follower 60629d42bd8c4a6aa15985b9dd2845fd to start an election
I20260710 13:17:12.701164  6188 raft_consensus.cc:1081] T 495fbcdb283649d8b6655d61f73711df P c80d3f1c850d464e870bb7b89e66a47b [term 3 LEADER]: Signalling peer 60629d42bd8c4a6aa15985b9dd2845fd to start an election
I20260710 13:17:12.702514  5850 tablet_service.cc:2044] Received Run Leader Election RPC: tablet_id: "495fbcdb283649d8b6655d61f73711df"
dest_uuid: "60629d42bd8c4a6aa15985b9dd2845fd"
 from {username='slave'} at 127.0.0.1:42776
I20260710 13:17:12.702934  5850 raft_consensus.cc:493] T 495fbcdb283649d8b6655d61f73711df P 60629d42bd8c4a6aa15985b9dd2845fd [term 3 FOLLOWER]: Starting forced leader election (received explicit request)
I20260710 13:17:12.703202  5850 raft_consensus.cc:3060] T 495fbcdb283649d8b6655d61f73711df P 60629d42bd8c4a6aa15985b9dd2845fd [term 3 FOLLOWER]: Advancing to term 4
I20260710 13:17:12.707377  5850 raft_consensus.cc:515] T 495fbcdb283649d8b6655d61f73711df P 60629d42bd8c4a6aa15985b9dd2845fd [term 4 FOLLOWER]: Starting forced leader election with config: opid_index: -1 OBSOLETE_local: false peers { permanent_uuid: "60629d42bd8c4a6aa15985b9dd2845fd" member_type: VOTER last_known_addr { host: "127.5.148.193" port: 42431 } } peers { permanent_uuid: "c80d3f1c850d464e870bb7b89e66a47b" member_type: VOTER last_known_addr { host: "127.5.148.194" port: 43853 } } peers { permanent_uuid: "79d029dfe5d945a18b132272816e23d5" member_type: VOTER last_known_addr { host: "127.5.148.195" port: 39011 } }
I20260710 13:17:12.708788  5850 leader_election.cc:290] T 495fbcdb283649d8b6655d61f73711df P 60629d42bd8c4a6aa15985b9dd2845fd [CANDIDATE]: Term 4 election: Requested vote from peers c80d3f1c850d464e870bb7b89e66a47b (127.5.148.194:43853), 79d029dfe5d945a18b132272816e23d5 (127.5.148.195:39011)
I20260710 13:17:12.709574  5925 tablet_service.cc:1917] Received RequestConsensusVote() RPC: tablet_id: "495fbcdb283649d8b6655d61f73711df" candidate_uuid: "60629d42bd8c4a6aa15985b9dd2845fd" candidate_term: 4 candidate_status { last_received { term: 3 index: 3 } } ignore_live_leader: true dest_uuid: "c80d3f1c850d464e870bb7b89e66a47b"
I20260710 13:17:12.709723  5997 tablet_service.cc:1917] Received RequestConsensusVote() RPC: tablet_id: "495fbcdb283649d8b6655d61f73711df" candidate_uuid: "60629d42bd8c4a6aa15985b9dd2845fd" candidate_term: 4 candidate_status { last_received { term: 3 index: 3 } } ignore_live_leader: true dest_uuid: "79d029dfe5d945a18b132272816e23d5"
I20260710 13:17:12.710107  5925 raft_consensus.cc:3055] T 495fbcdb283649d8b6655d61f73711df P c80d3f1c850d464e870bb7b89e66a47b [term 3 LEADER]: Stepping down as leader of term 3
I20260710 13:17:12.710175  5997 raft_consensus.cc:3060] T 495fbcdb283649d8b6655d61f73711df P 79d029dfe5d945a18b132272816e23d5 [term 3 FOLLOWER]: Advancing to term 4
I20260710 13:17:12.710474  5925 raft_consensus.cc:740] T 495fbcdb283649d8b6655d61f73711df P c80d3f1c850d464e870bb7b89e66a47b [term 3 LEADER]: Becoming Follower/Learner. State: Replica: c80d3f1c850d464e870bb7b89e66a47b, State: Running, Role: LEADER
I20260710 13:17:12.711216  5925 consensus_queue.cc:260] T 495fbcdb283649d8b6655d61f73711df P c80d3f1c850d464e870bb7b89e66a47b [NON_LEADER]: Queue going to NON_LEADER mode. State: All replicated index: 0, Majority replicated index: 3, Committed index: 3, Last appended: 3.3, Last appended by leader: 3, Current term: 3, Majority size: -1, State: 0, Mode: NON_LEADER, active raft config: opid_index: -1 OBSOLETE_local: false peers { permanent_uuid: "60629d42bd8c4a6aa15985b9dd2845fd" member_type: VOTER last_known_addr { host: "127.5.148.193" port: 42431 } } peers { permanent_uuid: "c80d3f1c850d464e870bb7b89e66a47b" member_type: VOTER last_known_addr { host: "127.5.148.194" port: 43853 } } peers { permanent_uuid: "79d029dfe5d945a18b132272816e23d5" member_type: VOTER last_known_addr { host: "127.5.148.195" port: 39011 } }
I20260710 13:17:12.712069  5925 raft_consensus.cc:3060] T 495fbcdb283649d8b6655d61f73711df P c80d3f1c850d464e870bb7b89e66a47b [term 3 FOLLOWER]: Advancing to term 4
I20260710 13:17:12.714030  5997 raft_consensus.cc:2468] T 495fbcdb283649d8b6655d61f73711df P 79d029dfe5d945a18b132272816e23d5 [term 4 FOLLOWER]: Leader election vote request: Granting yes vote for candidate 60629d42bd8c4a6aa15985b9dd2845fd in term 4.
I20260710 13:17:12.714867  5816 leader_election.cc:304] T 495fbcdb283649d8b6655d61f73711df P 60629d42bd8c4a6aa15985b9dd2845fd [CANDIDATE]: Term 4 election: Election decided. Result: candidate won. Election summary: received 2 responses out of 3 voters: 2 yes votes; 0 no votes. yes voters: 60629d42bd8c4a6aa15985b9dd2845fd, 79d029dfe5d945a18b132272816e23d5; no voters: 
I20260710 13:17:12.715509  6189 raft_consensus.cc:2804] T 495fbcdb283649d8b6655d61f73711df P 60629d42bd8c4a6aa15985b9dd2845fd [term 4 FOLLOWER]: Leader election won for term 4
I20260710 13:17:12.715987  6189 raft_consensus.cc:697] T 495fbcdb283649d8b6655d61f73711df P 60629d42bd8c4a6aa15985b9dd2845fd [term 4 LEADER]: Becoming Leader. State: Replica: 60629d42bd8c4a6aa15985b9dd2845fd, State: Running, Role: LEADER
I20260710 13:17:12.716863  6189 consensus_queue.cc:237] T 495fbcdb283649d8b6655d61f73711df P 60629d42bd8c4a6aa15985b9dd2845fd [LEADER]: Queue going to LEADER mode. State: All replicated index: 0, Majority replicated index: 3, Committed index: 3, Last appended: 3.3, Last appended by leader: 3, Current term: 4, Majority size: 2, State: 0, Mode: LEADER, active raft config: opid_index: -1 OBSOLETE_local: false peers { permanent_uuid: "60629d42bd8c4a6aa15985b9dd2845fd" member_type: VOTER last_known_addr { host: "127.5.148.193" port: 42431 } } peers { permanent_uuid: "c80d3f1c850d464e870bb7b89e66a47b" member_type: VOTER last_known_addr { host: "127.5.148.194" port: 43853 } } peers { permanent_uuid: "79d029dfe5d945a18b132272816e23d5" member_type: VOTER last_known_addr { host: "127.5.148.195" port: 39011 } }
I20260710 13:17:12.717257  5925 raft_consensus.cc:2468] T 495fbcdb283649d8b6655d61f73711df P c80d3f1c850d464e870bb7b89e66a47b [term 4 FOLLOWER]: Leader election vote request: Granting yes vote for candidate 60629d42bd8c4a6aa15985b9dd2845fd in term 4.
I20260710 13:17:12.723410  5746 catalog_manager.cc:5697] T 495fbcdb283649d8b6655d61f73711df P 60629d42bd8c4a6aa15985b9dd2845fd reported cstate change: term changed from 3 to 4, leader changed from c80d3f1c850d464e870bb7b89e66a47b (127.5.148.194) to 60629d42bd8c4a6aa15985b9dd2845fd (127.5.148.193). New cstate: current_term: 4 leader_uuid: "60629d42bd8c4a6aa15985b9dd2845fd" committed_config { opid_index: -1 OBSOLETE_local: false peers { permanent_uuid: "60629d42bd8c4a6aa15985b9dd2845fd" member_type: VOTER last_known_addr { host: "127.5.148.193" port: 42431 } health_report { overall_health: HEALTHY } } peers { permanent_uuid: "c80d3f1c850d464e870bb7b89e66a47b" member_type: VOTER last_known_addr { host: "127.5.148.194" port: 43853 } health_report { overall_health: UNKNOWN } } peers { permanent_uuid: "79d029dfe5d945a18b132272816e23d5" member_type: VOTER last_known_addr { host: "127.5.148.195" port: 39011 } health_report { overall_health: UNKNOWN } } }
I20260710 13:17:12.734372  6168 raft_consensus.cc:993] T 2dd351a5437a4f3cbaca6beacfbe025a P c80d3f1c850d464e870bb7b89e66a47b: : Instructing follower 79d029dfe5d945a18b132272816e23d5 to start an election
I20260710 13:17:12.734807  6168 raft_consensus.cc:1081] T 2dd351a5437a4f3cbaca6beacfbe025a P c80d3f1c850d464e870bb7b89e66a47b [term 3 LEADER]: Signalling peer 79d029dfe5d945a18b132272816e23d5 to start an election
I20260710 13:17:12.736130  5997 tablet_service.cc:2044] Received Run Leader Election RPC: tablet_id: "2dd351a5437a4f3cbaca6beacfbe025a"
dest_uuid: "79d029dfe5d945a18b132272816e23d5"
 from {username='slave'} at 127.0.0.1:50140
I20260710 13:17:12.736549  5997 raft_consensus.cc:493] T 2dd351a5437a4f3cbaca6beacfbe025a P 79d029dfe5d945a18b132272816e23d5 [term 3 FOLLOWER]: Starting forced leader election (received explicit request)
I20260710 13:17:12.736792  5997 raft_consensus.cc:3060] T 2dd351a5437a4f3cbaca6beacfbe025a P 79d029dfe5d945a18b132272816e23d5 [term 3 FOLLOWER]: Advancing to term 4
I20260710 13:17:12.740526  5997 raft_consensus.cc:515] T 2dd351a5437a4f3cbaca6beacfbe025a P 79d029dfe5d945a18b132272816e23d5 [term 4 FOLLOWER]: Starting forced leader election with config: opid_index: -1 OBSOLETE_local: false peers { permanent_uuid: "60629d42bd8c4a6aa15985b9dd2845fd" member_type: VOTER last_known_addr { host: "127.5.148.193" port: 42431 } } peers { permanent_uuid: "c80d3f1c850d464e870bb7b89e66a47b" member_type: VOTER last_known_addr { host: "127.5.148.194" port: 43853 } } peers { permanent_uuid: "79d029dfe5d945a18b132272816e23d5" member_type: VOTER last_known_addr { host: "127.5.148.195" port: 39011 } }
I20260710 13:17:12.742070  5997 leader_election.cc:290] T 2dd351a5437a4f3cbaca6beacfbe025a P 79d029dfe5d945a18b132272816e23d5 [CANDIDATE]: Term 4 election: Requested vote from peers 60629d42bd8c4a6aa15985b9dd2845fd (127.5.148.193:42431), c80d3f1c850d464e870bb7b89e66a47b (127.5.148.194:43853)
I20260710 13:17:12.742843  5850 tablet_service.cc:1917] Received RequestConsensusVote() RPC: tablet_id: "2dd351a5437a4f3cbaca6beacfbe025a" candidate_uuid: "79d029dfe5d945a18b132272816e23d5" candidate_term: 4 candidate_status { last_received { term: 3 index: 3 } } ignore_live_leader: true dest_uuid: "60629d42bd8c4a6aa15985b9dd2845fd"
I20260710 13:17:12.743217  5925 tablet_service.cc:1917] Received RequestConsensusVote() RPC: tablet_id: "2dd351a5437a4f3cbaca6beacfbe025a" candidate_uuid: "79d029dfe5d945a18b132272816e23d5" candidate_term: 4 candidate_status { last_received { term: 3 index: 3 } } ignore_live_leader: true dest_uuid: "c80d3f1c850d464e870bb7b89e66a47b"
I20260710 13:17:12.743333  5850 raft_consensus.cc:3060] T 2dd351a5437a4f3cbaca6beacfbe025a P 60629d42bd8c4a6aa15985b9dd2845fd [term 3 FOLLOWER]: Advancing to term 4
I20260710 13:17:12.743739  5925 raft_consensus.cc:3055] T 2dd351a5437a4f3cbaca6beacfbe025a P c80d3f1c850d464e870bb7b89e66a47b [term 3 LEADER]: Stepping down as leader of term 3
I20260710 13:17:12.744031  5925 raft_consensus.cc:740] T 2dd351a5437a4f3cbaca6beacfbe025a P c80d3f1c850d464e870bb7b89e66a47b [term 3 LEADER]: Becoming Follower/Learner. State: Replica: c80d3f1c850d464e870bb7b89e66a47b, State: Running, Role: LEADER
I20260710 13:17:12.744730  5925 consensus_queue.cc:260] T 2dd351a5437a4f3cbaca6beacfbe025a P c80d3f1c850d464e870bb7b89e66a47b [NON_LEADER]: Queue going to NON_LEADER mode. State: All replicated index: 0, Majority replicated index: 3, Committed index: 3, Last appended: 3.3, Last appended by leader: 3, Current term: 3, Majority size: -1, State: 0, Mode: NON_LEADER, active raft config: opid_index: -1 OBSOLETE_local: false peers { permanent_uuid: "60629d42bd8c4a6aa15985b9dd2845fd" member_type: VOTER last_known_addr { host: "127.5.148.193" port: 42431 } } peers { permanent_uuid: "c80d3f1c850d464e870bb7b89e66a47b" member_type: VOTER last_known_addr { host: "127.5.148.194" port: 43853 } } peers { permanent_uuid: "79d029dfe5d945a18b132272816e23d5" member_type: VOTER last_known_addr { host: "127.5.148.195" port: 39011 } }
I20260710 13:17:12.745577  5925 raft_consensus.cc:3060] T 2dd351a5437a4f3cbaca6beacfbe025a P c80d3f1c850d464e870bb7b89e66a47b [term 3 FOLLOWER]: Advancing to term 4
I20260710 13:17:12.747464  5850 raft_consensus.cc:2468] T 2dd351a5437a4f3cbaca6beacfbe025a P 60629d42bd8c4a6aa15985b9dd2845fd [term 4 FOLLOWER]: Leader election vote request: Granting yes vote for candidate 79d029dfe5d945a18b132272816e23d5 in term 4.
I20260710 13:17:12.748548  5965 leader_election.cc:304] T 2dd351a5437a4f3cbaca6beacfbe025a P 79d029dfe5d945a18b132272816e23d5 [CANDIDATE]: Term 4 election: Election decided. Result: candidate won. Election summary: received 2 responses out of 3 voters: 2 yes votes; 0 no votes. yes voters: 60629d42bd8c4a6aa15985b9dd2845fd, 79d029dfe5d945a18b132272816e23d5; no voters: 
I20260710 13:17:12.749274  6187 raft_consensus.cc:2804] T 2dd351a5437a4f3cbaca6beacfbe025a P 79d029dfe5d945a18b132272816e23d5 [term 4 FOLLOWER]: Leader election won for term 4
I20260710 13:17:12.749946  5925 raft_consensus.cc:2468] T 2dd351a5437a4f3cbaca6beacfbe025a P c80d3f1c850d464e870bb7b89e66a47b [term 4 FOLLOWER]: Leader election vote request: Granting yes vote for candidate 79d029dfe5d945a18b132272816e23d5 in term 4.
I20260710 13:17:12.750564  6187 raft_consensus.cc:697] T 2dd351a5437a4f3cbaca6beacfbe025a P 79d029dfe5d945a18b132272816e23d5 [term 4 LEADER]: Becoming Leader. State: Replica: 79d029dfe5d945a18b132272816e23d5, State: Running, Role: LEADER
I20260710 13:17:12.751427  6187 consensus_queue.cc:237] T 2dd351a5437a4f3cbaca6beacfbe025a P 79d029dfe5d945a18b132272816e23d5 [LEADER]: Queue going to LEADER mode. State: All replicated index: 0, Majority replicated index: 3, Committed index: 3, Last appended: 3.3, Last appended by leader: 3, Current term: 4, Majority size: 2, State: 0, Mode: LEADER, active raft config: opid_index: -1 OBSOLETE_local: false peers { permanent_uuid: "60629d42bd8c4a6aa15985b9dd2845fd" member_type: VOTER last_known_addr { host: "127.5.148.193" port: 42431 } } peers { permanent_uuid: "c80d3f1c850d464e870bb7b89e66a47b" member_type: VOTER last_known_addr { host: "127.5.148.194" port: 43853 } } peers { permanent_uuid: "79d029dfe5d945a18b132272816e23d5" member_type: VOTER last_known_addr { host: "127.5.148.195" port: 39011 } }
I20260710 13:17:12.758055  5746 catalog_manager.cc:5697] T 2dd351a5437a4f3cbaca6beacfbe025a P 79d029dfe5d945a18b132272816e23d5 reported cstate change: term changed from 3 to 4, leader changed from c80d3f1c850d464e870bb7b89e66a47b (127.5.148.194) to 79d029dfe5d945a18b132272816e23d5 (127.5.148.195). New cstate: current_term: 4 leader_uuid: "79d029dfe5d945a18b132272816e23d5" committed_config { opid_index: -1 OBSOLETE_local: false peers { permanent_uuid: "60629d42bd8c4a6aa15985b9dd2845fd" member_type: VOTER last_known_addr { host: "127.5.148.193" port: 42431 } health_report { overall_health: UNKNOWN } } peers { permanent_uuid: "c80d3f1c850d464e870bb7b89e66a47b" member_type: VOTER last_known_addr { host: "127.5.148.194" port: 43853 } health_report { overall_health: UNKNOWN } } peers { permanent_uuid: "79d029dfe5d945a18b132272816e23d5" member_type: VOTER last_known_addr { host: "127.5.148.195" port: 39011 } health_report { overall_health: HEALTHY } } }
I20260710 13:17:12.878257  6168 raft_consensus.cc:993] T 55651bb4ba294e4e8e546ced2ec70a18 P c80d3f1c850d464e870bb7b89e66a47b: : Instructing follower 79d029dfe5d945a18b132272816e23d5 to start an election
I20260710 13:17:12.878707  6188 raft_consensus.cc:1081] T 55651bb4ba294e4e8e546ced2ec70a18 P c80d3f1c850d464e870bb7b89e66a47b [term 2 LEADER]: Signalling peer 79d029dfe5d945a18b132272816e23d5 to start an election
I20260710 13:17:12.880072  5997 tablet_service.cc:2044] Received Run Leader Election RPC: tablet_id: "55651bb4ba294e4e8e546ced2ec70a18"
dest_uuid: "79d029dfe5d945a18b132272816e23d5"
 from {username='slave'} at 127.0.0.1:50140
I20260710 13:17:12.880553  5997 raft_consensus.cc:493] T 55651bb4ba294e4e8e546ced2ec70a18 P 79d029dfe5d945a18b132272816e23d5 [term 2 FOLLOWER]: Starting forced leader election (received explicit request)
I20260710 13:17:12.880826  5997 raft_consensus.cc:3060] T 55651bb4ba294e4e8e546ced2ec70a18 P 79d029dfe5d945a18b132272816e23d5 [term 2 FOLLOWER]: Advancing to term 3
I20260710 13:17:12.884825  5997 raft_consensus.cc:515] T 55651bb4ba294e4e8e546ced2ec70a18 P 79d029dfe5d945a18b132272816e23d5 [term 3 FOLLOWER]: Starting forced leader election with config: opid_index: -1 OBSOLETE_local: false peers { permanent_uuid: "60629d42bd8c4a6aa15985b9dd2845fd" member_type: VOTER last_known_addr { host: "127.5.148.193" port: 42431 } } peers { permanent_uuid: "c80d3f1c850d464e870bb7b89e66a47b" member_type: VOTER last_known_addr { host: "127.5.148.194" port: 43853 } } peers { permanent_uuid: "79d029dfe5d945a18b132272816e23d5" member_type: VOTER last_known_addr { host: "127.5.148.195" port: 39011 } }
I20260710 13:17:12.886215  5997 leader_election.cc:290] T 55651bb4ba294e4e8e546ced2ec70a18 P 79d029dfe5d945a18b132272816e23d5 [CANDIDATE]: Term 3 election: Requested vote from peers 60629d42bd8c4a6aa15985b9dd2845fd (127.5.148.193:42431), c80d3f1c850d464e870bb7b89e66a47b (127.5.148.194:43853)
I20260710 13:17:12.886950  5850 tablet_service.cc:1917] Received RequestConsensusVote() RPC: tablet_id: "55651bb4ba294e4e8e546ced2ec70a18" candidate_uuid: "79d029dfe5d945a18b132272816e23d5" candidate_term: 3 candidate_status { last_received { term: 2 index: 2 } } ignore_live_leader: true dest_uuid: "60629d42bd8c4a6aa15985b9dd2845fd"
I20260710 13:17:12.887271  5925 tablet_service.cc:1917] Received RequestConsensusVote() RPC: tablet_id: "55651bb4ba294e4e8e546ced2ec70a18" candidate_uuid: "79d029dfe5d945a18b132272816e23d5" candidate_term: 3 candidate_status { last_received { term: 2 index: 2 } } ignore_live_leader: true dest_uuid: "c80d3f1c850d464e870bb7b89e66a47b"
I20260710 13:17:12.887511  5850 raft_consensus.cc:3060] T 55651bb4ba294e4e8e546ced2ec70a18 P 60629d42bd8c4a6aa15985b9dd2845fd [term 2 FOLLOWER]: Advancing to term 3
I20260710 13:17:12.887837  5925 raft_consensus.cc:3055] T 55651bb4ba294e4e8e546ced2ec70a18 P c80d3f1c850d464e870bb7b89e66a47b [term 2 LEADER]: Stepping down as leader of term 2
I20260710 13:17:12.888067  5925 raft_consensus.cc:740] T 55651bb4ba294e4e8e546ced2ec70a18 P c80d3f1c850d464e870bb7b89e66a47b [term 2 LEADER]: Becoming Follower/Learner. State: Replica: c80d3f1c850d464e870bb7b89e66a47b, State: Running, Role: LEADER
I20260710 13:17:12.888679  5925 consensus_queue.cc:260] T 55651bb4ba294e4e8e546ced2ec70a18 P c80d3f1c850d464e870bb7b89e66a47b [NON_LEADER]: Queue going to NON_LEADER mode. State: All replicated index: 0, Majority replicated index: 2, Committed index: 2, Last appended: 2.2, Last appended by leader: 2, Current term: 2, Majority size: -1, State: 0, Mode: NON_LEADER, active raft config: opid_index: -1 OBSOLETE_local: false peers { permanent_uuid: "60629d42bd8c4a6aa15985b9dd2845fd" member_type: VOTER last_known_addr { host: "127.5.148.193" port: 42431 } } peers { permanent_uuid: "c80d3f1c850d464e870bb7b89e66a47b" member_type: VOTER last_known_addr { host: "127.5.148.194" port: 43853 } } peers { permanent_uuid: "79d029dfe5d945a18b132272816e23d5" member_type: VOTER last_known_addr { host: "127.5.148.195" port: 39011 } }
