I20260710 13:16:52.536588  6192 ts_tablet_manager.cc:1434] T d400781e061e4814887c8a393615ce25 P 7ffaa12ec34f4e79b9544958a4165eea: Time spent starting tablet: real 0.008s	user 0.004s	sys 0.002s
I20260710 13:16:52.537968  6192 tablet_bootstrap.cc:492] T 7fc1a0518feb4910b317e26b9959e0a0 P 7ffaa12ec34f4e79b9544958a4165eea: Bootstrap starting.
I20260710 13:16:52.543973  6192 tablet_bootstrap.cc:654] T 7fc1a0518feb4910b317e26b9959e0a0 P 7ffaa12ec34f4e79b9544958a4165eea: Neither blocks nor log segments found. Creating new log.
I20260710 13:16:52.544443  6191 tablet_bootstrap.cc:492] T ad8f170abd5241afb68ea2db93223c67 P 2aa85221f0dd429ca29c30b4109c8b17: No bootstrap required, opened a new log
I20260710 13:16:52.544971  6191 ts_tablet_manager.cc:1403] T ad8f170abd5241afb68ea2db93223c67 P 2aa85221f0dd429ca29c30b4109c8b17: Time spent bootstrapping tablet: real 0.028s	user 0.014s	sys 0.002s
I20260710 13:16:52.543761  6193 raft_consensus.cc:359] T 9c2d44ff53a342539a8f09359c91c9f5 P da18ac746ff4477e9356a1640691352f [term 0 FOLLOWER]: Replica starting. Triggering 0 pending ops. Active config: opid_index: -1 OBSOLETE_local: false peers { permanent_uuid: "7ffaa12ec34f4e79b9544958a4165eea" member_type: VOTER last_known_addr { host: "127.5.186.1" port: 36003 } } peers { permanent_uuid: "2aa85221f0dd429ca29c30b4109c8b17" member_type: VOTER last_known_addr { host: "127.5.186.2" port: 45715 } } peers { permanent_uuid: "da18ac746ff4477e9356a1640691352f" member_type: VOTER last_known_addr { host: "127.5.186.3" port: 45887 } }
I20260710 13:16:52.547304  6193 raft_consensus.cc:385] T 9c2d44ff53a342539a8f09359c91c9f5 P da18ac746ff4477e9356a1640691352f [term 0 FOLLOWER]: Consensus starting up: Expiring failure detector timer to make a prompt election more likely
I20260710 13:16:52.547721  6193 raft_consensus.cc:740] T 9c2d44ff53a342539a8f09359c91c9f5 P da18ac746ff4477e9356a1640691352f [term 0 FOLLOWER]: Becoming Follower/Learner. State: Replica: da18ac746ff4477e9356a1640691352f, State: Initialized, Role: FOLLOWER
I20260710 13:16:52.549059  6193 consensus_queue.cc:260] T 9c2d44ff53a342539a8f09359c91c9f5 P da18ac746ff4477e9356a1640691352f [NON_LEADER]: Queue going to NON_LEADER mode. State: All replicated index: 0, Majority replicated index: 0, Committed index: 0, Last appended: 0.0, Last appended by leader: 0, Current term: 0, Majority size: -1, State: 0, Mode: NON_LEADER, active raft config: opid_index: -1 OBSOLETE_local: false peers { permanent_uuid: "7ffaa12ec34f4e79b9544958a4165eea" member_type: VOTER last_known_addr { host: "127.5.186.1" port: 36003 } } peers { permanent_uuid: "2aa85221f0dd429ca29c30b4109c8b17" member_type: VOTER last_known_addr { host: "127.5.186.2" port: 45715 } } peers { permanent_uuid: "da18ac746ff4477e9356a1640691352f" member_type: VOTER last_known_addr { host: "127.5.186.3" port: 45887 } }
I20260710 13:16:52.551695  6191 raft_consensus.cc:359] T ad8f170abd5241afb68ea2db93223c67 P 2aa85221f0dd429ca29c30b4109c8b17 [term 0 FOLLOWER]: Replica starting. Triggering 0 pending ops. Active config: opid_index: -1 OBSOLETE_local: false peers { permanent_uuid: "7ffaa12ec34f4e79b9544958a4165eea" member_type: VOTER last_known_addr { host: "127.5.186.1" port: 36003 } } peers { permanent_uuid: "2aa85221f0dd429ca29c30b4109c8b17" member_type: VOTER last_known_addr { host: "127.5.186.2" port: 45715 } } peers { permanent_uuid: "da18ac746ff4477e9356a1640691352f" member_type: VOTER last_known_addr { host: "127.5.186.3" port: 45887 } }
I20260710 13:16:52.552450  6191 raft_consensus.cc:385] T ad8f170abd5241afb68ea2db93223c67 P 2aa85221f0dd429ca29c30b4109c8b17 [term 0 FOLLOWER]: Consensus starting up: Expiring failure detector timer to make a prompt election more likely
I20260710 13:16:52.552783  6191 raft_consensus.cc:740] T ad8f170abd5241afb68ea2db93223c67 P 2aa85221f0dd429ca29c30b4109c8b17 [term 0 FOLLOWER]: Becoming Follower/Learner. State: Replica: 2aa85221f0dd429ca29c30b4109c8b17, State: Initialized, Role: FOLLOWER
I20260710 13:16:52.553778  6191 consensus_queue.cc:260] T ad8f170abd5241afb68ea2db93223c67 P 2aa85221f0dd429ca29c30b4109c8b17 [NON_LEADER]: Queue going to NON_LEADER mode. State: All replicated index: 0, Majority replicated index: 0, Committed index: 0, Last appended: 0.0, Last appended by leader: 0, Current term: 0, Majority size: -1, State: 0, Mode: NON_LEADER, active raft config: opid_index: -1 OBSOLETE_local: false peers { permanent_uuid: "7ffaa12ec34f4e79b9544958a4165eea" member_type: VOTER last_known_addr { host: "127.5.186.1" port: 36003 } } peers { permanent_uuid: "2aa85221f0dd429ca29c30b4109c8b17" member_type: VOTER last_known_addr { host: "127.5.186.2" port: 45715 } } peers { permanent_uuid: "da18ac746ff4477e9356a1640691352f" member_type: VOTER last_known_addr { host: "127.5.186.3" port: 45887 } }
I20260710 13:16:52.554688  6192 tablet_bootstrap.cc:492] T 7fc1a0518feb4910b317e26b9959e0a0 P 7ffaa12ec34f4e79b9544958a4165eea: No bootstrap required, opened a new log
I20260710 13:16:52.555619  6192 ts_tablet_manager.cc:1403] T 7fc1a0518feb4910b317e26b9959e0a0 P 7ffaa12ec34f4e79b9544958a4165eea: Time spent bootstrapping tablet: real 0.018s	user 0.011s	sys 0.005s
I20260710 13:16:52.556901  6191 ts_tablet_manager.cc:1434] T ad8f170abd5241afb68ea2db93223c67 P 2aa85221f0dd429ca29c30b4109c8b17: Time spent starting tablet: real 0.011s	user 0.001s	sys 0.005s
I20260710 13:16:52.557922  6191 tablet_bootstrap.cc:492] T 83f75724b121496db666d708480691e2 P 2aa85221f0dd429ca29c30b4109c8b17: Bootstrap starting.
I20260710 13:16:52.558836  6192 raft_consensus.cc:359] T 7fc1a0518feb4910b317e26b9959e0a0 P 7ffaa12ec34f4e79b9544958a4165eea [term 0 FOLLOWER]: Replica starting. Triggering 0 pending ops. Active config: opid_index: -1 OBSOLETE_local: false peers { permanent_uuid: "7ffaa12ec34f4e79b9544958a4165eea" member_type: VOTER last_known_addr { host: "127.5.186.1" port: 36003 } } peers { permanent_uuid: "2aa85221f0dd429ca29c30b4109c8b17" member_type: VOTER last_known_addr { host: "127.5.186.2" port: 45715 } } peers { permanent_uuid: "da18ac746ff4477e9356a1640691352f" member_type: VOTER last_known_addr { host: "127.5.186.3" port: 45887 } }
I20260710 13:16:52.559703  6192 raft_consensus.cc:385] T 7fc1a0518feb4910b317e26b9959e0a0 P 7ffaa12ec34f4e79b9544958a4165eea [term 0 FOLLOWER]: Consensus starting up: Expiring failure detector timer to make a prompt election more likely
I20260710 13:16:52.560063  6192 raft_consensus.cc:740] T 7fc1a0518feb4910b317e26b9959e0a0 P 7ffaa12ec34f4e79b9544958a4165eea [term 0 FOLLOWER]: Becoming Follower/Learner. State: Replica: 7ffaa12ec34f4e79b9544958a4165eea, State: Initialized, Role: FOLLOWER
I20260710 13:16:52.560917  6192 consensus_queue.cc:260] T 7fc1a0518feb4910b317e26b9959e0a0 P 7ffaa12ec34f4e79b9544958a4165eea [NON_LEADER]: Queue going to NON_LEADER mode. State: All replicated index: 0, Majority replicated index: 0, Committed index: 0, Last appended: 0.0, Last appended by leader: 0, Current term: 0, Majority size: -1, State: 0, Mode: NON_LEADER, active raft config: opid_index: -1 OBSOLETE_local: false peers { permanent_uuid: "7ffaa12ec34f4e79b9544958a4165eea" member_type: VOTER last_known_addr { host: "127.5.186.1" port: 36003 } } peers { permanent_uuid: "2aa85221f0dd429ca29c30b4109c8b17" member_type: VOTER last_known_addr { host: "127.5.186.2" port: 45715 } } peers { permanent_uuid: "da18ac746ff4477e9356a1640691352f" member_type: VOTER last_known_addr { host: "127.5.186.3" port: 45887 } }
I20260710 13:16:52.565258  6191 tablet_bootstrap.cc:654] T 83f75724b121496db666d708480691e2 P 2aa85221f0dd429ca29c30b4109c8b17: Neither blocks nor log segments found. Creating new log.
I20260710 13:16:52.571602  6192 ts_tablet_manager.cc:1434] T 7fc1a0518feb4910b317e26b9959e0a0 P 7ffaa12ec34f4e79b9544958a4165eea: Time spent starting tablet: real 0.016s	user 0.007s	sys 0.000s
I20260710 13:16:52.575517  6192 tablet_bootstrap.cc:492] T 731cdfe7ab994266b46cfb3a6c454910 P 7ffaa12ec34f4e79b9544958a4165eea: Bootstrap starting.
I20260710 13:16:52.580623  6193 ts_tablet_manager.cc:1434] T 9c2d44ff53a342539a8f09359c91c9f5 P da18ac746ff4477e9356a1640691352f: Time spent starting tablet: real 0.044s	user 0.008s	sys 0.000s
I20260710 13:16:52.582453  6191 tablet_bootstrap.cc:492] T 83f75724b121496db666d708480691e2 P 2aa85221f0dd429ca29c30b4109c8b17: No bootstrap required, opened a new log
I20260710 13:16:52.582985  6191 ts_tablet_manager.cc:1403] T 83f75724b121496db666d708480691e2 P 2aa85221f0dd429ca29c30b4109c8b17: Time spent bootstrapping tablet: real 0.025s	user 0.021s	sys 0.000s
I20260710 13:16:52.583379  6192 tablet_bootstrap.cc:654] T 731cdfe7ab994266b46cfb3a6c454910 P 7ffaa12ec34f4e79b9544958a4165eea: Neither blocks nor log segments found. Creating new log.
I20260710 13:16:52.587497  6191 raft_consensus.cc:359] T 83f75724b121496db666d708480691e2 P 2aa85221f0dd429ca29c30b4109c8b17 [term 0 FOLLOWER]: Replica starting. Triggering 0 pending ops. Active config: opid_index: -1 OBSOLETE_local: false peers { permanent_uuid: "7ffaa12ec34f4e79b9544958a4165eea" member_type: VOTER last_known_addr { host: "127.5.186.1" port: 36003 } } peers { permanent_uuid: "2aa85221f0dd429ca29c30b4109c8b17" member_type: VOTER last_known_addr { host: "127.5.186.2" port: 45715 } } peers { permanent_uuid: "da18ac746ff4477e9356a1640691352f" member_type: VOTER last_known_addr { host: "127.5.186.3" port: 45887 } }
I20260710 13:16:52.587993  6193 tablet_bootstrap.cc:492] T 83f75724b121496db666d708480691e2 P da18ac746ff4477e9356a1640691352f: Bootstrap starting.
I20260710 13:16:52.588344  6191 raft_consensus.cc:385] T 83f75724b121496db666d708480691e2 P 2aa85221f0dd429ca29c30b4109c8b17 [term 0 FOLLOWER]: Consensus starting up: Expiring failure detector timer to make a prompt election more likely
I20260710 13:16:52.588685  6191 raft_consensus.cc:740] T 83f75724b121496db666d708480691e2 P 2aa85221f0dd429ca29c30b4109c8b17 [term 0 FOLLOWER]: Becoming Follower/Learner. State: Replica: 2aa85221f0dd429ca29c30b4109c8b17, State: Initialized, Role: FOLLOWER
I20260710 13:16:52.589613  6191 consensus_queue.cc:260] T 83f75724b121496db666d708480691e2 P 2aa85221f0dd429ca29c30b4109c8b17 [NON_LEADER]: Queue going to NON_LEADER mode. State: All replicated index: 0, Majority replicated index: 0, Committed index: 0, Last appended: 0.0, Last appended by leader: 0, Current term: 0, Majority size: -1, State: 0, Mode: NON_LEADER, active raft config: opid_index: -1 OBSOLETE_local: false peers { permanent_uuid: "7ffaa12ec34f4e79b9544958a4165eea" member_type: VOTER last_known_addr { host: "127.5.186.1" port: 36003 } } peers { permanent_uuid: "2aa85221f0dd429ca29c30b4109c8b17" member_type: VOTER last_known_addr { host: "127.5.186.2" port: 45715 } } peers { permanent_uuid: "da18ac746ff4477e9356a1640691352f" member_type: VOTER last_known_addr { host: "127.5.186.3" port: 45887 } }
I20260710 13:16:52.592947  6191 ts_tablet_manager.cc:1434] T 83f75724b121496db666d708480691e2 P 2aa85221f0dd429ca29c30b4109c8b17: Time spent starting tablet: real 0.010s	user 0.004s	sys 0.003s
I20260710 13:16:52.609508  6199 raft_consensus.cc:493] T 9de747f67c184131be64b297d5972383 P da18ac746ff4477e9356a1640691352f [term 0 FOLLOWER]: Starting pre-election (no leader contacted us within the election timeout)
I20260710 13:16:52.610203  6199 raft_consensus.cc:515] T 9de747f67c184131be64b297d5972383 P da18ac746ff4477e9356a1640691352f [term 0 FOLLOWER]: Starting pre-election with config: opid_index: -1 OBSOLETE_local: false peers { permanent_uuid: "7ffaa12ec34f4e79b9544958a4165eea" member_type: VOTER last_known_addr { host: "127.5.186.1" port: 36003 } } peers { permanent_uuid: "2aa85221f0dd429ca29c30b4109c8b17" member_type: VOTER last_known_addr { host: "127.5.186.2" port: 45715 } } peers { permanent_uuid: "da18ac746ff4477e9356a1640691352f" member_type: VOTER last_known_addr { host: "127.5.186.3" port: 45887 } }
I20260710 13:16:52.612541  6191 tablet_bootstrap.cc:492] T d400781e061e4814887c8a393615ce25 P 2aa85221f0dd429ca29c30b4109c8b17: Bootstrap starting.
I20260710 13:16:52.613392  6199 leader_election.cc:290] T 9de747f67c184131be64b297d5972383 P da18ac746ff4477e9356a1640691352f [CANDIDATE]: Term 1 pre-election: Requested pre-vote from peers 7ffaa12ec34f4e79b9544958a4165eea (127.5.186.1:36003), 2aa85221f0dd429ca29c30b4109c8b17 (127.5.186.2:45715)
I20260710 13:16:52.619271  6192 tablet_bootstrap.cc:492] T 731cdfe7ab994266b46cfb3a6c454910 P 7ffaa12ec34f4e79b9544958a4165eea: No bootstrap required, opened a new log
I20260710 13:16:52.619844  6192 ts_tablet_manager.cc:1403] T 731cdfe7ab994266b46cfb3a6c454910 P 7ffaa12ec34f4e79b9544958a4165eea: Time spent bootstrapping tablet: real 0.045s	user 0.011s	sys 0.018s
I20260710 13:16:52.626178  6192 raft_consensus.cc:359] T 731cdfe7ab994266b46cfb3a6c454910 P 7ffaa12ec34f4e79b9544958a4165eea [term 0 FOLLOWER]: Replica starting. Triggering 0 pending ops. Active config: opid_index: -1 OBSOLETE_local: false peers { permanent_uuid: "7ffaa12ec34f4e79b9544958a4165eea" member_type: VOTER last_known_addr { host: "127.5.186.1" port: 36003 } } peers { permanent_uuid: "2aa85221f0dd429ca29c30b4109c8b17" member_type: VOTER last_known_addr { host: "127.5.186.2" port: 45715 } } peers { permanent_uuid: "da18ac746ff4477e9356a1640691352f" member_type: VOTER last_known_addr { host: "127.5.186.3" port: 45887 } }
I20260710 13:16:52.627166  6192 raft_consensus.cc:385] T 731cdfe7ab994266b46cfb3a6c454910 P 7ffaa12ec34f4e79b9544958a4165eea [term 0 FOLLOWER]: Consensus starting up: Expiring failure detector timer to make a prompt election more likely
I20260710 13:16:52.627450  6192 raft_consensus.cc:740] T 731cdfe7ab994266b46cfb3a6c454910 P 7ffaa12ec34f4e79b9544958a4165eea [term 0 FOLLOWER]: Becoming Follower/Learner. State: Replica: 7ffaa12ec34f4e79b9544958a4165eea, State: Initialized, Role: FOLLOWER
I20260710 13:16:52.632539  6191 tablet_bootstrap.cc:654] T d400781e061e4814887c8a393615ce25 P 2aa85221f0dd429ca29c30b4109c8b17: Neither blocks nor log segments found. Creating new log.
I20260710 13:16:52.628252  6192 consensus_queue.cc:260] T 731cdfe7ab994266b46cfb3a6c454910 P 7ffaa12ec34f4e79b9544958a4165eea [NON_LEADER]: Queue going to NON_LEADER mode. State: All replicated index: 0, Majority replicated index: 0, Committed index: 0, Last appended: 0.0, Last appended by leader: 0, Current term: 0, Majority size: -1, State: 0, Mode: NON_LEADER, active raft config: opid_index: -1 OBSOLETE_local: false peers { permanent_uuid: "7ffaa12ec34f4e79b9544958a4165eea" member_type: VOTER last_known_addr { host: "127.5.186.1" port: 36003 } } peers { permanent_uuid: "2aa85221f0dd429ca29c30b4109c8b17" member_type: VOTER last_known_addr { host: "127.5.186.2" port: 45715 } } peers { permanent_uuid: "da18ac746ff4477e9356a1640691352f" member_type: VOTER last_known_addr { host: "127.5.186.3" port: 45887 } }
I20260710 13:16:52.637941  6192 ts_tablet_manager.cc:1434] T 731cdfe7ab994266b46cfb3a6c454910 P 7ffaa12ec34f4e79b9544958a4165eea: Time spent starting tablet: real 0.018s	user 0.007s	sys 0.000s
I20260710 13:16:52.638958  6192 tablet_bootstrap.cc:492] T 83f75724b121496db666d708480691e2 P 7ffaa12ec34f4e79b9544958a4165eea: Bootstrap starting.
I20260710 13:16:52.643352  6193 tablet_bootstrap.cc:654] T 83f75724b121496db666d708480691e2 P da18ac746ff4477e9356a1640691352f: Neither blocks nor log segments found. Creating new log.
I20260710 13:16:52.648577  6198 raft_consensus.cc:493] T ad8f170abd5241afb68ea2db93223c67 P 7ffaa12ec34f4e79b9544958a4165eea [term 0 FOLLOWER]: Starting pre-election (no leader contacted us within the election timeout)
I20260710 13:16:52.649399  6198 raft_consensus.cc:515] T ad8f170abd5241afb68ea2db93223c67 P 7ffaa12ec34f4e79b9544958a4165eea [term 0 FOLLOWER]: Starting pre-election with config: opid_index: -1 OBSOLETE_local: false peers { permanent_uuid: "7ffaa12ec34f4e79b9544958a4165eea" member_type: VOTER last_known_addr { host: "127.5.186.1" port: 36003 } } peers { permanent_uuid: "2aa85221f0dd429ca29c30b4109c8b17" member_type: VOTER last_known_addr { host: "127.5.186.2" port: 45715 } } peers { permanent_uuid: "da18ac746ff4477e9356a1640691352f" member_type: VOTER last_known_addr { host: "127.5.186.3" port: 45887 } }
I20260710 13:16:52.657150  6192 tablet_bootstrap.cc:654] T 83f75724b121496db666d708480691e2 P 7ffaa12ec34f4e79b9544958a4165eea: Neither blocks nor log segments found. Creating new log.
I20260710 13:16:52.660609  6198 leader_election.cc:290] T ad8f170abd5241afb68ea2db93223c67 P 7ffaa12ec34f4e79b9544958a4165eea [CANDIDATE]: Term 1 pre-election: Requested pre-vote from peers 2aa85221f0dd429ca29c30b4109c8b17 (127.5.186.2:45715), da18ac746ff4477e9356a1640691352f (127.5.186.3:45887)
I20260710 13:16:52.670507  6191 tablet_bootstrap.cc:492] T d400781e061e4814887c8a393615ce25 P 2aa85221f0dd429ca29c30b4109c8b17: No bootstrap required, opened a new log
I20260710 13:16:52.671110  6191 ts_tablet_manager.cc:1403] T d400781e061e4814887c8a393615ce25 P 2aa85221f0dd429ca29c30b4109c8b17: Time spent bootstrapping tablet: real 0.059s	user 0.010s	sys 0.005s
I20260710 13:16:52.674598  6191 raft_consensus.cc:359] T d400781e061e4814887c8a393615ce25 P 2aa85221f0dd429ca29c30b4109c8b17 [term 0 FOLLOWER]: Replica starting. Triggering 0 pending ops. Active config: opid_index: -1 OBSOLETE_local: false peers { permanent_uuid: "da18ac746ff4477e9356a1640691352f" member_type: VOTER last_known_addr { host: "127.5.186.3" port: 45887 } } peers { permanent_uuid: "2aa85221f0dd429ca29c30b4109c8b17" member_type: VOTER last_known_addr { host: "127.5.186.2" port: 45715 } } peers { permanent_uuid: "7ffaa12ec34f4e79b9544958a4165eea" member_type: VOTER last_known_addr { host: "127.5.186.1" port: 36003 } }
I20260710 13:16:52.675479  6191 raft_consensus.cc:385] T d400781e061e4814887c8a393615ce25 P 2aa85221f0dd429ca29c30b4109c8b17 [term 0 FOLLOWER]: Consensus starting up: Expiring failure detector timer to make a prompt election more likely
I20260710 13:16:52.675848  6191 raft_consensus.cc:740] T d400781e061e4814887c8a393615ce25 P 2aa85221f0dd429ca29c30b4109c8b17 [term 0 FOLLOWER]: Becoming Follower/Learner. State: Replica: 2aa85221f0dd429ca29c30b4109c8b17, State: Initialized, Role: FOLLOWER
I20260710 13:16:52.676784  6191 consensus_queue.cc:260] T d400781e061e4814887c8a393615ce25 P 2aa85221f0dd429ca29c30b4109c8b17 [NON_LEADER]: Queue going to NON_LEADER mode. State: All replicated index: 0, Majority replicated index: 0, Committed index: 0, Last appended: 0.0, Last appended by leader: 0, Current term: 0, Majority size: -1, State: 0, Mode: NON_LEADER, active raft config: opid_index: -1 OBSOLETE_local: false peers { permanent_uuid: "da18ac746ff4477e9356a1640691352f" member_type: VOTER last_known_addr { host: "127.5.186.3" port: 45887 } } peers { permanent_uuid: "2aa85221f0dd429ca29c30b4109c8b17" member_type: VOTER last_known_addr { host: "127.5.186.2" port: 45715 } } peers { permanent_uuid: "7ffaa12ec34f4e79b9544958a4165eea" member_type: VOTER last_known_addr { host: "127.5.186.1" port: 36003 } }
I20260710 13:16:52.678921  6191 ts_tablet_manager.cc:1434] T d400781e061e4814887c8a393615ce25 P 2aa85221f0dd429ca29c30b4109c8b17: Time spent starting tablet: real 0.007s	user 0.003s	sys 0.004s
I20260710 13:16:52.682947  5999 tablet_service.cc:1917] Received RequestConsensusVote() RPC: tablet_id: "9de747f67c184131be64b297d5972383" candidate_uuid: "da18ac746ff4477e9356a1640691352f" candidate_term: 1 candidate_status { last_received { term: 0 index: 0 } } ignore_live_leader: false dest_uuid: "7ffaa12ec34f4e79b9544958a4165eea" is_pre_election: true
I20260710 13:16:52.683689  6191 tablet_bootstrap.cc:492] T 9c2d44ff53a342539a8f09359c91c9f5 P 2aa85221f0dd429ca29c30b4109c8b17: Bootstrap starting.
W20260710 13:16:52.684455  6112 leader_election.cc:343] T 9de747f67c184131be64b297d5972383 P da18ac746ff4477e9356a1640691352f [CANDIDATE]: Term 1 pre-election: Tablet error from VoteRequest() call to peer 7ffaa12ec34f4e79b9544958a4165eea (127.5.186.1:36003): Illegal state: must be running to vote when last-logged opid is not known
I20260710 13:16:52.685549  6193 tablet_bootstrap.cc:492] T 83f75724b121496db666d708480691e2 P da18ac746ff4477e9356a1640691352f: No bootstrap required, opened a new log
I20260710 13:16:52.686573  6193 ts_tablet_manager.cc:1403] T 83f75724b121496db666d708480691e2 P da18ac746ff4477e9356a1640691352f: Time spent bootstrapping tablet: real 0.099s	user 0.009s	sys 0.008s
I20260710 13:16:52.689989  6193 raft_consensus.cc:359] T 83f75724b121496db666d708480691e2 P da18ac746ff4477e9356a1640691352f [term 0 FOLLOWER]: Replica starting. Triggering 0 pending ops. Active config: opid_index: -1 OBSOLETE_local: false peers { permanent_uuid: "7ffaa12ec34f4e79b9544958a4165eea" member_type: VOTER last_known_addr { host: "127.5.186.1" port: 36003 } } peers { permanent_uuid: "2aa85221f0dd429ca29c30b4109c8b17" member_type: VOTER last_known_addr { host: "127.5.186.2" port: 45715 } } peers { permanent_uuid: "da18ac746ff4477e9356a1640691352f" member_type: VOTER last_known_addr { host: "127.5.186.3" port: 45887 } }
I20260710 13:16:52.690686  6193 raft_consensus.cc:385] T 83f75724b121496db666d708480691e2 P da18ac746ff4477e9356a1640691352f [term 0 FOLLOWER]: Consensus starting up: Expiring failure detector timer to make a prompt election more likely
I20260710 13:16:52.690955  6193 raft_consensus.cc:740] T 83f75724b121496db666d708480691e2 P da18ac746ff4477e9356a1640691352f [term 0 FOLLOWER]: Becoming Follower/Learner. State: Replica: da18ac746ff4477e9356a1640691352f, State: Initialized, Role: FOLLOWER
I20260710 13:16:52.692040  6191 tablet_bootstrap.cc:654] T 9c2d44ff53a342539a8f09359c91c9f5 P 2aa85221f0dd429ca29c30b4109c8b17: Neither blocks nor log segments found. Creating new log.
I20260710 13:16:52.691673  6193 consensus_queue.cc:260] T 83f75724b121496db666d708480691e2 P da18ac746ff4477e9356a1640691352f [NON_LEADER]: Queue going to NON_LEADER mode. State: All replicated index: 0, Majority replicated index: 0, Committed index: 0, Last appended: 0.0, Last appended by leader: 0, Current term: 0, Majority size: -1, State: 0, Mode: NON_LEADER, active raft config: opid_index: -1 OBSOLETE_local: false peers { permanent_uuid: "7ffaa12ec34f4e79b9544958a4165eea" member_type: VOTER last_known_addr { host: "127.5.186.1" port: 36003 } } peers { permanent_uuid: "2aa85221f0dd429ca29c30b4109c8b17" member_type: VOTER last_known_addr { host: "127.5.186.2" port: 45715 } } peers { permanent_uuid: "da18ac746ff4477e9356a1640691352f" member_type: VOTER last_known_addr { host: "127.5.186.3" port: 45887 } }
I20260710 13:16:52.710707  6074 tablet_service.cc:1917] Received RequestConsensusVote() RPC: tablet_id: "9de747f67c184131be64b297d5972383" candidate_uuid: "da18ac746ff4477e9356a1640691352f" candidate_term: 1 candidate_status { last_received { term: 0 index: 0 } } ignore_live_leader: false dest_uuid: "2aa85221f0dd429ca29c30b4109c8b17" is_pre_election: true
I20260710 13:16:52.711562  6074 raft_consensus.cc:2468] T 9de747f67c184131be64b297d5972383 P 2aa85221f0dd429ca29c30b4109c8b17 [term 0 FOLLOWER]: Leader pre-election vote request: Granting yes vote for candidate da18ac746ff4477e9356a1640691352f in term 0.
I20260710 13:16:52.713256  6113 leader_election.cc:304] T 9de747f67c184131be64b297d5972383 P da18ac746ff4477e9356a1640691352f [CANDIDATE]: Term 1 pre-election: Election decided. Result: candidate won. Election summary: received 3 responses out of 3 voters: 2 yes votes; 1 no votes. yes voters: 2aa85221f0dd429ca29c30b4109c8b17, da18ac746ff4477e9356a1640691352f; no voters: 7ffaa12ec34f4e79b9544958a4165eea
I20260710 13:16:52.716637  6199 raft_consensus.cc:2804] T 9de747f67c184131be64b297d5972383 P da18ac746ff4477e9356a1640691352f [term 0 FOLLOWER]: Leader pre-election won for term 1
I20260710 13:16:52.716805  6192 tablet_bootstrap.cc:492] T 83f75724b121496db666d708480691e2 P 7ffaa12ec34f4e79b9544958a4165eea: No bootstrap required, opened a new log
I20260710 13:16:52.717051  6199 raft_consensus.cc:493] T 9de747f67c184131be64b297d5972383 P da18ac746ff4477e9356a1640691352f [term 0 FOLLOWER]: Starting leader election (no leader contacted us within the election timeout)
I20260710 13:16:52.717290  6192 ts_tablet_manager.cc:1403] T 83f75724b121496db666d708480691e2 P 7ffaa12ec34f4e79b9544958a4165eea: Time spent bootstrapping tablet: real 0.079s	user 0.012s	sys 0.003s
I20260710 13:16:52.717386  6199 raft_consensus.cc:3060] T 9de747f67c184131be64b297d5972383 P da18ac746ff4477e9356a1640691352f [term 0 FOLLOWER]: Advancing to term 1
I20260710 13:16:52.719063  6191 tablet_bootstrap.cc:492] T 9c2d44ff53a342539a8f09359c91c9f5 P 2aa85221f0dd429ca29c30b4109c8b17: No bootstrap required, opened a new log
I20260710 13:16:52.720134  6191 ts_tablet_manager.cc:1403] T 9c2d44ff53a342539a8f09359c91c9f5 P 2aa85221f0dd429ca29c30b4109c8b17: Time spent bootstrapping tablet: real 0.037s	user 0.009s	sys 0.021s
I20260710 13:16:52.720371  6192 raft_consensus.cc:359] T 83f75724b121496db666d708480691e2 P 7ffaa12ec34f4e79b9544958a4165eea [term 0 FOLLOWER]: Replica starting. Triggering 0 pending ops. Active config: opid_index: -1 OBSOLETE_local: false peers { permanent_uuid: "7ffaa12ec34f4e79b9544958a4165eea" member_type: VOTER last_known_addr { host: "127.5.186.1" port: 36003 } } peers { permanent_uuid: "2aa85221f0dd429ca29c30b4109c8b17" member_type: VOTER last_known_addr { host: "127.5.186.2" port: 45715 } } peers { permanent_uuid: "da18ac746ff4477e9356a1640691352f" member_type: VOTER last_known_addr { host: "127.5.186.3" port: 45887 } }
I20260710 13:16:52.721098  6192 raft_consensus.cc:385] T 83f75724b121496db666d708480691e2 P 7ffaa12ec34f4e79b9544958a4165eea [term 0 FOLLOWER]: Consensus starting up: Expiring failure detector timer to make a prompt election more likely
I20260710 13:16:52.721204  6074 tablet_service.cc:1917] Received RequestConsensusVote() RPC: tablet_id: "ad8f170abd5241afb68ea2db93223c67" candidate_uuid: "7ffaa12ec34f4e79b9544958a4165eea" candidate_term: 1 candidate_status { last_received { term: 0 index: 0 } } ignore_live_leader: false dest_uuid: "2aa85221f0dd429ca29c30b4109c8b17" is_pre_election: true
I20260710 13:16:52.721406  6192 raft_consensus.cc:740] T 83f75724b121496db666d708480691e2 P 7ffaa12ec34f4e79b9544958a4165eea [term 0 FOLLOWER]: Becoming Follower/Learner. State: Replica: 7ffaa12ec34f4e79b9544958a4165eea, State: Initialized, Role: FOLLOWER
I20260710 13:16:52.721925  6074 raft_consensus.cc:2468] T ad8f170abd5241afb68ea2db93223c67 P 2aa85221f0dd429ca29c30b4109c8b17 [term 0 FOLLOWER]: Leader pre-election vote request: Granting yes vote for candidate 7ffaa12ec34f4e79b9544958a4165eea in term 0.
I20260710 13:16:52.722437  6192 consensus_queue.cc:260] T 83f75724b121496db666d708480691e2 P 7ffaa12ec34f4e79b9544958a4165eea [NON_LEADER]: Queue going to NON_LEADER mode. State: All replicated index: 0, Majority replicated index: 0, Committed index: 0, Last appended: 0.0, Last appended by leader: 0, Current term: 0, Majority size: -1, State: 0, Mode: NON_LEADER, active raft config: opid_index: -1 OBSOLETE_local: false peers { permanent_uuid: "7ffaa12ec34f4e79b9544958a4165eea" member_type: VOTER last_known_addr { host: "127.5.186.1" port: 36003 } } peers { permanent_uuid: "2aa85221f0dd429ca29c30b4109c8b17" member_type: VOTER last_known_addr { host: "127.5.186.2" port: 45715 } } peers { permanent_uuid: "da18ac746ff4477e9356a1640691352f" member_type: VOTER last_known_addr { host: "127.5.186.3" port: 45887 } }
I20260710 13:16:52.723179  5964 leader_election.cc:304] T ad8f170abd5241afb68ea2db93223c67 P 7ffaa12ec34f4e79b9544958a4165eea [CANDIDATE]: Term 1 pre-election: Election decided. Result: candidate won. Election summary: received 2 responses out of 3 voters: 2 yes votes; 0 no votes. yes voters: 2aa85221f0dd429ca29c30b4109c8b17, 7ffaa12ec34f4e79b9544958a4165eea; no voters: 
I20260710 13:16:52.724061  6198 raft_consensus.cc:2804] T ad8f170abd5241afb68ea2db93223c67 P 7ffaa12ec34f4e79b9544958a4165eea [term 0 FOLLOWER]: Leader pre-election won for term 1
I20260710 13:16:52.724443  6198 raft_consensus.cc:493] T ad8f170abd5241afb68ea2db93223c67 P 7ffaa12ec34f4e79b9544958a4165eea [term 0 FOLLOWER]: Starting leader election (no leader contacted us within the election timeout)
I20260710 13:16:52.724771  6198 raft_consensus.cc:3060] T ad8f170abd5241afb68ea2db93223c67 P 7ffaa12ec34f4e79b9544958a4165eea [term 0 FOLLOWER]: Advancing to term 1
I20260710 13:16:52.727393  6192 ts_tablet_manager.cc:1434] T 83f75724b121496db666d708480691e2 P 7ffaa12ec34f4e79b9544958a4165eea: Time spent starting tablet: real 0.010s	user 0.008s	sys 0.000s
I20260710 13:16:52.728430  6192 tablet_bootstrap.cc:492] T 9de747f67c184131be64b297d5972383 P 7ffaa12ec34f4e79b9544958a4165eea: Bootstrap starting.
I20260710 13:16:52.732760  6198 raft_consensus.cc:515] T ad8f170abd5241afb68ea2db93223c67 P 7ffaa12ec34f4e79b9544958a4165eea [term 1 FOLLOWER]: Starting leader election with config: opid_index: -1 OBSOLETE_local: false peers { permanent_uuid: "7ffaa12ec34f4e79b9544958a4165eea" member_type: VOTER last_known_addr { host: "127.5.186.1" port: 36003 } } peers { permanent_uuid: "2aa85221f0dd429ca29c30b4109c8b17" member_type: VOTER last_known_addr { host: "127.5.186.2" port: 45715 } } peers { permanent_uuid: "da18ac746ff4477e9356a1640691352f" member_type: VOTER last_known_addr { host: "127.5.186.3" port: 45887 } }
I20260710 13:16:52.734229  6192 tablet_bootstrap.cc:654] T 9de747f67c184131be64b297d5972383 P 7ffaa12ec34f4e79b9544958a4165eea: Neither blocks nor log segments found. Creating new log.
I20260710 13:16:52.734876  6198 leader_election.cc:290] T ad8f170abd5241afb68ea2db93223c67 P 7ffaa12ec34f4e79b9544958a4165eea [CANDIDATE]: Term 1 election: Requested vote from peers 2aa85221f0dd429ca29c30b4109c8b17 (127.5.186.2:45715), da18ac746ff4477e9356a1640691352f (127.5.186.3:45887)
I20260710 13:16:52.736573  6074 tablet_service.cc:1917] Received RequestConsensusVote() RPC: tablet_id: "ad8f170abd5241afb68ea2db93223c67" candidate_uuid: "7ffaa12ec34f4e79b9544958a4165eea" candidate_term: 1 candidate_status { last_received { term: 0 index: 0 } } ignore_live_leader: false dest_uuid: "2aa85221f0dd429ca29c30b4109c8b17"
I20260710 13:16:52.737231  6074 raft_consensus.cc:3060] T ad8f170abd5241afb68ea2db93223c67 P 2aa85221f0dd429ca29c30b4109c8b17 [term 0 FOLLOWER]: Advancing to term 1
I20260710 13:16:52.738786  6191 raft_consensus.cc:359] T 9c2d44ff53a342539a8f09359c91c9f5 P 2aa85221f0dd429ca29c30b4109c8b17 [term 0 FOLLOWER]: Replica starting. Triggering 0 pending ops. Active config: opid_index: -1 OBSOLETE_local: false peers { permanent_uuid: "7ffaa12ec34f4e79b9544958a4165eea" member_type: VOTER last_known_addr { host: "127.5.186.1" port: 36003 } } peers { permanent_uuid: "2aa85221f0dd429ca29c30b4109c8b17" member_type: VOTER last_known_addr { host: "127.5.186.2" port: 45715 } } peers { permanent_uuid: "da18ac746ff4477e9356a1640691352f" member_type: VOTER last_known_addr { host: "127.5.186.3" port: 45887 } }
I20260710 13:16:52.739670  6191 raft_consensus.cc:385] T 9c2d44ff53a342539a8f09359c91c9f5 P 2aa85221f0dd429ca29c30b4109c8b17 [term 0 FOLLOWER]: Consensus starting up: Expiring failure detector timer to make a prompt election more likely
I20260710 13:16:52.740023  6191 raft_consensus.cc:740] T 9c2d44ff53a342539a8f09359c91c9f5 P 2aa85221f0dd429ca29c30b4109c8b17 [term 0 FOLLOWER]: Becoming Follower/Learner. State: Replica: 2aa85221f0dd429ca29c30b4109c8b17, State: Initialized, Role: FOLLOWER
I20260710 13:16:52.747088  6148 tablet_service.cc:1917] Received RequestConsensusVote() RPC: tablet_id: "ad8f170abd5241afb68ea2db93223c67" candidate_uuid: "7ffaa12ec34f4e79b9544958a4165eea" candidate_term: 1 candidate_status { last_received { term: 0 index: 0 } } ignore_live_leader: false dest_uuid: "da18ac746ff4477e9356a1640691352f" is_pre_election: true
I20260710 13:16:52.748245  6146 tablet_service.cc:1917] Received RequestConsensusVote() RPC: tablet_id: "ad8f170abd5241afb68ea2db93223c67" candidate_uuid: "7ffaa12ec34f4e79b9544958a4165eea" candidate_term: 1 candidate_status { last_received { term: 0 index: 0 } } ignore_live_leader: false dest_uuid: "da18ac746ff4477e9356a1640691352f"
I20260710 13:16:52.751645  6199 raft_consensus.cc:515] T 9de747f67c184131be64b297d5972383 P da18ac746ff4477e9356a1640691352f [term 1 FOLLOWER]: Starting leader election with config: opid_index: -1 OBSOLETE_local: false peers { permanent_uuid: "7ffaa12ec34f4e79b9544958a4165eea" member_type: VOTER last_known_addr { host: "127.5.186.1" port: 36003 } } peers { permanent_uuid: "2aa85221f0dd429ca29c30b4109c8b17" member_type: VOTER last_known_addr { host: "127.5.186.2" port: 45715 } } peers { permanent_uuid: "da18ac746ff4477e9356a1640691352f" member_type: VOTER last_known_addr { host: "127.5.186.3" port: 45887 } }
I20260710 13:16:52.753543  6074 raft_consensus.cc:2468] T ad8f170abd5241afb68ea2db93223c67 P 2aa85221f0dd429ca29c30b4109c8b17 [term 1 FOLLOWER]: Leader election vote request: Granting yes vote for candidate 7ffaa12ec34f4e79b9544958a4165eea in term 1.
I20260710 13:16:52.754828  5964 leader_election.cc:304] T ad8f170abd5241afb68ea2db93223c67 P 7ffaa12ec34f4e79b9544958a4165eea [CANDIDATE]: Term 1 election: Election decided. Result: candidate won. Election summary: received 2 responses out of 3 voters: 2 yes votes; 0 no votes. yes voters: 2aa85221f0dd429ca29c30b4109c8b17, 7ffaa12ec34f4e79b9544958a4165eea; no voters: 
I20260710 13:16:52.755755  6148 raft_consensus.cc:2468] T ad8f170abd5241afb68ea2db93223c67 P da18ac746ff4477e9356a1640691352f [term 0 FOLLOWER]: Leader pre-election vote request: Granting yes vote for candidate 7ffaa12ec34f4e79b9544958a4165eea in term 0.
I20260710 13:16:52.757519  6193 ts_tablet_manager.cc:1434] T 83f75724b121496db666d708480691e2 P da18ac746ff4477e9356a1640691352f: Time spent starting tablet: real 0.071s	user 0.006s	sys 0.000s
I20260710 13:16:52.758580  6193 tablet_bootstrap.cc:492] T d400781e061e4814887c8a393615ce25 P da18ac746ff4477e9356a1640691352f: Bootstrap starting.
I20260710 13:16:52.762739  5999 tablet_service.cc:1917] Received RequestConsensusVote() RPC: tablet_id: "9de747f67c184131be64b297d5972383" candidate_uuid: "da18ac746ff4477e9356a1640691352f" candidate_term: 1 candidate_status { last_received { term: 0 index: 0 } } ignore_live_leader: false dest_uuid: "7ffaa12ec34f4e79b9544958a4165eea"
I20260710 13:16:52.762014  6199 leader_election.cc:290] T 9de747f67c184131be64b297d5972383 P da18ac746ff4477e9356a1640691352f [CANDIDATE]: Term 1 election: Requested vote from peers 7ffaa12ec34f4e79b9544958a4165eea (127.5.186.1:36003), 2aa85221f0dd429ca29c30b4109c8b17 (127.5.186.2:45715)
W20260710 13:16:52.764269  6112 leader_election.cc:343] T 9de747f67c184131be64b297d5972383 P da18ac746ff4477e9356a1640691352f [CANDIDATE]: Term 1 election: Tablet error from VoteRequest() call to peer 7ffaa12ec34f4e79b9544958a4165eea (127.5.186.1:36003): Illegal state: must be running to vote when last-logged opid is not known
I20260710 13:16:52.764780  6238 raft_consensus.cc:493] T 6073cc18eb0a41028301aac4b989c8b3 P 7ffaa12ec34f4e79b9544958a4165eea [term 0 FOLLOWER]: Starting pre-election (no leader contacted us within the election timeout)
I20260710 13:16:52.765341  6238 raft_consensus.cc:515] T 6073cc18eb0a41028301aac4b989c8b3 P 7ffaa12ec34f4e79b9544958a4165eea [term 0 FOLLOWER]: Starting pre-election with config: opid_index: -1 OBSOLETE_local: false peers { permanent_uuid: "7ffaa12ec34f4e79b9544958a4165eea" member_type: VOTER last_known_addr { host: "127.5.186.1" port: 36003 } } peers { permanent_uuid: "2aa85221f0dd429ca29c30b4109c8b17" member_type: VOTER last_known_addr { host: "127.5.186.2" port: 45715 } } peers { permanent_uuid: "da18ac746ff4477e9356a1640691352f" member_type: VOTER last_known_addr { host: "127.5.186.3" port: 45887 } }
I20260710 13:16:52.767251  6074 tablet_service.cc:1917] Received RequestConsensusVote() RPC: tablet_id: "9de747f67c184131be64b297d5972383" candidate_uuid: "da18ac746ff4477e9356a1640691352f" candidate_term: 1 candidate_status { last_received { term: 0 index: 0 } } ignore_live_leader: false dest_uuid: "2aa85221f0dd429ca29c30b4109c8b17"
I20260710 13:16:52.768054  6074 raft_consensus.cc:3060] T 9de747f67c184131be64b297d5972383 P 2aa85221f0dd429ca29c30b4109c8b17 [term 0 FOLLOWER]: Advancing to term 1
I20260710 13:16:52.768934  6073 tablet_service.cc:1917] Received RequestConsensusVote() RPC: tablet_id: "6073cc18eb0a41028301aac4b989c8b3" candidate_uuid: "7ffaa12ec34f4e79b9544958a4165eea" candidate_term: 1 candidate_status { last_received { term: 0 index: 0 } } ignore_live_leader: false dest_uuid: "2aa85221f0dd429ca29c30b4109c8b17" is_pre_election: true
I20260710 13:16:52.769722  6073 raft_consensus.cc:2468] T 6073cc18eb0a41028301aac4b989c8b3 P 2aa85221f0dd429ca29c30b4109c8b17 [term 0 FOLLOWER]: Leader pre-election vote request: Granting yes vote for candidate 7ffaa12ec34f4e79b9544958a4165eea in term 0.
I20260710 13:16:52.770234  6198 raft_consensus.cc:2804] T ad8f170abd5241afb68ea2db93223c67 P 7ffaa12ec34f4e79b9544958a4165eea [term 1 FOLLOWER]: Leader election won for term 1
I20260710 13:16:52.770750  6193 tablet_bootstrap.cc:654] T d400781e061e4814887c8a393615ce25 P da18ac746ff4477e9356a1640691352f: Neither blocks nor log segments found. Creating new log.
I20260710 13:16:52.771106  5964 leader_election.cc:304] T 6073cc18eb0a41028301aac4b989c8b3 P 7ffaa12ec34f4e79b9544958a4165eea [CANDIDATE]: Term 1 pre-election: Election decided. Result: candidate won. Election summary: received 2 responses out of 3 voters: 2 yes votes; 0 no votes. yes voters: 2aa85221f0dd429ca29c30b4109c8b17, 7ffaa12ec34f4e79b9544958a4165eea; no voters: 
I20260710 13:16:52.772565  6239 raft_consensus.cc:2804] T 6073cc18eb0a41028301aac4b989c8b3 P 7ffaa12ec34f4e79b9544958a4165eea [term 0 FOLLOWER]: Leader pre-election won for term 1
I20260710 13:16:52.773113  6199 raft_consensus.cc:493] T 9c2d44ff53a342539a8f09359c91c9f5 P da18ac746ff4477e9356a1640691352f [term 0 FOLLOWER]: Starting pre-election (no leader contacted us within the election timeout)
I20260710 13:16:52.775921  6239 raft_consensus.cc:493] T 6073cc18eb0a41028301aac4b989c8b3 P 7ffaa12ec34f4e79b9544958a4165eea [term 0 FOLLOWER]: Starting leader election (no leader contacted us within the election timeout)
I20260710 13:16:52.774799  6148 tablet_service.cc:1917] Received RequestConsensusVote() RPC: tablet_id: "6073cc18eb0a41028301aac4b989c8b3" candidate_uuid: "7ffaa12ec34f4e79b9544958a4165eea" candidate_term: 1 candidate_status { last_received { term: 0 index: 0 } } ignore_live_leader: false dest_uuid: "da18ac746ff4477e9356a1640691352f" is_pre_election: true
I20260710 13:16:52.775942  6199 raft_consensus.cc:515] T 9c2d44ff53a342539a8f09359c91c9f5 P da18ac746ff4477e9356a1640691352f [term 0 FOLLOWER]: Starting pre-election with config: opid_index: -1 OBSOLETE_local: false peers { permanent_uuid: "7ffaa12ec34f4e79b9544958a4165eea" member_type: VOTER last_known_addr { host: "127.5.186.1" port: 36003 } } peers { permanent_uuid: "2aa85221f0dd429ca29c30b4109c8b17" member_type: VOTER last_known_addr { host: "127.5.186.2" port: 45715 } } peers { permanent_uuid: "da18ac746ff4477e9356a1640691352f" member_type: VOTER last_known_addr { host: "127.5.186.3" port: 45887 } }
I20260710 13:16:52.776659  6191 consensus_queue.cc:260] T 9c2d44ff53a342539a8f09359c91c9f5 P 2aa85221f0dd429ca29c30b4109c8b17 [NON_LEADER]: Queue going to NON_LEADER mode. State: All replicated index: 0, Majority replicated index: 0, Committed index: 0, Last appended: 0.0, Last appended by leader: 0, Current term: 0, Majority size: -1, State: 0, Mode: NON_LEADER, active raft config: opid_index: -1 OBSOLETE_local: false peers { permanent_uuid: "7ffaa12ec34f4e79b9544958a4165eea" member_type: VOTER last_known_addr { host: "127.5.186.1" port: 36003 } } peers { permanent_uuid: "2aa85221f0dd429ca29c30b4109c8b17" member_type: VOTER last_known_addr { host: "127.5.186.2" port: 45715 } } peers { permanent_uuid: "da18ac746ff4477e9356a1640691352f" member_type: VOTER last_known_addr { host: "127.5.186.3" port: 45887 } }
I20260710 13:16:52.773671  6238 leader_election.cc:290] T 6073cc18eb0a41028301aac4b989c8b3 P 7ffaa12ec34f4e79b9544958a4165eea [CANDIDATE]: Term 1 pre-election: Requested pre-vote from peers 2aa85221f0dd429ca29c30b4109c8b17 (127.5.186.2:45715), da18ac746ff4477e9356a1640691352f (127.5.186.3:45887)
W20260710 13:16:52.779098  5963 leader_election.cc:343] T 6073cc18eb0a41028301aac4b989c8b3 P 7ffaa12ec34f4e79b9544958a4165eea [CANDIDATE]: Term 1 pre-election: Tablet error from VoteRequest() call to peer da18ac746ff4477e9356a1640691352f (127.5.186.3:45887): Illegal state: must be running to vote when last-logged opid is not known
I20260710 13:16:52.778967  6239 raft_consensus.cc:3060] T 6073cc18eb0a41028301aac4b989c8b3 P 7ffaa12ec34f4e79b9544958a4165eea [term 0 FOLLOWER]: Advancing to term 1
I20260710 13:16:52.779959  6199 leader_election.cc:290] T 9c2d44ff53a342539a8f09359c91c9f5 P da18ac746ff4477e9356a1640691352f [CANDIDATE]: Term 1 pre-election: Requested pre-vote from peers 7ffaa12ec34f4e79b9544958a4165eea (127.5.186.1:36003), 2aa85221f0dd429ca29c30b4109c8b17 (127.5.186.2:45715)
I20260710 13:16:52.780385  5999 tablet_service.cc:1917] Received RequestConsensusVote() RPC: tablet_id: "9c2d44ff53a342539a8f09359c91c9f5" candidate_uuid: "da18ac746ff4477e9356a1640691352f" candidate_term: 1 candidate_status { last_received { term: 0 index: 0 } } ignore_live_leader: false dest_uuid: "7ffaa12ec34f4e79b9544958a4165eea" is_pre_election: true
I20260710 13:16:52.778290  6198 raft_consensus.cc:697] T ad8f170abd5241afb68ea2db93223c67 P 7ffaa12ec34f4e79b9544958a4165eea [term 1 LEADER]: Becoming Leader. State: Replica: 7ffaa12ec34f4e79b9544958a4165eea, State: Running, Role: LEADER
I20260710 13:16:52.784924  5999 raft_consensus.cc:2468] T 9c2d44ff53a342539a8f09359c91c9f5 P 7ffaa12ec34f4e79b9544958a4165eea [term 0 FOLLOWER]: Leader pre-election vote request: Granting yes vote for candidate da18ac746ff4477e9356a1640691352f in term 0.
I20260710 13:16:52.785162  6198 consensus_queue.cc:237] T ad8f170abd5241afb68ea2db93223c67 P 7ffaa12ec34f4e79b9544958a4165eea [LEADER]: Queue going to LEADER mode. State: All replicated index: 0, Majority replicated index: 0, Committed index: 0, Last appended: 0.0, Last appended by leader: 0, Current term: 1, Majority size: 2, State: 0, Mode: LEADER, active raft config: opid_index: -1 OBSOLETE_local: false peers { permanent_uuid: "7ffaa12ec34f4e79b9544958a4165eea" member_type: VOTER last_known_addr { host: "127.5.186.1" port: 36003 } } peers { permanent_uuid: "2aa85221f0dd429ca29c30b4109c8b17" member_type: VOTER last_known_addr { host: "127.5.186.2" port: 45715 } } peers { permanent_uuid: "da18ac746ff4477e9356a1640691352f" member_type: VOTER last_known_addr { host: "127.5.186.3" port: 45887 } }
I20260710 13:16:52.788028  6191 ts_tablet_manager.cc:1434] T 9c2d44ff53a342539a8f09359c91c9f5 P 2aa85221f0dd429ca29c30b4109c8b17: Time spent starting tablet: real 0.068s	user 0.008s	sys 0.000s
I20260710 13:16:52.789130  6073 tablet_service.cc:1917] Received RequestConsensusVote() RPC: tablet_id: "9c2d44ff53a342539a8f09359c91c9f5" candidate_uuid: "da18ac746ff4477e9356a1640691352f" candidate_term: 1 candidate_status { last_received { term: 0 index: 0 } } ignore_live_leader: false dest_uuid: "2aa85221f0dd429ca29c30b4109c8b17" is_pre_election: true
I20260710 13:16:52.789822  6073 raft_consensus.cc:2468] T 9c2d44ff53a342539a8f09359c91c9f5 P 2aa85221f0dd429ca29c30b4109c8b17 [term 0 FOLLOWER]: Leader pre-election vote request: Granting yes vote for candidate da18ac746ff4477e9356a1640691352f in term 0.
I20260710 13:16:52.790055  6112 leader_election.cc:304] T 9c2d44ff53a342539a8f09359c91c9f5 P da18ac746ff4477e9356a1640691352f [CANDIDATE]: Term 1 pre-election: Election decided. Result: candidate won. Election summary: received 2 responses out of 3 voters: 2 yes votes; 0 no votes. yes voters: 7ffaa12ec34f4e79b9544958a4165eea, da18ac746ff4477e9356a1640691352f; no voters: 
I20260710 13:16:52.791141  6199 raft_consensus.cc:2804] T 9c2d44ff53a342539a8f09359c91c9f5 P da18ac746ff4477e9356a1640691352f [term 0 FOLLOWER]: Leader pre-election won for term 1
I20260710 13:16:52.791201  6206 raft_consensus.cc:493] T 731cdfe7ab994266b46cfb3a6c454910 P 2aa85221f0dd429ca29c30b4109c8b17 [term 0 FOLLOWER]: Starting pre-election (no leader contacted us within the election timeout)
I20260710 13:16:52.791605  6199 raft_consensus.cc:493] T 9c2d44ff53a342539a8f09359c91c9f5 P da18ac746ff4477e9356a1640691352f [term 0 FOLLOWER]: Starting leader election (no leader contacted us within the election timeout)
I20260710 13:16:52.792003  6199 raft_consensus.cc:3060] T 9c2d44ff53a342539a8f09359c91c9f5 P da18ac746ff4477e9356a1640691352f [term 0 FOLLOWER]: Advancing to term 1
I20260710 13:16:52.791831  6206 raft_consensus.cc:515] T 731cdfe7ab994266b46cfb3a6c454910 P 2aa85221f0dd429ca29c30b4109c8b17 [term 0 FOLLOWER]: Starting pre-election with config: opid_index: -1 OBSOLETE_local: false peers { permanent_uuid: "7ffaa12ec34f4e79b9544958a4165eea" member_type: VOTER last_known_addr { host: "127.5.186.1" port: 36003 } } peers { permanent_uuid: "2aa85221f0dd429ca29c30b4109c8b17" member_type: VOTER last_known_addr { host: "127.5.186.2" port: 45715 } } peers { permanent_uuid: "da18ac746ff4477e9356a1640691352f" member_type: VOTER last_known_addr { host: "127.5.186.3" port: 45887 } }
I20260710 13:16:52.794374  6206 leader_election.cc:290] T 731cdfe7ab994266b46cfb3a6c454910 P 2aa85221f0dd429ca29c30b4109c8b17 [CANDIDATE]: Term 1 pre-election: Requested pre-vote from peers 7ffaa12ec34f4e79b9544958a4165eea (127.5.186.1:36003), da18ac746ff4477e9356a1640691352f (127.5.186.3:45887)
I20260710 13:16:52.798970  6148 tablet_service.cc:1917] Received RequestConsensusVote() RPC: tablet_id: "731cdfe7ab994266b46cfb3a6c454910" candidate_uuid: "2aa85221f0dd429ca29c30b4109c8b17" candidate_term: 1 candidate_status { last_received { term: 0 index: 0 } } ignore_live_leader: false dest_uuid: "da18ac746ff4477e9356a1640691352f" is_pre_election: true
I20260710 13:16:52.801514  6146 raft_consensus.cc:3060] T b095dd4fecb24102a9131ac1c2615c31 P da18ac746ff4477e9356a1640691352f [term 0 FOLLOWER]: Advancing to term 1
W20260710 13:16:52.802893  6038 leader_election.cc:343] T 731cdfe7ab994266b46cfb3a6c454910 P 2aa85221f0dd429ca29c30b4109c8b17 [CANDIDATE]: Term 1 pre-election: Tablet error from VoteRequest() call to peer da18ac746ff4477e9356a1640691352f (127.5.186.3:45887): Illegal state: must be running to vote when last-logged opid is not known
I20260710 13:16:52.801971  5999 tablet_service.cc:1917] Received RequestConsensusVote() RPC: tablet_id: "731cdfe7ab994266b46cfb3a6c454910" candidate_uuid: "2aa85221f0dd429ca29c30b4109c8b17" candidate_term: 1 candidate_status { last_received { term: 0 index: 0 } } ignore_live_leader: false dest_uuid: "7ffaa12ec34f4e79b9544958a4165eea" is_pre_election: true
I20260710 13:16:52.803953  6199 raft_consensus.cc:515] T 9c2d44ff53a342539a8f09359c91c9f5 P da18ac746ff4477e9356a1640691352f [term 1 FOLLOWER]: Starting leader election with config: opid_index: -1 OBSOLETE_local: false peers { permanent_uuid: "7ffaa12ec34f4e79b9544958a4165eea" member_type: VOTER last_known_addr { host: "127.5.186.1" port: 36003 } } peers { permanent_uuid: "2aa85221f0dd429ca29c30b4109c8b17" member_type: VOTER last_known_addr { host: "127.5.186.2" port: 45715 } } peers { permanent_uuid: "da18ac746ff4477e9356a1640691352f" member_type: VOTER last_known_addr { host: "127.5.186.3" port: 45887 } }
I20260710 13:16:52.804286  5999 raft_consensus.cc:2468] T 731cdfe7ab994266b46cfb3a6c454910 P 7ffaa12ec34f4e79b9544958a4165eea [term 0 FOLLOWER]: Leader pre-election vote request: Granting yes vote for candidate 2aa85221f0dd429ca29c30b4109c8b17 in term 0.
I20260710 13:16:52.805663  6038 leader_election.cc:304] T 731cdfe7ab994266b46cfb3a6c454910 P 2aa85221f0dd429ca29c30b4109c8b17 [CANDIDATE]: Term 1 pre-election: Election decided. Result: candidate won. Election summary: received 3 responses out of 3 voters: 2 yes votes; 1 no votes. yes voters: 2aa85221f0dd429ca29c30b4109c8b17, 7ffaa12ec34f4e79b9544958a4165eea; no voters: da18ac746ff4477e9356a1640691352f
I20260710 13:16:52.806480  6197 raft_consensus.cc:2804] T 731cdfe7ab994266b46cfb3a6c454910 P 2aa85221f0dd429ca29c30b4109c8b17 [term 0 FOLLOWER]: Leader pre-election won for term 1
I20260710 13:16:52.806880  6197 raft_consensus.cc:493] T 731cdfe7ab994266b46cfb3a6c454910 P 2aa85221f0dd429ca29c30b4109c8b17 [term 0 FOLLOWER]: Starting leader election (no leader contacted us within the election timeout)
I20260710 13:16:52.809926  6197 raft_consensus.cc:3060] T 731cdfe7ab994266b46cfb3a6c454910 P 2aa85221f0dd429ca29c30b4109c8b17 [term 0 FOLLOWER]: Advancing to term 1
I20260710 13:16:52.809834  5999 tablet_service.cc:1917] Received RequestConsensusVote() RPC: tablet_id: "9c2d44ff53a342539a8f09359c91c9f5" candidate_uuid: "da18ac746ff4477e9356a1640691352f" candidate_term: 1 candidate_status { last_received { term: 0 index: 0 } } ignore_live_leader: false dest_uuid: "7ffaa12ec34f4e79b9544958a4165eea"
I20260710 13:16:52.810204  6073 tablet_service.cc:1917] Received RequestConsensusVote() RPC: tablet_id: "9c2d44ff53a342539a8f09359c91c9f5" candidate_uuid: "da18ac746ff4477e9356a1640691352f" candidate_term: 1 candidate_status { last_received { term: 0 index: 0 } } ignore_live_leader: false dest_uuid: "2aa85221f0dd429ca29c30b4109c8b17"
I20260710 13:16:52.810488  5999 raft_consensus.cc:3060] T 9c2d44ff53a342539a8f09359c91c9f5 P 7ffaa12ec34f4e79b9544958a4165eea [term 0 FOLLOWER]: Advancing to term 1
I20260710 13:16:52.810812  6073 raft_consensus.cc:3060] T 9c2d44ff53a342539a8f09359c91c9f5 P 2aa85221f0dd429ca29c30b4109c8b17 [term 0 FOLLOWER]: Advancing to term 1
I20260710 13:16:52.806182  6199 leader_election.cc:290] T 9c2d44ff53a342539a8f09359c91c9f5 P da18ac746ff4477e9356a1640691352f [CANDIDATE]: Term 1 election: Requested vote from peers 7ffaa12ec34f4e79b9544958a4165eea (127.5.186.1:36003), 2aa85221f0dd429ca29c30b4109c8b17 (127.5.186.2:45715)
