I20260710 13:16:53.096838  6193 raft_consensus.cc:359] T 731cdfe7ab994266b46cfb3a6c454910 P da18ac746ff4477e9356a1640691352f [term 0 FOLLOWER]: Replica starting. Triggering 0 pending ops. Active config: opid_index: -1 OBSOLETE_local: false peers { permanent_uuid: "7ffaa12ec34f4e79b9544958a4165eea" member_type: VOTER last_known_addr { host: "127.5.186.1" port: 36003 } } peers { permanent_uuid: "2aa85221f0dd429ca29c30b4109c8b17" member_type: VOTER last_known_addr { host: "127.5.186.2" port: 45715 } } peers { permanent_uuid: "da18ac746ff4477e9356a1640691352f" member_type: VOTER last_known_addr { host: "127.5.186.3" port: 45887 } }
I20260710 13:16:53.102399  6193 raft_consensus.cc:385] T 731cdfe7ab994266b46cfb3a6c454910 P da18ac746ff4477e9356a1640691352f [term 0 FOLLOWER]: Consensus starting up: Expiring failure detector timer to make a prompt election more likely
I20260710 13:16:53.101387  6240 raft_consensus.cc:2749] T 7fc1a0518feb4910b317e26b9959e0a0 P 7ffaa12ec34f4e79b9544958a4165eea [term 1 FOLLOWER]: Leader pre-election lost for term 2. Reason: could not achieve majority
I20260710 13:16:53.103387  6193 raft_consensus.cc:740] T 731cdfe7ab994266b46cfb3a6c454910 P da18ac746ff4477e9356a1640691352f [term 0 FOLLOWER]: Becoming Follower/Learner. State: Replica: da18ac746ff4477e9356a1640691352f, State: Initialized, Role: FOLLOWER
I20260710 13:16:53.104236  6193 consensus_queue.cc:260] T 731cdfe7ab994266b46cfb3a6c454910 P da18ac746ff4477e9356a1640691352f [NON_LEADER]: Queue going to NON_LEADER mode. State: All replicated index: 0, Majority replicated index: 0, Committed index: 0, Last appended: 0.0, Last appended by leader: 0, Current term: 0, Majority size: -1, State: 0, Mode: NON_LEADER, active raft config: opid_index: -1 OBSOLETE_local: false peers { permanent_uuid: "7ffaa12ec34f4e79b9544958a4165eea" member_type: VOTER last_known_addr { host: "127.5.186.1" port: 36003 } } peers { permanent_uuid: "2aa85221f0dd429ca29c30b4109c8b17" member_type: VOTER last_known_addr { host: "127.5.186.2" port: 45715 } } peers { permanent_uuid: "da18ac746ff4477e9356a1640691352f" member_type: VOTER last_known_addr { host: "127.5.186.3" port: 45887 } }
I20260710 13:16:53.106370  6193 ts_tablet_manager.cc:1434] T 731cdfe7ab994266b46cfb3a6c454910 P da18ac746ff4477e9356a1640691352f: Time spent starting tablet: real 0.012s	user 0.005s	sys 0.002s
I20260710 13:16:53.097394  6249 raft_consensus.cc:2749] T 83f75724b121496db666d708480691e2 P 2aa85221f0dd429ca29c30b4109c8b17 [term 1 FOLLOWER]: Leader election lost for term 1. Reason: could not achieve majority
I20260710 13:16:53.112351  5896 catalog_manager.cc:5697] T 731cdfe7ab994266b46cfb3a6c454910 P 2aa85221f0dd429ca29c30b4109c8b17 reported cstate change: term changed from 0 to 1, leader changed from <none> to 2aa85221f0dd429ca29c30b4109c8b17 (127.5.186.2). New cstate: current_term: 1 leader_uuid: "2aa85221f0dd429ca29c30b4109c8b17" committed_config { opid_index: -1 OBSOLETE_local: false peers { permanent_uuid: "7ffaa12ec34f4e79b9544958a4165eea" member_type: VOTER last_known_addr { host: "127.5.186.1" port: 36003 } health_report { overall_health: UNKNOWN } } peers { permanent_uuid: "2aa85221f0dd429ca29c30b4109c8b17" member_type: VOTER last_known_addr { host: "127.5.186.2" port: 45715 } health_report { overall_health: HEALTHY } } peers { permanent_uuid: "da18ac746ff4477e9356a1640691352f" member_type: VOTER last_known_addr { host: "127.5.186.3" port: 45887 } health_report { overall_health: UNKNOWN } } }
I20260710 13:16:53.127144  5895 catalog_manager.cc:5697] T d400781e061e4814887c8a393615ce25 P 7ffaa12ec34f4e79b9544958a4165eea reported cstate change: term changed from 0 to 1, leader changed from <none> to 7ffaa12ec34f4e79b9544958a4165eea (127.5.186.1). New cstate: current_term: 1 leader_uuid: "7ffaa12ec34f4e79b9544958a4165eea" committed_config { opid_index: -1 OBSOLETE_local: false peers { permanent_uuid: "da18ac746ff4477e9356a1640691352f" member_type: VOTER last_known_addr { host: "127.5.186.3" port: 45887 } health_report { overall_health: UNKNOWN } } peers { permanent_uuid: "2aa85221f0dd429ca29c30b4109c8b17" member_type: VOTER last_known_addr { host: "127.5.186.2" port: 45715 } health_report { overall_health: UNKNOWN } } peers { permanent_uuid: "7ffaa12ec34f4e79b9544958a4165eea" member_type: VOTER last_known_addr { host: "127.5.186.1" port: 36003 } health_report { overall_health: HEALTHY } } }
I20260710 13:16:53.128829  5895 catalog_manager.cc:5697] T 6073cc18eb0a41028301aac4b989c8b3 P 7ffaa12ec34f4e79b9544958a4165eea reported cstate change: term changed from 0 to 1, leader changed from <none> to 7ffaa12ec34f4e79b9544958a4165eea (127.5.186.1). New cstate: current_term: 1 leader_uuid: "7ffaa12ec34f4e79b9544958a4165eea" committed_config { opid_index: -1 OBSOLETE_local: false peers { permanent_uuid: "7ffaa12ec34f4e79b9544958a4165eea" member_type: VOTER last_known_addr { host: "127.5.186.1" port: 36003 } health_report { overall_health: HEALTHY } } peers { permanent_uuid: "2aa85221f0dd429ca29c30b4109c8b17" member_type: VOTER last_known_addr { host: "127.5.186.2" port: 45715 } health_report { overall_health: UNKNOWN } } peers { permanent_uuid: "da18ac746ff4477e9356a1640691352f" member_type: VOTER last_known_addr { host: "127.5.186.3" port: 45887 } health_report { overall_health: UNKNOWN } } }
I20260710 13:16:53.141436  5894 catalog_manager.cc:5697] T 83f75724b121496db666d708480691e2 P da18ac746ff4477e9356a1640691352f reported cstate change: term changed from 0 to 1, leader changed from <none> to da18ac746ff4477e9356a1640691352f (127.5.186.3). New cstate: current_term: 1 leader_uuid: "da18ac746ff4477e9356a1640691352f" committed_config { opid_index: -1 OBSOLETE_local: false peers { permanent_uuid: "7ffaa12ec34f4e79b9544958a4165eea" member_type: VOTER last_known_addr { host: "127.5.186.1" port: 36003 } health_report { overall_health: UNKNOWN } } peers { permanent_uuid: "2aa85221f0dd429ca29c30b4109c8b17" member_type: VOTER last_known_addr { host: "127.5.186.2" port: 45715 } health_report { overall_health: UNKNOWN } } peers { permanent_uuid: "da18ac746ff4477e9356a1640691352f" member_type: VOTER last_known_addr { host: "127.5.186.3" port: 45887 } health_report { overall_health: HEALTHY } } }
I20260710 13:16:53.143666  5894 catalog_manager.cc:5697] T 9c2d44ff53a342539a8f09359c91c9f5 P da18ac746ff4477e9356a1640691352f reported cstate change: term changed from 0 to 1, leader changed from <none> to da18ac746ff4477e9356a1640691352f (127.5.186.3). New cstate: current_term: 1 leader_uuid: "da18ac746ff4477e9356a1640691352f" committed_config { opid_index: -1 OBSOLETE_local: false peers { permanent_uuid: "7ffaa12ec34f4e79b9544958a4165eea" member_type: VOTER last_known_addr { host: "127.5.186.1" port: 36003 } health_report { overall_health: UNKNOWN } } peers { permanent_uuid: "2aa85221f0dd429ca29c30b4109c8b17" member_type: VOTER last_known_addr { host: "127.5.186.2" port: 45715 } health_report { overall_health: UNKNOWN } } peers { permanent_uuid: "da18ac746ff4477e9356a1640691352f" member_type: VOTER last_known_addr { host: "127.5.186.3" port: 45887 } health_report { overall_health: HEALTHY } } }
I20260710 13:16:53.211977  6240 consensus_queue.cc:1048] T ad8f170abd5241afb68ea2db93223c67 P 7ffaa12ec34f4e79b9544958a4165eea [LEADER]: Connected to new peer: Peer: permanent_uuid: "2aa85221f0dd429ca29c30b4109c8b17" member_type: VOTER last_known_addr { host: "127.5.186.2" port: 45715 }, Status: LMP_MISMATCH, Last received: 0.0, Next index: 1, Last known committed idx: 0, Time since last communication: 0.000s
I20260710 13:16:53.230386  6146 raft_consensus.cc:3060] T ad8f170abd5241afb68ea2db93223c67 P da18ac746ff4477e9356a1640691352f [term 0 FOLLOWER]: Advancing to term 1
I20260710 13:16:53.239753  6240 consensus_queue.cc:1048] T ad8f170abd5241afb68ea2db93223c67 P 7ffaa12ec34f4e79b9544958a4165eea [LEADER]: Connected to new peer: Peer: permanent_uuid: "da18ac746ff4477e9356a1640691352f" member_type: VOTER last_known_addr { host: "127.5.186.3" port: 45887 }, Status: LMP_MISMATCH, Last received: 0.0, Next index: 1, Last known committed idx: 0, Time since last communication: 0.000s
I20260710 13:16:53.337867  6073 tablet_service.cc:2072] Received LeaderStepDown RPC: tablet_id: "731cdfe7ab994266b46cfb3a6c454910"
dest_uuid: "2aa85221f0dd429ca29c30b4109c8b17"
mode: GRACEFUL
new_leader_uuid: "7ffaa12ec34f4e79b9544958a4165eea"
 from {username='slave'} at 127.0.0.1:56260
I20260710 13:16:53.338697  6073 raft_consensus.cc:606] T 731cdfe7ab994266b46cfb3a6c454910 P 2aa85221f0dd429ca29c30b4109c8b17 [term 1 LEADER]: Received request to transfer leadership to TS 7ffaa12ec34f4e79b9544958a4165eea
I20260710 13:16:53.340660  6240 consensus_queue.cc:1048] T d400781e061e4814887c8a393615ce25 P 7ffaa12ec34f4e79b9544958a4165eea [LEADER]: Connected to new peer: Peer: permanent_uuid: "2aa85221f0dd429ca29c30b4109c8b17" member_type: VOTER last_known_addr { host: "127.5.186.2" port: 45715 }, Status: LMP_MISMATCH, Last received: 0.0, Next index: 1, Last known committed idx: 0, Time since last communication: 0.000s
I20260710 13:16:53.366211  6253 consensus_queue.cc:1048] T d400781e061e4814887c8a393615ce25 P 7ffaa12ec34f4e79b9544958a4165eea [LEADER]: Connected to new peer: Peer: permanent_uuid: "da18ac746ff4477e9356a1640691352f" member_type: VOTER last_known_addr { host: "127.5.186.3" port: 45887 }, Status: LMP_MISMATCH, Last received: 0.0, Next index: 1, Last known committed idx: 0, Time since last communication: 0.000s
I20260710 13:16:53.372861  6148 tablet_service.cc:2072] Received LeaderStepDown RPC: tablet_id: "9c2d44ff53a342539a8f09359c91c9f5"
dest_uuid: "da18ac746ff4477e9356a1640691352f"
mode: GRACEFUL
new_leader_uuid: "2aa85221f0dd429ca29c30b4109c8b17"
 from {username='slave'} at 127.0.0.1:57140
I20260710 13:16:53.373582  6148 raft_consensus.cc:606] T 9c2d44ff53a342539a8f09359c91c9f5 P da18ac746ff4477e9356a1640691352f [term 1 LEADER]: Received request to transfer leadership to TS 2aa85221f0dd429ca29c30b4109c8b17
I20260710 13:16:53.382743  6148 tablet_service.cc:2072] Received LeaderStepDown RPC: tablet_id: "9de747f67c184131be64b297d5972383"
dest_uuid: "da18ac746ff4477e9356a1640691352f"
mode: GRACEFUL
new_leader_uuid: "2aa85221f0dd429ca29c30b4109c8b17"
 from {username='slave'} at 127.0.0.1:57140
I20260710 13:16:53.383460  6148 raft_consensus.cc:606] T 9de747f67c184131be64b297d5972383 P da18ac746ff4477e9356a1640691352f [term 1 LEADER]: Received request to transfer leadership to TS 2aa85221f0dd429ca29c30b4109c8b17
I20260710 13:16:53.395622  6146 tablet_service.cc:2072] Received LeaderStepDown RPC: tablet_id: "83f75724b121496db666d708480691e2"
dest_uuid: "da18ac746ff4477e9356a1640691352f"
mode: GRACEFUL
new_leader_uuid: "2aa85221f0dd429ca29c30b4109c8b17"
 from {username='slave'} at 127.0.0.1:57140
I20260710 13:16:53.396740  6146 raft_consensus.cc:606] T 83f75724b121496db666d708480691e2 P da18ac746ff4477e9356a1640691352f [term 1 LEADER]: Received request to transfer leadership to TS 2aa85221f0dd429ca29c30b4109c8b17
I20260710 13:16:53.402930  6236 consensus_queue.cc:1048] T 9c2d44ff53a342539a8f09359c91c9f5 P da18ac746ff4477e9356a1640691352f [LEADER]: Connected to new peer: Peer: permanent_uuid: "7ffaa12ec34f4e79b9544958a4165eea" member_type: VOTER last_known_addr { host: "127.5.186.1" port: 36003 }, Status: LMP_MISMATCH, Last received: 0.0, Next index: 1, Last known committed idx: 0, Time since last communication: 0.000s
I20260710 13:16:53.404021  6074 tablet_service.cc:2072] Received LeaderStepDown RPC: tablet_id: "7fc1a0518feb4910b317e26b9959e0a0"
dest_uuid: "2aa85221f0dd429ca29c30b4109c8b17"
mode: GRACEFUL
new_leader_uuid: "da18ac746ff4477e9356a1640691352f"
 from {username='slave'} at 127.0.0.1:56260
I20260710 13:16:53.404740  6074 raft_consensus.cc:606] T 7fc1a0518feb4910b317e26b9959e0a0 P 2aa85221f0dd429ca29c30b4109c8b17 [term 1 LEADER]: Received request to transfer leadership to TS da18ac746ff4477e9356a1640691352f
I20260710 13:16:53.420017  6236 consensus_queue.cc:1048] T 9c2d44ff53a342539a8f09359c91c9f5 P da18ac746ff4477e9356a1640691352f [LEADER]: Connected to new peer: Peer: permanent_uuid: "2aa85221f0dd429ca29c30b4109c8b17" member_type: VOTER last_known_addr { host: "127.5.186.2" port: 45715 }, Status: LMP_MISMATCH, Last received: 0.0, Next index: 1, Last known committed idx: 0, Time since last communication: 0.001s
I20260710 13:16:53.421733  6253 consensus_queue.cc:1048] T 6073cc18eb0a41028301aac4b989c8b3 P 7ffaa12ec34f4e79b9544958a4165eea [LEADER]: Connected to new peer: Peer: permanent_uuid: "2aa85221f0dd429ca29c30b4109c8b17" member_type: VOTER last_known_addr { host: "127.5.186.2" port: 45715 }, Status: LMP_MISMATCH, Last received: 0.0, Next index: 1, Last known committed idx: 0, Time since last communication: 0.000s
I20260710 13:16:53.439101  6236 consensus_queue.cc:1048] T 9de747f67c184131be64b297d5972383 P da18ac746ff4477e9356a1640691352f [LEADER]: Connected to new peer: Peer: permanent_uuid: "7ffaa12ec34f4e79b9544958a4165eea" member_type: VOTER last_known_addr { host: "127.5.186.1" port: 36003 }, Status: LMP_MISMATCH, Last received: 0.0, Next index: 1, Last known committed idx: 0, Time since last communication: 0.001s
I20260710 13:16:53.442606  6236 raft_consensus.cc:993] T 9c2d44ff53a342539a8f09359c91c9f5 P da18ac746ff4477e9356a1640691352f: : Instructing follower 2aa85221f0dd429ca29c30b4109c8b17 to start an election
I20260710 13:16:53.443037  6236 raft_consensus.cc:1081] T 9c2d44ff53a342539a8f09359c91c9f5 P da18ac746ff4477e9356a1640691352f [term 1 LEADER]: Signalling peer 2aa85221f0dd429ca29c30b4109c8b17 to start an election
I20260710 13:16:53.446033  6074 tablet_service.cc:2044] Received Run Leader Election RPC: tablet_id: "9c2d44ff53a342539a8f09359c91c9f5"
dest_uuid: "2aa85221f0dd429ca29c30b4109c8b17"
 from {username='slave'} at 127.0.0.1:56250
I20260710 13:16:53.446869  6074 raft_consensus.cc:493] T 9c2d44ff53a342539a8f09359c91c9f5 P 2aa85221f0dd429ca29c30b4109c8b17 [term 1 FOLLOWER]: Starting forced leader election (received explicit request)
I20260710 13:16:53.447386  6074 raft_consensus.cc:3060] T 9c2d44ff53a342539a8f09359c91c9f5 P 2aa85221f0dd429ca29c30b4109c8b17 [term 1 FOLLOWER]: Advancing to term 2
I20260710 13:16:53.453733  6146 raft_consensus.cc:3060] T 6073cc18eb0a41028301aac4b989c8b3 P da18ac746ff4477e9356a1640691352f [term 0 FOLLOWER]: Advancing to term 1
I20260710 13:16:53.466856  6198 consensus_queue.cc:1048] T 6073cc18eb0a41028301aac4b989c8b3 P 7ffaa12ec34f4e79b9544958a4165eea [LEADER]: Connected to new peer: Peer: permanent_uuid: "da18ac746ff4477e9356a1640691352f" member_type: VOTER last_known_addr { host: "127.5.186.3" port: 45887 }, Status: LMP_MISMATCH, Last received: 0.0, Next index: 1, Last known committed idx: 0, Time since last communication: 0.000s
I20260710 13:16:53.468272  6074 raft_consensus.cc:515] T 9c2d44ff53a342539a8f09359c91c9f5 P 2aa85221f0dd429ca29c30b4109c8b17 [term 2 FOLLOWER]: Starting forced leader election with config: opid_index: -1 OBSOLETE_local: false peers { permanent_uuid: "7ffaa12ec34f4e79b9544958a4165eea" member_type: VOTER last_known_addr { host: "127.5.186.1" port: 36003 } } peers { permanent_uuid: "2aa85221f0dd429ca29c30b4109c8b17" member_type: VOTER last_known_addr { host: "127.5.186.2" port: 45715 } } peers { permanent_uuid: "da18ac746ff4477e9356a1640691352f" member_type: VOTER last_known_addr { host: "127.5.186.3" port: 45887 } }
I20260710 13:16:53.470602  6074 leader_election.cc:290] T 9c2d44ff53a342539a8f09359c91c9f5 P 2aa85221f0dd429ca29c30b4109c8b17 [CANDIDATE]: Term 2 election: Requested vote from peers 7ffaa12ec34f4e79b9544958a4165eea (127.5.186.1:36003), da18ac746ff4477e9356a1640691352f (127.5.186.3:45887)
I20260710 13:16:53.473105  6146 tablet_service.cc:1917] Received RequestConsensusVote() RPC: tablet_id: "9c2d44ff53a342539a8f09359c91c9f5" candidate_uuid: "2aa85221f0dd429ca29c30b4109c8b17" candidate_term: 2 candidate_status { last_received { term: 1 index: 1 } } ignore_live_leader: true dest_uuid: "da18ac746ff4477e9356a1640691352f"
I20260710 13:16:53.473805  6146 raft_consensus.cc:3055] T 9c2d44ff53a342539a8f09359c91c9f5 P da18ac746ff4477e9356a1640691352f [term 1 LEADER]: Stepping down as leader of term 1
I20260710 13:16:53.474155  6146 raft_consensus.cc:740] T 9c2d44ff53a342539a8f09359c91c9f5 P da18ac746ff4477e9356a1640691352f [term 1 LEADER]: Becoming Follower/Learner. State: Replica: da18ac746ff4477e9356a1640691352f, State: Running, Role: LEADER
I20260710 13:16:53.475037  6146 consensus_queue.cc:260] T 9c2d44ff53a342539a8f09359c91c9f5 P da18ac746ff4477e9356a1640691352f [NON_LEADER]: Queue going to NON_LEADER mode. State: All replicated index: 0, Majority replicated index: 1, Committed index: 1, Last appended: 1.1, Last appended by leader: 1, Current term: 1, Majority size: -1, State: 0, Mode: NON_LEADER, active raft config: opid_index: -1 OBSOLETE_local: false peers { permanent_uuid: "7ffaa12ec34f4e79b9544958a4165eea" member_type: VOTER last_known_addr { host: "127.5.186.1" port: 36003 } } peers { permanent_uuid: "2aa85221f0dd429ca29c30b4109c8b17" member_type: VOTER last_known_addr { host: "127.5.186.2" port: 45715 } } peers { permanent_uuid: "da18ac746ff4477e9356a1640691352f" member_type: VOTER last_known_addr { host: "127.5.186.3" port: 45887 } }
I20260710 13:16:53.476924  6146 raft_consensus.cc:3060] T 9c2d44ff53a342539a8f09359c91c9f5 P da18ac746ff4477e9356a1640691352f [term 1 FOLLOWER]: Advancing to term 2
I20260710 13:16:53.472249  5998 tablet_service.cc:1917] Received RequestConsensusVote() RPC: tablet_id: "9c2d44ff53a342539a8f09359c91c9f5" candidate_uuid: "2aa85221f0dd429ca29c30b4109c8b17" candidate_term: 2 candidate_status { last_received { term: 1 index: 1 } } ignore_live_leader: true dest_uuid: "7ffaa12ec34f4e79b9544958a4165eea"
I20260710 13:16:53.481108  5998 raft_consensus.cc:3060] T 9c2d44ff53a342539a8f09359c91c9f5 P 7ffaa12ec34f4e79b9544958a4165eea [term 1 FOLLOWER]: Advancing to term 2
I20260710 13:16:53.487234  6147 raft_consensus.cc:3060] T 731cdfe7ab994266b46cfb3a6c454910 P da18ac746ff4477e9356a1640691352f [term 0 FOLLOWER]: Advancing to term 1
I20260710 13:16:53.492698  6243 consensus_queue.cc:1048] T 9de747f67c184131be64b297d5972383 P da18ac746ff4477e9356a1640691352f [LEADER]: Connected to new peer: Peer: permanent_uuid: "2aa85221f0dd429ca29c30b4109c8b17" member_type: VOTER last_known_addr { host: "127.5.186.2" port: 45715 }, Status: LMP_MISMATCH, Last received: 0.0, Next index: 1, Last known committed idx: 0, Time since last communication: 0.001s
I20260710 13:16:53.501515  5998 raft_consensus.cc:2468] T 9c2d44ff53a342539a8f09359c91c9f5 P 7ffaa12ec34f4e79b9544958a4165eea [term 2 FOLLOWER]: Leader election vote request: Granting yes vote for candidate 2aa85221f0dd429ca29c30b4109c8b17 in term 2.
I20260710 13:16:53.502431  6273 consensus_queue.cc:1048] T 83f75724b121496db666d708480691e2 P da18ac746ff4477e9356a1640691352f [LEADER]: Connected to new peer: Peer: permanent_uuid: "7ffaa12ec34f4e79b9544958a4165eea" member_type: VOTER last_known_addr { host: "127.5.186.1" port: 36003 }, Status: LMP_MISMATCH, Last received: 0.0, Next index: 1, Last known committed idx: 0, Time since last communication: 0.003s
I20260710 13:16:53.506187  6038 leader_election.cc:304] T 9c2d44ff53a342539a8f09359c91c9f5 P 2aa85221f0dd429ca29c30b4109c8b17 [CANDIDATE]: Term 2 election: Election decided. Result: candidate won. Election summary: received 2 responses out of 3 voters: 2 yes votes; 0 no votes. yes voters: 2aa85221f0dd429ca29c30b4109c8b17, 7ffaa12ec34f4e79b9544958a4165eea; no voters: 
I20260710 13:16:53.502904  6249 consensus_queue.cc:1048] T 731cdfe7ab994266b46cfb3a6c454910 P 2aa85221f0dd429ca29c30b4109c8b17 [LEADER]: Connected to new peer: Peer: permanent_uuid: "da18ac746ff4477e9356a1640691352f" member_type: VOTER last_known_addr { host: "127.5.186.3" port: 45887 }, Status: LMP_MISMATCH, Last received: 0.0, Next index: 1, Last known committed idx: 0, Time since last communication: 0.004s
I20260710 13:16:53.507155  6257 raft_consensus.cc:2804] T 9c2d44ff53a342539a8f09359c91c9f5 P 2aa85221f0dd429ca29c30b4109c8b17 [term 2 FOLLOWER]: Leader election won for term 2
I20260710 13:16:53.507658  6257 raft_consensus.cc:697] T 9c2d44ff53a342539a8f09359c91c9f5 P 2aa85221f0dd429ca29c30b4109c8b17 [term 2 LEADER]: Becoming Leader. State: Replica: 2aa85221f0dd429ca29c30b4109c8b17, State: Running, Role: LEADER
I20260710 13:16:53.508538  6257 consensus_queue.cc:237] T 9c2d44ff53a342539a8f09359c91c9f5 P 2aa85221f0dd429ca29c30b4109c8b17 [LEADER]: Queue going to LEADER mode. State: All replicated index: 0, Majority replicated index: 1, Committed index: 1, Last appended: 1.1, Last appended by leader: 1, Current term: 2, Majority size: 2, State: 0, Mode: LEADER, active raft config: opid_index: -1 OBSOLETE_local: false peers { permanent_uuid: "7ffaa12ec34f4e79b9544958a4165eea" member_type: VOTER last_known_addr { host: "127.5.186.1" port: 36003 } } peers { permanent_uuid: "2aa85221f0dd429ca29c30b4109c8b17" member_type: VOTER last_known_addr { host: "127.5.186.2" port: 45715 } } peers { permanent_uuid: "da18ac746ff4477e9356a1640691352f" member_type: VOTER last_known_addr { host: "127.5.186.3" port: 45887 } }
I20260710 13:16:53.511104  6243 consensus_queue.cc:1048] T 83f75724b121496db666d708480691e2 P da18ac746ff4477e9356a1640691352f [LEADER]: Connected to new peer: Peer: permanent_uuid: "2aa85221f0dd429ca29c30b4109c8b17" member_type: VOTER last_known_addr { host: "127.5.186.2" port: 45715 }, Status: LMP_MISMATCH, Last received: 0.0, Next index: 1, Last known committed idx: 0, Time since last communication: 0.000s
I20260710 13:16:53.549088  6146 raft_consensus.cc:2468] T 9c2d44ff53a342539a8f09359c91c9f5 P da18ac746ff4477e9356a1640691352f [term 2 FOLLOWER]: Leader election vote request: Granting yes vote for candidate 2aa85221f0dd429ca29c30b4109c8b17 in term 2.
I20260710 13:16:53.561106  6273 raft_consensus.cc:993] T 9de747f67c184131be64b297d5972383 P da18ac746ff4477e9356a1640691352f: : Instructing follower 2aa85221f0dd429ca29c30b4109c8b17 to start an election
I20260710 13:16:53.561581  6273 raft_consensus.cc:1081] T 9de747f67c184131be64b297d5972383 P da18ac746ff4477e9356a1640691352f [term 1 LEADER]: Signalling peer 2aa85221f0dd429ca29c30b4109c8b17 to start an election
I20260710 13:16:53.561830  6206 consensus_queue.cc:1048] T 731cdfe7ab994266b46cfb3a6c454910 P 2aa85221f0dd429ca29c30b4109c8b17 [LEADER]: Connected to new peer: Peer: permanent_uuid: "7ffaa12ec34f4e79b9544958a4165eea" member_type: VOTER last_known_addr { host: "127.5.186.1" port: 36003 }, Status: LMP_MISMATCH, Last received: 0.0, Next index: 1, Last known committed idx: 0, Time since last communication: 0.001s
I20260710 13:16:53.564215  6072 tablet_service.cc:2044] Received Run Leader Election RPC: tablet_id: "9de747f67c184131be64b297d5972383"
dest_uuid: "2aa85221f0dd429ca29c30b4109c8b17"
 from {username='slave'} at 127.0.0.1:56250
I20260710 13:16:53.564653  6236 raft_consensus.cc:993] T 83f75724b121496db666d708480691e2 P da18ac746ff4477e9356a1640691352f: : Instructing follower 2aa85221f0dd429ca29c30b4109c8b17 to start an election
I20260710 13:16:53.564847  6072 raft_consensus.cc:493] T 9de747f67c184131be64b297d5972383 P 2aa85221f0dd429ca29c30b4109c8b17 [term 1 FOLLOWER]: Starting forced leader election (received explicit request)
I20260710 13:16:53.565212  6236 raft_consensus.cc:1081] T 83f75724b121496db666d708480691e2 P da18ac746ff4477e9356a1640691352f [term 1 LEADER]: Signalling peer 2aa85221f0dd429ca29c30b4109c8b17 to start an election
I20260710 13:16:53.565299  6072 raft_consensus.cc:3060] T 9de747f67c184131be64b297d5972383 P 2aa85221f0dd429ca29c30b4109c8b17 [term 1 FOLLOWER]: Advancing to term 2
I20260710 13:16:53.567674  6074 tablet_service.cc:2044] Received Run Leader Election RPC: tablet_id: "83f75724b121496db666d708480691e2"
dest_uuid: "2aa85221f0dd429ca29c30b4109c8b17"
 from {username='slave'} at 127.0.0.1:56250
I20260710 13:16:53.568266  6074 raft_consensus.cc:493] T 83f75724b121496db666d708480691e2 P 2aa85221f0dd429ca29c30b4109c8b17 [term 1 FOLLOWER]: Starting forced leader election (received explicit request)
I20260710 13:16:53.568647  6074 raft_consensus.cc:3060] T 83f75724b121496db666d708480691e2 P 2aa85221f0dd429ca29c30b4109c8b17 [term 1 FOLLOWER]: Advancing to term 2
I20260710 13:16:53.578452  6074 raft_consensus.cc:515] T 83f75724b121496db666d708480691e2 P 2aa85221f0dd429ca29c30b4109c8b17 [term 2 FOLLOWER]: Starting forced leader election with config: opid_index: -1 OBSOLETE_local: false peers { permanent_uuid: "7ffaa12ec34f4e79b9544958a4165eea" member_type: VOTER last_known_addr { host: "127.5.186.1" port: 36003 } } peers { permanent_uuid: "2aa85221f0dd429ca29c30b4109c8b17" member_type: VOTER last_known_addr { host: "127.5.186.2" port: 45715 } } peers { permanent_uuid: "da18ac746ff4477e9356a1640691352f" member_type: VOTER last_known_addr { host: "127.5.186.3" port: 45887 } }
I20260710 13:16:53.578912  6206 raft_consensus.cc:993] T 731cdfe7ab994266b46cfb3a6c454910 P 2aa85221f0dd429ca29c30b4109c8b17: : Instructing follower 7ffaa12ec34f4e79b9544958a4165eea to start an election
I20260710 13:16:53.579412  6206 raft_consensus.cc:1081] T 731cdfe7ab994266b46cfb3a6c454910 P 2aa85221f0dd429ca29c30b4109c8b17 [term 1 LEADER]: Signalling peer 7ffaa12ec34f4e79b9544958a4165eea to start an election
I20260710 13:16:53.581666  6072 raft_consensus.cc:515] T 9de747f67c184131be64b297d5972383 P 2aa85221f0dd429ca29c30b4109c8b17 [term 2 FOLLOWER]: Starting forced leader election with config: opid_index: -1 OBSOLETE_local: false peers { permanent_uuid: "7ffaa12ec34f4e79b9544958a4165eea" member_type: VOTER last_known_addr { host: "127.5.186.1" port: 36003 } } peers { permanent_uuid: "2aa85221f0dd429ca29c30b4109c8b17" member_type: VOTER last_known_addr { host: "127.5.186.2" port: 45715 } } peers { permanent_uuid: "da18ac746ff4477e9356a1640691352f" member_type: VOTER last_known_addr { host: "127.5.186.3" port: 45887 } }
I20260710 13:16:53.583367  5999 tablet_service.cc:2044] Received Run Leader Election RPC: tablet_id: "731cdfe7ab994266b46cfb3a6c454910"
dest_uuid: "7ffaa12ec34f4e79b9544958a4165eea"
 from {username='slave'} at 127.0.0.1:55206
I20260710 13:16:53.584673  5999 raft_consensus.cc:493] T 731cdfe7ab994266b46cfb3a6c454910 P 7ffaa12ec34f4e79b9544958a4165eea [term 1 FOLLOWER]: Starting forced leader election (received explicit request)
I20260710 13:16:53.584780  5998 tablet_service.cc:1917] Received RequestConsensusVote() RPC: tablet_id: "83f75724b121496db666d708480691e2" candidate_uuid: "2aa85221f0dd429ca29c30b4109c8b17" candidate_term: 2 candidate_status { last_received { term: 1 index: 1 } } ignore_live_leader: true dest_uuid: "7ffaa12ec34f4e79b9544958a4165eea"
I20260710 13:16:53.585078  5999 raft_consensus.cc:3060] T 731cdfe7ab994266b46cfb3a6c454910 P 7ffaa12ec34f4e79b9544958a4165eea [term 1 FOLLOWER]: Advancing to term 2
I20260710 13:16:53.585355  5998 raft_consensus.cc:3060] T 83f75724b121496db666d708480691e2 P 7ffaa12ec34f4e79b9544958a4165eea [term 1 FOLLOWER]: Advancing to term 2
I20260710 13:16:53.585948  6147 tablet_service.cc:1917] Received RequestConsensusVote() RPC: tablet_id: "83f75724b121496db666d708480691e2" candidate_uuid: "2aa85221f0dd429ca29c30b4109c8b17" candidate_term: 2 candidate_status { last_received { term: 1 index: 1 } } ignore_live_leader: true dest_uuid: "da18ac746ff4477e9356a1640691352f"
I20260710 13:16:53.586593  6147 raft_consensus.cc:3055] T 83f75724b121496db666d708480691e2 P da18ac746ff4477e9356a1640691352f [term 1 LEADER]: Stepping down as leader of term 1
I20260710 13:16:53.589866  6147 raft_consensus.cc:740] T 83f75724b121496db666d708480691e2 P da18ac746ff4477e9356a1640691352f [term 1 LEADER]: Becoming Follower/Learner. State: Replica: da18ac746ff4477e9356a1640691352f, State: Running, Role: LEADER
I20260710 13:16:53.591178  6074 leader_election.cc:290] T 83f75724b121496db666d708480691e2 P 2aa85221f0dd429ca29c30b4109c8b17 [CANDIDATE]: Term 2 election: Requested vote from peers 7ffaa12ec34f4e79b9544958a4165eea (127.5.186.1:36003), da18ac746ff4477e9356a1640691352f (127.5.186.3:45887)
I20260710 13:16:53.590658  6147 consensus_queue.cc:260] T 83f75724b121496db666d708480691e2 P da18ac746ff4477e9356a1640691352f [NON_LEADER]: Queue going to NON_LEADER mode. State: All replicated index: 0, Majority replicated index: 1, Committed index: 1, Last appended: 1.1, Last appended by leader: 1, Current term: 1, Majority size: -1, State: 0, Mode: NON_LEADER, active raft config: opid_index: -1 OBSOLETE_local: false peers { permanent_uuid: "7ffaa12ec34f4e79b9544958a4165eea" member_type: VOTER last_known_addr { host: "127.5.186.1" port: 36003 } } peers { permanent_uuid: "2aa85221f0dd429ca29c30b4109c8b17" member_type: VOTER last_known_addr { host: "127.5.186.2" port: 45715 } } peers { permanent_uuid: "da18ac746ff4477e9356a1640691352f" member_type: VOTER last_known_addr { host: "127.5.186.3" port: 45887 } }
I20260710 13:16:53.593112  5997 tablet_service.cc:1917] Received RequestConsensusVote() RPC: tablet_id: "9de747f67c184131be64b297d5972383" candidate_uuid: "2aa85221f0dd429ca29c30b4109c8b17" candidate_term: 2 candidate_status { last_received { term: 1 index: 1 } } ignore_live_leader: true dest_uuid: "7ffaa12ec34f4e79b9544958a4165eea"
I20260710 13:16:53.593713  5997 raft_consensus.cc:3060] T 9de747f67c184131be64b297d5972383 P 7ffaa12ec34f4e79b9544958a4165eea [term 1 FOLLOWER]: Advancing to term 2
I20260710 13:16:53.593851  6072 leader_election.cc:290] T 9de747f67c184131be64b297d5972383 P 2aa85221f0dd429ca29c30b4109c8b17 [CANDIDATE]: Term 2 election: Requested vote from peers 7ffaa12ec34f4e79b9544958a4165eea (127.5.186.1:36003), da18ac746ff4477e9356a1640691352f (127.5.186.3:45887)
I20260710 13:16:53.594723  6147 raft_consensus.cc:3060] T 83f75724b121496db666d708480691e2 P da18ac746ff4477e9356a1640691352f [term 1 FOLLOWER]: Advancing to term 2
I20260710 13:16:53.598169  6146 tablet_service.cc:1917] Received RequestConsensusVote() RPC: tablet_id: "9de747f67c184131be64b297d5972383" candidate_uuid: "2aa85221f0dd429ca29c30b4109c8b17" candidate_term: 2 candidate_status { last_received { term: 1 index: 1 } } ignore_live_leader: true dest_uuid: "da18ac746ff4477e9356a1640691352f"
I20260710 13:16:53.598685  6146 raft_consensus.cc:3055] T 9de747f67c184131be64b297d5972383 P da18ac746ff4477e9356a1640691352f [term 1 LEADER]: Stepping down as leader of term 1
I20260710 13:16:53.598964  6146 raft_consensus.cc:740] T 9de747f67c184131be64b297d5972383 P da18ac746ff4477e9356a1640691352f [term 1 LEADER]: Becoming Follower/Learner. State: Replica: da18ac746ff4477e9356a1640691352f, State: Running, Role: LEADER
I20260710 13:16:53.599777  6146 consensus_queue.cc:260] T 9de747f67c184131be64b297d5972383 P da18ac746ff4477e9356a1640691352f [NON_LEADER]: Queue going to NON_LEADER mode. State: All replicated index: 0, Majority replicated index: 1, Committed index: 1, Last appended: 1.1, Last appended by leader: 1, Current term: 1, Majority size: -1, State: 0, Mode: NON_LEADER, active raft config: opid_index: -1 OBSOLETE_local: false peers { permanent_uuid: "7ffaa12ec34f4e79b9544958a4165eea" member_type: VOTER last_known_addr { host: "127.5.186.1" port: 36003 } } peers { permanent_uuid: "2aa85221f0dd429ca29c30b4109c8b17" member_type: VOTER last_known_addr { host: "127.5.186.2" port: 45715 } } peers { permanent_uuid: "da18ac746ff4477e9356a1640691352f" member_type: VOTER last_known_addr { host: "127.5.186.3" port: 45887 } }
I20260710 13:16:53.600955  6146 raft_consensus.cc:3060] T 9de747f67c184131be64b297d5972383 P da18ac746ff4477e9356a1640691352f [term 1 FOLLOWER]: Advancing to term 2
I20260710 13:16:53.603216  6206 raft_consensus.cc:993] T 7fc1a0518feb4910b317e26b9959e0a0 P 2aa85221f0dd429ca29c30b4109c8b17: : Instructing follower da18ac746ff4477e9356a1640691352f to start an election
I20260710 13:16:53.603679  6206 raft_consensus.cc:1081] T 7fc1a0518feb4910b317e26b9959e0a0 P 2aa85221f0dd429ca29c30b4109c8b17 [term 1 LEADER]: Signalling peer da18ac746ff4477e9356a1640691352f to start an election
I20260710 13:16:53.605484  6148 tablet_service.cc:2044] Received Run Leader Election RPC: tablet_id: "7fc1a0518feb4910b317e26b9959e0a0"
dest_uuid: "da18ac746ff4477e9356a1640691352f"
 from {username='slave'} at 127.0.0.1:48194
I20260710 13:16:53.603227  5999 raft_consensus.cc:515] T 731cdfe7ab994266b46cfb3a6c454910 P 7ffaa12ec34f4e79b9544958a4165eea [term 2 FOLLOWER]: Starting forced leader election with config: opid_index: -1 OBSOLETE_local: false peers { permanent_uuid: "7ffaa12ec34f4e79b9544958a4165eea" member_type: VOTER last_known_addr { host: "127.5.186.1" port: 36003 } } peers { permanent_uuid: "2aa85221f0dd429ca29c30b4109c8b17" member_type: VOTER last_known_addr { host: "127.5.186.2" port: 45715 } } peers { permanent_uuid: "da18ac746ff4477e9356a1640691352f" member_type: VOTER last_known_addr { host: "127.5.186.3" port: 45887 } }
I20260710 13:16:53.606103  6148 raft_consensus.cc:493] T 7fc1a0518feb4910b317e26b9959e0a0 P da18ac746ff4477e9356a1640691352f [term 1 FOLLOWER]: Starting forced leader election (received explicit request)
I20260710 13:16:53.606501  6148 raft_consensus.cc:3060] T 7fc1a0518feb4910b317e26b9959e0a0 P da18ac746ff4477e9356a1640691352f [term 1 FOLLOWER]: Advancing to term 2
I20260710 13:16:53.611236  5998 raft_consensus.cc:2468] T 83f75724b121496db666d708480691e2 P 7ffaa12ec34f4e79b9544958a4165eea [term 2 FOLLOWER]: Leader election vote request: Granting yes vote for candidate 2aa85221f0dd429ca29c30b4109c8b17 in term 2.
I20260710 13:16:53.612663  6038 leader_election.cc:304] T 83f75724b121496db666d708480691e2 P 2aa85221f0dd429ca29c30b4109c8b17 [CANDIDATE]: Term 2 election: Election decided. Result: candidate won. Election summary: received 2 responses out of 3 voters: 2 yes votes; 0 no votes. yes voters: 2aa85221f0dd429ca29c30b4109c8b17, 7ffaa12ec34f4e79b9544958a4165eea; no voters: 
I20260710 13:16:53.613588  6197 raft_consensus.cc:2804] T 83f75724b121496db666d708480691e2 P 2aa85221f0dd429ca29c30b4109c8b17 [term 2 FOLLOWER]: Leader election won for term 2
I20260710 13:16:53.614171  6197 raft_consensus.cc:697] T 83f75724b121496db666d708480691e2 P 2aa85221f0dd429ca29c30b4109c8b17 [term 2 LEADER]: Becoming Leader. State: Replica: 2aa85221f0dd429ca29c30b4109c8b17, State: Running, Role: LEADER
I20260710 13:16:53.615010  6197 consensus_queue.cc:237] T 83f75724b121496db666d708480691e2 P 2aa85221f0dd429ca29c30b4109c8b17 [LEADER]: Queue going to LEADER mode. State: All replicated index: 0, Majority replicated index: 1, Committed index: 1, Last appended: 1.1, Last appended by leader: 1, Current term: 2, Majority size: 2, State: 0, Mode: LEADER, active raft config: opid_index: -1 OBSOLETE_local: false peers { permanent_uuid: "7ffaa12ec34f4e79b9544958a4165eea" member_type: VOTER last_known_addr { host: "127.5.186.1" port: 36003 } } peers { permanent_uuid: "2aa85221f0dd429ca29c30b4109c8b17" member_type: VOTER last_known_addr { host: "127.5.186.2" port: 45715 } } peers { permanent_uuid: "da18ac746ff4477e9356a1640691352f" member_type: VOTER last_known_addr { host: "127.5.186.3" port: 45887 } }
I20260710 13:16:53.616870  5999 leader_election.cc:290] T 731cdfe7ab994266b46cfb3a6c454910 P 7ffaa12ec34f4e79b9544958a4165eea [CANDIDATE]: Term 2 election: Requested vote from peers 2aa85221f0dd429ca29c30b4109c8b17 (127.5.186.2:45715), da18ac746ff4477e9356a1640691352f (127.5.186.3:45887)
I20260710 13:16:53.617527  6074 tablet_service.cc:1917] Received RequestConsensusVote() RPC: tablet_id: "731cdfe7ab994266b46cfb3a6c454910" candidate_uuid: "7ffaa12ec34f4e79b9544958a4165eea" candidate_term: 2 candidate_status { last_received { term: 1 index: 1 } } ignore_live_leader: true dest_uuid: "2aa85221f0dd429ca29c30b4109c8b17"
I20260710 13:16:53.619009  6074 raft_consensus.cc:3055] T 731cdfe7ab994266b46cfb3a6c454910 P 2aa85221f0dd429ca29c30b4109c8b17 [term 1 LEADER]: Stepping down as leader of term 1
I20260710 13:16:53.619334  6074 raft_consensus.cc:740] T 731cdfe7ab994266b46cfb3a6c454910 P 2aa85221f0dd429ca29c30b4109c8b17 [term 1 LEADER]: Becoming Follower/Learner. State: Replica: 2aa85221f0dd429ca29c30b4109c8b17, State: Running, Role: LEADER
I20260710 13:16:53.618093  6145 tablet_service.cc:1917] Received RequestConsensusVote() RPC: tablet_id: "731cdfe7ab994266b46cfb3a6c454910" candidate_uuid: "7ffaa12ec34f4e79b9544958a4165eea" candidate_term: 2 candidate_status { last_received { term: 1 index: 1 } } ignore_live_leader: true dest_uuid: "da18ac746ff4477e9356a1640691352f"
I20260710 13:16:53.620184  6074 consensus_queue.cc:260] T 731cdfe7ab994266b46cfb3a6c454910 P 2aa85221f0dd429ca29c30b4109c8b17 [NON_LEADER]: Queue going to NON_LEADER mode. State: All replicated index: 0, Majority replicated index: 1, Committed index: 1, Last appended: 1.1, Last appended by leader: 1, Current term: 1, Majority size: -1, State: 0, Mode: NON_LEADER, active raft config: opid_index: -1 OBSOLETE_local: false peers { permanent_uuid: "7ffaa12ec34f4e79b9544958a4165eea" member_type: VOTER last_known_addr { host: "127.5.186.1" port: 36003 } } peers { permanent_uuid: "2aa85221f0dd429ca29c30b4109c8b17" member_type: VOTER last_known_addr { host: "127.5.186.2" port: 45715 } } peers { permanent_uuid: "da18ac746ff4477e9356a1640691352f" member_type: VOTER last_known_addr { host: "127.5.186.3" port: 45887 } }
I20260710 13:16:53.621006  6145 raft_consensus.cc:3060] T 731cdfe7ab994266b46cfb3a6c454910 P da18ac746ff4477e9356a1640691352f [term 1 FOLLOWER]: Advancing to term 2
I20260710 13:16:53.624585  6147 raft_consensus.cc:2468] T 83f75724b121496db666d708480691e2 P da18ac746ff4477e9356a1640691352f [term 2 FOLLOWER]: Leader election vote request: Granting yes vote for candidate 2aa85221f0dd429ca29c30b4109c8b17 in term 2.
I20260710 13:16:53.620205  6146 raft_consensus.cc:2468] T 9de747f67c184131be64b297d5972383 P da18ac746ff4477e9356a1640691352f [term 2 FOLLOWER]: Leader election vote request: Granting yes vote for candidate 2aa85221f0dd429ca29c30b4109c8b17 in term 2.
I20260710 13:16:53.617872  5997 raft_consensus.cc:2468] T 9de747f67c184131be64b297d5972383 P 7ffaa12ec34f4e79b9544958a4165eea [term 2 FOLLOWER]: Leader election vote request: Granting yes vote for candidate 2aa85221f0dd429ca29c30b4109c8b17 in term 2.
I20260710 13:16:53.613550  5894 catalog_manager.cc:5697] T 9c2d44ff53a342539a8f09359c91c9f5 P 2aa85221f0dd429ca29c30b4109c8b17 reported cstate change: term changed from 1 to 2, leader changed from da18ac746ff4477e9356a1640691352f (127.5.186.3) to 2aa85221f0dd429ca29c30b4109c8b17 (127.5.186.2). New cstate: current_term: 2 leader_uuid: "2aa85221f0dd429ca29c30b4109c8b17" committed_config { opid_index: -1 OBSOLETE_local: false peers { permanent_uuid: "7ffaa12ec34f4e79b9544958a4165eea" member_type: VOTER last_known_addr { host: "127.5.186.1" port: 36003 } health_report { overall_health: UNKNOWN } } peers { permanent_uuid: "2aa85221f0dd429ca29c30b4109c8b17" member_type: VOTER last_known_addr { host: "127.5.186.2" port: 45715 } health_report { overall_health: HEALTHY } } peers { permanent_uuid: "da18ac746ff4477e9356a1640691352f" member_type: VOTER last_known_addr { host: "127.5.186.3" port: 45887 } health_report { overall_health: UNKNOWN } } }
I20260710 13:16:53.626525  6038 leader_election.cc:304] T 9de747f67c184131be64b297d5972383 P 2aa85221f0dd429ca29c30b4109c8b17 [CANDIDATE]: Term 2 election: Election decided. Result: candidate won. Election summary: received 2 responses out of 3 voters: 2 yes votes; 0 no votes. yes voters: 2aa85221f0dd429ca29c30b4109c8b17, 7ffaa12ec34f4e79b9544958a4165eea; no voters: 
I20260710 13:16:53.626611  6148 raft_consensus.cc:515] T 7fc1a0518feb4910b317e26b9959e0a0 P da18ac746ff4477e9356a1640691352f [term 2 FOLLOWER]: Starting forced leader election with config: opid_index: -1 OBSOLETE_local: false peers { permanent_uuid: "7ffaa12ec34f4e79b9544958a4165eea" member_type: VOTER last_known_addr { host: "127.5.186.1" port: 36003 } } peers { permanent_uuid: "2aa85221f0dd429ca29c30b4109c8b17" member_type: VOTER last_known_addr { host: "127.5.186.2" port: 45715 } } peers { permanent_uuid: "da18ac746ff4477e9356a1640691352f" member_type: VOTER last_known_addr { host: "127.5.186.3" port: 45887 } }
I20260710 13:16:53.627789  6197 raft_consensus.cc:2804] T 9de747f67c184131be64b297d5972383 P 2aa85221f0dd429ca29c30b4109c8b17 [term 2 FOLLOWER]: Leader election won for term 2
I20260710 13:16:53.628144  6074 raft_consensus.cc:3060] T 731cdfe7ab994266b46cfb3a6c454910 P 2aa85221f0dd429ca29c30b4109c8b17 [term 1 FOLLOWER]: Advancing to term 2
I20260710 13:16:53.629079  6197 raft_consensus.cc:697] T 9de747f67c184131be64b297d5972383 P 2aa85221f0dd429ca29c30b4109c8b17 [term 2 LEADER]: Becoming Leader. State: Replica: 2aa85221f0dd429ca29c30b4109c8b17, State: Running, Role: LEADER
I20260710 13:16:53.629824  6197 consensus_queue.cc:237] T 9de747f67c184131be64b297d5972383 P 2aa85221f0dd429ca29c30b4109c8b17 [LEADER]: Queue going to LEADER mode. State: All replicated index: 0, Majority replicated index: 1, Committed index: 1, Last appended: 1.1, Last appended by leader: 1, Current term: 2, Majority size: 2, State: 0, Mode: LEADER, active raft config: opid_index: -1 OBSOLETE_local: false peers { permanent_uuid: "7ffaa12ec34f4e79b9544958a4165eea" member_type: VOTER last_known_addr { host: "127.5.186.1" port: 36003 } } peers { permanent_uuid: "2aa85221f0dd429ca29c30b4109c8b17" member_type: VOTER last_known_addr { host: "127.5.186.2" port: 45715 } } peers { permanent_uuid: "da18ac746ff4477e9356a1640691352f" member_type: VOTER last_known_addr { host: "127.5.186.3" port: 45887 } }
I20260710 13:16:53.634348  6145 raft_consensus.cc:2468] T 731cdfe7ab994266b46cfb3a6c454910 P da18ac746ff4477e9356a1640691352f [term 2 FOLLOWER]: Leader election vote request: Granting yes vote for candidate 7ffaa12ec34f4e79b9544958a4165eea in term 2.
I20260710 13:16:53.634960  5997 tablet_service.cc:1917] Received RequestConsensusVote() RPC: tablet_id: "7fc1a0518feb4910b317e26b9959e0a0" candidate_uuid: "da18ac746ff4477e9356a1640691352f" candidate_term: 2 candidate_status { last_received { term: 1 index: 1 } } ignore_live_leader: true dest_uuid: "7ffaa12ec34f4e79b9544958a4165eea"
I20260710 13:16:53.635565  5997 raft_consensus.cc:3060] T 7fc1a0518feb4910b317e26b9959e0a0 P 7ffaa12ec34f4e79b9544958a4165eea [term 1 FOLLOWER]: Advancing to term 2
I20260710 13:16:53.636070  5963 leader_election.cc:304] T 731cdfe7ab994266b46cfb3a6c454910 P 7ffaa12ec34f4e79b9544958a4165eea [CANDIDATE]: Term 2 election: Election decided. Result: candidate won. Election summary: received 2 responses out of 3 voters: 2 yes votes; 0 no votes. yes voters: 7ffaa12ec34f4e79b9544958a4165eea, da18ac746ff4477e9356a1640691352f; no voters: 
I20260710 13:16:53.637081  6198 raft_consensus.cc:2804] T 731cdfe7ab994266b46cfb3a6c454910 P 7ffaa12ec34f4e79b9544958a4165eea [term 2 FOLLOWER]: Leader election won for term 2
I20260710 13:16:53.637578  6198 raft_consensus.cc:697] T 731cdfe7ab994266b46cfb3a6c454910 P 7ffaa12ec34f4e79b9544958a4165eea [term 2 LEADER]: Becoming Leader. State: Replica: 7ffaa12ec34f4e79b9544958a4165eea, State: Running, Role: LEADER
I20260710 13:16:53.638432  6198 consensus_queue.cc:237] T 731cdfe7ab994266b46cfb3a6c454910 P 7ffaa12ec34f4e79b9544958a4165eea [LEADER]: Queue going to LEADER mode. State: All replicated index: 0, Majority replicated index: 1, Committed index: 1, Last appended: 1.1, Last appended by leader: 1, Current term: 2, Majority size: 2, State: 0, Mode: LEADER, active raft config: opid_index: -1 OBSOLETE_local: false peers { permanent_uuid: "7ffaa12ec34f4e79b9544958a4165eea" member_type: VOTER last_known_addr { host: "127.5.186.1" port: 36003 } } peers { permanent_uuid: "2aa85221f0dd429ca29c30b4109c8b17" member_type: VOTER last_known_addr { host: "127.5.186.2" port: 45715 } } peers { permanent_uuid: "da18ac746ff4477e9356a1640691352f" member_type: VOTER last_known_addr { host: "127.5.186.3" port: 45887 } }
I20260710 13:16:53.640276  6148 leader_election.cc:290] T 7fc1a0518feb4910b317e26b9959e0a0 P da18ac746ff4477e9356a1640691352f [CANDIDATE]: Term 2 election: Requested vote from peers 7ffaa12ec34f4e79b9544958a4165eea (127.5.186.1:36003), 2aa85221f0dd429ca29c30b4109c8b17 (127.5.186.2:45715)
I20260710 13:16:53.641598  6073 tablet_service.cc:1917] Received RequestConsensusVote() RPC: tablet_id: "7fc1a0518feb4910b317e26b9959e0a0" candidate_uuid: "da18ac746ff4477e9356a1640691352f" candidate_term: 2 candidate_status { last_received { term: 1 index: 1 } } ignore_live_leader: true dest_uuid: "2aa85221f0dd429ca29c30b4109c8b17"
I20260710 13:16:53.642198  6073 raft_consensus.cc:3055] T 7fc1a0518feb4910b317e26b9959e0a0 P 2aa85221f0dd429ca29c30b4109c8b17 [term 1 LEADER]: Stepping down as leader of term 1
I20260710 13:16:53.642469  6073 raft_consensus.cc:740] T 7fc1a0518feb4910b317e26b9959e0a0 P 2aa85221f0dd429ca29c30b4109c8b17 [term 1 LEADER]: Becoming Follower/Learner. State: Replica: 2aa85221f0dd429ca29c30b4109c8b17, State: Running, Role: LEADER
I20260710 13:16:53.643116  6073 consensus_queue.cc:260] T 7fc1a0518feb4910b317e26b9959e0a0 P 2aa85221f0dd429ca29c30b4109c8b17 [NON_LEADER]: Queue going to NON_LEADER mode. State: All replicated index: 0, Majority replicated index: 1, Committed index: 1, Last appended: 1.1, Last appended by leader: 1, Current term: 1, Majority size: -1, State: 0, Mode: NON_LEADER, active raft config: opid_index: -1 OBSOLETE_local: false peers { permanent_uuid: "7ffaa12ec34f4e79b9544958a4165eea" member_type: VOTER last_known_addr { host: "127.5.186.1" port: 36003 } } peers { permanent_uuid: "2aa85221f0dd429ca29c30b4109c8b17" member_type: VOTER last_known_addr { host: "127.5.186.2" port: 45715 } } peers { permanent_uuid: "da18ac746ff4477e9356a1640691352f" member_type: VOTER last_known_addr { host: "127.5.186.3" port: 45887 } }
I20260710 13:16:53.644065  6073 raft_consensus.cc:3060] T 7fc1a0518feb4910b317e26b9959e0a0 P 2aa85221f0dd429ca29c30b4109c8b17 [term 1 FOLLOWER]: Advancing to term 2
I20260710 13:16:53.649096  6074 raft_consensus.cc:2468] T 731cdfe7ab994266b46cfb3a6c454910 P 2aa85221f0dd429ca29c30b4109c8b17 [term 2 FOLLOWER]: Leader election vote request: Granting yes vote for candidate 7ffaa12ec34f4e79b9544958a4165eea in term 2.
I20260710 13:16:53.650373  5997 raft_consensus.cc:2468] T 7fc1a0518feb4910b317e26b9959e0a0 P 7ffaa12ec34f4e79b9544958a4165eea [term 2 FOLLOWER]: Leader election vote request: Granting yes vote for candidate da18ac746ff4477e9356a1640691352f in term 2.
I20260710 13:16:53.651429  6112 leader_election.cc:304] T 7fc1a0518feb4910b317e26b9959e0a0 P da18ac746ff4477e9356a1640691352f [CANDIDATE]: Term 2 election: Election decided. Result: candidate won. Election summary: received 2 responses out of 3 voters: 2 yes votes; 0 no votes. yes voters: 7ffaa12ec34f4e79b9544958a4165eea, da18ac746ff4477e9356a1640691352f; no voters: 
I20260710 13:16:53.653753  6073 raft_consensus.cc:2468] T 7fc1a0518feb4910b317e26b9959e0a0 P 2aa85221f0dd429ca29c30b4109c8b17 [term 2 FOLLOWER]: Leader election vote request: Granting yes vote for candidate da18ac746ff4477e9356a1640691352f in term 2.
I20260710 13:16:53.654532  6243 raft_consensus.cc:2804] T 7fc1a0518feb4910b317e26b9959e0a0 P da18ac746ff4477e9356a1640691352f [term 2 FOLLOWER]: Leader election won for term 2
I20260710 13:16:53.655025  6243 raft_consensus.cc:697] T 7fc1a0518feb4910b317e26b9959e0a0 P da18ac746ff4477e9356a1640691352f [term 2 LEADER]: Becoming Leader. State: Replica: da18ac746ff4477e9356a1640691352f, State: Running, Role: LEADER
I20260710 13:16:53.655838  6243 consensus_queue.cc:237] T 7fc1a0518feb4910b317e26b9959e0a0 P da18ac746ff4477e9356a1640691352f [LEADER]: Queue going to LEADER mode. State: All replicated index: 0, Majority replicated index: 1, Committed index: 1, Last appended: 1.1, Last appended by leader: 1, Current term: 2, Majority size: 2, State: 0, Mode: LEADER, active raft config: opid_index: -1 OBSOLETE_local: false peers { permanent_uuid: "7ffaa12ec34f4e79b9544958a4165eea" member_type: VOTER last_known_addr { host: "127.5.186.1" port: 36003 } } peers { permanent_uuid: "2aa85221f0dd429ca29c30b4109c8b17" member_type: VOTER last_known_addr { host: "127.5.186.2" port: 45715 } } peers { permanent_uuid: "da18ac746ff4477e9356a1640691352f" member_type: VOTER last_known_addr { host: "127.5.186.3" port: 45887 } }
I20260710 13:16:53.658476  5896 catalog_manager.cc:5697] T 9de747f67c184131be64b297d5972383 P 2aa85221f0dd429ca29c30b4109c8b17 reported cstate change: term changed from 1 to 2, leader changed from da18ac746ff4477e9356a1640691352f (127.5.186.3) to 2aa85221f0dd429ca29c30b4109c8b17 (127.5.186.2). New cstate: current_term: 2 leader_uuid: "2aa85221f0dd429ca29c30b4109c8b17" committed_config { opid_index: -1 OBSOLETE_local: false peers { permanent_uuid: "7ffaa12ec34f4e79b9544958a4165eea" member_type: VOTER last_known_addr { host: "127.5.186.1" port: 36003 } health_report { overall_health: UNKNOWN } } peers { permanent_uuid: "2aa85221f0dd429ca29c30b4109c8b17" member_type: VOTER last_known_addr { host: "127.5.186.2" port: 45715 } health_report { overall_health: HEALTHY } } peers { permanent_uuid: "da18ac746ff4477e9356a1640691352f" member_type: VOTER last_known_addr { host: "127.5.186.3" port: 45887 } health_report { overall_health: UNKNOWN } } }
