I20260710 13:17:04.572182  6683 ts_tablet_manager.cc:1403] T b73e2b1bc9424a78a6c9f7292e376bbd P 5f3e5d0531334093996067222c193887: Time spent bootstrapping tablet: real 0.044s	user 0.008s	sys 0.007s
I20260710 13:17:04.573745  6685 raft_consensus.cc:359] T 9d2046198dc84e18959169899db823df P d21560a98c96414691ad0a31344e62b3 [term 0 FOLLOWER]: Replica starting. Triggering 0 pending ops. Active config: opid_index: -1 OBSOLETE_local: false peers { permanent_uuid: "5f3e5d0531334093996067222c193887" member_type: VOTER last_known_addr { host: "127.5.186.1" port: 44757 } } peers { permanent_uuid: "d21560a98c96414691ad0a31344e62b3" member_type: VOTER last_known_addr { host: "127.5.186.2" port: 44665 } } peers { permanent_uuid: "55faae97b78540679fcbfa264bdf019a" member_type: VOTER last_known_addr { host: "127.5.186.3" port: 34119 } }
I20260710 13:17:04.574333  6685 raft_consensus.cc:385] T 9d2046198dc84e18959169899db823df P d21560a98c96414691ad0a31344e62b3 [term 0 FOLLOWER]: Consensus starting up: Expiring failure detector timer to make a prompt election more likely
I20260710 13:17:04.574573  6685 raft_consensus.cc:740] T 9d2046198dc84e18959169899db823df P d21560a98c96414691ad0a31344e62b3 [term 0 FOLLOWER]: Becoming Follower/Learner. State: Replica: d21560a98c96414691ad0a31344e62b3, State: Initialized, Role: FOLLOWER
I20260710 13:17:04.575378  6685 consensus_queue.cc:260] T 9d2046198dc84e18959169899db823df P d21560a98c96414691ad0a31344e62b3 [NON_LEADER]: Queue going to NON_LEADER mode. State: All replicated index: 0, Majority replicated index: 0, Committed index: 0, Last appended: 0.0, Last appended by leader: 0, Current term: 0, Majority size: -1, State: 0, Mode: NON_LEADER, active raft config: opid_index: -1 OBSOLETE_local: false peers { permanent_uuid: "5f3e5d0531334093996067222c193887" member_type: VOTER last_known_addr { host: "127.5.186.1" port: 44757 } } peers { permanent_uuid: "d21560a98c96414691ad0a31344e62b3" member_type: VOTER last_known_addr { host: "127.5.186.2" port: 44665 } } peers { permanent_uuid: "55faae97b78540679fcbfa264bdf019a" member_type: VOTER last_known_addr { host: "127.5.186.3" port: 34119 } }
I20260710 13:17:04.576253  6683 raft_consensus.cc:359] T b73e2b1bc9424a78a6c9f7292e376bbd P 5f3e5d0531334093996067222c193887 [term 0 FOLLOWER]: Replica starting. Triggering 0 pending ops. Active config: opid_index: -1 OBSOLETE_local: false peers { permanent_uuid: "5f3e5d0531334093996067222c193887" member_type: VOTER last_known_addr { host: "127.5.186.1" port: 44757 } } peers { permanent_uuid: "d21560a98c96414691ad0a31344e62b3" member_type: VOTER last_known_addr { host: "127.5.186.2" port: 44665 } } peers { permanent_uuid: "55faae97b78540679fcbfa264bdf019a" member_type: VOTER last_known_addr { host: "127.5.186.3" port: 34119 } }
I20260710 13:17:04.577296  6683 raft_consensus.cc:385] T b73e2b1bc9424a78a6c9f7292e376bbd P 5f3e5d0531334093996067222c193887 [term 0 FOLLOWER]: Consensus starting up: Expiring failure detector timer to make a prompt election more likely
I20260710 13:17:04.577421  6595 heartbeater.cc:499] Master 127.5.186.62:43063 was elected leader, sending a full tablet report...
I20260710 13:17:04.577775  6683 raft_consensus.cc:740] T b73e2b1bc9424a78a6c9f7292e376bbd P 5f3e5d0531334093996067222c193887 [term 0 FOLLOWER]: Becoming Follower/Learner. State: Replica: 5f3e5d0531334093996067222c193887, State: Initialized, Role: FOLLOWER
I20260710 13:17:04.578025  6685 ts_tablet_manager.cc:1434] T 9d2046198dc84e18959169899db823df P d21560a98c96414691ad0a31344e62b3: Time spent starting tablet: real 0.007s	user 0.008s	sys 0.000s
I20260710 13:17:04.579011  6685 tablet_bootstrap.cc:492] T 31af9532e5f04a3b8c8bf101ed16a131 P d21560a98c96414691ad0a31344e62b3: Bootstrap starting.
I20260710 13:17:04.578845  6683 consensus_queue.cc:260] T b73e2b1bc9424a78a6c9f7292e376bbd P 5f3e5d0531334093996067222c193887 [NON_LEADER]: Queue going to NON_LEADER mode. State: All replicated index: 0, Majority replicated index: 0, Committed index: 0, Last appended: 0.0, Last appended by leader: 0, Current term: 0, Majority size: -1, State: 0, Mode: NON_LEADER, active raft config: opid_index: -1 OBSOLETE_local: false peers { permanent_uuid: "5f3e5d0531334093996067222c193887" member_type: VOTER last_known_addr { host: "127.5.186.1" port: 44757 } } peers { permanent_uuid: "d21560a98c96414691ad0a31344e62b3" member_type: VOTER last_known_addr { host: "127.5.186.2" port: 44665 } } peers { permanent_uuid: "55faae97b78540679fcbfa264bdf019a" member_type: VOTER last_known_addr { host: "127.5.186.3" port: 34119 } }
I20260710 13:17:04.582118  6669 heartbeater.cc:499] Master 127.5.186.62:43063 was elected leader, sending a full tablet report...
I20260710 13:17:04.582649  6684 ts_tablet_manager.cc:1434] T effde5fc35ca4e988b83c8f3cc16fa2d P 55faae97b78540679fcbfa264bdf019a: Time spent starting tablet: real 0.018s	user 0.010s	sys 0.008s
I20260710 13:17:04.583643  6684 tablet_bootstrap.cc:492] T 42af82233a484b57b6e91690eee72d71 P 55faae97b78540679fcbfa264bdf019a: Bootstrap starting.
I20260710 13:17:04.585958  6685 tablet_bootstrap.cc:654] T 31af9532e5f04a3b8c8bf101ed16a131 P d21560a98c96414691ad0a31344e62b3: Neither blocks nor log segments found. Creating new log.
I20260710 13:17:04.590945  6684 tablet_bootstrap.cc:654] T 42af82233a484b57b6e91690eee72d71 P 55faae97b78540679fcbfa264bdf019a: Neither blocks nor log segments found. Creating new log.
I20260710 13:17:04.596588  6683 ts_tablet_manager.cc:1434] T b73e2b1bc9424a78a6c9f7292e376bbd P 5f3e5d0531334093996067222c193887: Time spent starting tablet: real 0.024s	user 0.008s	sys 0.004s
I20260710 13:17:04.597596  6520 heartbeater.cc:499] Master 127.5.186.62:43063 was elected leader, sending a full tablet report...
I20260710 13:17:04.608855  6683 tablet_bootstrap.cc:492] T 9d2046198dc84e18959169899db823df P 5f3e5d0531334093996067222c193887: Bootstrap starting.
I20260710 13:17:04.618417  6683 tablet_bootstrap.cc:654] T 9d2046198dc84e18959169899db823df P 5f3e5d0531334093996067222c193887: Neither blocks nor log segments found. Creating new log.
I20260710 13:17:04.619318  6684 tablet_bootstrap.cc:492] T 42af82233a484b57b6e91690eee72d71 P 55faae97b78540679fcbfa264bdf019a: No bootstrap required, opened a new log
I20260710 13:17:04.619943  6684 ts_tablet_manager.cc:1403] T 42af82233a484b57b6e91690eee72d71 P 55faae97b78540679fcbfa264bdf019a: Time spent bootstrapping tablet: real 0.037s	user 0.017s	sys 0.019s
I20260710 13:17:04.623514  6684 raft_consensus.cc:359] T 42af82233a484b57b6e91690eee72d71 P 55faae97b78540679fcbfa264bdf019a [term 0 FOLLOWER]: Replica starting. Triggering 0 pending ops. Active config: opid_index: -1 OBSOLETE_local: false peers { permanent_uuid: "5f3e5d0531334093996067222c193887" member_type: VOTER last_known_addr { host: "127.5.186.1" port: 44757 } } peers { permanent_uuid: "55faae97b78540679fcbfa264bdf019a" member_type: VOTER last_known_addr { host: "127.5.186.3" port: 34119 } } peers { permanent_uuid: "d21560a98c96414691ad0a31344e62b3" member_type: VOTER last_known_addr { host: "127.5.186.2" port: 44665 } }
I20260710 13:17:04.624564  6684 raft_consensus.cc:385] T 42af82233a484b57b6e91690eee72d71 P 55faae97b78540679fcbfa264bdf019a [term 0 FOLLOWER]: Consensus starting up: Expiring failure detector timer to make a prompt election more likely
I20260710 13:17:04.624919  6684 raft_consensus.cc:740] T 42af82233a484b57b6e91690eee72d71 P 55faae97b78540679fcbfa264bdf019a [term 0 FOLLOWER]: Becoming Follower/Learner. State: Replica: 55faae97b78540679fcbfa264bdf019a, State: Initialized, Role: FOLLOWER
I20260710 13:17:04.626108  6684 consensus_queue.cc:260] T 42af82233a484b57b6e91690eee72d71 P 55faae97b78540679fcbfa264bdf019a [NON_LEADER]: Queue going to NON_LEADER mode. State: All replicated index: 0, Majority replicated index: 0, Committed index: 0, Last appended: 0.0, Last appended by leader: 0, Current term: 0, Majority size: -1, State: 0, Mode: NON_LEADER, active raft config: opid_index: -1 OBSOLETE_local: false peers { permanent_uuid: "5f3e5d0531334093996067222c193887" member_type: VOTER last_known_addr { host: "127.5.186.1" port: 44757 } } peers { permanent_uuid: "55faae97b78540679fcbfa264bdf019a" member_type: VOTER last_known_addr { host: "127.5.186.3" port: 34119 } } peers { permanent_uuid: "d21560a98c96414691ad0a31344e62b3" member_type: VOTER last_known_addr { host: "127.5.186.2" port: 44665 } }
I20260710 13:17:04.629370  6684 ts_tablet_manager.cc:1434] T 42af82233a484b57b6e91690eee72d71 P 55faae97b78540679fcbfa264bdf019a: Time spent starting tablet: real 0.009s	user 0.007s	sys 0.001s
I20260710 13:17:04.630692  6684 tablet_bootstrap.cc:492] T 630efa308b3b45d4862cf60f447b209a P 55faae97b78540679fcbfa264bdf019a: Bootstrap starting.
I20260710 13:17:04.639539  6684 tablet_bootstrap.cc:654] T 630efa308b3b45d4862cf60f447b209a P 55faae97b78540679fcbfa264bdf019a: Neither blocks nor log segments found. Creating new log.
I20260710 13:17:04.653381  6684 tablet_bootstrap.cc:492] T 630efa308b3b45d4862cf60f447b209a P 55faae97b78540679fcbfa264bdf019a: No bootstrap required, opened a new log
I20260710 13:17:04.653925  6684 ts_tablet_manager.cc:1403] T 630efa308b3b45d4862cf60f447b209a P 55faae97b78540679fcbfa264bdf019a: Time spent bootstrapping tablet: real 0.023s	user 0.020s	sys 0.000s
I20260710 13:17:04.654999  6685 tablet_bootstrap.cc:492] T 31af9532e5f04a3b8c8bf101ed16a131 P d21560a98c96414691ad0a31344e62b3: No bootstrap required, opened a new log
I20260710 13:17:04.655709  6685 ts_tablet_manager.cc:1403] T 31af9532e5f04a3b8c8bf101ed16a131 P d21560a98c96414691ad0a31344e62b3: Time spent bootstrapping tablet: real 0.077s	user 0.034s	sys 0.035s
I20260710 13:17:04.656756  6684 raft_consensus.cc:359] T 630efa308b3b45d4862cf60f447b209a P 55faae97b78540679fcbfa264bdf019a [term 0 FOLLOWER]: Replica starting. Triggering 0 pending ops. Active config: opid_index: -1 OBSOLETE_local: false peers { permanent_uuid: "5f3e5d0531334093996067222c193887" member_type: VOTER last_known_addr { host: "127.5.186.1" port: 44757 } } peers { permanent_uuid: "d21560a98c96414691ad0a31344e62b3" member_type: VOTER last_known_addr { host: "127.5.186.2" port: 44665 } } peers { permanent_uuid: "55faae97b78540679fcbfa264bdf019a" member_type: VOTER last_known_addr { host: "127.5.186.3" port: 34119 } }
I20260710 13:17:04.657477  6684 raft_consensus.cc:385] T 630efa308b3b45d4862cf60f447b209a P 55faae97b78540679fcbfa264bdf019a [term 0 FOLLOWER]: Consensus starting up: Expiring failure detector timer to make a prompt election more likely
I20260710 13:17:04.657776  6684 raft_consensus.cc:740] T 630efa308b3b45d4862cf60f447b209a P 55faae97b78540679fcbfa264bdf019a [term 0 FOLLOWER]: Becoming Follower/Learner. State: Replica: 55faae97b78540679fcbfa264bdf019a, State: Initialized, Role: FOLLOWER
I20260710 13:17:04.658488  6684 consensus_queue.cc:260] T 630efa308b3b45d4862cf60f447b209a P 55faae97b78540679fcbfa264bdf019a [NON_LEADER]: Queue going to NON_LEADER mode. State: All replicated index: 0, Majority replicated index: 0, Committed index: 0, Last appended: 0.0, Last appended by leader: 0, Current term: 0, Majority size: -1, State: 0, Mode: NON_LEADER, active raft config: opid_index: -1 OBSOLETE_local: false peers { permanent_uuid: "5f3e5d0531334093996067222c193887" member_type: VOTER last_known_addr { host: "127.5.186.1" port: 44757 } } peers { permanent_uuid: "d21560a98c96414691ad0a31344e62b3" member_type: VOTER last_known_addr { host: "127.5.186.2" port: 44665 } } peers { permanent_uuid: "55faae97b78540679fcbfa264bdf019a" member_type: VOTER last_known_addr { host: "127.5.186.3" port: 34119 } }
I20260710 13:17:04.659992  6690 raft_consensus.cc:493] T 9d2046198dc84e18959169899db823df P d21560a98c96414691ad0a31344e62b3 [term 0 FOLLOWER]: Starting pre-election (no leader contacted us within the election timeout)
I20260710 13:17:04.660790  6683 tablet_bootstrap.cc:492] T 9d2046198dc84e18959169899db823df P 5f3e5d0531334093996067222c193887: No bootstrap required, opened a new log
I20260710 13:17:04.660444  6690 raft_consensus.cc:515] T 9d2046198dc84e18959169899db823df P d21560a98c96414691ad0a31344e62b3 [term 0 FOLLOWER]: Starting pre-election with config: opid_index: -1 OBSOLETE_local: false peers { permanent_uuid: "5f3e5d0531334093996067222c193887" member_type: VOTER last_known_addr { host: "127.5.186.1" port: 44757 } } peers { permanent_uuid: "d21560a98c96414691ad0a31344e62b3" member_type: VOTER last_known_addr { host: "127.5.186.2" port: 44665 } } peers { permanent_uuid: "55faae97b78540679fcbfa264bdf019a" member_type: VOTER last_known_addr { host: "127.5.186.3" port: 34119 } }
I20260710 13:17:04.660609  6685 raft_consensus.cc:359] T 31af9532e5f04a3b8c8bf101ed16a131 P d21560a98c96414691ad0a31344e62b3 [term 0 FOLLOWER]: Replica starting. Triggering 0 pending ops. Active config: opid_index: -1 OBSOLETE_local: false peers { permanent_uuid: "5f3e5d0531334093996067222c193887" member_type: VOTER last_known_addr { host: "127.5.186.1" port: 44757 } } peers { permanent_uuid: "d21560a98c96414691ad0a31344e62b3" member_type: VOTER last_known_addr { host: "127.5.186.2" port: 44665 } } peers { permanent_uuid: "55faae97b78540679fcbfa264bdf019a" member_type: VOTER last_known_addr { host: "127.5.186.3" port: 34119 } }
I20260710 13:17:04.661280  6683 ts_tablet_manager.cc:1403] T 9d2046198dc84e18959169899db823df P 5f3e5d0531334093996067222c193887: Time spent bootstrapping tablet: real 0.053s	user 0.033s	sys 0.017s
I20260710 13:17:04.661324  6684 ts_tablet_manager.cc:1434] T 630efa308b3b45d4862cf60f447b209a P 55faae97b78540679fcbfa264bdf019a: Time spent starting tablet: real 0.007s	user 0.005s	sys 0.000s
I20260710 13:17:04.661401  6685 raft_consensus.cc:385] T 31af9532e5f04a3b8c8bf101ed16a131 P d21560a98c96414691ad0a31344e62b3 [term 0 FOLLOWER]: Consensus starting up: Expiring failure detector timer to make a prompt election more likely
I20260710 13:17:04.661996  6685 raft_consensus.cc:740] T 31af9532e5f04a3b8c8bf101ed16a131 P d21560a98c96414691ad0a31344e62b3 [term 0 FOLLOWER]: Becoming Follower/Learner. State: Replica: d21560a98c96414691ad0a31344e62b3, State: Initialized, Role: FOLLOWER
I20260710 13:17:04.662781  6684 tablet_bootstrap.cc:492] T 4b939a04ab5f42c9ada13ad14cd24c86 P 55faae97b78540679fcbfa264bdf019a: Bootstrap starting.
I20260710 13:17:04.663098  6690 leader_election.cc:290] T 9d2046198dc84e18959169899db823df P d21560a98c96414691ad0a31344e62b3 [CANDIDATE]: Term 1 pre-election: Requested pre-vote from peers 5f3e5d0531334093996067222c193887 (127.5.186.1:44757), 55faae97b78540679fcbfa264bdf019a (127.5.186.3:34119)
I20260710 13:17:04.662804  6685 consensus_queue.cc:260] T 31af9532e5f04a3b8c8bf101ed16a131 P d21560a98c96414691ad0a31344e62b3 [NON_LEADER]: Queue going to NON_LEADER mode. State: All replicated index: 0, Majority replicated index: 0, Committed index: 0, Last appended: 0.0, Last appended by leader: 0, Current term: 0, Majority size: -1, State: 0, Mode: NON_LEADER, active raft config: opid_index: -1 OBSOLETE_local: false peers { permanent_uuid: "5f3e5d0531334093996067222c193887" member_type: VOTER last_known_addr { host: "127.5.186.1" port: 44757 } } peers { permanent_uuid: "d21560a98c96414691ad0a31344e62b3" member_type: VOTER last_known_addr { host: "127.5.186.2" port: 44665 } } peers { permanent_uuid: "55faae97b78540679fcbfa264bdf019a" member_type: VOTER last_known_addr { host: "127.5.186.3" port: 34119 } }
I20260710 13:17:04.665190  6683 raft_consensus.cc:359] T 9d2046198dc84e18959169899db823df P 5f3e5d0531334093996067222c193887 [term 0 FOLLOWER]: Replica starting. Triggering 0 pending ops. Active config: opid_index: -1 OBSOLETE_local: false peers { permanent_uuid: "5f3e5d0531334093996067222c193887" member_type: VOTER last_known_addr { host: "127.5.186.1" port: 44757 } } peers { permanent_uuid: "d21560a98c96414691ad0a31344e62b3" member_type: VOTER last_known_addr { host: "127.5.186.2" port: 44665 } } peers { permanent_uuid: "55faae97b78540679fcbfa264bdf019a" member_type: VOTER last_known_addr { host: "127.5.186.3" port: 34119 } }
I20260710 13:17:04.665879  6683 raft_consensus.cc:385] T 9d2046198dc84e18959169899db823df P 5f3e5d0531334093996067222c193887 [term 0 FOLLOWER]: Consensus starting up: Expiring failure detector timer to make a prompt election more likely
I20260710 13:17:04.666144  6685 ts_tablet_manager.cc:1434] T 31af9532e5f04a3b8c8bf101ed16a131 P d21560a98c96414691ad0a31344e62b3: Time spent starting tablet: real 0.010s	user 0.000s	sys 0.006s
I20260710 13:17:04.666157  6683 raft_consensus.cc:740] T 9d2046198dc84e18959169899db823df P 5f3e5d0531334093996067222c193887 [term 0 FOLLOWER]: Becoming Follower/Learner. State: Replica: 5f3e5d0531334093996067222c193887, State: Initialized, Role: FOLLOWER
I20260710 13:17:04.667146  6685 tablet_bootstrap.cc:492] T 42af82233a484b57b6e91690eee72d71 P d21560a98c96414691ad0a31344e62b3: Bootstrap starting.
I20260710 13:17:04.666996  6683 consensus_queue.cc:260] T 9d2046198dc84e18959169899db823df P 5f3e5d0531334093996067222c193887 [NON_LEADER]: Queue going to NON_LEADER mode. State: All replicated index: 0, Majority replicated index: 0, Committed index: 0, Last appended: 0.0, Last appended by leader: 0, Current term: 0, Majority size: -1, State: 0, Mode: NON_LEADER, active raft config: opid_index: -1 OBSOLETE_local: false peers { permanent_uuid: "5f3e5d0531334093996067222c193887" member_type: VOTER last_known_addr { host: "127.5.186.1" port: 44757 } } peers { permanent_uuid: "d21560a98c96414691ad0a31344e62b3" member_type: VOTER last_known_addr { host: "127.5.186.2" port: 44665 } } peers { permanent_uuid: "55faae97b78540679fcbfa264bdf019a" member_type: VOTER last_known_addr { host: "127.5.186.3" port: 34119 } }
I20260710 13:17:04.672535  6683 ts_tablet_manager.cc:1434] T 9d2046198dc84e18959169899db823df P 5f3e5d0531334093996067222c193887: Time spent starting tablet: real 0.011s	user 0.006s	sys 0.000s
I20260710 13:17:04.673668  6683 tablet_bootstrap.cc:492] T 969946c299ab4eafaa07c9b388197d42 P 5f3e5d0531334093996067222c193887: Bootstrap starting.
I20260710 13:17:04.673751  6685 tablet_bootstrap.cc:654] T 42af82233a484b57b6e91690eee72d71 P d21560a98c96414691ad0a31344e62b3: Neither blocks nor log segments found. Creating new log.
I20260710 13:17:04.679827  6684 tablet_bootstrap.cc:654] T 4b939a04ab5f42c9ada13ad14cd24c86 P 55faae97b78540679fcbfa264bdf019a: Neither blocks nor log segments found. Creating new log.
I20260710 13:17:04.681931  6683 tablet_bootstrap.cc:654] T 969946c299ab4eafaa07c9b388197d42 P 5f3e5d0531334093996067222c193887: Neither blocks nor log segments found. Creating new log.
I20260710 13:17:04.695741  6684 tablet_bootstrap.cc:492] T 4b939a04ab5f42c9ada13ad14cd24c86 P 55faae97b78540679fcbfa264bdf019a: No bootstrap required, opened a new log
I20260710 13:17:04.696318  6684 ts_tablet_manager.cc:1403] T 4b939a04ab5f42c9ada13ad14cd24c86 P 55faae97b78540679fcbfa264bdf019a: Time spent bootstrapping tablet: real 0.034s	user 0.007s	sys 0.005s
I20260710 13:17:04.702387  6684 raft_consensus.cc:359] T 4b939a04ab5f42c9ada13ad14cd24c86 P 55faae97b78540679fcbfa264bdf019a [term 0 FOLLOWER]: Replica starting. Triggering 0 pending ops. Active config: opid_index: -1 OBSOLETE_local: false peers { permanent_uuid: "5f3e5d0531334093996067222c193887" member_type: VOTER last_known_addr { host: "127.5.186.1" port: 44757 } } peers { permanent_uuid: "d21560a98c96414691ad0a31344e62b3" member_type: VOTER last_known_addr { host: "127.5.186.2" port: 44665 } } peers { permanent_uuid: "55faae97b78540679fcbfa264bdf019a" member_type: VOTER last_known_addr { host: "127.5.186.3" port: 34119 } }
I20260710 13:17:04.703266  6684 raft_consensus.cc:385] T 4b939a04ab5f42c9ada13ad14cd24c86 P 55faae97b78540679fcbfa264bdf019a [term 0 FOLLOWER]: Consensus starting up: Expiring failure detector timer to make a prompt election more likely
I20260710 13:17:04.703783  6684 raft_consensus.cc:740] T 4b939a04ab5f42c9ada13ad14cd24c86 P 55faae97b78540679fcbfa264bdf019a [term 0 FOLLOWER]: Becoming Follower/Learner. State: Replica: 55faae97b78540679fcbfa264bdf019a, State: Initialized, Role: FOLLOWER
I20260710 13:17:04.704802  6684 consensus_queue.cc:260] T 4b939a04ab5f42c9ada13ad14cd24c86 P 55faae97b78540679fcbfa264bdf019a [NON_LEADER]: Queue going to NON_LEADER mode. State: All replicated index: 0, Majority replicated index: 0, Committed index: 0, Last appended: 0.0, Last appended by leader: 0, Current term: 0, Majority size: -1, State: 0, Mode: NON_LEADER, active raft config: opid_index: -1 OBSOLETE_local: false peers { permanent_uuid: "5f3e5d0531334093996067222c193887" member_type: VOTER last_known_addr { host: "127.5.186.1" port: 44757 } } peers { permanent_uuid: "d21560a98c96414691ad0a31344e62b3" member_type: VOTER last_known_addr { host: "127.5.186.2" port: 44665 } } peers { permanent_uuid: "55faae97b78540679fcbfa264bdf019a" member_type: VOTER last_known_addr { host: "127.5.186.3" port: 34119 } }
I20260710 13:17:04.705446  6685 tablet_bootstrap.cc:492] T 42af82233a484b57b6e91690eee72d71 P d21560a98c96414691ad0a31344e62b3: No bootstrap required, opened a new log
I20260710 13:17:04.706032  6685 ts_tablet_manager.cc:1403] T 42af82233a484b57b6e91690eee72d71 P d21560a98c96414691ad0a31344e62b3: Time spent bootstrapping tablet: real 0.039s	user 0.015s	sys 0.017s
I20260710 13:17:04.709615  6683 tablet_bootstrap.cc:492] T 969946c299ab4eafaa07c9b388197d42 P 5f3e5d0531334093996067222c193887: No bootstrap required, opened a new log
I20260710 13:17:04.709424  6685 raft_consensus.cc:359] T 42af82233a484b57b6e91690eee72d71 P d21560a98c96414691ad0a31344e62b3 [term 0 FOLLOWER]: Replica starting. Triggering 0 pending ops. Active config: opid_index: -1 OBSOLETE_local: false peers { permanent_uuid: "5f3e5d0531334093996067222c193887" member_type: VOTER last_known_addr { host: "127.5.186.1" port: 44757 } } peers { permanent_uuid: "55faae97b78540679fcbfa264bdf019a" member_type: VOTER last_known_addr { host: "127.5.186.3" port: 34119 } } peers { permanent_uuid: "d21560a98c96414691ad0a31344e62b3" member_type: VOTER last_known_addr { host: "127.5.186.2" port: 44665 } }
I20260710 13:17:04.710103  6683 ts_tablet_manager.cc:1403] T 969946c299ab4eafaa07c9b388197d42 P 5f3e5d0531334093996067222c193887: Time spent bootstrapping tablet: real 0.037s	user 0.018s	sys 0.010s
I20260710 13:17:04.710153  6685 raft_consensus.cc:385] T 42af82233a484b57b6e91690eee72d71 P d21560a98c96414691ad0a31344e62b3 [term 0 FOLLOWER]: Consensus starting up: Expiring failure detector timer to make a prompt election more likely
I20260710 13:17:04.710537  6685 raft_consensus.cc:740] T 42af82233a484b57b6e91690eee72d71 P d21560a98c96414691ad0a31344e62b3 [term 0 FOLLOWER]: Becoming Follower/Learner. State: Replica: d21560a98c96414691ad0a31344e62b3, State: Initialized, Role: FOLLOWER
I20260710 13:17:04.711393  6685 consensus_queue.cc:260] T 42af82233a484b57b6e91690eee72d71 P d21560a98c96414691ad0a31344e62b3 [NON_LEADER]: Queue going to NON_LEADER mode. State: All replicated index: 0, Majority replicated index: 0, Committed index: 0, Last appended: 0.0, Last appended by leader: 0, Current term: 0, Majority size: -1, State: 0, Mode: NON_LEADER, active raft config: opid_index: -1 OBSOLETE_local: false peers { permanent_uuid: "5f3e5d0531334093996067222c193887" member_type: VOTER last_known_addr { host: "127.5.186.1" port: 44757 } } peers { permanent_uuid: "55faae97b78540679fcbfa264bdf019a" member_type: VOTER last_known_addr { host: "127.5.186.3" port: 34119 } } peers { permanent_uuid: "d21560a98c96414691ad0a31344e62b3" member_type: VOTER last_known_addr { host: "127.5.186.2" port: 44665 } }
I20260710 13:17:04.713081  6684 ts_tablet_manager.cc:1434] T 4b939a04ab5f42c9ada13ad14cd24c86 P 55faae97b78540679fcbfa264bdf019a: Time spent starting tablet: real 0.016s	user 0.004s	sys 0.003s
I20260710 13:17:04.713688  6685 ts_tablet_manager.cc:1434] T 42af82233a484b57b6e91690eee72d71 P d21560a98c96414691ad0a31344e62b3: Time spent starting tablet: real 0.007s	user 0.006s	sys 0.000s
I20260710 13:17:04.714155  6684 tablet_bootstrap.cc:492] T 9d2046198dc84e18959169899db823df P 55faae97b78540679fcbfa264bdf019a: Bootstrap starting.
I20260710 13:17:04.714627  6685 tablet_bootstrap.cc:492] T 969946c299ab4eafaa07c9b388197d42 P d21560a98c96414691ad0a31344e62b3: Bootstrap starting.
I20260710 13:17:04.720579  6684 tablet_bootstrap.cc:654] T 9d2046198dc84e18959169899db823df P 55faae97b78540679fcbfa264bdf019a: Neither blocks nor log segments found. Creating new log.
I20260710 13:17:04.720757  6685 tablet_bootstrap.cc:654] T 969946c299ab4eafaa07c9b388197d42 P d21560a98c96414691ad0a31344e62b3: Neither blocks nor log segments found. Creating new log.
I20260710 13:17:04.721531  6495 tablet_service.cc:1917] Received RequestConsensusVote() RPC: tablet_id: "9d2046198dc84e18959169899db823df" candidate_uuid: "d21560a98c96414691ad0a31344e62b3" candidate_term: 1 candidate_status { last_received { term: 0 index: 0 } } ignore_live_leader: false dest_uuid: "5f3e5d0531334093996067222c193887" is_pre_election: true
I20260710 13:17:04.722362  6495 raft_consensus.cc:2468] T 9d2046198dc84e18959169899db823df P 5f3e5d0531334093996067222c193887 [term 0 FOLLOWER]: Leader pre-election vote request: Granting yes vote for candidate d21560a98c96414691ad0a31344e62b3 in term 0.
I20260710 13:17:04.724658  6644 tablet_service.cc:1917] Received RequestConsensusVote() RPC: tablet_id: "9d2046198dc84e18959169899db823df" candidate_uuid: "d21560a98c96414691ad0a31344e62b3" candidate_term: 1 candidate_status { last_received { term: 0 index: 0 } } ignore_live_leader: false dest_uuid: "55faae97b78540679fcbfa264bdf019a" is_pre_election: true
I20260710 13:17:04.725131  6683 raft_consensus.cc:359] T 969946c299ab4eafaa07c9b388197d42 P 5f3e5d0531334093996067222c193887 [term 0 FOLLOWER]: Replica starting. Triggering 0 pending ops. Active config: opid_index: -1 OBSOLETE_local: false peers { permanent_uuid: "5f3e5d0531334093996067222c193887" member_type: VOTER last_known_addr { host: "127.5.186.1" port: 44757 } } peers { permanent_uuid: "d21560a98c96414691ad0a31344e62b3" member_type: VOTER last_known_addr { host: "127.5.186.2" port: 44665 } } peers { permanent_uuid: "55faae97b78540679fcbfa264bdf019a" member_type: VOTER last_known_addr { host: "127.5.186.3" port: 34119 } }
I20260710 13:17:04.726145  6683 raft_consensus.cc:385] T 969946c299ab4eafaa07c9b388197d42 P 5f3e5d0531334093996067222c193887 [term 0 FOLLOWER]: Consensus starting up: Expiring failure detector timer to make a prompt election more likely
I20260710 13:17:04.726488  6683 raft_consensus.cc:740] T 969946c299ab4eafaa07c9b388197d42 P 5f3e5d0531334093996067222c193887 [term 0 FOLLOWER]: Becoming Follower/Learner. State: Replica: 5f3e5d0531334093996067222c193887, State: Initialized, Role: FOLLOWER
I20260710 13:17:04.726776  6535 leader_election.cc:304] T 9d2046198dc84e18959169899db823df P d21560a98c96414691ad0a31344e62b3 [CANDIDATE]: Term 1 pre-election: Election decided. Result: candidate won. Election summary: received 2 responses out of 3 voters: 2 yes votes; 0 no votes. yes voters: 5f3e5d0531334093996067222c193887, d21560a98c96414691ad0a31344e62b3; no voters: 
I20260710 13:17:04.727665  6690 raft_consensus.cc:2804] T 9d2046198dc84e18959169899db823df P d21560a98c96414691ad0a31344e62b3 [term 0 FOLLOWER]: Leader pre-election won for term 1
I20260710 13:17:04.728127  6690 raft_consensus.cc:493] T 9d2046198dc84e18959169899db823df P d21560a98c96414691ad0a31344e62b3 [term 0 FOLLOWER]: Starting leader election (no leader contacted us within the election timeout)
I20260710 13:17:04.727487  6683 consensus_queue.cc:260] T 969946c299ab4eafaa07c9b388197d42 P 5f3e5d0531334093996067222c193887 [NON_LEADER]: Queue going to NON_LEADER mode. State: All replicated index: 0, Majority replicated index: 0, Committed index: 0, Last appended: 0.0, Last appended by leader: 0, Current term: 0, Majority size: -1, State: 0, Mode: NON_LEADER, active raft config: opid_index: -1 OBSOLETE_local: false peers { permanent_uuid: "5f3e5d0531334093996067222c193887" member_type: VOTER last_known_addr { host: "127.5.186.1" port: 44757 } } peers { permanent_uuid: "d21560a98c96414691ad0a31344e62b3" member_type: VOTER last_known_addr { host: "127.5.186.2" port: 44665 } } peers { permanent_uuid: "55faae97b78540679fcbfa264bdf019a" member_type: VOTER last_known_addr { host: "127.5.186.3" port: 34119 } }
I20260710 13:17:04.728474  6690 raft_consensus.cc:3060] T 9d2046198dc84e18959169899db823df P d21560a98c96414691ad0a31344e62b3 [term 0 FOLLOWER]: Advancing to term 1
W20260710 13:17:04.728646  6535 leader_election.cc:343] T 9d2046198dc84e18959169899db823df P d21560a98c96414691ad0a31344e62b3 [CANDIDATE]: Term 1 pre-election: Tablet error from VoteRequest() call to peer 55faae97b78540679fcbfa264bdf019a (127.5.186.3:34119): Illegal state: must be running to vote when last-logged opid is not known
I20260710 13:17:04.730204  6683 ts_tablet_manager.cc:1434] T 969946c299ab4eafaa07c9b388197d42 P 5f3e5d0531334093996067222c193887: Time spent starting tablet: real 0.020s	user 0.008s	sys 0.000s
I20260710 13:17:04.731168  6683 tablet_bootstrap.cc:492] T dc685b992dd2404985a7abfba8b332b6 P 5f3e5d0531334093996067222c193887: Bootstrap starting.
I20260710 13:17:04.732197  6685 tablet_bootstrap.cc:492] T 969946c299ab4eafaa07c9b388197d42 P d21560a98c96414691ad0a31344e62b3: No bootstrap required, opened a new log
I20260710 13:17:04.732646  6685 ts_tablet_manager.cc:1403] T 969946c299ab4eafaa07c9b388197d42 P d21560a98c96414691ad0a31344e62b3: Time spent bootstrapping tablet: real 0.018s	user 0.006s	sys 0.011s
I20260710 13:17:04.735493  6685 raft_consensus.cc:359] T 969946c299ab4eafaa07c9b388197d42 P d21560a98c96414691ad0a31344e62b3 [term 0 FOLLOWER]: Replica starting. Triggering 0 pending ops. Active config: opid_index: -1 OBSOLETE_local: false peers { permanent_uuid: "5f3e5d0531334093996067222c193887" member_type: VOTER last_known_addr { host: "127.5.186.1" port: 44757 } } peers { permanent_uuid: "d21560a98c96414691ad0a31344e62b3" member_type: VOTER last_known_addr { host: "127.5.186.2" port: 44665 } } peers { permanent_uuid: "55faae97b78540679fcbfa264bdf019a" member_type: VOTER last_known_addr { host: "127.5.186.3" port: 34119 } }
I20260710 13:17:04.737200  6685 raft_consensus.cc:385] T 969946c299ab4eafaa07c9b388197d42 P d21560a98c96414691ad0a31344e62b3 [term 0 FOLLOWER]: Consensus starting up: Expiring failure detector timer to make a prompt election more likely
I20260710 13:17:04.737543  6683 tablet_bootstrap.cc:654] T dc685b992dd2404985a7abfba8b332b6 P 5f3e5d0531334093996067222c193887: Neither blocks nor log segments found. Creating new log.
I20260710 13:17:04.737543  6685 raft_consensus.cc:740] T 969946c299ab4eafaa07c9b388197d42 P d21560a98c96414691ad0a31344e62b3 [term 0 FOLLOWER]: Becoming Follower/Learner. State: Replica: d21560a98c96414691ad0a31344e62b3, State: Initialized, Role: FOLLOWER
I20260710 13:17:04.738662  6685 consensus_queue.cc:260] T 969946c299ab4eafaa07c9b388197d42 P d21560a98c96414691ad0a31344e62b3 [NON_LEADER]: Queue going to NON_LEADER mode. State: All replicated index: 0, Majority replicated index: 0, Committed index: 0, Last appended: 0.0, Last appended by leader: 0, Current term: 0, Majority size: -1, State: 0, Mode: NON_LEADER, active raft config: opid_index: -1 OBSOLETE_local: false peers { permanent_uuid: "5f3e5d0531334093996067222c193887" member_type: VOTER last_known_addr { host: "127.5.186.1" port: 44757 } } peers { permanent_uuid: "d21560a98c96414691ad0a31344e62b3" member_type: VOTER last_known_addr { host: "127.5.186.2" port: 44665 } } peers { permanent_uuid: "55faae97b78540679fcbfa264bdf019a" member_type: VOTER last_known_addr { host: "127.5.186.3" port: 34119 } }
I20260710 13:17:04.740226  6690 raft_consensus.cc:515] T 9d2046198dc84e18959169899db823df P d21560a98c96414691ad0a31344e62b3 [term 1 FOLLOWER]: Starting leader election with config: opid_index: -1 OBSOLETE_local: false peers { permanent_uuid: "5f3e5d0531334093996067222c193887" member_type: VOTER last_known_addr { host: "127.5.186.1" port: 44757 } } peers { permanent_uuid: "d21560a98c96414691ad0a31344e62b3" member_type: VOTER last_known_addr { host: "127.5.186.2" port: 44665 } } peers { permanent_uuid: "55faae97b78540679fcbfa264bdf019a" member_type: VOTER last_known_addr { host: "127.5.186.3" port: 34119 } }
I20260710 13:17:04.743203  6495 tablet_service.cc:1917] Received RequestConsensusVote() RPC: tablet_id: "9d2046198dc84e18959169899db823df" candidate_uuid: "d21560a98c96414691ad0a31344e62b3" candidate_term: 1 candidate_status { last_received { term: 0 index: 0 } } ignore_live_leader: false dest_uuid: "5f3e5d0531334093996067222c193887"
I20260710 13:17:04.743930  6495 raft_consensus.cc:3060] T 9d2046198dc84e18959169899db823df P 5f3e5d0531334093996067222c193887 [term 0 FOLLOWER]: Advancing to term 1
I20260710 13:17:04.747097  6690 leader_election.cc:290] T 9d2046198dc84e18959169899db823df P d21560a98c96414691ad0a31344e62b3 [CANDIDATE]: Term 1 election: Requested vote from peers 5f3e5d0531334093996067222c193887 (127.5.186.1:44757), 55faae97b78540679fcbfa264bdf019a (127.5.186.3:34119)
I20260710 13:17:04.748185  6684 tablet_bootstrap.cc:492] T 9d2046198dc84e18959169899db823df P 55faae97b78540679fcbfa264bdf019a: No bootstrap required, opened a new log
I20260710 13:17:04.748306  6644 tablet_service.cc:1917] Received RequestConsensusVote() RPC: tablet_id: "9d2046198dc84e18959169899db823df" candidate_uuid: "d21560a98c96414691ad0a31344e62b3" candidate_term: 1 candidate_status { last_received { term: 0 index: 0 } } ignore_live_leader: false dest_uuid: "55faae97b78540679fcbfa264bdf019a"
I20260710 13:17:04.749135  6684 ts_tablet_manager.cc:1403] T 9d2046198dc84e18959169899db823df P 55faae97b78540679fcbfa264bdf019a: Time spent bootstrapping tablet: real 0.035s	user 0.011s	sys 0.000s
I20260710 13:17:04.749555  6685 ts_tablet_manager.cc:1434] T 969946c299ab4eafaa07c9b388197d42 P d21560a98c96414691ad0a31344e62b3: Time spent starting tablet: real 0.017s	user 0.007s	sys 0.008s
W20260710 13:17:04.751231  6535 leader_election.cc:343] T 9d2046198dc84e18959169899db823df P d21560a98c96414691ad0a31344e62b3 [CANDIDATE]: Term 1 election: Tablet error from VoteRequest() call to peer 55faae97b78540679fcbfa264bdf019a (127.5.186.3:34119): Illegal state: must be running to vote when last-logged opid is not known
I20260710 13:17:04.754575  6683 tablet_bootstrap.cc:492] T dc685b992dd2404985a7abfba8b332b6 P 5f3e5d0531334093996067222c193887: No bootstrap required, opened a new log
I20260710 13:17:04.755064  6683 ts_tablet_manager.cc:1403] T dc685b992dd2404985a7abfba8b332b6 P 5f3e5d0531334093996067222c193887: Time spent bootstrapping tablet: real 0.024s	user 0.015s	sys 0.008s
I20260710 13:17:04.753685  6684 raft_consensus.cc:359] T 9d2046198dc84e18959169899db823df P 55faae97b78540679fcbfa264bdf019a [term 0 FOLLOWER]: Replica starting. Triggering 0 pending ops. Active config: opid_index: -1 OBSOLETE_local: false peers { permanent_uuid: "5f3e5d0531334093996067222c193887" member_type: VOTER last_known_addr { host: "127.5.186.1" port: 44757 } } peers { permanent_uuid: "d21560a98c96414691ad0a31344e62b3" member_type: VOTER last_known_addr { host: "127.5.186.2" port: 44665 } } peers { permanent_uuid: "55faae97b78540679fcbfa264bdf019a" member_type: VOTER last_known_addr { host: "127.5.186.3" port: 34119 } }
I20260710 13:17:04.756071  6684 raft_consensus.cc:385] T 9d2046198dc84e18959169899db823df P 55faae97b78540679fcbfa264bdf019a [term 0 FOLLOWER]: Consensus starting up: Expiring failure detector timer to make a prompt election more likely
I20260710 13:17:04.756368  6684 raft_consensus.cc:740] T 9d2046198dc84e18959169899db823df P 55faae97b78540679fcbfa264bdf019a [term 0 FOLLOWER]: Becoming Follower/Learner. State: Replica: 55faae97b78540679fcbfa264bdf019a, State: Initialized, Role: FOLLOWER
I20260710 13:17:04.756722  6495 raft_consensus.cc:2468] T 9d2046198dc84e18959169899db823df P 5f3e5d0531334093996067222c193887 [term 1 FOLLOWER]: Leader election vote request: Granting yes vote for candidate d21560a98c96414691ad0a31344e62b3 in term 1.
I20260710 13:17:04.757261  6684 consensus_queue.cc:260] T 9d2046198dc84e18959169899db823df P 55faae97b78540679fcbfa264bdf019a [NON_LEADER]: Queue going to NON_LEADER mode. State: All replicated index: 0, Majority replicated index: 0, Committed index: 0, Last appended: 0.0, Last appended by leader: 0, Current term: 0, Majority size: -1, State: 0, Mode: NON_LEADER, active raft config: opid_index: -1 OBSOLETE_local: false peers { permanent_uuid: "5f3e5d0531334093996067222c193887" member_type: VOTER last_known_addr { host: "127.5.186.1" port: 44757 } } peers { permanent_uuid: "d21560a98c96414691ad0a31344e62b3" member_type: VOTER last_known_addr { host: "127.5.186.2" port: 44665 } } peers { permanent_uuid: "55faae97b78540679fcbfa264bdf019a" member_type: VOTER last_known_addr { host: "127.5.186.3" port: 34119 } }
I20260710 13:17:04.758376  6535 leader_election.cc:304] T 9d2046198dc84e18959169899db823df P d21560a98c96414691ad0a31344e62b3 [CANDIDATE]: Term 1 election: Election decided. Result: candidate won. Election summary: received 3 responses out of 3 voters: 2 yes votes; 1 no votes. yes voters: 5f3e5d0531334093996067222c193887, d21560a98c96414691ad0a31344e62b3; no voters: 55faae97b78540679fcbfa264bdf019a
I20260710 13:17:04.758435  6683 raft_consensus.cc:359] T dc685b992dd2404985a7abfba8b332b6 P 5f3e5d0531334093996067222c193887 [term 0 FOLLOWER]: Replica starting. Triggering 0 pending ops. Active config: opid_index: -1 OBSOLETE_local: false peers { permanent_uuid: "5f3e5d0531334093996067222c193887" member_type: VOTER last_known_addr { host: "127.5.186.1" port: 44757 } } peers { permanent_uuid: "d21560a98c96414691ad0a31344e62b3" member_type: VOTER last_known_addr { host: "127.5.186.2" port: 44665 } } peers { permanent_uuid: "55faae97b78540679fcbfa264bdf019a" member_type: VOTER last_known_addr { host: "127.5.186.3" port: 34119 } }
I20260710 13:17:04.759176  6683 raft_consensus.cc:385] T dc685b992dd2404985a7abfba8b332b6 P 5f3e5d0531334093996067222c193887 [term 0 FOLLOWER]: Consensus starting up: Expiring failure detector timer to make a prompt election more likely
I20260710 13:17:04.759446  6683 raft_consensus.cc:740] T dc685b992dd2404985a7abfba8b332b6 P 5f3e5d0531334093996067222c193887 [term 0 FOLLOWER]: Becoming Follower/Learner. State: Replica: 5f3e5d0531334093996067222c193887, State: Initialized, Role: FOLLOWER
I20260710 13:17:04.759671  6684 ts_tablet_manager.cc:1434] T 9d2046198dc84e18959169899db823df P 55faae97b78540679fcbfa264bdf019a: Time spent starting tablet: real 0.010s	user 0.007s	sys 0.000s
I20260710 13:17:04.760434  6703 raft_consensus.cc:2804] T 9d2046198dc84e18959169899db823df P d21560a98c96414691ad0a31344e62b3 [term 1 FOLLOWER]: Leader election won for term 1
I20260710 13:17:04.760278  6683 consensus_queue.cc:260] T dc685b992dd2404985a7abfba8b332b6 P 5f3e5d0531334093996067222c193887 [NON_LEADER]: Queue going to NON_LEADER mode. State: All replicated index: 0, Majority replicated index: 0, Committed index: 0, Last appended: 0.0, Last appended by leader: 0, Current term: 0, Majority size: -1, State: 0, Mode: NON_LEADER, active raft config: opid_index: -1 OBSOLETE_local: false peers { permanent_uuid: "5f3e5d0531334093996067222c193887" member_type: VOTER last_known_addr { host: "127.5.186.1" port: 44757 } } peers { permanent_uuid: "d21560a98c96414691ad0a31344e62b3" member_type: VOTER last_known_addr { host: "127.5.186.2" port: 44665 } } peers { permanent_uuid: "55faae97b78540679fcbfa264bdf019a" member_type: VOTER last_known_addr { host: "127.5.186.3" port: 34119 } }
I20260710 13:17:04.760939  6703 raft_consensus.cc:697] T 9d2046198dc84e18959169899db823df P d21560a98c96414691ad0a31344e62b3 [term 1 LEADER]: Becoming Leader. State: Replica: d21560a98c96414691ad0a31344e62b3, State: Running, Role: LEADER
I20260710 13:17:04.761862  6703 consensus_queue.cc:237] T 9d2046198dc84e18959169899db823df P d21560a98c96414691ad0a31344e62b3 [LEADER]: Queue going to LEADER mode. State: All replicated index: 0, Majority replicated index: 0, Committed index: 0, Last appended: 0.0, Last appended by leader: 0, Current term: 1, Majority size: 2, State: 0, Mode: LEADER, active raft config: opid_index: -1 OBSOLETE_local: false peers { permanent_uuid: "5f3e5d0531334093996067222c193887" member_type: VOTER last_known_addr { host: "127.5.186.1" port: 44757 } } peers { permanent_uuid: "d21560a98c96414691ad0a31344e62b3" member_type: VOTER last_known_addr { host: "127.5.186.2" port: 44665 } } peers { permanent_uuid: "55faae97b78540679fcbfa264bdf019a" member_type: VOTER last_known_addr { host: "127.5.186.3" port: 34119 } }
I20260710 13:17:04.764621  6684 tablet_bootstrap.cc:492] T 31af9532e5f04a3b8c8bf101ed16a131 P 55faae97b78540679fcbfa264bdf019a: Bootstrap starting.
I20260710 13:17:04.765204  6685 tablet_bootstrap.cc:492] T effde5fc35ca4e988b83c8f3cc16fa2d P d21560a98c96414691ad0a31344e62b3: Bootstrap starting.
I20260710 13:17:04.772128  6685 tablet_bootstrap.cc:654] T effde5fc35ca4e988b83c8f3cc16fa2d P d21560a98c96414691ad0a31344e62b3: Neither blocks nor log segments found. Creating new log.
I20260710 13:17:04.773344  6684 tablet_bootstrap.cc:654] T 31af9532e5f04a3b8c8bf101ed16a131 P 55faae97b78540679fcbfa264bdf019a: Neither blocks nor log segments found. Creating new log.
I20260710 13:17:04.777967  6683 ts_tablet_manager.cc:1434] T dc685b992dd2404985a7abfba8b332b6 P 5f3e5d0531334093996067222c193887: Time spent starting tablet: real 0.023s	user 0.006s	sys 0.000s
I20260710 13:17:04.783624  6393 catalog_manager.cc:5697] T 9d2046198dc84e18959169899db823df P d21560a98c96414691ad0a31344e62b3 reported cstate change: term changed from 0 to 1, leader changed from <none> to d21560a98c96414691ad0a31344e62b3 (127.5.186.2). New cstate: current_term: 1 leader_uuid: "d21560a98c96414691ad0a31344e62b3" committed_config { opid_index: -1 OBSOLETE_local: false peers { permanent_uuid: "5f3e5d0531334093996067222c193887" member_type: VOTER last_known_addr { host: "127.5.186.1" port: 44757 } health_report { overall_health: UNKNOWN } } peers { permanent_uuid: "d21560a98c96414691ad0a31344e62b3" member_type: VOTER last_known_addr { host: "127.5.186.2" port: 44665 } health_report { overall_health: HEALTHY } } peers { permanent_uuid: "55faae97b78540679fcbfa264bdf019a" member_type: VOTER last_known_addr { host: "127.5.186.3" port: 34119 } health_report { overall_health: UNKNOWN } } }
W20260710 13:17:04.785363  6441 auto_rebalancer.cc:288] Could not retrieve cluster info: Service unavailable: Tablet not running
I20260710 13:17:04.786319  6684 tablet_bootstrap.cc:492] T 31af9532e5f04a3b8c8bf101ed16a131 P 55faae97b78540679fcbfa264bdf019a: No bootstrap required, opened a new log
I20260710 13:17:04.786801  6684 ts_tablet_manager.cc:1403] T 31af9532e5f04a3b8c8bf101ed16a131 P 55faae97b78540679fcbfa264bdf019a: Time spent bootstrapping tablet: real 0.022s	user 0.015s	sys 0.001s
I20260710 13:17:04.779322  6683 tablet_bootstrap.cc:492] T 31af9532e5f04a3b8c8bf101ed16a131 P 5f3e5d0531334093996067222c193887: Bootstrap starting.
I20260710 13:17:04.790038  6684 raft_consensus.cc:359] T 31af9532e5f04a3b8c8bf101ed16a131 P 55faae97b78540679fcbfa264bdf019a [term 0 FOLLOWER]: Replica starting. Triggering 0 pending ops. Active config: opid_index: -1 OBSOLETE_local: false peers { permanent_uuid: "5f3e5d0531334093996067222c193887" member_type: VOTER last_known_addr { host: "127.5.186.1" port: 44757 } } peers { permanent_uuid: "d21560a98c96414691ad0a31344e62b3" member_type: VOTER last_known_addr { host: "127.5.186.2" port: 44665 } } peers { permanent_uuid: "55faae97b78540679fcbfa264bdf019a" member_type: VOTER last_known_addr { host: "127.5.186.3" port: 34119 } }
I20260710 13:17:04.790771  6684 raft_consensus.cc:385] T 31af9532e5f04a3b8c8bf101ed16a131 P 55faae97b78540679fcbfa264bdf019a [term 0 FOLLOWER]: Consensus starting up: Expiring failure detector timer to make a prompt election more likely
I20260710 13:17:04.791091  6684 raft_consensus.cc:740] T 31af9532e5f04a3b8c8bf101ed16a131 P 55faae97b78540679fcbfa264bdf019a [term 0 FOLLOWER]: Becoming Follower/Learner. State: Replica: 55faae97b78540679fcbfa264bdf019a, State: Initialized, Role: FOLLOWER
I20260710 13:17:04.791874  6684 consensus_queue.cc:260] T 31af9532e5f04a3b8c8bf101ed16a131 P 55faae97b78540679fcbfa264bdf019a [NON_LEADER]: Queue going to NON_LEADER mode. State: All replicated index: 0, Majority replicated index: 0, Committed index: 0, Last appended: 0.0, Last appended by leader: 0, Current term: 0, Majority size: -1, State: 0, Mode: NON_LEADER, active raft config: opid_index: -1 OBSOLETE_local: false peers { permanent_uuid: "5f3e5d0531334093996067222c193887" member_type: VOTER last_known_addr { host: "127.5.186.1" port: 44757 } } peers { permanent_uuid: "d21560a98c96414691ad0a31344e62b3" member_type: VOTER last_known_addr { host: "127.5.186.2" port: 44665 } } peers { permanent_uuid: "55faae97b78540679fcbfa264bdf019a" member_type: VOTER last_known_addr { host: "127.5.186.3" port: 34119 } }
I20260710 13:17:04.799023  6685 tablet_bootstrap.cc:492] T effde5fc35ca4e988b83c8f3cc16fa2d P d21560a98c96414691ad0a31344e62b3: No bootstrap required, opened a new log
I20260710 13:17:04.799676  6685 ts_tablet_manager.cc:1403] T effde5fc35ca4e988b83c8f3cc16fa2d P d21560a98c96414691ad0a31344e62b3: Time spent bootstrapping tablet: real 0.035s	user 0.013s	sys 0.017s
I20260710 13:17:04.800210  6684 ts_tablet_manager.cc:1434] T 31af9532e5f04a3b8c8bf101ed16a131 P 55faae97b78540679fcbfa264bdf019a: Time spent starting tablet: real 0.013s	user 0.008s	sys 0.000s
I20260710 13:17:04.800884  6683 tablet_bootstrap.cc:654] T 31af9532e5f04a3b8c8bf101ed16a131 P 5f3e5d0531334093996067222c193887: Neither blocks nor log segments found. Creating new log.
I20260710 13:17:04.803869  6685 raft_consensus.cc:359] T effde5fc35ca4e988b83c8f3cc16fa2d P d21560a98c96414691ad0a31344e62b3 [term 0 FOLLOWER]: Replica starting. Triggering 0 pending ops. Active config: opid_index: -1 OBSOLETE_local: false peers { permanent_uuid: "5f3e5d0531334093996067222c193887" member_type: VOTER last_known_addr { host: "127.5.186.1" port: 44757 } } peers { permanent_uuid: "d21560a98c96414691ad0a31344e62b3" member_type: VOTER last_known_addr { host: "127.5.186.2" port: 44665 } } peers { permanent_uuid: "55faae97b78540679fcbfa264bdf019a" member_type: VOTER last_known_addr { host: "127.5.186.3" port: 34119 } }
I20260710 13:17:04.804878  6685 raft_consensus.cc:385] T effde5fc35ca4e988b83c8f3cc16fa2d P d21560a98c96414691ad0a31344e62b3 [term 0 FOLLOWER]: Consensus starting up: Expiring failure detector timer to make a prompt election more likely
I20260710 13:17:04.805187  6691 raft_consensus.cc:493] T 969946c299ab4eafaa07c9b388197d42 P 5f3e5d0531334093996067222c193887 [term 0 FOLLOWER]: Starting pre-election (no leader contacted us within the election timeout)
I20260710 13:17:04.805209  6685 raft_consensus.cc:740] T effde5fc35ca4e988b83c8f3cc16fa2d P d21560a98c96414691ad0a31344e62b3 [term 0 FOLLOWER]: Becoming Follower/Learner. State: Replica: d21560a98c96414691ad0a31344e62b3, State: Initialized, Role: FOLLOWER
I20260710 13:17:04.805868  6691 raft_consensus.cc:515] T 969946c299ab4eafaa07c9b388197d42 P 5f3e5d0531334093996067222c193887 [term 0 FOLLOWER]: Starting pre-election with config: opid_index: -1 OBSOLETE_local: false peers { permanent_uuid: "5f3e5d0531334093996067222c193887" member_type: VOTER last_known_addr { host: "127.5.186.1" port: 44757 } } peers { permanent_uuid: "d21560a98c96414691ad0a31344e62b3" member_type: VOTER last_known_addr { host: "127.5.186.2" port: 44665 } } peers { permanent_uuid: "55faae97b78540679fcbfa264bdf019a" member_type: VOTER last_known_addr { host: "127.5.186.3" port: 34119 } }
I20260710 13:17:04.807241  6685 consensus_queue.cc:260] T effde5fc35ca4e988b83c8f3cc16fa2d P d21560a98c96414691ad0a31344e62b3 [NON_LEADER]: Queue going to NON_LEADER mode. State: All replicated index: 0, Majority replicated index: 0, Committed index: 0, Last appended: 0.0, Last appended by leader: 0, Current term: 0, Majority size: -1, State: 0, Mode: NON_LEADER, active raft config: opid_index: -1 OBSOLETE_local: false peers { permanent_uuid: "5f3e5d0531334093996067222c193887" member_type: VOTER last_known_addr { host: "127.5.186.1" port: 44757 } } peers { permanent_uuid: "d21560a98c96414691ad0a31344e62b3" member_type: VOTER last_known_addr { host: "127.5.186.2" port: 44665 } } peers { permanent_uuid: "55faae97b78540679fcbfa264bdf019a" member_type: VOTER last_known_addr { host: "127.5.186.3" port: 34119 } }
I20260710 13:17:04.808377  6691 leader_election.cc:290] T 969946c299ab4eafaa07c9b388197d42 P 5f3e5d0531334093996067222c193887 [CANDIDATE]: Term 1 pre-election: Requested pre-vote from peers d21560a98c96414691ad0a31344e62b3 (127.5.186.2:44665), 55faae97b78540679fcbfa264bdf019a (127.5.186.3:34119)
I20260710 13:17:04.815585  6685 ts_tablet_manager.cc:1434] T effde5fc35ca4e988b83c8f3cc16fa2d P d21560a98c96414691ad0a31344e62b3: Time spent starting tablet: real 0.015s	user 0.004s	sys 0.003s
I20260710 13:17:04.816700  6684 tablet_bootstrap.cc:492] T dc685b992dd2404985a7abfba8b332b6 P 55faae97b78540679fcbfa264bdf019a: Bootstrap starting.
I20260710 13:17:04.816849  6685 tablet_bootstrap.cc:492] T 630efa308b3b45d4862cf60f447b209a P d21560a98c96414691ad0a31344e62b3: Bootstrap starting.
I20260710 13:17:04.828840  6689 raft_consensus.cc:493] T 4b939a04ab5f42c9ada13ad14cd24c86 P 55faae97b78540679fcbfa264bdf019a [term 0 FOLLOWER]: Starting pre-election (no leader contacted us within the election timeout)
I20260710 13:17:04.831955  6683 tablet_bootstrap.cc:492] T 31af9532e5f04a3b8c8bf101ed16a131 P 5f3e5d0531334093996067222c193887: No bootstrap required, opened a new log
