I20260710 13:16:59.075920  6626 ts_tablet_manager.cc:1403] T 61ca5d16afe542bf8961ef74f171d529 P 8cc250361886450e9babc894fc91ab14: Time spent bootstrapping tablet: real 0.211s	user 0.016s	sys 0.009s
I20260710 13:16:59.077244  6663 raft_consensus.cc:2749] T 4870d23aa54d40ee9ea9061555c60760 P ee033a59f0a549df977ae70db2680df4 [term 1 FOLLOWER]: Leader election lost for term 1. Reason: could not achieve majority
I20260710 13:16:59.077924  6627 raft_consensus.cc:359] T 71b6e3c39b354d33bc3523198f7338f1 P ee033a59f0a549df977ae70db2680df4 [term 0 FOLLOWER]: Replica starting. Triggering 0 pending ops. Active config: opid_index: -1 OBSOLETE_local: false peers { permanent_uuid: "8cc250361886450e9babc894fc91ab14" member_type: VOTER last_known_addr { host: "127.5.172.1" port: 33773 } } peers { permanent_uuid: "0570cd055df548018fd3cb355c1e0ccf" member_type: VOTER last_known_addr { host: "127.5.172.2" port: 34229 } } peers { permanent_uuid: "ee033a59f0a549df977ae70db2680df4" member_type: VOTER last_known_addr { host: "127.5.172.3" port: 33075 } }
I20260710 13:16:59.079173  6627 raft_consensus.cc:385] T 71b6e3c39b354d33bc3523198f7338f1 P ee033a59f0a549df977ae70db2680df4 [term 0 FOLLOWER]: Consensus starting up: Expiring failure detector timer to make a prompt election more likely
I20260710 13:16:59.079421  6627 raft_consensus.cc:740] T 71b6e3c39b354d33bc3523198f7338f1 P ee033a59f0a549df977ae70db2680df4 [term 0 FOLLOWER]: Becoming Follower/Learner. State: Replica: ee033a59f0a549df977ae70db2680df4, State: Initialized, Role: FOLLOWER
I20260710 13:16:59.083745  6626 raft_consensus.cc:359] T 61ca5d16afe542bf8961ef74f171d529 P 8cc250361886450e9babc894fc91ab14 [term 0 FOLLOWER]: Replica starting. Triggering 0 pending ops. Active config: opid_index: -1 OBSOLETE_local: false peers { permanent_uuid: "8cc250361886450e9babc894fc91ab14" member_type: VOTER last_known_addr { host: "127.5.172.1" port: 33773 } } peers { permanent_uuid: "0570cd055df548018fd3cb355c1e0ccf" member_type: VOTER last_known_addr { host: "127.5.172.2" port: 34229 } } peers { permanent_uuid: "ee033a59f0a549df977ae70db2680df4" member_type: VOTER last_known_addr { host: "127.5.172.3" port: 33075 } }
I20260710 13:16:59.084594  6626 raft_consensus.cc:385] T 61ca5d16afe542bf8961ef74f171d529 P 8cc250361886450e9babc894fc91ab14 [term 0 FOLLOWER]: Consensus starting up: Expiring failure detector timer to make a prompt election more likely
I20260710 13:16:59.084918  6626 raft_consensus.cc:740] T 61ca5d16afe542bf8961ef74f171d529 P 8cc250361886450e9babc894fc91ab14 [term 0 FOLLOWER]: Becoming Follower/Learner. State: Replica: 8cc250361886450e9babc894fc91ab14, State: Initialized, Role: FOLLOWER
I20260710 13:16:59.086105  6626 consensus_queue.cc:260] T 61ca5d16afe542bf8961ef74f171d529 P 8cc250361886450e9babc894fc91ab14 [NON_LEADER]: Queue going to NON_LEADER mode. State: All replicated index: 0, Majority replicated index: 0, Committed index: 0, Last appended: 0.0, Last appended by leader: 0, Current term: 0, Majority size: -1, State: 0, Mode: NON_LEADER, active raft config: opid_index: -1 OBSOLETE_local: false peers { permanent_uuid: "8cc250361886450e9babc894fc91ab14" member_type: VOTER last_known_addr { host: "127.5.172.1" port: 33773 } } peers { permanent_uuid: "0570cd055df548018fd3cb355c1e0ccf" member_type: VOTER last_known_addr { host: "127.5.172.2" port: 34229 } } peers { permanent_uuid: "ee033a59f0a549df977ae70db2680df4" member_type: VOTER last_known_addr { host: "127.5.172.3" port: 33075 } }
I20260710 13:16:59.086912  6333 catalog_manager.cc:5697] T 4870d23aa54d40ee9ea9061555c60760 P 8cc250361886450e9babc894fc91ab14 reported cstate change: term changed from 0 to 1, leader changed from <none> to 8cc250361886450e9babc894fc91ab14 (127.5.172.1). New cstate: current_term: 1 leader_uuid: "8cc250361886450e9babc894fc91ab14" committed_config { opid_index: -1 OBSOLETE_local: false peers { permanent_uuid: "8cc250361886450e9babc894fc91ab14" member_type: VOTER last_known_addr { host: "127.5.172.1" port: 33773 } health_report { overall_health: HEALTHY } } peers { permanent_uuid: "0570cd055df548018fd3cb355c1e0ccf" member_type: VOTER last_known_addr { host: "127.5.172.2" port: 34229 } health_report { overall_health: UNKNOWN } } peers { permanent_uuid: "ee033a59f0a549df977ae70db2680df4" member_type: VOTER last_known_addr { host: "127.5.172.3" port: 33075 } health_report { overall_health: UNKNOWN } } }
I20260710 13:16:59.087284  6332 catalog_manager.cc:5697] T b2d2823240dc4f5b8af1cc8df93fe5cb P ee033a59f0a549df977ae70db2680df4 reported cstate change: term changed from 0 to 1, leader changed from <none> to ee033a59f0a549df977ae70db2680df4 (127.5.172.3). New cstate: current_term: 1 leader_uuid: "ee033a59f0a549df977ae70db2680df4" committed_config { opid_index: -1 OBSOLETE_local: false peers { permanent_uuid: "8cc250361886450e9babc894fc91ab14" member_type: VOTER last_known_addr { host: "127.5.172.1" port: 33773 } health_report { overall_health: UNKNOWN } } peers { permanent_uuid: "0570cd055df548018fd3cb355c1e0ccf" member_type: VOTER last_known_addr { host: "127.5.172.2" port: 34229 } health_report { overall_health: UNKNOWN } } peers { permanent_uuid: "ee033a59f0a549df977ae70db2680df4" member_type: VOTER last_known_addr { host: "127.5.172.3" port: 33075 } health_report { overall_health: HEALTHY } } }
I20260710 13:16:59.088441  6626 ts_tablet_manager.cc:1434] T 61ca5d16afe542bf8961ef74f171d529 P 8cc250361886450e9babc894fc91ab14: Time spent starting tablet: real 0.012s	user 0.007s	sys 0.000s
I20260710 13:16:59.089546  6627 consensus_queue.cc:260] T 71b6e3c39b354d33bc3523198f7338f1 P ee033a59f0a549df977ae70db2680df4 [NON_LEADER]: Queue going to NON_LEADER mode. State: All replicated index: 0, Majority replicated index: 0, Committed index: 0, Last appended: 0.0, Last appended by leader: 0, Current term: 0, Majority size: -1, State: 0, Mode: NON_LEADER, active raft config: opid_index: -1 OBSOLETE_local: false peers { permanent_uuid: "8cc250361886450e9babc894fc91ab14" member_type: VOTER last_known_addr { host: "127.5.172.1" port: 33773 } } peers { permanent_uuid: "0570cd055df548018fd3cb355c1e0ccf" member_type: VOTER last_known_addr { host: "127.5.172.2" port: 34229 } } peers { permanent_uuid: "ee033a59f0a549df977ae70db2680df4" member_type: VOTER last_known_addr { host: "127.5.172.3" port: 33075 } }
I20260710 13:16:59.089640  6332 catalog_manager.cc:5697] T 61ca5d16afe542bf8961ef74f171d529 P ee033a59f0a549df977ae70db2680df4 reported cstate change: term changed from 0 to 1, leader changed from <none> to ee033a59f0a549df977ae70db2680df4 (127.5.172.3). New cstate: current_term: 1 leader_uuid: "ee033a59f0a549df977ae70db2680df4" committed_config { opid_index: -1 OBSOLETE_local: false peers { permanent_uuid: "8cc250361886450e9babc894fc91ab14" member_type: VOTER last_known_addr { host: "127.5.172.1" port: 33773 } health_report { overall_health: UNKNOWN } } peers { permanent_uuid: "0570cd055df548018fd3cb355c1e0ccf" member_type: VOTER last_known_addr { host: "127.5.172.2" port: 34229 } health_report { overall_health: UNKNOWN } } peers { permanent_uuid: "ee033a59f0a549df977ae70db2680df4" member_type: VOTER last_known_addr { host: "127.5.172.3" port: 33075 } health_report { overall_health: HEALTHY } } }
I20260710 13:16:59.091432  6625 tablet_bootstrap.cc:492] T f5a2304cc3684286bd8486afe0abf62d P 0570cd055df548018fd3cb355c1e0ccf: No bootstrap required, opened a new log
I20260710 13:16:59.091878  6627 ts_tablet_manager.cc:1434] T 71b6e3c39b354d33bc3523198f7338f1 P ee033a59f0a549df977ae70db2680df4: Time spent starting tablet: real 0.020s	user 0.007s	sys 0.001s
I20260710 13:16:59.092027  6625 ts_tablet_manager.cc:1403] T f5a2304cc3684286bd8486afe0abf62d P 0570cd055df548018fd3cb355c1e0ccf: Time spent bootstrapping tablet: real 0.094s	user 0.016s	sys 0.012s
I20260710 13:16:59.092805  6627 tablet_bootstrap.cc:492] T f5a2304cc3684286bd8486afe0abf62d P ee033a59f0a549df977ae70db2680df4: Bootstrap starting.
I20260710 13:16:59.094551  6625 raft_consensus.cc:359] T f5a2304cc3684286bd8486afe0abf62d P 0570cd055df548018fd3cb355c1e0ccf [term 0 FOLLOWER]: Replica starting. Triggering 0 pending ops. Active config: opid_index: -1 OBSOLETE_local: false peers { permanent_uuid: "8cc250361886450e9babc894fc91ab14" member_type: VOTER last_known_addr { host: "127.5.172.1" port: 33773 } } peers { permanent_uuid: "0570cd055df548018fd3cb355c1e0ccf" member_type: VOTER last_known_addr { host: "127.5.172.2" port: 34229 } } peers { permanent_uuid: "ee033a59f0a549df977ae70db2680df4" member_type: VOTER last_known_addr { host: "127.5.172.3" port: 33075 } }
I20260710 13:16:59.095199  6625 raft_consensus.cc:385] T f5a2304cc3684286bd8486afe0abf62d P 0570cd055df548018fd3cb355c1e0ccf [term 0 FOLLOWER]: Consensus starting up: Expiring failure detector timer to make a prompt election more likely
I20260710 13:16:59.095508  6625 raft_consensus.cc:740] T f5a2304cc3684286bd8486afe0abf62d P 0570cd055df548018fd3cb355c1e0ccf [term 0 FOLLOWER]: Becoming Follower/Learner. State: Replica: 0570cd055df548018fd3cb355c1e0ccf, State: Initialized, Role: FOLLOWER
I20260710 13:16:59.096264  6625 consensus_queue.cc:260] T f5a2304cc3684286bd8486afe0abf62d P 0570cd055df548018fd3cb355c1e0ccf [NON_LEADER]: Queue going to NON_LEADER mode. State: All replicated index: 0, Majority replicated index: 0, Committed index: 0, Last appended: 0.0, Last appended by leader: 0, Current term: 0, Majority size: -1, State: 0, Mode: NON_LEADER, active raft config: opid_index: -1 OBSOLETE_local: false peers { permanent_uuid: "8cc250361886450e9babc894fc91ab14" member_type: VOTER last_known_addr { host: "127.5.172.1" port: 33773 } } peers { permanent_uuid: "0570cd055df548018fd3cb355c1e0ccf" member_type: VOTER last_known_addr { host: "127.5.172.2" port: 34229 } } peers { permanent_uuid: "ee033a59f0a549df977ae70db2680df4" member_type: VOTER last_known_addr { host: "127.5.172.3" port: 33075 } }
I20260710 13:16:59.098515  6625 ts_tablet_manager.cc:1434] T f5a2304cc3684286bd8486afe0abf62d P 0570cd055df548018fd3cb355c1e0ccf: Time spent starting tablet: real 0.006s	user 0.005s	sys 0.000s
I20260710 13:16:59.101728  6627 tablet_bootstrap.cc:654] T f5a2304cc3684286bd8486afe0abf62d P ee033a59f0a549df977ae70db2680df4: Neither blocks nor log segments found. Creating new log.
I20260710 13:16:59.109493  6627 tablet_bootstrap.cc:492] T f5a2304cc3684286bd8486afe0abf62d P ee033a59f0a549df977ae70db2680df4: No bootstrap required, opened a new log
I20260710 13:16:59.109839  6627 ts_tablet_manager.cc:1403] T f5a2304cc3684286bd8486afe0abf62d P ee033a59f0a549df977ae70db2680df4: Time spent bootstrapping tablet: real 0.017s	user 0.010s	sys 0.000s
I20260710 13:16:59.112054  6627 raft_consensus.cc:359] T f5a2304cc3684286bd8486afe0abf62d P ee033a59f0a549df977ae70db2680df4 [term 0 FOLLOWER]: Replica starting. Triggering 0 pending ops. Active config: opid_index: -1 OBSOLETE_local: false peers { permanent_uuid: "8cc250361886450e9babc894fc91ab14" member_type: VOTER last_known_addr { host: "127.5.172.1" port: 33773 } } peers { permanent_uuid: "0570cd055df548018fd3cb355c1e0ccf" member_type: VOTER last_known_addr { host: "127.5.172.2" port: 34229 } } peers { permanent_uuid: "ee033a59f0a549df977ae70db2680df4" member_type: VOTER last_known_addr { host: "127.5.172.3" port: 33075 } }
I20260710 13:16:59.112505  6627 raft_consensus.cc:385] T f5a2304cc3684286bd8486afe0abf62d P ee033a59f0a549df977ae70db2680df4 [term 0 FOLLOWER]: Consensus starting up: Expiring failure detector timer to make a prompt election more likely
I20260710 13:16:59.112744  6627 raft_consensus.cc:740] T f5a2304cc3684286bd8486afe0abf62d P ee033a59f0a549df977ae70db2680df4 [term 0 FOLLOWER]: Becoming Follower/Learner. State: Replica: ee033a59f0a549df977ae70db2680df4, State: Initialized, Role: FOLLOWER
I20260710 13:16:59.113340  6627 consensus_queue.cc:260] T f5a2304cc3684286bd8486afe0abf62d P ee033a59f0a549df977ae70db2680df4 [NON_LEADER]: Queue going to NON_LEADER mode. State: All replicated index: 0, Majority replicated index: 0, Committed index: 0, Last appended: 0.0, Last appended by leader: 0, Current term: 0, Majority size: -1, State: 0, Mode: NON_LEADER, active raft config: opid_index: -1 OBSOLETE_local: false peers { permanent_uuid: "8cc250361886450e9babc894fc91ab14" member_type: VOTER last_known_addr { host: "127.5.172.1" port: 33773 } } peers { permanent_uuid: "0570cd055df548018fd3cb355c1e0ccf" member_type: VOTER last_known_addr { host: "127.5.172.2" port: 34229 } } peers { permanent_uuid: "ee033a59f0a549df977ae70db2680df4" member_type: VOTER last_known_addr { host: "127.5.172.3" port: 33075 } }
I20260710 13:16:59.114712  6627 ts_tablet_manager.cc:1434] T f5a2304cc3684286bd8486afe0abf62d P ee033a59f0a549df977ae70db2680df4: Time spent starting tablet: real 0.005s	user 0.000s	sys 0.002s
I20260710 13:16:59.115618  6663 consensus_queue.cc:1048] T 0174e420e4bc4d0994f65fd6ae5ab63a P ee033a59f0a549df977ae70db2680df4 [LEADER]: Connected to new peer: Peer: permanent_uuid: "0570cd055df548018fd3cb355c1e0ccf" member_type: VOTER last_known_addr { host: "127.5.172.2" port: 34229 }, Status: LMP_MISMATCH, Last received: 0.0, Next index: 1, Last known committed idx: 0, Time since last communication: 0.000s
I20260710 13:16:59.125388  6633 consensus_queue.cc:1048] T 0174e420e4bc4d0994f65fd6ae5ab63a P ee033a59f0a549df977ae70db2680df4 [LEADER]: Connected to new peer: Peer: permanent_uuid: "8cc250361886450e9babc894fc91ab14" member_type: VOTER last_known_addr { host: "127.5.172.1" port: 33773 }, Status: LMP_MISMATCH, Last received: 0.0, Next index: 1, Last known committed idx: 0, Time since last communication: 0.000s
I20260710 13:16:59.191061  6645 raft_consensus.cc:493] T f5a2304cc3684286bd8486afe0abf62d P 8cc250361886450e9babc894fc91ab14 [term 0 FOLLOWER]: Starting pre-election (no leader contacted us within the election timeout)
I20260710 13:16:59.191562  6645 raft_consensus.cc:515] T f5a2304cc3684286bd8486afe0abf62d P 8cc250361886450e9babc894fc91ab14 [term 0 FOLLOWER]: Starting pre-election with config: opid_index: -1 OBSOLETE_local: false peers { permanent_uuid: "8cc250361886450e9babc894fc91ab14" member_type: VOTER last_known_addr { host: "127.5.172.1" port: 33773 } } peers { permanent_uuid: "0570cd055df548018fd3cb355c1e0ccf" member_type: VOTER last_known_addr { host: "127.5.172.2" port: 34229 } } peers { permanent_uuid: "ee033a59f0a549df977ae70db2680df4" member_type: VOTER last_known_addr { host: "127.5.172.3" port: 33075 } }
I20260710 13:16:59.193272  6645 leader_election.cc:290] T f5a2304cc3684286bd8486afe0abf62d P 8cc250361886450e9babc894fc91ab14 [CANDIDATE]: Term 1 pre-election: Requested pre-vote from peers 0570cd055df548018fd3cb355c1e0ccf (127.5.172.2:34229), ee033a59f0a549df977ae70db2680df4 (127.5.172.3:33075)
I20260710 13:16:59.194119  6510 tablet_service.cc:1917] Received RequestConsensusVote() RPC: tablet_id: "f5a2304cc3684286bd8486afe0abf62d" candidate_uuid: "8cc250361886450e9babc894fc91ab14" candidate_term: 1 candidate_status { last_received { term: 0 index: 0 } } ignore_live_leader: false dest_uuid: "0570cd055df548018fd3cb355c1e0ccf" is_pre_election: true
I20260710 13:16:59.194199  6585 tablet_service.cc:1917] Received RequestConsensusVote() RPC: tablet_id: "f5a2304cc3684286bd8486afe0abf62d" candidate_uuid: "8cc250361886450e9babc894fc91ab14" candidate_term: 1 candidate_status { last_received { term: 0 index: 0 } } ignore_live_leader: false dest_uuid: "ee033a59f0a549df977ae70db2680df4" is_pre_election: true
I20260710 13:16:59.194846  6510 raft_consensus.cc:2468] T f5a2304cc3684286bd8486afe0abf62d P 0570cd055df548018fd3cb355c1e0ccf [term 0 FOLLOWER]: Leader pre-election vote request: Granting yes vote for candidate 8cc250361886450e9babc894fc91ab14 in term 0.
I20260710 13:16:59.194891  6585 raft_consensus.cc:2468] T f5a2304cc3684286bd8486afe0abf62d P ee033a59f0a549df977ae70db2680df4 [term 0 FOLLOWER]: Leader pre-election vote request: Granting yes vote for candidate 8cc250361886450e9babc894fc91ab14 in term 0.
I20260710 13:16:59.195869  6401 leader_election.cc:304] T f5a2304cc3684286bd8486afe0abf62d P 8cc250361886450e9babc894fc91ab14 [CANDIDATE]: Term 1 pre-election: Election decided. Result: candidate won. Election summary: received 2 responses out of 3 voters: 2 yes votes; 0 no votes. yes voters: 0570cd055df548018fd3cb355c1e0ccf, 8cc250361886450e9babc894fc91ab14; no voters: 
I20260710 13:16:59.196482  6645 raft_consensus.cc:2804] T f5a2304cc3684286bd8486afe0abf62d P 8cc250361886450e9babc894fc91ab14 [term 0 FOLLOWER]: Leader pre-election won for term 1
I20260710 13:16:59.196764  6645 raft_consensus.cc:493] T f5a2304cc3684286bd8486afe0abf62d P 8cc250361886450e9babc894fc91ab14 [term 0 FOLLOWER]: Starting leader election (no leader contacted us within the election timeout)
I20260710 13:16:59.197052  6645 raft_consensus.cc:3060] T f5a2304cc3684286bd8486afe0abf62d P 8cc250361886450e9babc894fc91ab14 [term 0 FOLLOWER]: Advancing to term 1
I20260710 13:16:59.202005  6645 raft_consensus.cc:515] T f5a2304cc3684286bd8486afe0abf62d P 8cc250361886450e9babc894fc91ab14 [term 1 FOLLOWER]: Starting leader election with config: opid_index: -1 OBSOLETE_local: false peers { permanent_uuid: "8cc250361886450e9babc894fc91ab14" member_type: VOTER last_known_addr { host: "127.5.172.1" port: 33773 } } peers { permanent_uuid: "0570cd055df548018fd3cb355c1e0ccf" member_type: VOTER last_known_addr { host: "127.5.172.2" port: 34229 } } peers { permanent_uuid: "ee033a59f0a549df977ae70db2680df4" member_type: VOTER last_known_addr { host: "127.5.172.3" port: 33075 } }
I20260710 13:16:59.203773  6645 leader_election.cc:290] T f5a2304cc3684286bd8486afe0abf62d P 8cc250361886450e9babc894fc91ab14 [CANDIDATE]: Term 1 election: Requested vote from peers 0570cd055df548018fd3cb355c1e0ccf (127.5.172.2:34229), ee033a59f0a549df977ae70db2680df4 (127.5.172.3:33075)
I20260710 13:16:59.204413  6510 tablet_service.cc:1917] Received RequestConsensusVote() RPC: tablet_id: "f5a2304cc3684286bd8486afe0abf62d" candidate_uuid: "8cc250361886450e9babc894fc91ab14" candidate_term: 1 candidate_status { last_received { term: 0 index: 0 } } ignore_live_leader: false dest_uuid: "0570cd055df548018fd3cb355c1e0ccf"
I20260710 13:16:59.204663  6585 tablet_service.cc:1917] Received RequestConsensusVote() RPC: tablet_id: "f5a2304cc3684286bd8486afe0abf62d" candidate_uuid: "8cc250361886450e9babc894fc91ab14" candidate_term: 1 candidate_status { last_received { term: 0 index: 0 } } ignore_live_leader: false dest_uuid: "ee033a59f0a549df977ae70db2680df4"
I20260710 13:16:59.204931  6510 raft_consensus.cc:3060] T f5a2304cc3684286bd8486afe0abf62d P 0570cd055df548018fd3cb355c1e0ccf [term 0 FOLLOWER]: Advancing to term 1
I20260710 13:16:59.205154  6585 raft_consensus.cc:3060] T f5a2304cc3684286bd8486afe0abf62d P ee033a59f0a549df977ae70db2680df4 [term 0 FOLLOWER]: Advancing to term 1
I20260710 13:16:59.209504  6510 raft_consensus.cc:2468] T f5a2304cc3684286bd8486afe0abf62d P 0570cd055df548018fd3cb355c1e0ccf [term 1 FOLLOWER]: Leader election vote request: Granting yes vote for candidate 8cc250361886450e9babc894fc91ab14 in term 1.
I20260710 13:16:59.210408  6585 raft_consensus.cc:2468] T f5a2304cc3684286bd8486afe0abf62d P ee033a59f0a549df977ae70db2680df4 [term 1 FOLLOWER]: Leader election vote request: Granting yes vote for candidate 8cc250361886450e9babc894fc91ab14 in term 1.
I20260710 13:16:59.210438  6401 leader_election.cc:304] T f5a2304cc3684286bd8486afe0abf62d P 8cc250361886450e9babc894fc91ab14 [CANDIDATE]: Term 1 election: Election decided. Result: candidate won. Election summary: received 2 responses out of 3 voters: 2 yes votes; 0 no votes. yes voters: 0570cd055df548018fd3cb355c1e0ccf, 8cc250361886450e9babc894fc91ab14; no voters: 
I20260710 13:16:59.211383  6645 raft_consensus.cc:2804] T f5a2304cc3684286bd8486afe0abf62d P 8cc250361886450e9babc894fc91ab14 [term 1 FOLLOWER]: Leader election won for term 1
I20260710 13:16:59.211822  6645 raft_consensus.cc:697] T f5a2304cc3684286bd8486afe0abf62d P 8cc250361886450e9babc894fc91ab14 [term 1 LEADER]: Becoming Leader. State: Replica: 8cc250361886450e9babc894fc91ab14, State: Running, Role: LEADER
I20260710 13:16:59.212576  6645 consensus_queue.cc:237] T f5a2304cc3684286bd8486afe0abf62d P 8cc250361886450e9babc894fc91ab14 [LEADER]: Queue going to LEADER mode. State: All replicated index: 0, Majority replicated index: 0, Committed index: 0, Last appended: 0.0, Last appended by leader: 0, Current term: 1, Majority size: 2, State: 0, Mode: LEADER, active raft config: opid_index: -1 OBSOLETE_local: false peers { permanent_uuid: "8cc250361886450e9babc894fc91ab14" member_type: VOTER last_known_addr { host: "127.5.172.1" port: 33773 } } peers { permanent_uuid: "0570cd055df548018fd3cb355c1e0ccf" member_type: VOTER last_known_addr { host: "127.5.172.2" port: 34229 } } peers { permanent_uuid: "ee033a59f0a549df977ae70db2680df4" member_type: VOTER last_known_addr { host: "127.5.172.3" port: 33075 } }
I20260710 13:16:59.218005  6633 raft_consensus.cc:493] T 71b6e3c39b354d33bc3523198f7338f1 P ee033a59f0a549df977ae70db2680df4 [term 0 FOLLOWER]: Starting pre-election (no leader contacted us within the election timeout)
I20260710 13:16:59.218376  6633 raft_consensus.cc:515] T 71b6e3c39b354d33bc3523198f7338f1 P ee033a59f0a549df977ae70db2680df4 [term 0 FOLLOWER]: Starting pre-election with config: opid_index: -1 OBSOLETE_local: false peers { permanent_uuid: "8cc250361886450e9babc894fc91ab14" member_type: VOTER last_known_addr { host: "127.5.172.1" port: 33773 } } peers { permanent_uuid: "0570cd055df548018fd3cb355c1e0ccf" member_type: VOTER last_known_addr { host: "127.5.172.2" port: 34229 } } peers { permanent_uuid: "ee033a59f0a549df977ae70db2680df4" member_type: VOTER last_known_addr { host: "127.5.172.3" port: 33075 } }
I20260710 13:16:59.218935  6332 catalog_manager.cc:5697] T f5a2304cc3684286bd8486afe0abf62d P 8cc250361886450e9babc894fc91ab14 reported cstate change: term changed from 0 to 1, leader changed from <none> to 8cc250361886450e9babc894fc91ab14 (127.5.172.1). New cstate: current_term: 1 leader_uuid: "8cc250361886450e9babc894fc91ab14" committed_config { opid_index: -1 OBSOLETE_local: false peers { permanent_uuid: "8cc250361886450e9babc894fc91ab14" member_type: VOTER last_known_addr { host: "127.5.172.1" port: 33773 } health_report { overall_health: HEALTHY } } peers { permanent_uuid: "0570cd055df548018fd3cb355c1e0ccf" member_type: VOTER last_known_addr { host: "127.5.172.2" port: 34229 } health_report { overall_health: UNKNOWN } } peers { permanent_uuid: "ee033a59f0a549df977ae70db2680df4" member_type: VOTER last_known_addr { host: "127.5.172.3" port: 33075 } health_report { overall_health: UNKNOWN } } }
I20260710 13:16:59.219959  6633 leader_election.cc:290] T 71b6e3c39b354d33bc3523198f7338f1 P ee033a59f0a549df977ae70db2680df4 [CANDIDATE]: Term 1 pre-election: Requested pre-vote from peers 8cc250361886450e9babc894fc91ab14 (127.5.172.1:33773), 0570cd055df548018fd3cb355c1e0ccf (127.5.172.2:34229)
I20260710 13:16:59.220624  6434 tablet_service.cc:1917] Received RequestConsensusVote() RPC: tablet_id: "71b6e3c39b354d33bc3523198f7338f1" candidate_uuid: "ee033a59f0a549df977ae70db2680df4" candidate_term: 1 candidate_status { last_received { term: 0 index: 0 } } ignore_live_leader: false dest_uuid: "8cc250361886450e9babc894fc91ab14" is_pre_election: true
I20260710 13:16:59.221019  6510 tablet_service.cc:1917] Received RequestConsensusVote() RPC: tablet_id: "71b6e3c39b354d33bc3523198f7338f1" candidate_uuid: "ee033a59f0a549df977ae70db2680df4" candidate_term: 1 candidate_status { last_received { term: 0 index: 0 } } ignore_live_leader: false dest_uuid: "0570cd055df548018fd3cb355c1e0ccf" is_pre_election: true
I20260710 13:16:59.221410  6434 raft_consensus.cc:2393] T 71b6e3c39b354d33bc3523198f7338f1 P 8cc250361886450e9babc894fc91ab14 [term 1 FOLLOWER]: Leader pre-election vote request: Denying vote to candidate ee033a59f0a549df977ae70db2680df4 in current term 1: Already voted for candidate 8cc250361886450e9babc894fc91ab14 in this term.
I20260710 13:16:59.221710  6510 raft_consensus.cc:2393] T 71b6e3c39b354d33bc3523198f7338f1 P 0570cd055df548018fd3cb355c1e0ccf [term 1 FOLLOWER]: Leader pre-election vote request: Denying vote to candidate ee033a59f0a549df977ae70db2680df4 in current term 1: Already voted for candidate 0570cd055df548018fd3cb355c1e0ccf in this term.
I20260710 13:16:59.222645  6550 leader_election.cc:304] T 71b6e3c39b354d33bc3523198f7338f1 P ee033a59f0a549df977ae70db2680df4 [CANDIDATE]: Term 1 pre-election: Election decided. Result: candidate lost. Election summary: received 3 responses out of 3 voters: 1 yes votes; 2 no votes. yes voters: ee033a59f0a549df977ae70db2680df4; no voters: 0570cd055df548018fd3cb355c1e0ccf, 8cc250361886450e9babc894fc91ab14
I20260710 13:16:59.223470  6633 raft_consensus.cc:3060] T 71b6e3c39b354d33bc3523198f7338f1 P ee033a59f0a549df977ae70db2680df4 [term 0 FOLLOWER]: Advancing to term 1
I20260710 13:16:59.228271  6633 raft_consensus.cc:2749] T 71b6e3c39b354d33bc3523198f7338f1 P ee033a59f0a549df977ae70db2680df4 [term 1 FOLLOWER]: Leader pre-election lost for term 1. Reason: could not achieve majority
I20260710 13:16:59.290045  6631 consensus_queue.cc:1048] T b3701d4b59944f39888cfc7957b53e30 P 0570cd055df548018fd3cb355c1e0ccf [LEADER]: Connected to new peer: Peer: permanent_uuid: "8cc250361886450e9babc894fc91ab14" member_type: VOTER last_known_addr { host: "127.5.172.1" port: 33773 }, Status: LMP_MISMATCH, Last received: 0.0, Next index: 1, Last known committed idx: 0, Time since last communication: 0.000s
I20260710 13:16:59.300004  6631 consensus_queue.cc:1048] T b3701d4b59944f39888cfc7957b53e30 P 0570cd055df548018fd3cb355c1e0ccf [LEADER]: Connected to new peer: Peer: permanent_uuid: "ee033a59f0a549df977ae70db2680df4" member_type: VOTER last_known_addr { host: "127.5.172.3" port: 33075 }, Status: LMP_MISMATCH, Last received: 0.0, Next index: 1, Last known committed idx: 0, Time since last communication: 0.000s
I20260710 13:16:59.367588  6633 consensus_queue.cc:1048] T 74a07895891e40cf8c157d9efa019202 P ee033a59f0a549df977ae70db2680df4 [LEADER]: Connected to new peer: Peer: permanent_uuid: "8cc250361886450e9babc894fc91ab14" member_type: VOTER last_known_addr { host: "127.5.172.1" port: 33773 }, Status: LMP_MISMATCH, Last received: 0.0, Next index: 1, Last known committed idx: 0, Time since last communication: 0.000s
I20260710 13:16:59.377334  6633 consensus_queue.cc:1048] T 74a07895891e40cf8c157d9efa019202 P ee033a59f0a549df977ae70db2680df4 [LEADER]: Connected to new peer: Peer: permanent_uuid: "0570cd055df548018fd3cb355c1e0ccf" member_type: VOTER last_known_addr { host: "127.5.172.2" port: 34229 }, Status: LMP_MISMATCH, Last received: 0.0, Next index: 1, Last known committed idx: 0, Time since last communication: 0.000s
I20260710 13:16:59.385200  6434 raft_consensus.cc:3060] T 61ca5d16afe542bf8961ef74f171d529 P 8cc250361886450e9babc894fc91ab14 [term 0 FOLLOWER]: Advancing to term 1
I20260710 13:16:59.385573  6510 raft_consensus.cc:3060] T b3d866e996d24549a2e4936cedbb1e91 P 0570cd055df548018fd3cb355c1e0ccf [term 0 FOLLOWER]: Advancing to term 1
I20260710 13:16:59.393913  6645 raft_consensus.cc:493] T 61ca5d16afe542bf8961ef74f171d529 P 8cc250361886450e9babc894fc91ab14 [term 1 FOLLOWER]: Starting pre-election (no leader contacted us within the election timeout)
I20260710 13:16:59.394385  6645 raft_consensus.cc:515] T 61ca5d16afe542bf8961ef74f171d529 P 8cc250361886450e9babc894fc91ab14 [term 1 FOLLOWER]: Starting pre-election with config: opid_index: -1 OBSOLETE_local: false peers { permanent_uuid: "8cc250361886450e9babc894fc91ab14" member_type: VOTER last_known_addr { host: "127.5.172.1" port: 33773 } } peers { permanent_uuid: "0570cd055df548018fd3cb355c1e0ccf" member_type: VOTER last_known_addr { host: "127.5.172.2" port: 34229 } } peers { permanent_uuid: "ee033a59f0a549df977ae70db2680df4" member_type: VOTER last_known_addr { host: "127.5.172.3" port: 33075 } }
I20260710 13:16:59.394963  6674 consensus_queue.cc:1048] T 87d192e5584949c29265ed32e264582d P 8cc250361886450e9babc894fc91ab14 [LEADER]: Connected to new peer: Peer: permanent_uuid: "0570cd055df548018fd3cb355c1e0ccf" member_type: VOTER last_known_addr { host: "127.5.172.2" port: 34229 }, Status: LMP_MISMATCH, Last received: 0.0, Next index: 1, Last known committed idx: 0, Time since last communication: 0.001s
I20260710 13:16:59.395191  6633 consensus_queue.cc:1048] T 61ca5d16afe542bf8961ef74f171d529 P ee033a59f0a549df977ae70db2680df4 [LEADER]: Connected to new peer: Peer: permanent_uuid: "8cc250361886450e9babc894fc91ab14" member_type: VOTER last_known_addr { host: "127.5.172.1" port: 33773 }, Status: LMP_MISMATCH, Last received: 0.0, Next index: 1, Last known committed idx: 0, Time since last communication: 0.001s
I20260710 13:16:59.398813  6645 leader_election.cc:290] T 61ca5d16afe542bf8961ef74f171d529 P 8cc250361886450e9babc894fc91ab14 [CANDIDATE]: Term 2 pre-election: Requested pre-vote from peers 0570cd055df548018fd3cb355c1e0ccf (127.5.172.2:34229), ee033a59f0a549df977ae70db2680df4 (127.5.172.3:33075)
I20260710 13:16:59.401270  6585 tablet_service.cc:1917] Received RequestConsensusVote() RPC: tablet_id: "61ca5d16afe542bf8961ef74f171d529" candidate_uuid: "8cc250361886450e9babc894fc91ab14" candidate_term: 2 candidate_status { last_received { term: 0 index: 0 } } ignore_live_leader: false dest_uuid: "ee033a59f0a549df977ae70db2680df4" is_pre_election: true
I20260710 13:16:59.404085  6510 tablet_service.cc:1917] Received RequestConsensusVote() RPC: tablet_id: "61ca5d16afe542bf8961ef74f171d529" candidate_uuid: "8cc250361886450e9babc894fc91ab14" candidate_term: 2 candidate_status { last_received { term: 0 index: 0 } } ignore_live_leader: false dest_uuid: "0570cd055df548018fd3cb355c1e0ccf" is_pre_election: true
I20260710 13:16:59.404867  6510 raft_consensus.cc:2468] T 61ca5d16afe542bf8961ef74f171d529 P 0570cd055df548018fd3cb355c1e0ccf [term 1 FOLLOWER]: Leader pre-election vote request: Granting yes vote for candidate 8cc250361886450e9babc894fc91ab14 in term 1.
I20260710 13:16:59.406087  6401 leader_election.cc:304] T 61ca5d16afe542bf8961ef74f171d529 P 8cc250361886450e9babc894fc91ab14 [CANDIDATE]: Term 2 pre-election: Election decided. Result: candidate won. Election summary: received 3 responses out of 3 voters: 2 yes votes; 1 no votes. yes voters: 0570cd055df548018fd3cb355c1e0ccf, 8cc250361886450e9babc894fc91ab14; no voters: ee033a59f0a549df977ae70db2680df4
I20260710 13:16:59.411468  6645 raft_consensus.cc:2804] T 61ca5d16afe542bf8961ef74f171d529 P 8cc250361886450e9babc894fc91ab14 [term 1 FOLLOWER]: Leader pre-election won for term 2
I20260710 13:16:59.413079  6645 raft_consensus.cc:493] T 61ca5d16afe542bf8961ef74f171d529 P 8cc250361886450e9babc894fc91ab14 [term 1 FOLLOWER]: Starting leader election (detected failure of leader ee033a59f0a549df977ae70db2680df4)
I20260710 13:16:59.413493  6645 raft_consensus.cc:3060] T 61ca5d16afe542bf8961ef74f171d529 P 8cc250361886450e9babc894fc91ab14 [term 1 FOLLOWER]: Advancing to term 2
I20260710 13:16:59.415997  6673 consensus_queue.cc:1048] T 87d192e5584949c29265ed32e264582d P 8cc250361886450e9babc894fc91ab14 [LEADER]: Connected to new peer: Peer: permanent_uuid: "ee033a59f0a549df977ae70db2680df4" member_type: VOTER last_known_addr { host: "127.5.172.3" port: 33075 }, Status: LMP_MISMATCH, Last received: 0.0, Next index: 1, Last known committed idx: 0, Time since last communication: 0.000s
I20260710 13:16:59.424109  6645 raft_consensus.cc:515] T 61ca5d16afe542bf8961ef74f171d529 P 8cc250361886450e9babc894fc91ab14 [term 2 FOLLOWER]: Starting leader election with config: opid_index: -1 OBSOLETE_local: false peers { permanent_uuid: "8cc250361886450e9babc894fc91ab14" member_type: VOTER last_known_addr { host: "127.5.172.1" port: 33773 } } peers { permanent_uuid: "0570cd055df548018fd3cb355c1e0ccf" member_type: VOTER last_known_addr { host: "127.5.172.2" port: 34229 } } peers { permanent_uuid: "ee033a59f0a549df977ae70db2680df4" member_type: VOTER last_known_addr { host: "127.5.172.3" port: 33075 } }
I20260710 13:16:59.425873  6633 consensus_queue.cc:1048] T 61ca5d16afe542bf8961ef74f171d529 P ee033a59f0a549df977ae70db2680df4 [LEADER]: Connected to new peer: Peer: permanent_uuid: "0570cd055df548018fd3cb355c1e0ccf" member_type: VOTER last_known_addr { host: "127.5.172.2" port: 34229 }, Status: LMP_MISMATCH, Last received: 0.0, Next index: 1, Last known committed idx: 0, Time since last communication: 0.000s
I20260710 13:16:59.427804  6435 raft_consensus.cc:1240] T 61ca5d16afe542bf8961ef74f171d529 P 8cc250361886450e9babc894fc91ab14 [term 2 FOLLOWER]: Rejecting Update request from peer ee033a59f0a549df977ae70db2680df4 for earlier term 1. Current term is 2. Ops: []
I20260710 13:16:59.430073  6645 leader_election.cc:290] T 61ca5d16afe542bf8961ef74f171d529 P 8cc250361886450e9babc894fc91ab14 [CANDIDATE]: Term 2 election: Requested vote from peers 0570cd055df548018fd3cb355c1e0ccf (127.5.172.2:34229), ee033a59f0a549df977ae70db2680df4 (127.5.172.3:33075)
I20260710 13:16:59.430181  6510 tablet_service.cc:1917] Received RequestConsensusVote() RPC: tablet_id: "61ca5d16afe542bf8961ef74f171d529" candidate_uuid: "8cc250361886450e9babc894fc91ab14" candidate_term: 2 candidate_status { last_received { term: 1 index: 1 } } ignore_live_leader: false dest_uuid: "0570cd055df548018fd3cb355c1e0ccf"
I20260710 13:16:59.431025  6585 tablet_service.cc:1917] Received RequestConsensusVote() RPC: tablet_id: "61ca5d16afe542bf8961ef74f171d529" candidate_uuid: "8cc250361886450e9babc894fc91ab14" candidate_term: 2 candidate_status { last_received { term: 1 index: 1 } } ignore_live_leader: false dest_uuid: "ee033a59f0a549df977ae70db2680df4"
I20260710 13:16:59.432371  6402 leader_election.cc:304] T 61ca5d16afe542bf8961ef74f171d529 P 8cc250361886450e9babc894fc91ab14 [CANDIDATE]: Term 2 election: Election decided. Result: candidate lost. Election summary: received 3 responses out of 3 voters: 1 yes votes; 2 no votes. yes voters: 8cc250361886450e9babc894fc91ab14; no voters: 0570cd055df548018fd3cb355c1e0ccf, ee033a59f0a549df977ae70db2680df4
I20260710 13:16:59.433185  6645 raft_consensus.cc:2749] T 61ca5d16afe542bf8961ef74f171d529 P 8cc250361886450e9babc894fc91ab14 [term 2 FOLLOWER]: Leader election lost for term 2. Reason: could not achieve majority
I20260710 13:16:59.436242  6633 consensus_queue.cc:1059] T 61ca5d16afe542bf8961ef74f171d529 P ee033a59f0a549df977ae70db2680df4 [LEADER]: Peer responded invalid term: Peer: permanent_uuid: "8cc250361886450e9babc894fc91ab14" member_type: VOTER last_known_addr { host: "127.5.172.1" port: 33773 }, Status: INVALID_TERM, Last received: 1.1, Next index: 2, Last known committed idx: 0, Time since last communication: 0.000s
I20260710 13:16:59.436967  6660 raft_consensus.cc:3055] T 61ca5d16afe542bf8961ef74f171d529 P ee033a59f0a549df977ae70db2680df4 [term 1 LEADER]: Stepping down as leader of term 1
I20260710 13:16:59.437309  6660 raft_consensus.cc:740] T 61ca5d16afe542bf8961ef74f171d529 P ee033a59f0a549df977ae70db2680df4 [term 1 LEADER]: Becoming Follower/Learner. State: Replica: ee033a59f0a549df977ae70db2680df4, State: Running, Role: LEADER
I20260710 13:16:59.438097  6660 consensus_queue.cc:260] T 61ca5d16afe542bf8961ef74f171d529 P ee033a59f0a549df977ae70db2680df4 [NON_LEADER]: Queue going to NON_LEADER mode. State: All replicated index: 0, Majority replicated index: 1, Committed index: 1, Last appended: 1.1, Last appended by leader: 1, Current term: 1, Majority size: -1, State: 0, Mode: NON_LEADER, active raft config: opid_index: -1 OBSOLETE_local: false peers { permanent_uuid: "8cc250361886450e9babc894fc91ab14" member_type: VOTER last_known_addr { host: "127.5.172.1" port: 33773 } } peers { permanent_uuid: "0570cd055df548018fd3cb355c1e0ccf" member_type: VOTER last_known_addr { host: "127.5.172.2" port: 34229 } } peers { permanent_uuid: "ee033a59f0a549df977ae70db2680df4" member_type: VOTER last_known_addr { host: "127.5.172.3" port: 33075 } }
I20260710 13:16:59.439317  6660 raft_consensus.cc:3060] T 61ca5d16afe542bf8961ef74f171d529 P ee033a59f0a549df977ae70db2680df4 [term 1 FOLLOWER]: Advancing to term 2
I20260710 13:16:59.455857  6645 consensus_queue.cc:1048] T 4870d23aa54d40ee9ea9061555c60760 P 8cc250361886450e9babc894fc91ab14 [LEADER]: Connected to new peer: Peer: permanent_uuid: "0570cd055df548018fd3cb355c1e0ccf" member_type: VOTER last_known_addr { host: "127.5.172.2" port: 34229 }, Status: LMP_MISMATCH, Last received: 0.0, Next index: 1, Last known committed idx: 0, Time since last communication: 0.000s
I20260710 13:16:59.466655  6673 consensus_queue.cc:1048] T 4870d23aa54d40ee9ea9061555c60760 P 8cc250361886450e9babc894fc91ab14 [LEADER]: Connected to new peer: Peer: permanent_uuid: "ee033a59f0a549df977ae70db2680df4" member_type: VOTER last_known_addr { host: "127.5.172.3" port: 33075 }, Status: LMP_MISMATCH, Last received: 0.0, Next index: 1, Last known committed idx: 0, Time since last communication: 0.000s
I20260710 13:16:59.525593  6660 consensus_queue.cc:1048] T b2d2823240dc4f5b8af1cc8df93fe5cb P ee033a59f0a549df977ae70db2680df4 [LEADER]: Connected to new peer: Peer: permanent_uuid: "8cc250361886450e9babc894fc91ab14" member_type: VOTER last_known_addr { host: "127.5.172.1" port: 33773 }, Status: LMP_MISMATCH, Last received: 0.0, Next index: 1, Last known committed idx: 0, Time since last communication: 0.000s
I20260710 13:16:59.535634  6663 consensus_queue.cc:1048] T b2d2823240dc4f5b8af1cc8df93fe5cb P ee033a59f0a549df977ae70db2680df4 [LEADER]: Connected to new peer: Peer: permanent_uuid: "0570cd055df548018fd3cb355c1e0ccf" member_type: VOTER last_known_addr { host: "127.5.172.2" port: 34229 }, Status: LMP_MISMATCH, Last received: 0.0, Next index: 1, Last known committed idx: 0, Time since last communication: 0.000s
W20260710 13:16:59.707520  6382 auto_rebalancer.cc:288] Could not retrieve cluster info: Service unavailable: Tablet not running
I20260710 13:16:59.831305  6673 consensus_queue.cc:1048] T f5a2304cc3684286bd8486afe0abf62d P 8cc250361886450e9babc894fc91ab14 [LEADER]: Connected to new peer: Peer: permanent_uuid: "ee033a59f0a549df977ae70db2680df4" member_type: VOTER last_known_addr { host: "127.5.172.3" port: 33075 }, Status: LMP_MISMATCH, Last received: 0.0, Next index: 1, Last known committed idx: 0, Time since last communication: 0.000s
I20260710 13:16:59.837458  6645 consensus_queue.cc:1048] T f5a2304cc3684286bd8486afe0abf62d P 8cc250361886450e9babc894fc91ab14 [LEADER]: Connected to new peer: Peer: permanent_uuid: "0570cd055df548018fd3cb355c1e0ccf" member_type: VOTER last_known_addr { host: "127.5.172.2" port: 34229 }, Status: LMP_MISMATCH, Last received: 0.0, Next index: 1, Last known committed idx: 0, Time since last communication: 0.000s
I20260710 13:17:00.600750  6691 raft_consensus.cc:493] T 71b6e3c39b354d33bc3523198f7338f1 P 0570cd055df548018fd3cb355c1e0ccf [term 1 FOLLOWER]: Starting pre-election (no leader contacted us within the election timeout)
I20260710 13:17:00.601199  6691 raft_consensus.cc:515] T 71b6e3c39b354d33bc3523198f7338f1 P 0570cd055df548018fd3cb355c1e0ccf [term 1 FOLLOWER]: Starting pre-election with config: opid_index: -1 OBSOLETE_local: false peers { permanent_uuid: "8cc250361886450e9babc894fc91ab14" member_type: VOTER last_known_addr { host: "127.5.172.1" port: 33773 } } peers { permanent_uuid: "0570cd055df548018fd3cb355c1e0ccf" member_type: VOTER last_known_addr { host: "127.5.172.2" port: 34229 } } peers { permanent_uuid: "ee033a59f0a549df977ae70db2680df4" member_type: VOTER last_known_addr { host: "127.5.172.3" port: 33075 } }
I20260710 13:17:00.602932  6691 leader_election.cc:290] T 71b6e3c39b354d33bc3523198f7338f1 P 0570cd055df548018fd3cb355c1e0ccf [CANDIDATE]: Term 2 pre-election: Requested pre-vote from peers 8cc250361886450e9babc894fc91ab14 (127.5.172.1:33773), ee033a59f0a549df977ae70db2680df4 (127.5.172.3:33075)
I20260710 13:17:00.603801  6435 tablet_service.cc:1917] Received RequestConsensusVote() RPC: tablet_id: "71b6e3c39b354d33bc3523198f7338f1" candidate_uuid: "0570cd055df548018fd3cb355c1e0ccf" candidate_term: 2 candidate_status { last_received { term: 0 index: 0 } } ignore_live_leader: false dest_uuid: "8cc250361886450e9babc894fc91ab14" is_pre_election: true
I20260710 13:17:00.604029  6585 tablet_service.cc:1917] Received RequestConsensusVote() RPC: tablet_id: "71b6e3c39b354d33bc3523198f7338f1" candidate_uuid: "0570cd055df548018fd3cb355c1e0ccf" candidate_term: 2 candidate_status { last_received { term: 0 index: 0 } } ignore_live_leader: false dest_uuid: "ee033a59f0a549df977ae70db2680df4" is_pre_election: true
I20260710 13:17:00.604460  6435 raft_consensus.cc:2468] T 71b6e3c39b354d33bc3523198f7338f1 P 8cc250361886450e9babc894fc91ab14 [term 1 FOLLOWER]: Leader pre-election vote request: Granting yes vote for candidate 0570cd055df548018fd3cb355c1e0ccf in term 1.
I20260710 13:17:00.604590  6585 raft_consensus.cc:2468] T 71b6e3c39b354d33bc3523198f7338f1 P ee033a59f0a549df977ae70db2680df4 [term 1 FOLLOWER]: Leader pre-election vote request: Granting yes vote for candidate 0570cd055df548018fd3cb355c1e0ccf in term 1.
I20260710 13:17:00.605625  6477 leader_election.cc:304] T 71b6e3c39b354d33bc3523198f7338f1 P 0570cd055df548018fd3cb355c1e0ccf [CANDIDATE]: Term 2 pre-election: Election decided. Result: candidate won. Election summary: received 2 responses out of 3 voters: 2 yes votes; 0 no votes. yes voters: 0570cd055df548018fd3cb355c1e0ccf, ee033a59f0a549df977ae70db2680df4; no voters: 
I20260710 13:17:00.606242  6691 raft_consensus.cc:2804] T 71b6e3c39b354d33bc3523198f7338f1 P 0570cd055df548018fd3cb355c1e0ccf [term 1 FOLLOWER]: Leader pre-election won for term 2
I20260710 13:17:00.606583  6691 raft_consensus.cc:493] T 71b6e3c39b354d33bc3523198f7338f1 P 0570cd055df548018fd3cb355c1e0ccf [term 1 FOLLOWER]: Starting leader election (no leader contacted us within the election timeout)
I20260710 13:17:00.606874  6691 raft_consensus.cc:3060] T 71b6e3c39b354d33bc3523198f7338f1 P 0570cd055df548018fd3cb355c1e0ccf [term 1 FOLLOWER]: Advancing to term 2
I20260710 13:17:00.611109  6691 raft_consensus.cc:515] T 71b6e3c39b354d33bc3523198f7338f1 P 0570cd055df548018fd3cb355c1e0ccf [term 2 FOLLOWER]: Starting leader election with config: opid_index: -1 OBSOLETE_local: false peers { permanent_uuid: "8cc250361886450e9babc894fc91ab14" member_type: VOTER last_known_addr { host: "127.5.172.1" port: 33773 } } peers { permanent_uuid: "0570cd055df548018fd3cb355c1e0ccf" member_type: VOTER last_known_addr { host: "127.5.172.2" port: 34229 } } peers { permanent_uuid: "ee033a59f0a549df977ae70db2680df4" member_type: VOTER last_known_addr { host: "127.5.172.3" port: 33075 } }
I20260710 13:17:00.612725  6691 leader_election.cc:290] T 71b6e3c39b354d33bc3523198f7338f1 P 0570cd055df548018fd3cb355c1e0ccf [CANDIDATE]: Term 2 election: Requested vote from peers 8cc250361886450e9babc894fc91ab14 (127.5.172.1:33773), ee033a59f0a549df977ae70db2680df4 (127.5.172.3:33075)
I20260710 13:17:00.613416  6435 tablet_service.cc:1917] Received RequestConsensusVote() RPC: tablet_id: "71b6e3c39b354d33bc3523198f7338f1" candidate_uuid: "0570cd055df548018fd3cb355c1e0ccf" candidate_term: 2 candidate_status { last_received { term: 0 index: 0 } } ignore_live_leader: false dest_uuid: "8cc250361886450e9babc894fc91ab14"
I20260710 13:17:00.613639  6585 tablet_service.cc:1917] Received RequestConsensusVote() RPC: tablet_id: "71b6e3c39b354d33bc3523198f7338f1" candidate_uuid: "0570cd055df548018fd3cb355c1e0ccf" candidate_term: 2 candidate_status { last_received { term: 0 index: 0 } } ignore_live_leader: false dest_uuid: "ee033a59f0a549df977ae70db2680df4"
I20260710 13:17:00.613888  6435 raft_consensus.cc:3060] T 71b6e3c39b354d33bc3523198f7338f1 P 8cc250361886450e9babc894fc91ab14 [term 1 FOLLOWER]: Advancing to term 2
I20260710 13:17:00.614205  6585 raft_consensus.cc:3060] T 71b6e3c39b354d33bc3523198f7338f1 P ee033a59f0a549df977ae70db2680df4 [term 1 FOLLOWER]: Advancing to term 2
I20260710 13:17:00.618048  6435 raft_consensus.cc:2468] T 71b6e3c39b354d33bc3523198f7338f1 P 8cc250361886450e9babc894fc91ab14 [term 2 FOLLOWER]: Leader election vote request: Granting yes vote for candidate 0570cd055df548018fd3cb355c1e0ccf in term 2.
I20260710 13:17:00.618162  6585 raft_consensus.cc:2468] T 71b6e3c39b354d33bc3523198f7338f1 P ee033a59f0a549df977ae70db2680df4 [term 2 FOLLOWER]: Leader election vote request: Granting yes vote for candidate 0570cd055df548018fd3cb355c1e0ccf in term 2.
I20260710 13:17:00.619043  6476 leader_election.cc:304] T 71b6e3c39b354d33bc3523198f7338f1 P 0570cd055df548018fd3cb355c1e0ccf [CANDIDATE]: Term 2 election: Election decided. Result: candidate won. Election summary: received 2 responses out of 3 voters: 2 yes votes; 0 no votes. yes voters: 0570cd055df548018fd3cb355c1e0ccf, 8cc250361886450e9babc894fc91ab14; no voters: 
I20260710 13:17:00.619650  6691 raft_consensus.cc:2804] T 71b6e3c39b354d33bc3523198f7338f1 P 0570cd055df548018fd3cb355c1e0ccf [term 2 FOLLOWER]: Leader election won for term 2
I20260710 13:17:00.620422  6691 raft_consensus.cc:697] T 71b6e3c39b354d33bc3523198f7338f1 P 0570cd055df548018fd3cb355c1e0ccf [term 2 LEADER]: Becoming Leader. State: Replica: 0570cd055df548018fd3cb355c1e0ccf, State: Running, Role: LEADER
I20260710 13:17:00.621438  6691 consensus_queue.cc:237] T 71b6e3c39b354d33bc3523198f7338f1 P 0570cd055df548018fd3cb355c1e0ccf [LEADER]: Queue going to LEADER mode. State: All replicated index: 0, Majority replicated index: 0, Committed index: 0, Last appended: 0.0, Last appended by leader: 0, Current term: 2, Majority size: 2, State: 0, Mode: LEADER, active raft config: opid_index: -1 OBSOLETE_local: false peers { permanent_uuid: "8cc250361886450e9babc894fc91ab14" member_type: VOTER last_known_addr { host: "127.5.172.1" port: 33773 } } peers { permanent_uuid: "0570cd055df548018fd3cb355c1e0ccf" member_type: VOTER last_known_addr { host: "127.5.172.2" port: 34229 } } peers { permanent_uuid: "ee033a59f0a549df977ae70db2680df4" member_type: VOTER last_known_addr { host: "127.5.172.3" port: 33075 } }
I20260710 13:17:00.629455  6334 catalog_manager.cc:5697] T 71b6e3c39b354d33bc3523198f7338f1 P 0570cd055df548018fd3cb355c1e0ccf reported cstate change: term changed from 0 to 2, leader changed from <none> to 0570cd055df548018fd3cb355c1e0ccf (127.5.172.2). New cstate: current_term: 2 leader_uuid: "0570cd055df548018fd3cb355c1e0ccf" committed_config { opid_index: -1 OBSOLETE_local: false peers { permanent_uuid: "8cc250361886450e9babc894fc91ab14" member_type: VOTER last_known_addr { host: "127.5.172.1" port: 33773 } health_report { overall_health: UNKNOWN } } peers { permanent_uuid: "0570cd055df548018fd3cb355c1e0ccf" member_type: VOTER last_known_addr { host: "127.5.172.2" port: 34229 } health_report { overall_health: HEALTHY } } peers { permanent_uuid: "ee033a59f0a549df977ae70db2680df4" member_type: VOTER last_known_addr { host: "127.5.172.3" port: 33075 } health_report { overall_health: UNKNOWN } } }
I20260710 13:17:00.820341  6585 tablet_service.cc:2072] Received LeaderStepDown RPC: tablet_id: "74a07895891e40cf8c157d9efa019202"
dest_uuid: "ee033a59f0a549df977ae70db2680df4"
mode: GRACEFUL
new_leader_uuid: "8cc250361886450e9babc894fc91ab14"
 from {username='slave'} at 127.0.0.1:34282
I20260710 13:17:00.820859  6585 raft_consensus.cc:606] T 74a07895891e40cf8c157d9efa019202 P ee033a59f0a549df977ae70db2680df4 [term 1 LEADER]: Received request to transfer leadership to TS 8cc250361886450e9babc894fc91ab14
I20260710 13:17:00.836054  6508 tablet_service.cc:2072] Received LeaderStepDown RPC: tablet_id: "71b6e3c39b354d33bc3523198f7338f1"
dest_uuid: "0570cd055df548018fd3cb355c1e0ccf"
mode: GRACEFUL
new_leader_uuid: "8cc250361886450e9babc894fc91ab14"
 from {username='slave'} at 127.0.0.1:55960
I20260710 13:17:00.836534  6508 raft_consensus.cc:606] T 71b6e3c39b354d33bc3523198f7338f1 P 0570cd055df548018fd3cb355c1e0ccf [term 2 LEADER]: Received request to transfer leadership to TS 8cc250361886450e9babc894fc91ab14
I20260710 13:17:00.853804  6435 tablet_service.cc:2072] Received LeaderStepDown RPC: tablet_id: "4870d23aa54d40ee9ea9061555c60760"
dest_uuid: "8cc250361886450e9babc894fc91ab14"
mode: GRACEFUL
new_leader_uuid: "0570cd055df548018fd3cb355c1e0ccf"
 from {username='slave'} at 127.0.0.1:36278
I20260710 13:17:00.854384  6435 raft_consensus.cc:606] T 4870d23aa54d40ee9ea9061555c60760 P 8cc250361886450e9babc894fc91ab14 [term 1 LEADER]: Received request to transfer leadership to TS 0570cd055df548018fd3cb355c1e0ccf
I20260710 13:17:00.858989  6585 tablet_service.cc:2072] Received LeaderStepDown RPC: tablet_id: "0174e420e4bc4d0994f65fd6ae5ab63a"
dest_uuid: "ee033a59f0a549df977ae70db2680df4"
mode: GRACEFUL
new_leader_uuid: "0570cd055df548018fd3cb355c1e0ccf"
 from {username='slave'} at 127.0.0.1:34282
I20260710 13:17:00.859385  6585 raft_consensus.cc:606] T 0174e420e4bc4d0994f65fd6ae5ab63a P ee033a59f0a549df977ae70db2680df4 [term 1 LEADER]: Received request to transfer leadership to TS 0570cd055df548018fd3cb355c1e0ccf
I20260710 13:17:00.863543  6585 tablet_service.cc:2072] Received LeaderStepDown RPC: tablet_id: "b2d2823240dc4f5b8af1cc8df93fe5cb"
dest_uuid: "ee033a59f0a549df977ae70db2680df4"
mode: GRACEFUL
new_leader_uuid: "0570cd055df548018fd3cb355c1e0ccf"
 from {username='slave'} at 127.0.0.1:34282
I20260710 13:17:00.863922  6585 raft_consensus.cc:606] T b2d2823240dc4f5b8af1cc8df93fe5cb P ee033a59f0a549df977ae70db2680df4 [term 1 LEADER]: Received request to transfer leadership to TS 0570cd055df548018fd3cb355c1e0ccf
I20260710 13:17:00.929929  6691 raft_consensus.cc:493] T 61ca5d16afe542bf8961ef74f171d529 P 0570cd055df548018fd3cb355c1e0ccf [term 1 FOLLOWER]: Starting pre-election (detected failure of leader ee033a59f0a549df977ae70db2680df4)
