I20260710 13:17:24.339152  6977 consensus_queue.cc:237] T 69dec5feaf9a4f27960151f0c7b8a397 P bd03975071324f238d88709cd4a44a8c [LEADER]: Queue going to LEADER mode. State: All replicated index: 0, Majority replicated index: 3, Committed index: 3, Last appended: 1.3, Last appended by leader: 0, Current term: 1, Majority size: 2, State: 0, Mode: LEADER, active raft config: opid_index: 4 OBSOLETE_local: false peers { permanent_uuid: "bd03975071324f238d88709cd4a44a8c" member_type: VOTER last_known_addr { host: "127.5.190.65" port: 39263 } } peers { permanent_uuid: "4ca78537f5c349bd9fef14e9995c50e2" member_type: VOTER last_known_addr { host: "127.5.190.66" port: 44211 } } peers { permanent_uuid: "47abdebbd8fd4c1297fffa175e3a5af9" member_type: VOTER last_known_addr { host: "127.5.190.68" port: 43991 } attrs { promote: false } }
I20260710 13:17:24.344820  6877 catalog_manager.cc:5697] T 77de285fdfed4096badb5c7fe733f60c P 47abdebbd8fd4c1297fffa175e3a5af9 reported cstate change: config changed from index 2 to 3, 47abdebbd8fd4c1297fffa175e3a5af9 (127.5.190.68) changed from NON_VOTER to VOTER. New cstate: current_term: 1 leader_uuid: "4ca78537f5c349bd9fef14e9995c50e2" committed_config { opid_index: 3 OBSOLETE_local: false peers { permanent_uuid: "bd03975071324f238d88709cd4a44a8c" member_type: VOTER last_known_addr { host: "127.5.190.65" port: 39263 } attrs { replace: true } } peers { permanent_uuid: "4ca78537f5c349bd9fef14e9995c50e2" member_type: VOTER last_known_addr { host: "127.5.190.66" port: 44211 } } peers { permanent_uuid: "400aba1667f04c918de07d2b6e999cb4" member_type: VOTER last_known_addr { host: "127.5.190.67" port: 35971 } } peers { permanent_uuid: "47abdebbd8fd4c1297fffa175e3a5af9" member_type: VOTER last_known_addr { host: "127.5.190.68" port: 43991 } attrs { promote: false } } }
I20260710 13:17:24.349265  7417 raft_consensus.cc:1275] T 69dec5feaf9a4f27960151f0c7b8a397 P 47abdebbd8fd4c1297fffa175e3a5af9 [term 1 FOLLOWER]: Refusing update from remote peer bd03975071324f238d88709cd4a44a8c: Log matching property violated. Preceding OpId in replica: term: 1 index: 3. Preceding OpId from leader: term: 1 index: 4. (index mismatch)
I20260710 13:17:24.351086  7737 consensus_queue.cc:1048] T 69dec5feaf9a4f27960151f0c7b8a397 P bd03975071324f238d88709cd4a44a8c [LEADER]: Connected to new peer: Peer: permanent_uuid: "47abdebbd8fd4c1297fffa175e3a5af9" member_type: VOTER last_known_addr { host: "127.5.190.68" port: 43991 } attrs { promote: false }, Status: LMP_MISMATCH, Last received: 0.0, Next index: 4, Last known committed idx: 3, Time since last communication: 0.000s
I20260710 13:17:24.359601  7722 raft_consensus.cc:2955] T 69dec5feaf9a4f27960151f0c7b8a397 P bd03975071324f238d88709cd4a44a8c [term 1 LEADER]: Committing config change with OpId 1.4: config changed from index 3 to 4, VOTER 400aba1667f04c918de07d2b6e999cb4 (127.5.190.67) evicted. New config: { opid_index: 4 OBSOLETE_local: false peers { permanent_uuid: "bd03975071324f238d88709cd4a44a8c" member_type: VOTER last_known_addr { host: "127.5.190.65" port: 39263 } } peers { permanent_uuid: "4ca78537f5c349bd9fef14e9995c50e2" member_type: VOTER last_known_addr { host: "127.5.190.66" port: 44211 } } peers { permanent_uuid: "47abdebbd8fd4c1297fffa175e3a5af9" member_type: VOTER last_known_addr { host: "127.5.190.68" port: 43991 } attrs { promote: false } } }
I20260710 13:17:24.366339  7417 raft_consensus.cc:2955] T 69dec5feaf9a4f27960151f0c7b8a397 P 47abdebbd8fd4c1297fffa175e3a5af9 [term 1 FOLLOWER]: Committing config change with OpId 1.4: config changed from index 3 to 4, VOTER 400aba1667f04c918de07d2b6e999cb4 (127.5.190.67) evicted. New config: { opid_index: 4 OBSOLETE_local: false peers { permanent_uuid: "bd03975071324f238d88709cd4a44a8c" member_type: VOTER last_known_addr { host: "127.5.190.65" port: 39263 } } peers { permanent_uuid: "4ca78537f5c349bd9fef14e9995c50e2" member_type: VOTER last_known_addr { host: "127.5.190.66" port: 44211 } } peers { permanent_uuid: "47abdebbd8fd4c1297fffa175e3a5af9" member_type: VOTER last_known_addr { host: "127.5.190.68" port: 43991 } attrs { promote: false } } }
I20260710 13:17:24.373383  7055 raft_consensus.cc:1275] T 69dec5feaf9a4f27960151f0c7b8a397 P 4ca78537f5c349bd9fef14e9995c50e2 [term 1 FOLLOWER]: Refusing update from remote peer bd03975071324f238d88709cd4a44a8c: Log matching property violated. Preceding OpId in replica: term: 1 index: 3. Preceding OpId from leader: term: 1 index: 4. (index mismatch)
I20260710 13:17:24.375530  6864 catalog_manager.cc:5210] ChangeConfig:REMOVE_PEER RPC for tablet 69dec5feaf9a4f27960151f0c7b8a397 with cas_config_opid_index 3: ChangeConfig:REMOVE_PEER succeeded (attempt 1)
I20260710 13:17:24.384503  7055 consensus_queue.cc:237] T 77de285fdfed4096badb5c7fe733f60c P 4ca78537f5c349bd9fef14e9995c50e2 [LEADER]: Queue going to LEADER mode. State: All replicated index: 0, Majority replicated index: 3, Committed index: 3, Last appended: 1.3, Last appended by leader: 0, Current term: 1, Majority size: 2, State: 0, Mode: LEADER, active raft config: opid_index: 4 OBSOLETE_local: false peers { permanent_uuid: "4ca78537f5c349bd9fef14e9995c50e2" member_type: VOTER last_known_addr { host: "127.5.190.66" port: 44211 } } peers { permanent_uuid: "400aba1667f04c918de07d2b6e999cb4" member_type: VOTER last_known_addr { host: "127.5.190.67" port: 35971 } } peers { permanent_uuid: "47abdebbd8fd4c1297fffa175e3a5af9" member_type: VOTER last_known_addr { host: "127.5.190.68" port: 43991 } attrs { promote: false } }
I20260710 13:17:24.385311  6878 catalog_manager.cc:5697] T 69dec5feaf9a4f27960151f0c7b8a397 P bd03975071324f238d88709cd4a44a8c reported cstate change: config changed from index 3 to 4, VOTER 400aba1667f04c918de07d2b6e999cb4 (127.5.190.67) evicted. New cstate: current_term: 1 leader_uuid: "bd03975071324f238d88709cd4a44a8c" committed_config { opid_index: 4 OBSOLETE_local: false peers { permanent_uuid: "bd03975071324f238d88709cd4a44a8c" member_type: VOTER last_known_addr { host: "127.5.190.65" port: 39263 } health_report { overall_health: HEALTHY } } peers { permanent_uuid: "4ca78537f5c349bd9fef14e9995c50e2" member_type: VOTER last_known_addr { host: "127.5.190.66" port: 44211 } health_report { overall_health: UNKNOWN } } peers { permanent_uuid: "47abdebbd8fd4c1297fffa175e3a5af9" member_type: VOTER last_known_addr { host: "127.5.190.68" port: 43991 } attrs { promote: false } health_report { overall_health: HEALTHY } } }
I20260710 13:17:24.390888  7417 raft_consensus.cc:1275] T 77de285fdfed4096badb5c7fe733f60c P 47abdebbd8fd4c1297fffa175e3a5af9 [term 1 FOLLOWER]: Refusing update from remote peer 4ca78537f5c349bd9fef14e9995c50e2: Log matching property violated. Preceding OpId in replica: term: 1 index: 3. Preceding OpId from leader: term: 1 index: 4. (index mismatch)
I20260710 13:17:24.393528  7128 raft_consensus.cc:1275] T 77de285fdfed4096badb5c7fe733f60c P 400aba1667f04c918de07d2b6e999cb4 [term 1 FOLLOWER]: Refusing update from remote peer 4ca78537f5c349bd9fef14e9995c50e2: Log matching property violated. Preceding OpId in replica: term: 1 index: 3. Preceding OpId from leader: term: 1 index: 4. (index mismatch)
I20260710 13:17:24.396339  7750 consensus_queue.cc:1048] T 77de285fdfed4096badb5c7fe733f60c P 4ca78537f5c349bd9fef14e9995c50e2 [LEADER]: Connected to new peer: Peer: permanent_uuid: "400aba1667f04c918de07d2b6e999cb4" member_type: VOTER last_known_addr { host: "127.5.190.67" port: 35971 }, Status: LMP_MISMATCH, Last received: 0.0, Next index: 4, Last known committed idx: 3, Time since last communication: 0.000s
I20260710 13:17:24.397673  7756 consensus_queue.cc:1048] T 69dec5feaf9a4f27960151f0c7b8a397 P bd03975071324f238d88709cd4a44a8c [LEADER]: Connected to new peer: Peer: permanent_uuid: "4ca78537f5c349bd9fef14e9995c50e2" member_type: VOTER last_known_addr { host: "127.5.190.66" port: 44211 }, Status: LMP_MISMATCH, Last received: 0.0, Next index: 4, Last known committed idx: 3, Time since last communication: 0.001s
I20260710 13:17:24.406258  7119 tablet_service.cc:1558] Processing DeleteTablet for tablet 69dec5feaf9a4f27960151f0c7b8a397 with delete_type TABLET_DATA_TOMBSTONED (TS 400aba1667f04c918de07d2b6e999cb4 not found in new config with opid_index 4) from {username='slave'} at 127.0.0.1:39524
I20260710 13:17:24.412774  7730 raft_consensus.cc:2955] T 77de285fdfed4096badb5c7fe733f60c P 4ca78537f5c349bd9fef14e9995c50e2 [term 1 LEADER]: Committing config change with OpId 1.4: config changed from index 3 to 4, VOTER bd03975071324f238d88709cd4a44a8c (127.5.190.65) evicted. New config: { opid_index: 4 OBSOLETE_local: false peers { permanent_uuid: "4ca78537f5c349bd9fef14e9995c50e2" member_type: VOTER last_known_addr { host: "127.5.190.66" port: 44211 } } peers { permanent_uuid: "400aba1667f04c918de07d2b6e999cb4" member_type: VOTER last_known_addr { host: "127.5.190.67" port: 35971 } } peers { permanent_uuid: "47abdebbd8fd4c1297fffa175e3a5af9" member_type: VOTER last_known_addr { host: "127.5.190.68" port: 43991 } attrs { promote: false } } }
I20260710 13:17:24.415966  7128 raft_consensus.cc:2955] T 77de285fdfed4096badb5c7fe733f60c P 400aba1667f04c918de07d2b6e999cb4 [term 1 FOLLOWER]: Committing config change with OpId 1.4: config changed from index 3 to 4, VOTER bd03975071324f238d88709cd4a44a8c (127.5.190.65) evicted. New config: { opid_index: 4 OBSOLETE_local: false peers { permanent_uuid: "4ca78537f5c349bd9fef14e9995c50e2" member_type: VOTER last_known_addr { host: "127.5.190.66" port: 44211 } } peers { permanent_uuid: "400aba1667f04c918de07d2b6e999cb4" member_type: VOTER last_known_addr { host: "127.5.190.67" port: 35971 } } peers { permanent_uuid: "47abdebbd8fd4c1297fffa175e3a5af9" member_type: VOTER last_known_addr { host: "127.5.190.68" port: 43991 } attrs { promote: false } } }
I20260710 13:17:24.424252  7750 consensus_queue.cc:1048] T 77de285fdfed4096badb5c7fe733f60c P 4ca78537f5c349bd9fef14e9995c50e2 [LEADER]: Connected to new peer: Peer: permanent_uuid: "47abdebbd8fd4c1297fffa175e3a5af9" member_type: VOTER last_known_addr { host: "127.5.190.68" port: 43991 } attrs { promote: false }, Status: LMP_MISMATCH, Last received: 0.0, Next index: 4, Last known committed idx: 3, Time since last communication: 0.000s
I20260710 13:17:24.428895  7414 raft_consensus.cc:2955] T 77de285fdfed4096badb5c7fe733f60c P 47abdebbd8fd4c1297fffa175e3a5af9 [term 1 FOLLOWER]: Committing config change with OpId 1.4: config changed from index 3 to 4, VOTER bd03975071324f238d88709cd4a44a8c (127.5.190.65) evicted. New config: { opid_index: 4 OBSOLETE_local: false peers { permanent_uuid: "4ca78537f5c349bd9fef14e9995c50e2" member_type: VOTER last_known_addr { host: "127.5.190.66" port: 44211 } } peers { permanent_uuid: "400aba1667f04c918de07d2b6e999cb4" member_type: VOTER last_known_addr { host: "127.5.190.67" port: 35971 } } peers { permanent_uuid: "47abdebbd8fd4c1297fffa175e3a5af9" member_type: VOTER last_known_addr { host: "127.5.190.68" port: 43991 } attrs { promote: false } } }
I20260710 13:17:24.439996  7055 raft_consensus.cc:2955] T 69dec5feaf9a4f27960151f0c7b8a397 P 4ca78537f5c349bd9fef14e9995c50e2 [term 1 FOLLOWER]: Committing config change with OpId 1.4: config changed from index 3 to 4, VOTER 400aba1667f04c918de07d2b6e999cb4 (127.5.190.67) evicted. New config: { opid_index: 4 OBSOLETE_local: false peers { permanent_uuid: "bd03975071324f238d88709cd4a44a8c" member_type: VOTER last_known_addr { host: "127.5.190.65" port: 39263 } } peers { permanent_uuid: "4ca78537f5c349bd9fef14e9995c50e2" member_type: VOTER last_known_addr { host: "127.5.190.66" port: 44211 } } peers { permanent_uuid: "47abdebbd8fd4c1297fffa175e3a5af9" member_type: VOTER last_known_addr { host: "127.5.190.68" port: 43991 } attrs { promote: false } } }
I20260710 13:17:24.439975  6865 catalog_manager.cc:5210] ChangeConfig:REMOVE_PEER RPC for tablet 77de285fdfed4096badb5c7fe733f60c with cas_config_opid_index 3: ChangeConfig:REMOVE_PEER succeeded (attempt 1)
I20260710 13:17:24.446580  6878 catalog_manager.cc:5697] T 77de285fdfed4096badb5c7fe733f60c P 4ca78537f5c349bd9fef14e9995c50e2 reported cstate change: config changed from index 3 to 4, VOTER bd03975071324f238d88709cd4a44a8c (127.5.190.65) evicted. New cstate: current_term: 1 leader_uuid: "4ca78537f5c349bd9fef14e9995c50e2" committed_config { opid_index: 4 OBSOLETE_local: false peers { permanent_uuid: "4ca78537f5c349bd9fef14e9995c50e2" member_type: VOTER last_known_addr { host: "127.5.190.66" port: 44211 } health_report { overall_health: HEALTHY } } peers { permanent_uuid: "400aba1667f04c918de07d2b6e999cb4" member_type: VOTER last_known_addr { host: "127.5.190.67" port: 35971 } health_report { overall_health: HEALTHY } } peers { permanent_uuid: "47abdebbd8fd4c1297fffa175e3a5af9" member_type: VOTER last_known_addr { host: "127.5.190.68" port: 43991 } attrs { promote: false } health_report { overall_health: UNKNOWN } } }
I20260710 13:17:24.460111  7765 tablet_replica.cc:333] T 69dec5feaf9a4f27960151f0c7b8a397 P 400aba1667f04c918de07d2b6e999cb4: stopping tablet replica
I20260710 13:17:24.473196  7765 raft_consensus.cc:2243] T 69dec5feaf9a4f27960151f0c7b8a397 P 400aba1667f04c918de07d2b6e999cb4 [term 1 FOLLOWER]: Raft consensus shutting down.
I20260710 13:17:24.473922  7765 raft_consensus.cc:2272] T 69dec5feaf9a4f27960151f0c7b8a397 P 400aba1667f04c918de07d2b6e999cb4 [term 1 FOLLOWER]: Raft consensus is shut down!
I20260710 13:17:24.479146  7765 ts_tablet_manager.cc:1916] T 69dec5feaf9a4f27960151f0c7b8a397 P 400aba1667f04c918de07d2b6e999cb4: Deleting tablet data with delete state TABLET_DATA_TOMBSTONED
I20260710 13:17:24.483228  6971 tablet_service.cc:1558] Processing DeleteTablet for tablet 77de285fdfed4096badb5c7fe733f60c with delete_type TABLET_DATA_TOMBSTONED (TS bd03975071324f238d88709cd4a44a8c not found in new config with opid_index 4) from {username='slave'} at 127.0.0.1:42310
I20260710 13:17:24.497555  7766 tablet_replica.cc:333] T 77de285fdfed4096badb5c7fe733f60c P bd03975071324f238d88709cd4a44a8c: stopping tablet replica
I20260710 13:17:24.498472  7766 raft_consensus.cc:2243] T 77de285fdfed4096badb5c7fe733f60c P bd03975071324f238d88709cd4a44a8c [term 1 FOLLOWER]: Raft consensus shutting down.
I20260710 13:17:24.499002  7765 ts_tablet_manager.cc:1929] T 69dec5feaf9a4f27960151f0c7b8a397 P 400aba1667f04c918de07d2b6e999cb4: tablet deleted with delete type TABLET_DATA_TOMBSTONED: last-logged OpId 1.3
I20260710 13:17:24.499303  7766 raft_consensus.cc:2272] T 77de285fdfed4096badb5c7fe733f60c P bd03975071324f238d88709cd4a44a8c [term 1 FOLLOWER]: Raft consensus is shut down!
I20260710 13:17:24.499607  7765 log.cc:1199] T 69dec5feaf9a4f27960151f0c7b8a397 P 400aba1667f04c918de07d2b6e999cb4: Deleting WAL directory at /tmp/dist-test-taskHTjBnI/test-tmp/auto_leader_rebalancer-test.0.LeaderRebalancerTest.AddTserver.1783689401342865-5881-0/minicluster-data/ts-2-root/wals/69dec5feaf9a4f27960151f0c7b8a397
I20260710 13:17:24.502030  6863 catalog_manager.cc:5028] TS 400aba1667f04c918de07d2b6e999cb4 (127.5.190.67:35971): tablet 69dec5feaf9a4f27960151f0c7b8a397 (table test-workload [id=adb1bfc7999f4d22804f587a79f6ee18]) successfully deleted
I20260710 13:17:24.502530  7766 ts_tablet_manager.cc:1916] T 77de285fdfed4096badb5c7fe733f60c P bd03975071324f238d88709cd4a44a8c: Deleting tablet data with delete state TABLET_DATA_TOMBSTONED
I20260710 13:17:24.512904  7766 ts_tablet_manager.cc:1929] T 77de285fdfed4096badb5c7fe733f60c P bd03975071324f238d88709cd4a44a8c: tablet deleted with delete type TABLET_DATA_TOMBSTONED: last-logged OpId 1.3
I20260710 13:17:24.513257  7766 log.cc:1199] T 77de285fdfed4096badb5c7fe733f60c P bd03975071324f238d88709cd4a44a8c: Deleting WAL directory at /tmp/dist-test-taskHTjBnI/test-tmp/auto_leader_rebalancer-test.0.LeaderRebalancerTest.AddTserver.1783689401342865-5881-0/minicluster-data/ts-0-root/wals/77de285fdfed4096badb5c7fe733f60c
I20260710 13:17:24.514823  6864 catalog_manager.cc:5028] TS bd03975071324f238d88709cd4a44a8c (127.5.190.65:39263): tablet 77de285fdfed4096badb5c7fe733f60c (table test-workload [id=adb1bfc7999f4d22804f587a79f6ee18]) successfully deleted
I20260710 13:17:28.490144  5881 auto_leader_rebalancer.cc:141] leader rebalance for table test-workload
I20260710 13:17:28.519526  7055 tablet_service.cc:2072] Received LeaderStepDown RPC: tablet_id: "0da00fe175d94adfb7876b23d1e6c312"
dest_uuid: "4ca78537f5c349bd9fef14e9995c50e2"
mode: GRACEFUL
new_leader_uuid: "400aba1667f04c918de07d2b6e999cb4"
 from {username='slave'} at 127.0.0.1:49786
I20260710 13:17:28.520157  7055 raft_consensus.cc:606] T 0da00fe175d94adfb7876b23d1e6c312 P 4ca78537f5c349bd9fef14e9995c50e2 [term 1 LEADER]: Received request to transfer leadership to TS 400aba1667f04c918de07d2b6e999cb4
I20260710 13:17:28.522653  7055 tablet_service.cc:2072] Received LeaderStepDown RPC: tablet_id: "65a57b6af20741a5987f49e47e229748"
dest_uuid: "4ca78537f5c349bd9fef14e9995c50e2"
mode: GRACEFUL
new_leader_uuid: "400aba1667f04c918de07d2b6e999cb4"
 from {username='slave'} at 127.0.0.1:49786
I20260710 13:17:28.523165  7055 raft_consensus.cc:606] T 65a57b6af20741a5987f49e47e229748 P 4ca78537f5c349bd9fef14e9995c50e2 [term 1 LEADER]: Received request to transfer leadership to TS 400aba1667f04c918de07d2b6e999cb4
I20260710 13:17:28.533681  6981 tablet_service.cc:2072] Received LeaderStepDown RPC: tablet_id: "6af783a6fa48473787779c428c4eb53b"
dest_uuid: "bd03975071324f238d88709cd4a44a8c"
mode: GRACEFUL
new_leader_uuid: "47abdebbd8fd4c1297fffa175e3a5af9"
 from {username='slave'} at 127.0.0.1:43786
I20260710 13:17:28.534180  6981 raft_consensus.cc:606] T 6af783a6fa48473787779c428c4eb53b P bd03975071324f238d88709cd4a44a8c [term 1 LEADER]: Received request to transfer leadership to TS 47abdebbd8fd4c1297fffa175e3a5af9
I20260710 13:17:28.536561  6981 tablet_service.cc:2072] Received LeaderStepDown RPC: tablet_id: "709728a9cdd14bcbbc32793d41c4bddb"
dest_uuid: "bd03975071324f238d88709cd4a44a8c"
mode: GRACEFUL
new_leader_uuid: "47abdebbd8fd4c1297fffa175e3a5af9"
 from {username='slave'} at 127.0.0.1:43786
I20260710 13:17:28.537046  6981 raft_consensus.cc:606] T 709728a9cdd14bcbbc32793d41c4bddb P bd03975071324f238d88709cd4a44a8c [term 1 LEADER]: Received request to transfer leadership to TS 47abdebbd8fd4c1297fffa175e3a5af9
I20260710 13:17:28.539359  6981 tablet_service.cc:2072] Received LeaderStepDown RPC: tablet_id: "a5f3705bf4924fc397bd7e8c4d63c7ec"
dest_uuid: "bd03975071324f238d88709cd4a44a8c"
mode: GRACEFUL
new_leader_uuid: "47abdebbd8fd4c1297fffa175e3a5af9"
 from {username='slave'} at 127.0.0.1:43786
I20260710 13:17:28.539809  6981 raft_consensus.cc:606] T a5f3705bf4924fc397bd7e8c4d63c7ec P bd03975071324f238d88709cd4a44a8c [term 1 LEADER]: Received request to transfer leadership to TS 47abdebbd8fd4c1297fffa175e3a5af9
I20260710 13:17:28.540825  5881 auto_leader_rebalancer.cc:479] table: test-workload, leader rebalance finish, leader transfer count: 5
I20260710 13:17:28.541702  5881 auto_leader_rebalancer.cc:554] All tables' leader rebalancing finished this round
I20260710 13:17:28.545850  7751 raft_consensus.cc:993] T 0da00fe175d94adfb7876b23d1e6c312 P 4ca78537f5c349bd9fef14e9995c50e2: : Instructing follower 400aba1667f04c918de07d2b6e999cb4 to start an election
I20260710 13:17:28.546299  7769 raft_consensus.cc:1081] T 0da00fe175d94adfb7876b23d1e6c312 P 4ca78537f5c349bd9fef14e9995c50e2 [term 1 LEADER]: Signalling peer 400aba1667f04c918de07d2b6e999cb4 to start an election
I20260710 13:17:28.547861  7124 tablet_service.cc:2044] Received Run Leader Election RPC: tablet_id: "0da00fe175d94adfb7876b23d1e6c312"
dest_uuid: "400aba1667f04c918de07d2b6e999cb4"
 from {username='slave'} at 127.0.0.1:39540
I20260710 13:17:28.548250  7124 raft_consensus.cc:493] T 0da00fe175d94adfb7876b23d1e6c312 P 400aba1667f04c918de07d2b6e999cb4 [term 1 FOLLOWER]: Starting forced leader election (received explicit request)
I20260710 13:17:28.548460  7124 raft_consensus.cc:3060] T 0da00fe175d94adfb7876b23d1e6c312 P 400aba1667f04c918de07d2b6e999cb4 [term 1 FOLLOWER]: Advancing to term 2
I20260710 13:17:28.554970  7124 raft_consensus.cc:515] T 0da00fe175d94adfb7876b23d1e6c312 P 400aba1667f04c918de07d2b6e999cb4 [term 2 FOLLOWER]: Starting forced leader election with config: opid_index: -1 OBSOLETE_local: false peers { permanent_uuid: "bd03975071324f238d88709cd4a44a8c" member_type: VOTER last_known_addr { host: "127.5.190.65" port: 39263 } } peers { permanent_uuid: "4ca78537f5c349bd9fef14e9995c50e2" member_type: VOTER last_known_addr { host: "127.5.190.66" port: 44211 } } peers { permanent_uuid: "400aba1667f04c918de07d2b6e999cb4" member_type: VOTER last_known_addr { host: "127.5.190.67" port: 35971 } }
I20260710 13:17:28.558807  6981 tablet_service.cc:1917] Received RequestConsensusVote() RPC: tablet_id: "0da00fe175d94adfb7876b23d1e6c312" candidate_uuid: "400aba1667f04c918de07d2b6e999cb4" candidate_term: 2 candidate_status { last_received { term: 1 index: 1 } } ignore_live_leader: true dest_uuid: "bd03975071324f238d88709cd4a44a8c"
I20260710 13:17:28.559478  6981 raft_consensus.cc:3060] T 0da00fe175d94adfb7876b23d1e6c312 P bd03975071324f238d88709cd4a44a8c [term 1 FOLLOWER]: Advancing to term 2
I20260710 13:17:28.560138  7756 raft_consensus.cc:993] T 709728a9cdd14bcbbc32793d41c4bddb P bd03975071324f238d88709cd4a44a8c: : Instructing follower 47abdebbd8fd4c1297fffa175e3a5af9 to start an election
I20260710 13:17:28.560524  7055 tablet_service.cc:1917] Received RequestConsensusVote() RPC: tablet_id: "0da00fe175d94adfb7876b23d1e6c312" candidate_uuid: "400aba1667f04c918de07d2b6e999cb4" candidate_term: 2 candidate_status { last_received { term: 1 index: 1 } } ignore_live_leader: true dest_uuid: "4ca78537f5c349bd9fef14e9995c50e2"
I20260710 13:17:28.560977  7756 raft_consensus.cc:1081] T 709728a9cdd14bcbbc32793d41c4bddb P bd03975071324f238d88709cd4a44a8c [term 1 LEADER]: Signalling peer 47abdebbd8fd4c1297fffa175e3a5af9 to start an election
I20260710 13:17:28.561305  7055 raft_consensus.cc:3055] T 0da00fe175d94adfb7876b23d1e6c312 P 4ca78537f5c349bd9fef14e9995c50e2 [term 1 LEADER]: Stepping down as leader of term 1
I20260710 13:17:28.562022  7055 raft_consensus.cc:740] T 0da00fe175d94adfb7876b23d1e6c312 P 4ca78537f5c349bd9fef14e9995c50e2 [term 1 LEADER]: Becoming Follower/Learner. State: Replica: 4ca78537f5c349bd9fef14e9995c50e2, State: Running, Role: LEADER
I20260710 13:17:28.562484  7417 tablet_service.cc:2044] Received Run Leader Election RPC: tablet_id: "709728a9cdd14bcbbc32793d41c4bddb"
dest_uuid: "47abdebbd8fd4c1297fffa175e3a5af9"
 from {username='slave'} at 127.0.0.1:46164
I20260710 13:17:28.562981  7417 raft_consensus.cc:493] T 709728a9cdd14bcbbc32793d41c4bddb P 47abdebbd8fd4c1297fffa175e3a5af9 [term 1 FOLLOWER]: Starting forced leader election (received explicit request)
I20260710 13:17:28.562857  7055 consensus_queue.cc:260] T 0da00fe175d94adfb7876b23d1e6c312 P 4ca78537f5c349bd9fef14e9995c50e2 [NON_LEADER]: Queue going to NON_LEADER mode. State: All replicated index: 0, Majority replicated index: 1, Committed index: 1, Last appended: 1.1, Last appended by leader: 1, Current term: 1, Majority size: -1, State: 0, Mode: NON_LEADER, active raft config: opid_index: -1 OBSOLETE_local: false peers { permanent_uuid: "bd03975071324f238d88709cd4a44a8c" member_type: VOTER last_known_addr { host: "127.5.190.65" port: 39263 } } peers { permanent_uuid: "4ca78537f5c349bd9fef14e9995c50e2" member_type: VOTER last_known_addr { host: "127.5.190.66" port: 44211 } } peers { permanent_uuid: "400aba1667f04c918de07d2b6e999cb4" member_type: VOTER last_known_addr { host: "127.5.190.67" port: 35971 } }
I20260710 13:17:28.563339  7417 raft_consensus.cc:3060] T 709728a9cdd14bcbbc32793d41c4bddb P 47abdebbd8fd4c1297fffa175e3a5af9 [term 1 FOLLOWER]: Advancing to term 2
I20260710 13:17:28.563889  7055 raft_consensus.cc:3060] T 0da00fe175d94adfb7876b23d1e6c312 P 4ca78537f5c349bd9fef14e9995c50e2 [term 1 FOLLOWER]: Advancing to term 2
I20260710 13:17:28.566653  6981 raft_consensus.cc:2468] T 0da00fe175d94adfb7876b23d1e6c312 P bd03975071324f238d88709cd4a44a8c [term 2 FOLLOWER]: Leader election vote request: Granting yes vote for candidate 400aba1667f04c918de07d2b6e999cb4 in term 2.
I20260710 13:17:28.568074  7094 leader_election.cc:304] T 0da00fe175d94adfb7876b23d1e6c312 P 400aba1667f04c918de07d2b6e999cb4 [CANDIDATE]: Term 2 election: Election decided. Result: candidate won. Election summary: received 2 responses out of 3 voters: 2 yes votes; 0 no votes. yes voters: 400aba1667f04c918de07d2b6e999cb4, bd03975071324f238d88709cd4a44a8c; no voters: 
I20260710 13:17:28.568879  7767 raft_consensus.cc:2804] T 0da00fe175d94adfb7876b23d1e6c312 P 400aba1667f04c918de07d2b6e999cb4 [term 2 FOLLOWER]: Leader election won for term 2
I20260710 13:17:28.569123  7124 leader_election.cc:290] T 0da00fe175d94adfb7876b23d1e6c312 P 400aba1667f04c918de07d2b6e999cb4 [CANDIDATE]: Term 2 election: Requested vote from peers bd03975071324f238d88709cd4a44a8c (127.5.190.65:39263), 4ca78537f5c349bd9fef14e9995c50e2 (127.5.190.66:44211)
I20260710 13:17:28.569912  7417 raft_consensus.cc:515] T 709728a9cdd14bcbbc32793d41c4bddb P 47abdebbd8fd4c1297fffa175e3a5af9 [term 2 FOLLOWER]: Starting forced leader election with config: opid_index: 4 OBSOLETE_local: false peers { permanent_uuid: "bd03975071324f238d88709cd4a44a8c" member_type: VOTER last_known_addr { host: "127.5.190.65" port: 39263 } } peers { permanent_uuid: "400aba1667f04c918de07d2b6e999cb4" member_type: VOTER last_known_addr { host: "127.5.190.67" port: 35971 } } peers { permanent_uuid: "47abdebbd8fd4c1297fffa175e3a5af9" member_type: VOTER last_known_addr { host: "127.5.190.68" port: 43991 } attrs { promote: false } }
I20260710 13:17:28.573525  6977 tablet_service.cc:1917] Received RequestConsensusVote() RPC: tablet_id: "709728a9cdd14bcbbc32793d41c4bddb" candidate_uuid: "47abdebbd8fd4c1297fffa175e3a5af9" candidate_term: 2 candidate_status { last_received { term: 1 index: 4 } } ignore_live_leader: true dest_uuid: "bd03975071324f238d88709cd4a44a8c"
I20260710 13:17:28.574083  6977 raft_consensus.cc:3055] T 709728a9cdd14bcbbc32793d41c4bddb P bd03975071324f238d88709cd4a44a8c [term 1 LEADER]: Stepping down as leader of term 1
I20260710 13:17:28.574379  7128 tablet_service.cc:1917] Received RequestConsensusVote() RPC: tablet_id: "709728a9cdd14bcbbc32793d41c4bddb" candidate_uuid: "47abdebbd8fd4c1297fffa175e3a5af9" candidate_term: 2 candidate_status { last_received { term: 1 index: 4 } } ignore_live_leader: true dest_uuid: "400aba1667f04c918de07d2b6e999cb4"
I20260710 13:17:28.574929  7128 raft_consensus.cc:3060] T 709728a9cdd14bcbbc32793d41c4bddb P 400aba1667f04c918de07d2b6e999cb4 [term 1 FOLLOWER]: Advancing to term 2
I20260710 13:17:28.576365  7055 raft_consensus.cc:2468] T 0da00fe175d94adfb7876b23d1e6c312 P 4ca78537f5c349bd9fef14e9995c50e2 [term 2 FOLLOWER]: Leader election vote request: Granting yes vote for candidate 400aba1667f04c918de07d2b6e999cb4 in term 2.
I20260710 13:17:28.574384  6977 raft_consensus.cc:740] T 709728a9cdd14bcbbc32793d41c4bddb P bd03975071324f238d88709cd4a44a8c [term 1 LEADER]: Becoming Follower/Learner. State: Replica: bd03975071324f238d88709cd4a44a8c, State: Running, Role: LEADER
I20260710 13:17:28.578781  7767 raft_consensus.cc:697] T 0da00fe175d94adfb7876b23d1e6c312 P 400aba1667f04c918de07d2b6e999cb4 [term 2 LEADER]: Becoming Leader. State: Replica: 400aba1667f04c918de07d2b6e999cb4, State: Running, Role: LEADER
I20260710 13:17:28.579757  6977 consensus_queue.cc:260] T 709728a9cdd14bcbbc32793d41c4bddb P bd03975071324f238d88709cd4a44a8c [NON_LEADER]: Queue going to NON_LEADER mode. State: All replicated index: 0, Majority replicated index: 4, Committed index: 4, Last appended: 1.4, Last appended by leader: 4, Current term: 1, Majority size: -1, State: 0, Mode: NON_LEADER, active raft config: opid_index: 4 OBSOLETE_local: false peers { permanent_uuid: "bd03975071324f238d88709cd4a44a8c" member_type: VOTER last_known_addr { host: "127.5.190.65" port: 39263 } } peers { permanent_uuid: "400aba1667f04c918de07d2b6e999cb4" member_type: VOTER last_known_addr { host: "127.5.190.67" port: 35971 } } peers { permanent_uuid: "47abdebbd8fd4c1297fffa175e3a5af9" member_type: VOTER last_known_addr { host: "127.5.190.68" port: 43991 } attrs { promote: false } }
I20260710 13:17:28.580856  6977 raft_consensus.cc:3060] T 709728a9cdd14bcbbc32793d41c4bddb P bd03975071324f238d88709cd4a44a8c [term 1 FOLLOWER]: Advancing to term 2
I20260710 13:17:28.580472  7767 consensus_queue.cc:237] T 0da00fe175d94adfb7876b23d1e6c312 P 400aba1667f04c918de07d2b6e999cb4 [LEADER]: Queue going to LEADER mode. State: All replicated index: 0, Majority replicated index: 1, Committed index: 1, Last appended: 1.1, Last appended by leader: 1, Current term: 2, Majority size: 2, State: 0, Mode: LEADER, active raft config: opid_index: -1 OBSOLETE_local: false peers { permanent_uuid: "bd03975071324f238d88709cd4a44a8c" member_type: VOTER last_known_addr { host: "127.5.190.65" port: 39263 } } peers { permanent_uuid: "4ca78537f5c349bd9fef14e9995c50e2" member_type: VOTER last_known_addr { host: "127.5.190.66" port: 44211 } } peers { permanent_uuid: "400aba1667f04c918de07d2b6e999cb4" member_type: VOTER last_known_addr { host: "127.5.190.67" port: 35971 } }
I20260710 13:17:28.581545  7128 raft_consensus.cc:2468] T 709728a9cdd14bcbbc32793d41c4bddb P 400aba1667f04c918de07d2b6e999cb4 [term 2 FOLLOWER]: Leader election vote request: Granting yes vote for candidate 47abdebbd8fd4c1297fffa175e3a5af9 in term 2.
I20260710 13:17:28.582929  7377 leader_election.cc:304] T 709728a9cdd14bcbbc32793d41c4bddb P 47abdebbd8fd4c1297fffa175e3a5af9 [CANDIDATE]: Term 2 election: Election decided. Result: candidate won. Election summary: received 2 responses out of 3 voters: 2 yes votes; 0 no votes. yes voters: 400aba1667f04c918de07d2b6e999cb4, 47abdebbd8fd4c1297fffa175e3a5af9; no voters: 
I20260710 13:17:28.578061  7417 leader_election.cc:290] T 709728a9cdd14bcbbc32793d41c4bddb P 47abdebbd8fd4c1297fffa175e3a5af9 [CANDIDATE]: Term 2 election: Requested vote from peers bd03975071324f238d88709cd4a44a8c (127.5.190.65:39263), 400aba1667f04c918de07d2b6e999cb4 (127.5.190.67:35971)
I20260710 13:17:28.587985  7775 raft_consensus.cc:2804] T 709728a9cdd14bcbbc32793d41c4bddb P 47abdebbd8fd4c1297fffa175e3a5af9 [term 2 FOLLOWER]: Leader election won for term 2
I20260710 13:17:28.589607  6977 raft_consensus.cc:2468] T 709728a9cdd14bcbbc32793d41c4bddb P bd03975071324f238d88709cd4a44a8c [term 2 FOLLOWER]: Leader election vote request: Granting yes vote for candidate 47abdebbd8fd4c1297fffa175e3a5af9 in term 2.
I20260710 13:17:28.594151  7775 raft_consensus.cc:697] T 709728a9cdd14bcbbc32793d41c4bddb P 47abdebbd8fd4c1297fffa175e3a5af9 [term 2 LEADER]: Becoming Leader. State: Replica: 47abdebbd8fd4c1297fffa175e3a5af9, State: Running, Role: LEADER
I20260710 13:17:28.595199  7775 consensus_queue.cc:237] T 709728a9cdd14bcbbc32793d41c4bddb P 47abdebbd8fd4c1297fffa175e3a5af9 [LEADER]: Queue going to LEADER mode. State: All replicated index: 0, Majority replicated index: 4, Committed index: 4, Last appended: 1.4, Last appended by leader: 4, Current term: 2, Majority size: 2, State: 0, Mode: LEADER, active raft config: opid_index: 4 OBSOLETE_local: false peers { permanent_uuid: "bd03975071324f238d88709cd4a44a8c" member_type: VOTER last_known_addr { host: "127.5.190.65" port: 39263 } } peers { permanent_uuid: "400aba1667f04c918de07d2b6e999cb4" member_type: VOTER last_known_addr { host: "127.5.190.67" port: 35971 } } peers { permanent_uuid: "47abdebbd8fd4c1297fffa175e3a5af9" member_type: VOTER last_known_addr { host: "127.5.190.68" port: 43991 } attrs { promote: false } }
I20260710 13:17:28.599056  6877 catalog_manager.cc:5697] T 0da00fe175d94adfb7876b23d1e6c312 P 400aba1667f04c918de07d2b6e999cb4 reported cstate change: term changed from 1 to 2, leader changed from 4ca78537f5c349bd9fef14e9995c50e2 (127.5.190.66) to 400aba1667f04c918de07d2b6e999cb4 (127.5.190.67). New cstate: current_term: 2 leader_uuid: "400aba1667f04c918de07d2b6e999cb4" committed_config { opid_index: -1 OBSOLETE_local: false peers { permanent_uuid: "bd03975071324f238d88709cd4a44a8c" member_type: VOTER last_known_addr { host: "127.5.190.65" port: 39263 } health_report { overall_health: UNKNOWN } } peers { permanent_uuid: "4ca78537f5c349bd9fef14e9995c50e2" member_type: VOTER last_known_addr { host: "127.5.190.66" port: 44211 } health_report { overall_health: UNKNOWN } } peers { permanent_uuid: "400aba1667f04c918de07d2b6e999cb4" member_type: VOTER last_known_addr { host: "127.5.190.67" port: 35971 } health_report { overall_health: HEALTHY } } }
I20260710 13:17:28.604278  6878 catalog_manager.cc:5697] T 709728a9cdd14bcbbc32793d41c4bddb P 47abdebbd8fd4c1297fffa175e3a5af9 reported cstate change: term changed from 1 to 2, leader changed from bd03975071324f238d88709cd4a44a8c (127.5.190.65) to 47abdebbd8fd4c1297fffa175e3a5af9 (127.5.190.68). New cstate: current_term: 2 leader_uuid: "47abdebbd8fd4c1297fffa175e3a5af9" committed_config { opid_index: 4 OBSOLETE_local: false peers { permanent_uuid: "bd03975071324f238d88709cd4a44a8c" member_type: VOTER last_known_addr { host: "127.5.190.65" port: 39263 } health_report { overall_health: UNKNOWN } } peers { permanent_uuid: "400aba1667f04c918de07d2b6e999cb4" member_type: VOTER last_known_addr { host: "127.5.190.67" port: 35971 } health_report { overall_health: UNKNOWN } } peers { permanent_uuid: "47abdebbd8fd4c1297fffa175e3a5af9" member_type: VOTER last_known_addr { host: "127.5.190.68" port: 43991 } attrs { promote: false } health_report { overall_health: HEALTHY } } }
I20260710 13:17:29.571388  5881 auto_leader_rebalancer.cc:141] leader rebalance for table test-workload
I20260710 13:17:29.631295  5881 auto_leader_rebalancer.cc:141] leader rebalance for table test-workload
W20260710 13:17:29.657229  6946 thread.cc:641] raft [worker] (thread pool) Time spent creating pthread: real 0.628s	user 0.005s	sys 0.010s
W20260710 13:17:29.657620  6946 thread.cc:608] raft [worker] (thread pool) Time spent starting thread: real 0.629s	user 0.005s	sys 0.010s
W20260710 13:17:30.313644  6910 debug-util.cc:398] Leaking SignalData structure 0x7b08001a3b20 after lost signal to thread 5884
W20260710 13:17:30.314734  6910 debug-util.cc:398] Leaking SignalData structure 0x7b08002367c0 after lost signal to thread 6913
I20260710 13:17:30.314802  7791 raft_consensus.cc:493] T 663755761c29409f9294a26709acd776 P 4ca78537f5c349bd9fef14e9995c50e2 [term 1 FOLLOWER]: Starting pre-election (detected failure of leader 400aba1667f04c918de07d2b6e999cb4)
I20260710 13:17:30.315608  7791 raft_consensus.cc:515] T 663755761c29409f9294a26709acd776 P 4ca78537f5c349bd9fef14e9995c50e2 [term 1 FOLLOWER]: Starting pre-election with config: opid_index: -1 OBSOLETE_local: false peers { permanent_uuid: "bd03975071324f238d88709cd4a44a8c" member_type: VOTER last_known_addr { host: "127.5.190.65" port: 39263 } } peers { permanent_uuid: "4ca78537f5c349bd9fef14e9995c50e2" member_type: VOTER last_known_addr { host: "127.5.190.66" port: 44211 } } peers { permanent_uuid: "400aba1667f04c918de07d2b6e999cb4" member_type: VOTER last_known_addr { host: "127.5.190.67" port: 35971 } }
I20260710 13:17:30.317502  7791 leader_election.cc:290] T 663755761c29409f9294a26709acd776 P 4ca78537f5c349bd9fef14e9995c50e2 [CANDIDATE]: Term 2 pre-election: Requested pre-vote from peers bd03975071324f238d88709cd4a44a8c (127.5.190.65:39263), 400aba1667f04c918de07d2b6e999cb4 (127.5.190.67:35971)
I20260710 13:17:30.326102  7792 raft_consensus.cc:493] T a5f3705bf4924fc397bd7e8c4d63c7ec P 47abdebbd8fd4c1297fffa175e3a5af9 [term 1 FOLLOWER]: Starting pre-election (detected failure of leader bd03975071324f238d88709cd4a44a8c)
I20260710 13:17:30.326683  7792 raft_consensus.cc:515] T a5f3705bf4924fc397bd7e8c4d63c7ec P 47abdebbd8fd4c1297fffa175e3a5af9 [term 1 FOLLOWER]: Starting pre-election with config: opid_index: 4 OBSOLETE_local: false peers { permanent_uuid: "bd03975071324f238d88709cd4a44a8c" member_type: VOTER last_known_addr { host: "127.5.190.65" port: 39263 } } peers { permanent_uuid: "400aba1667f04c918de07d2b6e999cb4" member_type: VOTER last_known_addr { host: "127.5.190.67" port: 35971 } } peers { permanent_uuid: "47abdebbd8fd4c1297fffa175e3a5af9" member_type: VOTER last_known_addr { host: "127.5.190.68" port: 43991 } attrs { promote: false } }
I20260710 13:17:30.329330  7792 leader_election.cc:290] T a5f3705bf4924fc397bd7e8c4d63c7ec P 47abdebbd8fd4c1297fffa175e3a5af9 [CANDIDATE]: Term 2 pre-election: Requested pre-vote from peers bd03975071324f238d88709cd4a44a8c (127.5.190.65:39263), 400aba1667f04c918de07d2b6e999cb4 (127.5.190.67:35971)
I20260710 13:17:30.329836  7792 raft_consensus.cc:493] T a4baa9f25ddc4b6ea2d0df8e063d4fd6 P 47abdebbd8fd4c1297fffa175e3a5af9 [term 1 FOLLOWER]: Starting pre-election (detected failure of leader 400aba1667f04c918de07d2b6e999cb4)
I20260710 13:17:30.330354  7792 raft_consensus.cc:515] T a4baa9f25ddc4b6ea2d0df8e063d4fd6 P 47abdebbd8fd4c1297fffa175e3a5af9 [term 1 FOLLOWER]: Starting pre-election with config: opid_index: 4 OBSOLETE_local: false peers { permanent_uuid: "4ca78537f5c349bd9fef14e9995c50e2" member_type: VOTER last_known_addr { host: "127.5.190.66" port: 44211 } } peers { permanent_uuid: "400aba1667f04c918de07d2b6e999cb4" member_type: VOTER last_known_addr { host: "127.5.190.67" port: 35971 } } peers { permanent_uuid: "47abdebbd8fd4c1297fffa175e3a5af9" member_type: VOTER last_known_addr { host: "127.5.190.68" port: 43991 } attrs { promote: false } }
I20260710 13:17:30.332702  7792 leader_election.cc:290] T a4baa9f25ddc4b6ea2d0df8e063d4fd6 P 47abdebbd8fd4c1297fffa175e3a5af9 [CANDIDATE]: Term 2 pre-election: Requested pre-vote from peers 4ca78537f5c349bd9fef14e9995c50e2 (127.5.190.66:44211), 400aba1667f04c918de07d2b6e999cb4 (127.5.190.67:35971)
I20260710 13:17:30.548499  7792 raft_consensus.cc:493] T 3ba74d16be1c4b2d84b67a43a93ec628 P 47abdebbd8fd4c1297fffa175e3a5af9 [term 1 FOLLOWER]: Starting pre-election (detected failure of leader 400aba1667f04c918de07d2b6e999cb4)
I20260710 13:17:30.549271  7792 raft_consensus.cc:515] T 3ba74d16be1c4b2d84b67a43a93ec628 P 47abdebbd8fd4c1297fffa175e3a5af9 [term 1 FOLLOWER]: Starting pre-election with config: opid_index: 4 OBSOLETE_local: false peers { permanent_uuid: "4ca78537f5c349bd9fef14e9995c50e2" member_type: VOTER last_known_addr { host: "127.5.190.66" port: 44211 } } peers { permanent_uuid: "400aba1667f04c918de07d2b6e999cb4" member_type: VOTER last_known_addr { host: "127.5.190.67" port: 35971 } } peers { permanent_uuid: "47abdebbd8fd4c1297fffa175e3a5af9" member_type: VOTER last_known_addr { host: "127.5.190.68" port: 43991 } attrs { promote: false } }
I20260710 13:17:30.551851  7792 leader_election.cc:290] T 3ba74d16be1c4b2d84b67a43a93ec628 P 47abdebbd8fd4c1297fffa175e3a5af9 [CANDIDATE]: Term 2 pre-election: Requested pre-vote from peers 4ca78537f5c349bd9fef14e9995c50e2 (127.5.190.66:44211), 400aba1667f04c918de07d2b6e999cb4 (127.5.190.67:35971)
I20260710 13:17:30.552759  7792 raft_consensus.cc:493] T f7207c106d5a4879828b9f3317c2a4ee P 47abdebbd8fd4c1297fffa175e3a5af9 [term 1 FOLLOWER]: Starting pre-election (detected failure of leader 4ca78537f5c349bd9fef14e9995c50e2)
I20260710 13:17:30.553471  7792 raft_consensus.cc:515] T f7207c106d5a4879828b9f3317c2a4ee P 47abdebbd8fd4c1297fffa175e3a5af9 [term 1 FOLLOWER]: Starting pre-election with config: opid_index: 4 OBSOLETE_local: false peers { permanent_uuid: "4ca78537f5c349bd9fef14e9995c50e2" member_type: VOTER last_known_addr { host: "127.5.190.66" port: 44211 } } peers { permanent_uuid: "400aba1667f04c918de07d2b6e999cb4" member_type: VOTER last_known_addr { host: "127.5.190.67" port: 35971 } } peers { permanent_uuid: "47abdebbd8fd4c1297fffa175e3a5af9" member_type: VOTER last_known_addr { host: "127.5.190.68" port: 43991 } attrs { promote: false } }
I20260710 13:17:30.555944  7792 leader_election.cc:290] T f7207c106d5a4879828b9f3317c2a4ee P 47abdebbd8fd4c1297fffa175e3a5af9 [CANDIDATE]: Term 2 pre-election: Requested pre-vote from peers 4ca78537f5c349bd9fef14e9995c50e2 (127.5.190.66:44211), 400aba1667f04c918de07d2b6e999cb4 (127.5.190.67:35971)
I20260710 13:17:30.570057  7792 raft_consensus.cc:493] T 2135a6b56ff240209261772f23879817 P 47abdebbd8fd4c1297fffa175e3a5af9 [term 1 FOLLOWER]: Starting pre-election (detected failure of leader bd03975071324f238d88709cd4a44a8c)
I20260710 13:17:30.573637  7792 raft_consensus.cc:515] T 2135a6b56ff240209261772f23879817 P 47abdebbd8fd4c1297fffa175e3a5af9 [term 1 FOLLOWER]: Starting pre-election with config: opid_index: 4 OBSOLETE_local: false peers { permanent_uuid: "bd03975071324f238d88709cd4a44a8c" member_type: VOTER last_known_addr { host: "127.5.190.65" port: 39263 } } peers { permanent_uuid: "400aba1667f04c918de07d2b6e999cb4" member_type: VOTER last_known_addr { host: "127.5.190.67" port: 35971 } } peers { permanent_uuid: "47abdebbd8fd4c1297fffa175e3a5af9" member_type: VOTER last_known_addr { host: "127.5.190.68" port: 43991 } attrs { promote: false } }
I20260710 13:17:30.575882  7792 leader_election.cc:290] T 2135a6b56ff240209261772f23879817 P 47abdebbd8fd4c1297fffa175e3a5af9 [CANDIDATE]: Term 2 pre-election: Requested pre-vote from peers bd03975071324f238d88709cd4a44a8c (127.5.190.65:39263), 400aba1667f04c918de07d2b6e999cb4 (127.5.190.67:35971)
I20260710 13:17:30.576571  7774 raft_consensus.cc:493] T 2135a6b56ff240209261772f23879817 P 400aba1667f04c918de07d2b6e999cb4 [term 1 FOLLOWER]: Starting pre-election (detected failure of leader bd03975071324f238d88709cd4a44a8c)
I20260710 13:17:30.577201  7774 raft_consensus.cc:515] T 2135a6b56ff240209261772f23879817 P 400aba1667f04c918de07d2b6e999cb4 [term 1 FOLLOWER]: Starting pre-election with config: opid_index: 4 OBSOLETE_local: false peers { permanent_uuid: "bd03975071324f238d88709cd4a44a8c" member_type: VOTER last_known_addr { host: "127.5.190.65" port: 39263 } } peers { permanent_uuid: "400aba1667f04c918de07d2b6e999cb4" member_type: VOTER last_known_addr { host: "127.5.190.67" port: 35971 } } peers { permanent_uuid: "47abdebbd8fd4c1297fffa175e3a5af9" member_type: VOTER last_known_addr { host: "127.5.190.68" port: 43991 } attrs { promote: false } }
I20260710 13:17:30.579663  7774 leader_election.cc:290] T 2135a6b56ff240209261772f23879817 P 400aba1667f04c918de07d2b6e999cb4 [CANDIDATE]: Term 2 pre-election: Requested pre-vote from peers bd03975071324f238d88709cd4a44a8c (127.5.190.65:39263), 47abdebbd8fd4c1297fffa175e3a5af9 (127.5.190.68:43991)
I20260710 13:17:30.590960  7794 raft_consensus.cc:493] T 0da00fe175d94adfb7876b23d1e6c312 P bd03975071324f238d88709cd4a44a8c [term 2 FOLLOWER]: Starting pre-election (no leader contacted us within the election timeout)
I20260710 13:17:30.591589  7794 raft_consensus.cc:515] T 0da00fe175d94adfb7876b23d1e6c312 P bd03975071324f238d88709cd4a44a8c [term 2 FOLLOWER]: Starting pre-election with config: opid_index: -1 OBSOLETE_local: false peers { permanent_uuid: "bd03975071324f238d88709cd4a44a8c" member_type: VOTER last_known_addr { host: "127.5.190.65" port: 39263 } } peers { permanent_uuid: "4ca78537f5c349bd9fef14e9995c50e2" member_type: VOTER last_known_addr { host: "127.5.190.66" port: 44211 } } peers { permanent_uuid: "400aba1667f04c918de07d2b6e999cb4" member_type: VOTER last_known_addr { host: "127.5.190.67" port: 35971 } }
I20260710 13:17:30.594430  7794 leader_election.cc:290] T 0da00fe175d94adfb7876b23d1e6c312 P bd03975071324f238d88709cd4a44a8c [CANDIDATE]: Term 3 pre-election: Requested pre-vote from peers 4ca78537f5c349bd9fef14e9995c50e2 (127.5.190.66:44211), 400aba1667f04c918de07d2b6e999cb4 (127.5.190.67:35971)
I20260710 13:17:30.601063  7797 raft_consensus.cc:493] T dafee54407eb4d31ba293497fe901822 P 400aba1667f04c918de07d2b6e999cb4 [term 1 FOLLOWER]: Starting pre-election (detected failure of leader 4ca78537f5c349bd9fef14e9995c50e2)
I20260710 13:17:30.601538  7774 raft_consensus.cc:493] T 4a87650d7ee44b05a78306cdec156e3f P 400aba1667f04c918de07d2b6e999cb4 [term 1 FOLLOWER]: Starting pre-election (detected failure of leader 4ca78537f5c349bd9fef14e9995c50e2)
I20260710 13:17:30.601819  7797 raft_consensus.cc:515] T dafee54407eb4d31ba293497fe901822 P 400aba1667f04c918de07d2b6e999cb4 [term 1 FOLLOWER]: Starting pre-election with config: opid_index: 4 OBSOLETE_local: false peers { permanent_uuid: "4ca78537f5c349bd9fef14e9995c50e2" member_type: VOTER last_known_addr { host: "127.5.190.66" port: 44211 } } peers { permanent_uuid: "400aba1667f04c918de07d2b6e999cb4" member_type: VOTER last_known_addr { host: "127.5.190.67" port: 35971 } } peers { permanent_uuid: "47abdebbd8fd4c1297fffa175e3a5af9" member_type: VOTER last_known_addr { host: "127.5.190.68" port: 43991 } attrs { promote: false } }
I20260710 13:17:30.602059  7774 raft_consensus.cc:515] T 4a87650d7ee44b05a78306cdec156e3f P 400aba1667f04c918de07d2b6e999cb4 [term 1 FOLLOWER]: Starting pre-election with config: opid_index: -1 OBSOLETE_local: false peers { permanent_uuid: "4ca78537f5c349bd9fef14e9995c50e2" member_type: VOTER last_known_addr { host: "127.5.190.66" port: 44211 } } peers { permanent_uuid: "bd03975071324f238d88709cd4a44a8c" member_type: VOTER last_known_addr { host: "127.5.190.65" port: 39263 } } peers { permanent_uuid: "400aba1667f04c918de07d2b6e999cb4" member_type: VOTER last_known_addr { host: "127.5.190.67" port: 35971 } }
I20260710 13:17:30.604518  7797 leader_election.cc:290] T dafee54407eb4d31ba293497fe901822 P 400aba1667f04c918de07d2b6e999cb4 [CANDIDATE]: Term 2 pre-election: Requested pre-vote from peers 4ca78537f5c349bd9fef14e9995c50e2 (127.5.190.66:44211), 47abdebbd8fd4c1297fffa175e3a5af9 (127.5.190.68:43991)
I20260710 13:17:30.605227  7797 raft_consensus.cc:493] T c0b2b42d369949f591417f75e1ad659e P 400aba1667f04c918de07d2b6e999cb4 [term 1 FOLLOWER]: Starting pre-election (detected failure of leader bd03975071324f238d88709cd4a44a8c)
I20260710 13:17:30.606158  7774 leader_election.cc:290] T 4a87650d7ee44b05a78306cdec156e3f P 400aba1667f04c918de07d2b6e999cb4 [CANDIDATE]: Term 2 pre-election: Requested pre-vote from peers 4ca78537f5c349bd9fef14e9995c50e2 (127.5.190.66:44211), bd03975071324f238d88709cd4a44a8c (127.5.190.65:39263)
I20260710 13:17:30.605783  7797 raft_consensus.cc:515] T c0b2b42d369949f591417f75e1ad659e P 400aba1667f04c918de07d2b6e999cb4 [term 1 FOLLOWER]: Starting pre-election with config: opid_index: -1 OBSOLETE_local: false peers { permanent_uuid: "bd03975071324f238d88709cd4a44a8c" member_type: VOTER last_known_addr { host: "127.5.190.65" port: 39263 } } peers { permanent_uuid: "4ca78537f5c349bd9fef14e9995c50e2" member_type: VOTER last_known_addr { host: "127.5.190.66" port: 44211 } } peers { permanent_uuid: "400aba1667f04c918de07d2b6e999cb4" member_type: VOTER last_known_addr { host: "127.5.190.67" port: 35971 } }
I20260710 13:17:30.606740  7798 raft_consensus.cc:493] T a5f3705bf4924fc397bd7e8c4d63c7ec P 400aba1667f04c918de07d2b6e999cb4 [term 1 FOLLOWER]: Starting pre-election (detected failure of leader bd03975071324f238d88709cd4a44a8c)
I20260710 13:17:30.607352  7798 raft_consensus.cc:515] T a5f3705bf4924fc397bd7e8c4d63c7ec P 400aba1667f04c918de07d2b6e999cb4 [term 1 FOLLOWER]: Starting pre-election with config: opid_index: 4 OBSOLETE_local: false peers { permanent_uuid: "bd03975071324f238d88709cd4a44a8c" member_type: VOTER last_known_addr { host: "127.5.190.65" port: 39263 } } peers { permanent_uuid: "400aba1667f04c918de07d2b6e999cb4" member_type: VOTER last_known_addr { host: "127.5.190.67" port: 35971 } } peers { permanent_uuid: "47abdebbd8fd4c1297fffa175e3a5af9" member_type: VOTER last_known_addr { host: "127.5.190.68" port: 43991 } attrs { promote: false } }
I20260710 13:17:30.608363  7797 leader_election.cc:290] T c0b2b42d369949f591417f75e1ad659e P 400aba1667f04c918de07d2b6e999cb4 [CANDIDATE]: Term 2 pre-election: Requested pre-vote from peers bd03975071324f238d88709cd4a44a8c (127.5.190.65:39263), 4ca78537f5c349bd9fef14e9995c50e2 (127.5.190.66:44211)
I20260710 13:17:30.609479  7798 leader_election.cc:290] T a5f3705bf4924fc397bd7e8c4d63c7ec P 400aba1667f04c918de07d2b6e999cb4 [CANDIDATE]: Term 2 pre-election: Requested pre-vote from peers bd03975071324f238d88709cd4a44a8c (127.5.190.65:39263), 47abdebbd8fd4c1297fffa175e3a5af9 (127.5.190.68:43991)
I20260710 13:17:30.623519  7796 raft_consensus.cc:493] T 663755761c29409f9294a26709acd776 P bd03975071324f238d88709cd4a44a8c [term 1 FOLLOWER]: Starting pre-election (detected failure of leader 400aba1667f04c918de07d2b6e999cb4)
I20260710 13:17:30.624243  7796 raft_consensus.cc:515] T 663755761c29409f9294a26709acd776 P bd03975071324f238d88709cd4a44a8c [term 1 FOLLOWER]: Starting pre-election with config: opid_index: -1 OBSOLETE_local: false peers { permanent_uuid: "bd03975071324f238d88709cd4a44a8c" member_type: VOTER last_known_addr { host: "127.5.190.65" port: 39263 } } peers { permanent_uuid: "4ca78537f5c349bd9fef14e9995c50e2" member_type: VOTER last_known_addr { host: "127.5.190.66" port: 44211 } } peers { permanent_uuid: "400aba1667f04c918de07d2b6e999cb4" member_type: VOTER last_known_addr { host: "127.5.190.67" port: 35971 } }
I20260710 13:17:30.625293  7794 raft_consensus.cc:493] T 65a57b6af20741a5987f49e47e229748 P bd03975071324f238d88709cd4a44a8c [term 1 FOLLOWER]: Starting pre-election (detected failure of leader 4ca78537f5c349bd9fef14e9995c50e2)
I20260710 13:17:30.625931  7794 raft_consensus.cc:515] T 65a57b6af20741a5987f49e47e229748 P bd03975071324f238d88709cd4a44a8c [term 1 FOLLOWER]: Starting pre-election with config: opid_index: -1 OBSOLETE_local: false peers { permanent_uuid: "bd03975071324f238d88709cd4a44a8c" member_type: VOTER last_known_addr { host: "127.5.190.65" port: 39263 } } peers { permanent_uuid: "4ca78537f5c349bd9fef14e9995c50e2" member_type: VOTER last_known_addr { host: "127.5.190.66" port: 44211 } } peers { permanent_uuid: "400aba1667f04c918de07d2b6e999cb4" member_type: VOTER last_known_addr { host: "127.5.190.67" port: 35971 } }
