W20260710 13:16:55.352066  6541 leader_election.cc:343] T 5c04da5bdff84809880cf8d475fa4eeb P 6ea07425df5c4bb384d33da7e95dc012 [CANDIDATE]: Term 1 pre-election: Tablet error from VoteRequest() call to peer 19c9a507c9804ab99910aa8129a5590b (127.5.190.67:33223): Illegal state: must be running to vote when last-logged opid is not known
I20260710 13:16:55.342063  6501 tablet_service.cc:1917] Received RequestConsensusVote() RPC: tablet_id: "b2d3f1a0f5604de6b1d7f6abb80ff6dd" candidate_uuid: "6ea07425df5c4bb384d33da7e95dc012" candidate_term: 1 candidate_status { last_received { term: 0 index: 0 } } ignore_live_leader: false dest_uuid: "e5ef930151d648ea89270e4a66db4805"
I20260710 13:16:55.346231  6693 consensus_queue.cc:260] T 4eb84949e0fa49c88ce462c6b9ff9b72 P 19c9a507c9804ab99910aa8129a5590b [NON_LEADER]: Queue going to NON_LEADER mode. State: All replicated index: 0, Majority replicated index: 0, Committed index: 0, Last appended: 0.0, Last appended by leader: 0, Current term: 0, Majority size: -1, State: 0, Mode: NON_LEADER, active raft config: opid_index: -1 OBSOLETE_local: false peers { permanent_uuid: "e5ef930151d648ea89270e4a66db4805" member_type: VOTER last_known_addr { host: "127.5.190.65" port: 37555 } } peers { permanent_uuid: "6ea07425df5c4bb384d33da7e95dc012" member_type: VOTER last_known_addr { host: "127.5.190.66" port: 38695 } } peers { permanent_uuid: "19c9a507c9804ab99910aa8129a5590b" member_type: VOTER last_known_addr { host: "127.5.190.67" port: 33223 } }
I20260710 13:16:55.352936  6501 raft_consensus.cc:2393] T b2d3f1a0f5604de6b1d7f6abb80ff6dd P e5ef930151d648ea89270e4a66db4805 [term 1 FOLLOWER]: Leader election vote request: Denying vote to candidate 6ea07425df5c4bb384d33da7e95dc012 in current term 1: Already voted for candidate 19c9a507c9804ab99910aa8129a5590b in this term.
W20260710 13:16:55.353394  6541 leader_election.cc:343] T 5c04da5bdff84809880cf8d475fa4eeb P 6ea07425df5c4bb384d33da7e95dc012 [CANDIDATE]: Term 1 election: Tablet error from VoteRequest() call to peer 19c9a507c9804ab99910aa8129a5590b (127.5.190.67:33223): Illegal state: must be running to vote when last-logged opid is not known
I20260710 13:16:55.354369  6693 ts_tablet_manager.cc:1434] T 4eb84949e0fa49c88ce462c6b9ff9b72 P 19c9a507c9804ab99910aa8129a5590b: Time spent starting tablet: real 0.027s	user 0.007s	sys 0.000s
I20260710 13:16:55.354467  6744 raft_consensus.cc:2749] T 4eb84949e0fa49c88ce462c6b9ff9b72 P 6ea07425df5c4bb384d33da7e95dc012 [term 1 FOLLOWER]: Leader pre-election lost for term 1. Reason: could not achieve majority
I20260710 13:16:55.342764  6615 leader_election.cc:304] T b2d3f1a0f5604de6b1d7f6abb80ff6dd P 19c9a507c9804ab99910aa8129a5590b [CANDIDATE]: Term 1 election: Election decided. Result: candidate won. Election summary: received 2 responses out of 3 voters: 2 yes votes; 0 no votes. yes voters: 19c9a507c9804ab99910aa8129a5590b, e5ef930151d648ea89270e4a66db4805; no voters: 
I20260710 13:16:55.343887  6500 tablet_service.cc:1917] Received RequestConsensusVote() RPC: tablet_id: "5c04da5bdff84809880cf8d475fa4eeb" candidate_uuid: "6ea07425df5c4bb384d33da7e95dc012" candidate_term: 1 candidate_status { last_received { term: 0 index: 0 } } ignore_live_leader: false dest_uuid: "e5ef930151d648ea89270e4a66db4805"
I20260710 13:16:55.355468  6727 raft_consensus.cc:2804] T b2d3f1a0f5604de6b1d7f6abb80ff6dd P 19c9a507c9804ab99910aa8129a5590b [term 1 FOLLOWER]: Leader election won for term 1
I20260710 13:16:55.355748  6500 raft_consensus.cc:3060] T 5c04da5bdff84809880cf8d475fa4eeb P e5ef930151d648ea89270e4a66db4805 [term 0 FOLLOWER]: Advancing to term 1
I20260710 13:16:55.357028  6713 raft_consensus.cc:493] T ab2b2166a5f04aec87fb76b82a331cdd P e5ef930151d648ea89270e4a66db4805 [term 0 FOLLOWER]: Starting pre-election (no leader contacted us within the election timeout)
I20260710 13:16:55.357461  6713 raft_consensus.cc:515] T ab2b2166a5f04aec87fb76b82a331cdd P e5ef930151d648ea89270e4a66db4805 [term 0 FOLLOWER]: Starting pre-election with config: opid_index: -1 OBSOLETE_local: false peers { permanent_uuid: "e5ef930151d648ea89270e4a66db4805" member_type: VOTER last_known_addr { host: "127.5.190.65" port: 37555 } } peers { permanent_uuid: "6ea07425df5c4bb384d33da7e95dc012" member_type: VOTER last_known_addr { host: "127.5.190.66" port: 38695 } } peers { permanent_uuid: "19c9a507c9804ab99910aa8129a5590b" member_type: VOTER last_known_addr { host: "127.5.190.67" port: 33223 } }
I20260710 13:16:55.341441  6699 raft_consensus.cc:515] T 4734feaed6b14ef7a9a25a407ca42316 P 19c9a507c9804ab99910aa8129a5590b [term 1 FOLLOWER]: Starting leader election with config: opid_index: -1 OBSOLETE_local: false peers { permanent_uuid: "e5ef930151d648ea89270e4a66db4805" member_type: VOTER last_known_addr { host: "127.5.190.65" port: 37555 } } peers { permanent_uuid: "6ea07425df5c4bb384d33da7e95dc012" member_type: VOTER last_known_addr { host: "127.5.190.66" port: 38695 } } peers { permanent_uuid: "19c9a507c9804ab99910aa8129a5590b" member_type: VOTER last_known_addr { host: "127.5.190.67" port: 33223 } }
I20260710 13:16:55.348141  6576 tablet_service.cc:1917] Received RequestConsensusVote() RPC: tablet_id: "cfd0e88f5a504e69ae8e2e04396b362b" candidate_uuid: "e5ef930151d648ea89270e4a66db4805" candidate_term: 1 candidate_status { last_received { term: 0 index: 0 } } ignore_live_leader: false dest_uuid: "6ea07425df5c4bb384d33da7e95dc012"
I20260710 13:16:55.359715  6713 leader_election.cc:290] T ab2b2166a5f04aec87fb76b82a331cdd P e5ef930151d648ea89270e4a66db4805 [CANDIDATE]: Term 1 pre-election: Requested pre-vote from peers 6ea07425df5c4bb384d33da7e95dc012 (127.5.190.66:38695), 19c9a507c9804ab99910aa8129a5590b (127.5.190.67:33223)
I20260710 13:16:55.343226  6648 tablet_service.cc:1917] Received RequestConsensusVote() RPC: tablet_id: "b2d3f1a0f5604de6b1d7f6abb80ff6dd" candidate_uuid: "6ea07425df5c4bb384d33da7e95dc012" candidate_term: 1 candidate_status { last_received { term: 0 index: 0 } } ignore_live_leader: false dest_uuid: "19c9a507c9804ab99910aa8129a5590b"
I20260710 13:16:55.360241  6650 raft_consensus.cc:2393] T 4734feaed6b14ef7a9a25a407ca42316 P 19c9a507c9804ab99910aa8129a5590b [term 1 FOLLOWER]: Leader pre-election vote request: Denying vote to candidate 6ea07425df5c4bb384d33da7e95dc012 in current term 1: Already voted for candidate 19c9a507c9804ab99910aa8129a5590b in this term.
I20260710 13:16:55.361801  6576 tablet_service.cc:1917] Received RequestConsensusVote() RPC: tablet_id: "ab2b2166a5f04aec87fb76b82a331cdd" candidate_uuid: "e5ef930151d648ea89270e4a66db4805" candidate_term: 1 candidate_status { last_received { term: 0 index: 0 } } ignore_live_leader: false dest_uuid: "6ea07425df5c4bb384d33da7e95dc012" is_pre_election: true
I20260710 13:16:55.362071  6541 leader_election.cc:304] T 4734feaed6b14ef7a9a25a407ca42316 P 6ea07425df5c4bb384d33da7e95dc012 [CANDIDATE]: Term 1 pre-election: Election decided. Result: candidate lost. Election summary: received 3 responses out of 3 voters: 1 yes votes; 2 no votes. yes voters: 6ea07425df5c4bb384d33da7e95dc012; no voters: 19c9a507c9804ab99910aa8129a5590b, e5ef930151d648ea89270e4a66db4805
I20260710 13:16:55.362908  6744 raft_consensus.cc:3060] T 4734feaed6b14ef7a9a25a407ca42316 P 6ea07425df5c4bb384d33da7e95dc012 [term 0 FOLLOWER]: Advancing to term 1
I20260710 13:16:55.351845  6729 raft_consensus.cc:515] T ab2b2166a5f04aec87fb76b82a331cdd P 19c9a507c9804ab99910aa8129a5590b [term 0 FOLLOWER]: Starting pre-election with config: opid_index: -1 OBSOLETE_local: false peers { permanent_uuid: "e5ef930151d648ea89270e4a66db4805" member_type: VOTER last_known_addr { host: "127.5.190.65" port: 37555 } } peers { permanent_uuid: "6ea07425df5c4bb384d33da7e95dc012" member_type: VOTER last_known_addr { host: "127.5.190.66" port: 38695 } } peers { permanent_uuid: "19c9a507c9804ab99910aa8129a5590b" member_type: VOTER last_known_addr { host: "127.5.190.67" port: 33223 } }
I20260710 13:16:55.363262  6650 tablet_service.cc:1917] Received RequestConsensusVote() RPC: tablet_id: "ab2b2166a5f04aec87fb76b82a331cdd" candidate_uuid: "e5ef930151d648ea89270e4a66db4805" candidate_term: 1 candidate_status { last_received { term: 0 index: 0 } } ignore_live_leader: false dest_uuid: "19c9a507c9804ab99910aa8129a5590b" is_pre_election: true
I20260710 13:16:55.363873  6650 raft_consensus.cc:2468] T ab2b2166a5f04aec87fb76b82a331cdd P 19c9a507c9804ab99910aa8129a5590b [term 0 FOLLOWER]: Leader pre-election vote request: Granting yes vote for candidate e5ef930151d648ea89270e4a66db4805 in term 0.
I20260710 13:16:55.364802  6729 leader_election.cc:290] T ab2b2166a5f04aec87fb76b82a331cdd P 19c9a507c9804ab99910aa8129a5590b [CANDIDATE]: Term 1 pre-election: Requested pre-vote from peers e5ef930151d648ea89270e4a66db4805 (127.5.190.65:37555), 6ea07425df5c4bb384d33da7e95dc012 (127.5.190.66:38695)
I20260710 13:16:55.365396  6466 leader_election.cc:304] T ab2b2166a5f04aec87fb76b82a331cdd P e5ef930151d648ea89270e4a66db4805 [CANDIDATE]: Term 1 pre-election: Election decided. Result: candidate won. Election summary: received 2 responses out of 3 voters: 2 yes votes; 0 no votes. yes voters: 19c9a507c9804ab99910aa8129a5590b, e5ef930151d648ea89270e4a66db4805; no voters: 
W20260710 13:16:55.366269  6466 leader_election.cc:343] T cfd0e88f5a504e69ae8e2e04396b362b P e5ef930151d648ea89270e4a66db4805 [CANDIDATE]: Term 1 election: Tablet error from VoteRequest() call to peer 6ea07425df5c4bb384d33da7e95dc012 (127.5.190.66:38695): Illegal state: must be running to vote when last-logged opid is not known
I20260710 13:16:55.366954  6713 raft_consensus.cc:2804] T ab2b2166a5f04aec87fb76b82a331cdd P e5ef930151d648ea89270e4a66db4805 [term 0 FOLLOWER]: Leader pre-election won for term 1
I20260710 13:16:55.367333  6713 raft_consensus.cc:493] T ab2b2166a5f04aec87fb76b82a331cdd P e5ef930151d648ea89270e4a66db4805 [term 0 FOLLOWER]: Starting leader election (no leader contacted us within the election timeout)
I20260710 13:16:55.366984  6577 tablet_service.cc:1917] Received RequestConsensusVote() RPC: tablet_id: "ab2b2166a5f04aec87fb76b82a331cdd" candidate_uuid: "19c9a507c9804ab99910aa8129a5590b" candidate_term: 1 candidate_status { last_received { term: 0 index: 0 } } ignore_live_leader: false dest_uuid: "6ea07425df5c4bb384d33da7e95dc012" is_pre_election: true
I20260710 13:16:55.367655  6713 raft_consensus.cc:3060] T ab2b2166a5f04aec87fb76b82a331cdd P e5ef930151d648ea89270e4a66db4805 [term 0 FOLLOWER]: Advancing to term 1
I20260710 13:16:55.368343  6499 tablet_service.cc:1917] Received RequestConsensusVote() RPC: tablet_id: "4734feaed6b14ef7a9a25a407ca42316" candidate_uuid: "19c9a507c9804ab99910aa8129a5590b" candidate_term: 1 candidate_status { last_received { term: 0 index: 0 } } ignore_live_leader: false dest_uuid: "e5ef930151d648ea89270e4a66db4805"
I20260710 13:16:55.369045  6499 raft_consensus.cc:3060] T 4734feaed6b14ef7a9a25a407ca42316 P e5ef930151d648ea89270e4a66db4805 [term 0 FOLLOWER]: Advancing to term 1
I20260710 13:16:55.370009  6744 raft_consensus.cc:2749] T 4734feaed6b14ef7a9a25a407ca42316 P 6ea07425df5c4bb384d33da7e95dc012 [term 1 FOLLOWER]: Leader pre-election lost for term 1. Reason: could not achieve majority
I20260710 13:16:55.373143  6501 tablet_service.cc:1917] Received RequestConsensusVote() RPC: tablet_id: "ab2b2166a5f04aec87fb76b82a331cdd" candidate_uuid: "19c9a507c9804ab99910aa8129a5590b" candidate_term: 1 candidate_status { last_received { term: 0 index: 0 } } ignore_live_leader: false dest_uuid: "e5ef930151d648ea89270e4a66db4805" is_pre_election: true
I20260710 13:16:55.373492  6713 raft_consensus.cc:515] T ab2b2166a5f04aec87fb76b82a331cdd P e5ef930151d648ea89270e4a66db4805 [term 1 FOLLOWER]: Starting leader election with config: opid_index: -1 OBSOLETE_local: false peers { permanent_uuid: "e5ef930151d648ea89270e4a66db4805" member_type: VOTER last_known_addr { host: "127.5.190.65" port: 37555 } } peers { permanent_uuid: "6ea07425df5c4bb384d33da7e95dc012" member_type: VOTER last_known_addr { host: "127.5.190.66" port: 38695 } } peers { permanent_uuid: "19c9a507c9804ab99910aa8129a5590b" member_type: VOTER last_known_addr { host: "127.5.190.67" port: 33223 } }
I20260710 13:16:55.374619  6501 raft_consensus.cc:2393] T ab2b2166a5f04aec87fb76b82a331cdd P e5ef930151d648ea89270e4a66db4805 [term 1 FOLLOWER]: Leader pre-election vote request: Denying vote to candidate 19c9a507c9804ab99910aa8129a5590b in current term 1: Already voted for candidate e5ef930151d648ea89270e4a66db4805 in this term.
I20260710 13:16:55.374579  6500 raft_consensus.cc:2468] T 5c04da5bdff84809880cf8d475fa4eeb P e5ef930151d648ea89270e4a66db4805 [term 1 FOLLOWER]: Leader election vote request: Granting yes vote for candidate 6ea07425df5c4bb384d33da7e95dc012 in term 1.
I20260710 13:16:55.375519  6713 leader_election.cc:290] T ab2b2166a5f04aec87fb76b82a331cdd P e5ef930151d648ea89270e4a66db4805 [CANDIDATE]: Term 1 election: Requested vote from peers 6ea07425df5c4bb384d33da7e95dc012 (127.5.190.66:38695), 19c9a507c9804ab99910aa8129a5590b (127.5.190.67:33223)
I20260710 13:16:55.375990  6541 leader_election.cc:304] T 5c04da5bdff84809880cf8d475fa4eeb P 6ea07425df5c4bb384d33da7e95dc012 [CANDIDATE]: Term 1 election: Election decided. Result: candidate won. Election summary: received 3 responses out of 3 voters: 2 yes votes; 1 no votes. yes voters: 6ea07425df5c4bb384d33da7e95dc012, e5ef930151d648ea89270e4a66db4805; no voters: 19c9a507c9804ab99910aa8129a5590b
I20260710 13:16:55.376273  6499 raft_consensus.cc:2468] T 4734feaed6b14ef7a9a25a407ca42316 P e5ef930151d648ea89270e4a66db4805 [term 1 FOLLOWER]: Leader election vote request: Granting yes vote for candidate 19c9a507c9804ab99910aa8129a5590b in term 1.
I20260710 13:16:55.376890  6651 raft_consensus.cc:2468] T cfd0e88f5a504e69ae8e2e04396b362b P 19c9a507c9804ab99910aa8129a5590b [term 1 FOLLOWER]: Leader election vote request: Granting yes vote for candidate e5ef930151d648ea89270e4a66db4805 in term 1.
I20260710 13:16:55.377236  6744 raft_consensus.cc:2804] T 5c04da5bdff84809880cf8d475fa4eeb P 6ea07425df5c4bb384d33da7e95dc012 [term 1 FOLLOWER]: Leader election won for term 1
I20260710 13:16:55.367655  6699 leader_election.cc:290] T 4734feaed6b14ef7a9a25a407ca42316 P 19c9a507c9804ab99910aa8129a5590b [CANDIDATE]: Term 1 election: Requested vote from peers e5ef930151d648ea89270e4a66db4805 (127.5.190.65:37555), 6ea07425df5c4bb384d33da7e95dc012 (127.5.190.66:38695)
I20260710 13:16:55.377988  6727 raft_consensus.cc:697] T b2d3f1a0f5604de6b1d7f6abb80ff6dd P 19c9a507c9804ab99910aa8129a5590b [term 1 LEADER]: Becoming Leader. State: Replica: 19c9a507c9804ab99910aa8129a5590b, State: Running, Role: LEADER
I20260710 13:16:55.378041  6744 raft_consensus.cc:697] T 5c04da5bdff84809880cf8d475fa4eeb P 6ea07425df5c4bb384d33da7e95dc012 [term 1 LEADER]: Becoming Leader. State: Replica: 6ea07425df5c4bb384d33da7e95dc012, State: Running, Role: LEADER
I20260710 13:16:55.376823  6577 tablet_service.cc:1917] Received RequestConsensusVote() RPC: tablet_id: "ab2b2166a5f04aec87fb76b82a331cdd" candidate_uuid: "e5ef930151d648ea89270e4a66db4805" candidate_term: 1 candidate_status { last_received { term: 0 index: 0 } } ignore_live_leader: false dest_uuid: "6ea07425df5c4bb384d33da7e95dc012"
I20260710 13:16:55.347980  6698 leader_election.cc:290] T cfd0e88f5a504e69ae8e2e04396b362b P e5ef930151d648ea89270e4a66db4805 [CANDIDATE]: Term 1 election: Requested vote from peers 6ea07425df5c4bb384d33da7e95dc012 (127.5.190.66:38695), 19c9a507c9804ab99910aa8129a5590b (127.5.190.67:33223)
I20260710 13:16:55.379006  6615 leader_election.cc:304] T ab2b2166a5f04aec87fb76b82a331cdd P 19c9a507c9804ab99910aa8129a5590b [CANDIDATE]: Term 1 pre-election: Election decided. Result: candidate lost. Election summary: received 3 responses out of 3 voters: 1 yes votes; 2 no votes. yes voters: 19c9a507c9804ab99910aa8129a5590b; no voters: 6ea07425df5c4bb384d33da7e95dc012, e5ef930151d648ea89270e4a66db4805
I20260710 13:16:55.352231  6692 raft_consensus.cc:359] T ab2b2166a5f04aec87fb76b82a331cdd P 6ea07425df5c4bb384d33da7e95dc012 [term 0 FOLLOWER]: Replica starting. Triggering 0 pending ops. Active config: opid_index: -1 OBSOLETE_local: false peers { permanent_uuid: "e5ef930151d648ea89270e4a66db4805" member_type: VOTER last_known_addr { host: "127.5.190.65" port: 37555 } } peers { permanent_uuid: "6ea07425df5c4bb384d33da7e95dc012" member_type: VOTER last_known_addr { host: "127.5.190.66" port: 38695 } } peers { permanent_uuid: "19c9a507c9804ab99910aa8129a5590b" member_type: VOTER last_known_addr { host: "127.5.190.67" port: 33223 } }
I20260710 13:16:55.379215  6744 consensus_queue.cc:237] T 5c04da5bdff84809880cf8d475fa4eeb P 6ea07425df5c4bb384d33da7e95dc012 [LEADER]: Queue going to LEADER mode. State: All replicated index: 0, Majority replicated index: 0, Committed index: 0, Last appended: 0.0, Last appended by leader: 0, Current term: 1, Majority size: 2, State: 0, Mode: LEADER, active raft config: opid_index: -1 OBSOLETE_local: false peers { permanent_uuid: "e5ef930151d648ea89270e4a66db4805" member_type: VOTER last_known_addr { host: "127.5.190.65" port: 37555 } } peers { permanent_uuid: "6ea07425df5c4bb384d33da7e95dc012" member_type: VOTER last_known_addr { host: "127.5.190.66" port: 38695 } } peers { permanent_uuid: "19c9a507c9804ab99910aa8129a5590b" member_type: VOTER last_known_addr { host: "127.5.190.67" port: 33223 } }
I20260710 13:16:55.379859  6692 raft_consensus.cc:385] T ab2b2166a5f04aec87fb76b82a331cdd P 6ea07425df5c4bb384d33da7e95dc012 [term 0 FOLLOWER]: Consensus starting up: Expiring failure detector timer to make a prompt election more likely
I20260710 13:16:55.379172  6575 tablet_service.cc:1917] Received RequestConsensusVote() RPC: tablet_id: "4734feaed6b14ef7a9a25a407ca42316" candidate_uuid: "19c9a507c9804ab99910aa8129a5590b" candidate_term: 1 candidate_status { last_received { term: 0 index: 0 } } ignore_live_leader: false dest_uuid: "6ea07425df5c4bb384d33da7e95dc012"
I20260710 13:16:55.380182  6692 raft_consensus.cc:740] T ab2b2166a5f04aec87fb76b82a331cdd P 6ea07425df5c4bb384d33da7e95dc012 [term 0 FOLLOWER]: Becoming Follower/Learner. State: Replica: 6ea07425df5c4bb384d33da7e95dc012, State: Initialized, Role: FOLLOWER
I20260710 13:16:55.379010  6727 consensus_queue.cc:237] T b2d3f1a0f5604de6b1d7f6abb80ff6dd P 19c9a507c9804ab99910aa8129a5590b [LEADER]: Queue going to LEADER mode. State: All replicated index: 0, Majority replicated index: 0, Committed index: 0, Last appended: 0.0, Last appended by leader: 0, Current term: 1, Majority size: 2, State: 0, Mode: LEADER, active raft config: opid_index: -1 OBSOLETE_local: false peers { permanent_uuid: "e5ef930151d648ea89270e4a66db4805" member_type: VOTER last_known_addr { host: "127.5.190.65" port: 37555 } } peers { permanent_uuid: "6ea07425df5c4bb384d33da7e95dc012" member_type: VOTER last_known_addr { host: "127.5.190.66" port: 38695 } } peers { permanent_uuid: "19c9a507c9804ab99910aa8129a5590b" member_type: VOTER last_known_addr { host: "127.5.190.67" port: 33223 } }
I20260710 13:16:55.380956  6692 consensus_queue.cc:260] T ab2b2166a5f04aec87fb76b82a331cdd P 6ea07425df5c4bb384d33da7e95dc012 [NON_LEADER]: Queue going to NON_LEADER mode. State: All replicated index: 0, Majority replicated index: 0, Committed index: 0, Last appended: 0.0, Last appended by leader: 0, Current term: 0, Majority size: -1, State: 0, Mode: NON_LEADER, active raft config: opid_index: -1 OBSOLETE_local: false peers { permanent_uuid: "e5ef930151d648ea89270e4a66db4805" member_type: VOTER last_known_addr { host: "127.5.190.65" port: 37555 } } peers { permanent_uuid: "6ea07425df5c4bb384d33da7e95dc012" member_type: VOTER last_known_addr { host: "127.5.190.66" port: 38695 } } peers { permanent_uuid: "19c9a507c9804ab99910aa8129a5590b" member_type: VOTER last_known_addr { host: "127.5.190.67" port: 33223 } }
I20260710 13:16:55.383039  6692 ts_tablet_manager.cc:1434] T ab2b2166a5f04aec87fb76b82a331cdd P 6ea07425df5c4bb384d33da7e95dc012: Time spent starting tablet: real 0.034s	user 0.006s	sys 0.000s
I20260710 13:16:55.383462  6699 raft_consensus.cc:3060] T ab2b2166a5f04aec87fb76b82a331cdd P 19c9a507c9804ab99910aa8129a5590b [term 0 FOLLOWER]: Advancing to term 1
I20260710 13:16:55.384547  6576 raft_consensus.cc:2468] T ab2b2166a5f04aec87fb76b82a331cdd P 6ea07425df5c4bb384d33da7e95dc012 [term 0 FOLLOWER]: Leader pre-election vote request: Granting yes vote for candidate e5ef930151d648ea89270e4a66db4805 in term 0.
I20260710 13:16:55.385526  6615 leader_election.cc:304] T 4734feaed6b14ef7a9a25a407ca42316 P 19c9a507c9804ab99910aa8129a5590b [CANDIDATE]: Term 1 election: Election decided. Result: candidate won. Election summary: received 2 responses out of 3 voters: 2 yes votes; 0 no votes. yes voters: 19c9a507c9804ab99910aa8129a5590b, e5ef930151d648ea89270e4a66db4805; no voters: 
I20260710 13:16:55.387110  6466 leader_election.cc:304] T cfd0e88f5a504e69ae8e2e04396b362b P e5ef930151d648ea89270e4a66db4805 [CANDIDATE]: Term 1 election: Election decided. Result: candidate won. Election summary: received 3 responses out of 3 voters: 2 yes votes; 1 no votes. yes voters: 19c9a507c9804ab99910aa8129a5590b, e5ef930151d648ea89270e4a66db4805; no voters: 6ea07425df5c4bb384d33da7e95dc012
I20260710 13:16:55.388202  6651 tablet_service.cc:1917] Received RequestConsensusVote() RPC: tablet_id: "ab2b2166a5f04aec87fb76b82a331cdd" candidate_uuid: "e5ef930151d648ea89270e4a66db4805" candidate_term: 1 candidate_status { last_received { term: 0 index: 0 } } ignore_live_leader: false dest_uuid: "19c9a507c9804ab99910aa8129a5590b"
I20260710 13:16:55.388998  6698 raft_consensus.cc:2804] T cfd0e88f5a504e69ae8e2e04396b362b P e5ef930151d648ea89270e4a66db4805 [term 1 FOLLOWER]: Leader election won for term 1
I20260710 13:16:55.389302  6746 raft_consensus.cc:2804] T 4734feaed6b14ef7a9a25a407ca42316 P 19c9a507c9804ab99910aa8129a5590b [term 1 FOLLOWER]: Leader election won for term 1
I20260710 13:16:55.389580  6698 raft_consensus.cc:697] T cfd0e88f5a504e69ae8e2e04396b362b P e5ef930151d648ea89270e4a66db4805 [term 1 LEADER]: Becoming Leader. State: Replica: e5ef930151d648ea89270e4a66db4805, State: Running, Role: LEADER
I20260710 13:16:55.389956  6746 raft_consensus.cc:697] T 4734feaed6b14ef7a9a25a407ca42316 P 19c9a507c9804ab99910aa8129a5590b [term 1 LEADER]: Becoming Leader. State: Replica: 19c9a507c9804ab99910aa8129a5590b, State: Running, Role: LEADER
I20260710 13:16:55.390447  6698 consensus_queue.cc:237] T cfd0e88f5a504e69ae8e2e04396b362b P e5ef930151d648ea89270e4a66db4805 [LEADER]: Queue going to LEADER mode. State: All replicated index: 0, Majority replicated index: 0, Committed index: 0, Last appended: 0.0, Last appended by leader: 0, Current term: 1, Majority size: 2, State: 0, Mode: LEADER, active raft config: opid_index: -1 OBSOLETE_local: false peers { permanent_uuid: "e5ef930151d648ea89270e4a66db4805" member_type: VOTER last_known_addr { host: "127.5.190.65" port: 37555 } } peers { permanent_uuid: "6ea07425df5c4bb384d33da7e95dc012" member_type: VOTER last_known_addr { host: "127.5.190.66" port: 38695 } } peers { permanent_uuid: "19c9a507c9804ab99910aa8129a5590b" member_type: VOTER last_known_addr { host: "127.5.190.67" port: 33223 } }
I20260710 13:16:55.390820  6746 consensus_queue.cc:237] T 4734feaed6b14ef7a9a25a407ca42316 P 19c9a507c9804ab99910aa8129a5590b [LEADER]: Queue going to LEADER mode. State: All replicated index: 0, Majority replicated index: 0, Committed index: 0, Last appended: 0.0, Last appended by leader: 0, Current term: 1, Majority size: 2, State: 0, Mode: LEADER, active raft config: opid_index: -1 OBSOLETE_local: false peers { permanent_uuid: "e5ef930151d648ea89270e4a66db4805" member_type: VOTER last_known_addr { host: "127.5.190.65" port: 37555 } } peers { permanent_uuid: "6ea07425df5c4bb384d33da7e95dc012" member_type: VOTER last_known_addr { host: "127.5.190.66" port: 38695 } } peers { permanent_uuid: "19c9a507c9804ab99910aa8129a5590b" member_type: VOTER last_known_addr { host: "127.5.190.67" port: 33223 } }
I20260710 13:16:55.355443  6693 tablet_bootstrap.cc:492] T 5c04da5bdff84809880cf8d475fa4eeb P 19c9a507c9804ab99910aa8129a5590b: Bootstrap starting.
I20260710 13:16:55.395641  6699 raft_consensus.cc:2749] T ab2b2166a5f04aec87fb76b82a331cdd P 19c9a507c9804ab99910aa8129a5590b [term 1 FOLLOWER]: Leader pre-election lost for term 1. Reason: could not achieve majority
I20260710 13:16:55.383960  6692 tablet_bootstrap.cc:492] T cfd0e88f5a504e69ae8e2e04396b362b P 6ea07425df5c4bb384d33da7e95dc012: Bootstrap starting.
I20260710 13:16:55.387578  6575 raft_consensus.cc:2468] T 4734feaed6b14ef7a9a25a407ca42316 P 6ea07425df5c4bb384d33da7e95dc012 [term 1 FOLLOWER]: Leader election vote request: Granting yes vote for candidate 19c9a507c9804ab99910aa8129a5590b in term 1.
I20260710 13:16:55.406800  6693 tablet_bootstrap.cc:654] T 5c04da5bdff84809880cf8d475fa4eeb P 19c9a507c9804ab99910aa8129a5590b: Neither blocks nor log segments found. Creating new log.
I20260710 13:16:55.410069  6397 catalog_manager.cc:5697] T cfd0e88f5a504e69ae8e2e04396b362b P e5ef930151d648ea89270e4a66db4805 reported cstate change: term changed from 0 to 1, leader changed from <none> to e5ef930151d648ea89270e4a66db4805 (127.5.190.65). New cstate: current_term: 1 leader_uuid: "e5ef930151d648ea89270e4a66db4805" committed_config { opid_index: -1 OBSOLETE_local: false peers { permanent_uuid: "e5ef930151d648ea89270e4a66db4805" member_type: VOTER last_known_addr { host: "127.5.190.65" port: 37555 } health_report { overall_health: HEALTHY } } peers { permanent_uuid: "6ea07425df5c4bb384d33da7e95dc012" member_type: VOTER last_known_addr { host: "127.5.190.66" port: 38695 } health_report { overall_health: UNKNOWN } } peers { permanent_uuid: "19c9a507c9804ab99910aa8129a5590b" member_type: VOTER last_known_addr { host: "127.5.190.67" port: 33223 } health_report { overall_health: UNKNOWN } } }
I20260710 13:16:55.414634  6692 tablet_bootstrap.cc:654] T cfd0e88f5a504e69ae8e2e04396b362b P 6ea07425df5c4bb384d33da7e95dc012: Neither blocks nor log segments found. Creating new log.
I20260710 13:16:55.416802  6541 leader_election.cc:304] T b2d3f1a0f5604de6b1d7f6abb80ff6dd P 6ea07425df5c4bb384d33da7e95dc012 [CANDIDATE]: Term 1 election: Election decided. Result: candidate lost. Election summary: received 3 responses out of 3 voters: 1 yes votes; 2 no votes. yes voters: 6ea07425df5c4bb384d33da7e95dc012; no voters: 19c9a507c9804ab99910aa8129a5590b, e5ef930151d648ea89270e4a66db4805
I20260710 13:16:55.420480  6697 raft_consensus.cc:2749] T b2d3f1a0f5604de6b1d7f6abb80ff6dd P 6ea07425df5c4bb384d33da7e95dc012 [term 1 FOLLOWER]: Leader election lost for term 1. Reason: could not achieve majority
I20260710 13:16:55.420248  6399 catalog_manager.cc:5697] T b2d3f1a0f5604de6b1d7f6abb80ff6dd P 19c9a507c9804ab99910aa8129a5590b reported cstate change: term changed from 0 to 1, leader changed from <none> to 19c9a507c9804ab99910aa8129a5590b (127.5.190.67). New cstate: current_term: 1 leader_uuid: "19c9a507c9804ab99910aa8129a5590b" committed_config { opid_index: -1 OBSOLETE_local: false peers { permanent_uuid: "e5ef930151d648ea89270e4a66db4805" member_type: VOTER last_known_addr { host: "127.5.190.65" port: 37555 } health_report { overall_health: UNKNOWN } } peers { permanent_uuid: "6ea07425df5c4bb384d33da7e95dc012" member_type: VOTER last_known_addr { host: "127.5.190.66" port: 38695 } health_report { overall_health: UNKNOWN } } peers { permanent_uuid: "19c9a507c9804ab99910aa8129a5590b" member_type: VOTER last_known_addr { host: "127.5.190.67" port: 33223 } health_report { overall_health: HEALTHY } } }
I20260710 13:16:55.423435  6693 tablet_bootstrap.cc:492] T 5c04da5bdff84809880cf8d475fa4eeb P 19c9a507c9804ab99910aa8129a5590b: No bootstrap required, opened a new log
I20260710 13:16:55.423875  6693 ts_tablet_manager.cc:1403] T 5c04da5bdff84809880cf8d475fa4eeb P 19c9a507c9804ab99910aa8129a5590b: Time spent bootstrapping tablet: real 0.069s	user 0.006s	sys 0.005s
I20260710 13:16:55.424108  6692 tablet_bootstrap.cc:492] T cfd0e88f5a504e69ae8e2e04396b362b P 6ea07425df5c4bb384d33da7e95dc012: No bootstrap required, opened a new log
I20260710 13:16:55.425068  6692 ts_tablet_manager.cc:1403] T cfd0e88f5a504e69ae8e2e04396b362b P 6ea07425df5c4bb384d33da7e95dc012: Time spent bootstrapping tablet: real 0.041s	user 0.010s	sys 0.002s
I20260710 13:16:55.420341  6651 raft_consensus.cc:2468] T ab2b2166a5f04aec87fb76b82a331cdd P 19c9a507c9804ab99910aa8129a5590b [term 1 FOLLOWER]: Leader election vote request: Granting yes vote for candidate e5ef930151d648ea89270e4a66db4805 in term 1.
I20260710 13:16:55.426643  6398 catalog_manager.cc:5697] T 5c04da5bdff84809880cf8d475fa4eeb P 6ea07425df5c4bb384d33da7e95dc012 reported cstate change: term changed from 0 to 1, leader changed from <none> to 6ea07425df5c4bb384d33da7e95dc012 (127.5.190.66). New cstate: current_term: 1 leader_uuid: "6ea07425df5c4bb384d33da7e95dc012" committed_config { opid_index: -1 OBSOLETE_local: false peers { permanent_uuid: "e5ef930151d648ea89270e4a66db4805" member_type: VOTER last_known_addr { host: "127.5.190.65" port: 37555 } health_report { overall_health: UNKNOWN } } peers { permanent_uuid: "6ea07425df5c4bb384d33da7e95dc012" member_type: VOTER last_known_addr { host: "127.5.190.66" port: 38695 } health_report { overall_health: HEALTHY } } peers { permanent_uuid: "19c9a507c9804ab99910aa8129a5590b" member_type: VOTER last_known_addr { host: "127.5.190.67" port: 33223 } health_report { overall_health: UNKNOWN } } }
I20260710 13:16:55.427675  6692 raft_consensus.cc:359] T cfd0e88f5a504e69ae8e2e04396b362b P 6ea07425df5c4bb384d33da7e95dc012 [term 0 FOLLOWER]: Replica starting. Triggering 0 pending ops. Active config: opid_index: -1 OBSOLETE_local: false peers { permanent_uuid: "e5ef930151d648ea89270e4a66db4805" member_type: VOTER last_known_addr { host: "127.5.190.65" port: 37555 } } peers { permanent_uuid: "6ea07425df5c4bb384d33da7e95dc012" member_type: VOTER last_known_addr { host: "127.5.190.66" port: 38695 } } peers { permanent_uuid: "19c9a507c9804ab99910aa8129a5590b" member_type: VOTER last_known_addr { host: "127.5.190.67" port: 33223 } }
I20260710 13:16:55.426678  6693 raft_consensus.cc:359] T 5c04da5bdff84809880cf8d475fa4eeb P 19c9a507c9804ab99910aa8129a5590b [term 0 FOLLOWER]: Replica starting. Triggering 0 pending ops. Active config: opid_index: -1 OBSOLETE_local: false peers { permanent_uuid: "e5ef930151d648ea89270e4a66db4805" member_type: VOTER last_known_addr { host: "127.5.190.65" port: 37555 } } peers { permanent_uuid: "6ea07425df5c4bb384d33da7e95dc012" member_type: VOTER last_known_addr { host: "127.5.190.66" port: 38695 } } peers { permanent_uuid: "19c9a507c9804ab99910aa8129a5590b" member_type: VOTER last_known_addr { host: "127.5.190.67" port: 33223 } }
I20260710 13:16:55.428445  6692 raft_consensus.cc:385] T cfd0e88f5a504e69ae8e2e04396b362b P 6ea07425df5c4bb384d33da7e95dc012 [term 0 FOLLOWER]: Consensus starting up: Expiring failure detector timer to make a prompt election more likely
I20260710 13:16:55.428666  6693 raft_consensus.cc:385] T 5c04da5bdff84809880cf8d475fa4eeb P 19c9a507c9804ab99910aa8129a5590b [term 0 FOLLOWER]: Consensus starting up: Expiring failure detector timer to make a prompt election more likely
I20260710 13:16:55.428877  6692 raft_consensus.cc:740] T cfd0e88f5a504e69ae8e2e04396b362b P 6ea07425df5c4bb384d33da7e95dc012 [term 0 FOLLOWER]: Becoming Follower/Learner. State: Replica: 6ea07425df5c4bb384d33da7e95dc012, State: Initialized, Role: FOLLOWER
I20260710 13:16:55.429031  6693 raft_consensus.cc:740] T 5c04da5bdff84809880cf8d475fa4eeb P 19c9a507c9804ab99910aa8129a5590b [term 0 FOLLOWER]: Becoming Follower/Learner. State: Replica: 19c9a507c9804ab99910aa8129a5590b, State: Initialized, Role: FOLLOWER
I20260710 13:16:55.429816  6692 consensus_queue.cc:260] T cfd0e88f5a504e69ae8e2e04396b362b P 6ea07425df5c4bb384d33da7e95dc012 [NON_LEADER]: Queue going to NON_LEADER mode. State: All replicated index: 0, Majority replicated index: 0, Committed index: 0, Last appended: 0.0, Last appended by leader: 0, Current term: 0, Majority size: -1, State: 0, Mode: NON_LEADER, active raft config: opid_index: -1 OBSOLETE_local: false peers { permanent_uuid: "e5ef930151d648ea89270e4a66db4805" member_type: VOTER last_known_addr { host: "127.5.190.65" port: 37555 } } peers { permanent_uuid: "6ea07425df5c4bb384d33da7e95dc012" member_type: VOTER last_known_addr { host: "127.5.190.66" port: 38695 } } peers { permanent_uuid: "19c9a507c9804ab99910aa8129a5590b" member_type: VOTER last_known_addr { host: "127.5.190.67" port: 33223 } }
I20260710 13:16:55.429884  6693 consensus_queue.cc:260] T 5c04da5bdff84809880cf8d475fa4eeb P 19c9a507c9804ab99910aa8129a5590b [NON_LEADER]: Queue going to NON_LEADER mode. State: All replicated index: 0, Majority replicated index: 0, Committed index: 0, Last appended: 0.0, Last appended by leader: 0, Current term: 0, Majority size: -1, State: 0, Mode: NON_LEADER, active raft config: opid_index: -1 OBSOLETE_local: false peers { permanent_uuid: "e5ef930151d648ea89270e4a66db4805" member_type: VOTER last_known_addr { host: "127.5.190.65" port: 37555 } } peers { permanent_uuid: "6ea07425df5c4bb384d33da7e95dc012" member_type: VOTER last_known_addr { host: "127.5.190.66" port: 38695 } } peers { permanent_uuid: "19c9a507c9804ab99910aa8129a5590b" member_type: VOTER last_known_addr { host: "127.5.190.67" port: 33223 } }
I20260710 13:16:55.431640  6692 ts_tablet_manager.cc:1434] T cfd0e88f5a504e69ae8e2e04396b362b P 6ea07425df5c4bb384d33da7e95dc012: Time spent starting tablet: real 0.006s	user 0.004s	sys 0.000s
I20260710 13:16:55.431885  6693 ts_tablet_manager.cc:1434] T 5c04da5bdff84809880cf8d475fa4eeb P 19c9a507c9804ab99910aa8129a5590b: Time spent starting tablet: real 0.008s	user 0.005s	sys 0.000s
I20260710 13:16:55.434128  6466 leader_election.cc:304] T ab2b2166a5f04aec87fb76b82a331cdd P e5ef930151d648ea89270e4a66db4805 [CANDIDATE]: Term 1 election: Election decided. Result: candidate won. Election summary: received 3 responses out of 3 voters: 2 yes votes; 1 no votes. yes voters: 19c9a507c9804ab99910aa8129a5590b, e5ef930151d648ea89270e4a66db4805; no voters: 6ea07425df5c4bb384d33da7e95dc012
I20260710 13:16:55.434929  6698 raft_consensus.cc:2804] T ab2b2166a5f04aec87fb76b82a331cdd P e5ef930151d648ea89270e4a66db4805 [term 1 FOLLOWER]: Leader election won for term 1
I20260710 13:16:55.435426  6698 raft_consensus.cc:697] T ab2b2166a5f04aec87fb76b82a331cdd P e5ef930151d648ea89270e4a66db4805 [term 1 LEADER]: Becoming Leader. State: Replica: e5ef930151d648ea89270e4a66db4805, State: Running, Role: LEADER
I20260710 13:16:55.436113  6698 consensus_queue.cc:237] T ab2b2166a5f04aec87fb76b82a331cdd P e5ef930151d648ea89270e4a66db4805 [LEADER]: Queue going to LEADER mode. State: All replicated index: 0, Majority replicated index: 0, Committed index: 0, Last appended: 0.0, Last appended by leader: 0, Current term: 1, Majority size: 2, State: 0, Mode: LEADER, active raft config: opid_index: -1 OBSOLETE_local: false peers { permanent_uuid: "e5ef930151d648ea89270e4a66db4805" member_type: VOTER last_known_addr { host: "127.5.190.65" port: 37555 } } peers { permanent_uuid: "6ea07425df5c4bb384d33da7e95dc012" member_type: VOTER last_known_addr { host: "127.5.190.66" port: 38695 } } peers { permanent_uuid: "19c9a507c9804ab99910aa8129a5590b" member_type: VOTER last_known_addr { host: "127.5.190.67" port: 33223 } }
I20260710 13:16:55.440500  6397 catalog_manager.cc:5697] T 4734feaed6b14ef7a9a25a407ca42316 P 19c9a507c9804ab99910aa8129a5590b reported cstate change: term changed from 0 to 1, leader changed from <none> to 19c9a507c9804ab99910aa8129a5590b (127.5.190.67). New cstate: current_term: 1 leader_uuid: "19c9a507c9804ab99910aa8129a5590b" committed_config { opid_index: -1 OBSOLETE_local: false peers { permanent_uuid: "e5ef930151d648ea89270e4a66db4805" member_type: VOTER last_known_addr { host: "127.5.190.65" port: 37555 } health_report { overall_health: UNKNOWN } } peers { permanent_uuid: "6ea07425df5c4bb384d33da7e95dc012" member_type: VOTER last_known_addr { host: "127.5.190.66" port: 38695 } health_report { overall_health: UNKNOWN } } peers { permanent_uuid: "19c9a507c9804ab99910aa8129a5590b" member_type: VOTER last_known_addr { host: "127.5.190.67" port: 33223 } health_report { overall_health: HEALTHY } } }
I20260710 13:16:55.446197  6399 catalog_manager.cc:5697] T ab2b2166a5f04aec87fb76b82a331cdd P e5ef930151d648ea89270e4a66db4805 reported cstate change: term changed from 0 to 1, leader changed from <none> to e5ef930151d648ea89270e4a66db4805 (127.5.190.65). New cstate: current_term: 1 leader_uuid: "e5ef930151d648ea89270e4a66db4805" committed_config { opid_index: -1 OBSOLETE_local: false peers { permanent_uuid: "e5ef930151d648ea89270e4a66db4805" member_type: VOTER last_known_addr { host: "127.5.190.65" port: 37555 } health_report { overall_health: HEALTHY } } peers { permanent_uuid: "6ea07425df5c4bb384d33da7e95dc012" member_type: VOTER last_known_addr { host: "127.5.190.66" port: 38695 } health_report { overall_health: UNKNOWN } } peers { permanent_uuid: "19c9a507c9804ab99910aa8129a5590b" member_type: VOTER last_known_addr { host: "127.5.190.67" port: 33223 } health_report { overall_health: UNKNOWN } } }
I20260710 13:16:55.501055  6651 tablet_service.cc:2072] Received LeaderStepDown RPC: tablet_id: "4734feaed6b14ef7a9a25a407ca42316"
dest_uuid: "19c9a507c9804ab99910aa8129a5590b"
mode: GRACEFUL
new_leader_uuid: "e5ef930151d648ea89270e4a66db4805"
 from {username='slave'} at 127.0.0.1:35550
I20260710 13:16:55.501617  6651 raft_consensus.cc:606] T 4734feaed6b14ef7a9a25a407ca42316 P 19c9a507c9804ab99910aa8129a5590b [term 1 LEADER]: Received request to transfer leadership to TS e5ef930151d648ea89270e4a66db4805
I20260710 13:16:55.506608  6651 tablet_service.cc:2072] Received LeaderStepDown RPC: tablet_id: "e28aa50ffc68445bb9ba376325f3b420"
dest_uuid: "19c9a507c9804ab99910aa8129a5590b"
mode: GRACEFUL
new_leader_uuid: "e5ef930151d648ea89270e4a66db4805"
 from {username='slave'} at 127.0.0.1:35550
I20260710 13:16:55.507094  6651 raft_consensus.cc:606] T e28aa50ffc68445bb9ba376325f3b420 P 19c9a507c9804ab99910aa8129a5590b [term 1 LEADER]: Received request to transfer leadership to TS e5ef930151d648ea89270e4a66db4805
I20260710 13:16:55.518500  6499 tablet_service.cc:2072] Received LeaderStepDown RPC: tablet_id: "ab2b2166a5f04aec87fb76b82a331cdd"
dest_uuid: "e5ef930151d648ea89270e4a66db4805"
mode: GRACEFUL
new_leader_uuid: "6ea07425df5c4bb384d33da7e95dc012"
 from {username='slave'} at 127.0.0.1:35280
I20260710 13:16:55.519007  6499 raft_consensus.cc:606] T ab2b2166a5f04aec87fb76b82a331cdd P e5ef930151d648ea89270e4a66db4805 [term 1 LEADER]: Received request to transfer leadership to TS 6ea07425df5c4bb384d33da7e95dc012
I20260710 13:16:55.524049  6651 tablet_service.cc:2072] Received LeaderStepDown RPC: tablet_id: "b2d3f1a0f5604de6b1d7f6abb80ff6dd"
dest_uuid: "19c9a507c9804ab99910aa8129a5590b"
mode: GRACEFUL
new_leader_uuid: "6ea07425df5c4bb384d33da7e95dc012"
 from {username='slave'} at 127.0.0.1:35550
I20260710 13:16:55.524547  6651 raft_consensus.cc:606] T b2d3f1a0f5604de6b1d7f6abb80ff6dd P 19c9a507c9804ab99910aa8129a5590b [term 1 LEADER]: Received request to transfer leadership to TS 6ea07425df5c4bb384d33da7e95dc012
I20260710 13:16:55.531875  6499 tablet_service.cc:2072] Received LeaderStepDown RPC: tablet_id: "cfd0e88f5a504e69ae8e2e04396b362b"
dest_uuid: "e5ef930151d648ea89270e4a66db4805"
mode: GRACEFUL
new_leader_uuid: "6ea07425df5c4bb384d33da7e95dc012"
 from {username='slave'} at 127.0.0.1:35280
I20260710 13:16:55.532374  6499 raft_consensus.cc:606] T cfd0e88f5a504e69ae8e2e04396b362b P e5ef930151d648ea89270e4a66db4805 [term 1 LEADER]: Received request to transfer leadership to TS 6ea07425df5c4bb384d33da7e95dc012
I20260710 13:16:55.554199  6744 raft_consensus.cc:493] T cfd0e88f5a504e69ae8e2e04396b362b P 6ea07425df5c4bb384d33da7e95dc012 [term 0 FOLLOWER]: Starting pre-election (no leader contacted us within the election timeout)
I20260710 13:16:55.554668  6744 raft_consensus.cc:515] T cfd0e88f5a504e69ae8e2e04396b362b P 6ea07425df5c4bb384d33da7e95dc012 [term 0 FOLLOWER]: Starting pre-election with config: opid_index: -1 OBSOLETE_local: false peers { permanent_uuid: "e5ef930151d648ea89270e4a66db4805" member_type: VOTER last_known_addr { host: "127.5.190.65" port: 37555 } } peers { permanent_uuid: "6ea07425df5c4bb384d33da7e95dc012" member_type: VOTER last_known_addr { host: "127.5.190.66" port: 38695 } } peers { permanent_uuid: "19c9a507c9804ab99910aa8129a5590b" member_type: VOTER last_known_addr { host: "127.5.190.67" port: 33223 } }
I20260710 13:16:55.556761  6744 leader_election.cc:290] T cfd0e88f5a504e69ae8e2e04396b362b P 6ea07425df5c4bb384d33da7e95dc012 [CANDIDATE]: Term 1 pre-election: Requested pre-vote from peers e5ef930151d648ea89270e4a66db4805 (127.5.190.65:37555), 19c9a507c9804ab99910aa8129a5590b (127.5.190.67:33223)
I20260710 13:16:55.557322  6698 consensus_queue.cc:1048] T d1e7c56ae4ac4c079619ef30211f5cd9 P e5ef930151d648ea89270e4a66db4805 [LEADER]: Connected to new peer: Peer: permanent_uuid: "19c9a507c9804ab99910aa8129a5590b" member_type: VOTER last_known_addr { host: "127.5.190.67" port: 33223 }, Status: LMP_MISMATCH, Last received: 0.0, Next index: 1, Last known committed idx: 0, Time since last communication: 0.000s
I20260710 13:16:55.557534  6499 tablet_service.cc:1917] Received RequestConsensusVote() RPC: tablet_id: "cfd0e88f5a504e69ae8e2e04396b362b" candidate_uuid: "6ea07425df5c4bb384d33da7e95dc012" candidate_term: 1 candidate_status { last_received { term: 0 index: 0 } } ignore_live_leader: false dest_uuid: "e5ef930151d648ea89270e4a66db4805" is_pre_election: true
I20260710 13:16:55.557690  6651 tablet_service.cc:1917] Received RequestConsensusVote() RPC: tablet_id: "cfd0e88f5a504e69ae8e2e04396b362b" candidate_uuid: "6ea07425df5c4bb384d33da7e95dc012" candidate_term: 1 candidate_status { last_received { term: 0 index: 0 } } ignore_live_leader: false dest_uuid: "19c9a507c9804ab99910aa8129a5590b" is_pre_election: true
I20260710 13:16:55.558447  6651 raft_consensus.cc:2393] T cfd0e88f5a504e69ae8e2e04396b362b P 19c9a507c9804ab99910aa8129a5590b [term 1 FOLLOWER]: Leader pre-election vote request: Denying vote to candidate 6ea07425df5c4bb384d33da7e95dc012 in current term 1: Already voted for candidate e5ef930151d648ea89270e4a66db4805 in this term.
I20260710 13:16:55.559419  6541 leader_election.cc:304] T cfd0e88f5a504e69ae8e2e04396b362b P 6ea07425df5c4bb384d33da7e95dc012 [CANDIDATE]: Term 1 pre-election: Election decided. Result: candidate lost. Election summary: received 3 responses out of 3 voters: 1 yes votes; 2 no votes. yes voters: 6ea07425df5c4bb384d33da7e95dc012; no voters: 19c9a507c9804ab99910aa8129a5590b, e5ef930151d648ea89270e4a66db4805
I20260710 13:16:55.560281  6744 raft_consensus.cc:3060] T cfd0e88f5a504e69ae8e2e04396b362b P 6ea07425df5c4bb384d33da7e95dc012 [term 0 FOLLOWER]: Advancing to term 1
I20260710 13:16:55.567703  6744 raft_consensus.cc:2749] T cfd0e88f5a504e69ae8e2e04396b362b P 6ea07425df5c4bb384d33da7e95dc012 [term 1 FOLLOWER]: Leader pre-election lost for term 1. Reason: could not achieve majority
I20260710 13:16:55.571516  6713 consensus_queue.cc:1048] T d1e7c56ae4ac4c079619ef30211f5cd9 P e5ef930151d648ea89270e4a66db4805 [LEADER]: Connected to new peer: Peer: permanent_uuid: "6ea07425df5c4bb384d33da7e95dc012" member_type: VOTER last_known_addr { host: "127.5.190.66" port: 38695 }, Status: LMP_MISMATCH, Last received: 0.0, Next index: 1, Last known committed idx: 0, Time since last communication: 0.000s
I20260710 13:16:55.653901  6713 consensus_queue.cc:1048] T f7c37d9a5de64d83b657dda1dc132231 P e5ef930151d648ea89270e4a66db4805 [LEADER]: Connected to new peer: Peer: permanent_uuid: "6ea07425df5c4bb384d33da7e95dc012" member_type: VOTER last_known_addr { host: "127.5.190.66" port: 38695 }, Status: LMP_MISMATCH, Last received: 0.0, Next index: 1, Last known committed idx: 0, Time since last communication: 0.000s
I20260710 13:16:55.665294  6761 consensus_queue.cc:1048] T f7c37d9a5de64d83b657dda1dc132231 P e5ef930151d648ea89270e4a66db4805 [LEADER]: Connected to new peer: Peer: permanent_uuid: "19c9a507c9804ab99910aa8129a5590b" member_type: VOTER last_known_addr { host: "127.5.190.67" port: 33223 }, Status: LMP_MISMATCH, Last received: 0.0, Next index: 1, Last known committed idx: 0, Time since last communication: 0.001s
I20260710 13:16:55.706800  6746 consensus_queue.cc:1048] T 9e253e3ea0ad42c0bdf1724fabc50890 P 19c9a507c9804ab99910aa8129a5590b [LEADER]: Connected to new peer: Peer: permanent_uuid: "e5ef930151d648ea89270e4a66db4805" member_type: VOTER last_known_addr { host: "127.5.190.65" port: 37555 }, Status: LMP_MISMATCH, Last received: 0.0, Next index: 1, Last known committed idx: 0, Time since last communication: 0.000s
I20260710 13:16:55.716660  6699 consensus_queue.cc:1048] T e28aa50ffc68445bb9ba376325f3b420 P 19c9a507c9804ab99910aa8129a5590b [LEADER]: Connected to new peer: Peer: permanent_uuid: "6ea07425df5c4bb384d33da7e95dc012" member_type: VOTER last_known_addr { host: "127.5.190.66" port: 38695 }, Status: LMP_MISMATCH, Last received: 0.0, Next index: 1, Last known committed idx: 0, Time since last communication: 0.000s
I20260710 13:16:55.718237  6729 consensus_queue.cc:1048] T 9e253e3ea0ad42c0bdf1724fabc50890 P 19c9a507c9804ab99910aa8129a5590b [LEADER]: Connected to new peer: Peer: permanent_uuid: "6ea07425df5c4bb384d33da7e95dc012" member_type: VOTER last_known_addr { host: "127.5.190.66" port: 38695 }, Status: LMP_MISMATCH, Last received: 0.0, Next index: 1, Last known committed idx: 0, Time since last communication: 0.000s
I20260710 13:16:55.731917  6699 consensus_queue.cc:1048] T e28aa50ffc68445bb9ba376325f3b420 P 19c9a507c9804ab99910aa8129a5590b [LEADER]: Connected to new peer: Peer: permanent_uuid: "e5ef930151d648ea89270e4a66db4805" member_type: VOTER last_known_addr { host: "127.5.190.65" port: 37555 }, Status: LMP_MISMATCH, Last received: 0.0, Next index: 1, Last known committed idx: 0, Time since last communication: 0.000s
I20260710 13:16:55.739140  6727 raft_consensus.cc:993] T e28aa50ffc68445bb9ba376325f3b420 P 19c9a507c9804ab99910aa8129a5590b: : Instructing follower e5ef930151d648ea89270e4a66db4805 to start an election
I20260710 13:16:55.739620  6699 raft_consensus.cc:1081] T e28aa50ffc68445bb9ba376325f3b420 P 19c9a507c9804ab99910aa8129a5590b [term 1 LEADER]: Signalling peer e5ef930151d648ea89270e4a66db4805 to start an election
I20260710 13:16:55.741216  6499 tablet_service.cc:2044] Received Run Leader Election RPC: tablet_id: "e28aa50ffc68445bb9ba376325f3b420"
dest_uuid: "e5ef930151d648ea89270e4a66db4805"
 from {username='slave'} at 127.0.0.1:35254
I20260710 13:16:55.741678  6499 raft_consensus.cc:493] T e28aa50ffc68445bb9ba376325f3b420 P e5ef930151d648ea89270e4a66db4805 [term 1 FOLLOWER]: Starting forced leader election (received explicit request)
I20260710 13:16:55.741961  6499 raft_consensus.cc:3060] T e28aa50ffc68445bb9ba376325f3b420 P e5ef930151d648ea89270e4a66db4805 [term 1 FOLLOWER]: Advancing to term 2
I20260710 13:16:55.746501  6499 raft_consensus.cc:515] T e28aa50ffc68445bb9ba376325f3b420 P e5ef930151d648ea89270e4a66db4805 [term 2 FOLLOWER]: Starting forced leader election with config: opid_index: -1 OBSOLETE_local: false peers { permanent_uuid: "e5ef930151d648ea89270e4a66db4805" member_type: VOTER last_known_addr { host: "127.5.190.65" port: 37555 } } peers { permanent_uuid: "6ea07425df5c4bb384d33da7e95dc012" member_type: VOTER last_known_addr { host: "127.5.190.66" port: 38695 } } peers { permanent_uuid: "19c9a507c9804ab99910aa8129a5590b" member_type: VOTER last_known_addr { host: "127.5.190.67" port: 33223 } }
I20260710 13:16:55.748466  6499 leader_election.cc:290] T e28aa50ffc68445bb9ba376325f3b420 P e5ef930151d648ea89270e4a66db4805 [CANDIDATE]: Term 2 election: Requested vote from peers 6ea07425df5c4bb384d33da7e95dc012 (127.5.190.66:38695), 19c9a507c9804ab99910aa8129a5590b (127.5.190.67:33223)
I20260710 13:16:55.749612  6576 tablet_service.cc:1917] Received RequestConsensusVote() RPC: tablet_id: "e28aa50ffc68445bb9ba376325f3b420" candidate_uuid: "e5ef930151d648ea89270e4a66db4805" candidate_term: 2 candidate_status { last_received { term: 1 index: 1 } } ignore_live_leader: true dest_uuid: "6ea07425df5c4bb384d33da7e95dc012"
I20260710 13:16:55.750006  6651 tablet_service.cc:1917] Received RequestConsensusVote() RPC: tablet_id: "e28aa50ffc68445bb9ba376325f3b420" candidate_uuid: "e5ef930151d648ea89270e4a66db4805" candidate_term: 2 candidate_status { last_received { term: 1 index: 1 } } ignore_live_leader: true dest_uuid: "19c9a507c9804ab99910aa8129a5590b"
I20260710 13:16:55.750289  6576 raft_consensus.cc:3060] T e28aa50ffc68445bb9ba376325f3b420 P 6ea07425df5c4bb384d33da7e95dc012 [term 1 FOLLOWER]: Advancing to term 2
I20260710 13:16:55.750598  6651 raft_consensus.cc:3055] T e28aa50ffc68445bb9ba376325f3b420 P 19c9a507c9804ab99910aa8129a5590b [term 1 LEADER]: Stepping down as leader of term 1
I20260710 13:16:55.750967  6651 raft_consensus.cc:740] T e28aa50ffc68445bb9ba376325f3b420 P 19c9a507c9804ab99910aa8129a5590b [term 1 LEADER]: Becoming Follower/Learner. State: Replica: 19c9a507c9804ab99910aa8129a5590b, State: Running, Role: LEADER
