I20260710 13:17:08.352444  6878 ts_manager.cc:194] Registered new tserver with Master: 47abdebbd8fd4c1297fffa175e3a5af9 (127.5.190.68:43991)
I20260710 13:17:08.354163  6878 master_service.cc:502] Signed X509 certificate for tserver {username='slave'} at 127.0.0.1:50272
I20260710 13:17:09.356897  7442 heartbeater.cc:499] Master 127.5.190.126:46763 was elected leader, sending a full tablet report...
I20260710 13:17:09.422099  6979 consensus_queue.cc:237] T ef1e50f4941245f3a8f44cc9556c9b7c P bd03975071324f238d88709cd4a44a8c [LEADER]: Queue going to LEADER mode. State: All replicated index: 0, Majority replicated index: 1, Committed index: 1, Last appended: 2.1, Last appended by leader: 0, Current term: 2, Majority size: 2, State: 0, Mode: LEADER, active raft config: opid_index: 2 OBSOLETE_local: false peers { permanent_uuid: "bd03975071324f238d88709cd4a44a8c" member_type: VOTER last_known_addr { host: "127.5.190.65" port: 39263 } } peers { permanent_uuid: "4ca78537f5c349bd9fef14e9995c50e2" member_type: VOTER last_known_addr { host: "127.5.190.66" port: 44211 } } peers { permanent_uuid: "400aba1667f04c918de07d2b6e999cb4" member_type: VOTER last_known_addr { host: "127.5.190.67" port: 35971 } attrs { replace: true } } peers { permanent_uuid: "47abdebbd8fd4c1297fffa175e3a5af9" member_type: NON_VOTER last_known_addr { host: "127.5.190.68" port: 43991 } attrs { promote: true } }
I20260710 13:17:09.429850  7055 raft_consensus.cc:1275] T ef1e50f4941245f3a8f44cc9556c9b7c P 4ca78537f5c349bd9fef14e9995c50e2 [term 2 FOLLOWER]: Refusing update from remote peer bd03975071324f238d88709cd4a44a8c: Log matching property violated. Preceding OpId in replica: term: 2 index: 1. Preceding OpId from leader: term: 2 index: 2. (index mismatch)
I20260710 13:17:09.432185  7446 consensus_queue.cc:1048] T ef1e50f4941245f3a8f44cc9556c9b7c P bd03975071324f238d88709cd4a44a8c [LEADER]: Connected to new peer: Peer: permanent_uuid: "4ca78537f5c349bd9fef14e9995c50e2" member_type: VOTER last_known_addr { host: "127.5.190.66" port: 44211 }, Status: LMP_MISMATCH, Last received: 0.0, Next index: 2, Last known committed idx: 1, Time since last communication: 0.000s
I20260710 13:17:09.446056  7124 raft_consensus.cc:1275] T ef1e50f4941245f3a8f44cc9556c9b7c P 400aba1667f04c918de07d2b6e999cb4 [term 2 FOLLOWER]: Refusing update from remote peer bd03975071324f238d88709cd4a44a8c: Log matching property violated. Preceding OpId in replica: term: 2 index: 1. Preceding OpId from leader: term: 2 index: 2. (index mismatch)
I20260710 13:17:09.447602  7274 consensus_queue.cc:1048] T ef1e50f4941245f3a8f44cc9556c9b7c P bd03975071324f238d88709cd4a44a8c [LEADER]: Connected to new peer: Peer: permanent_uuid: "400aba1667f04c918de07d2b6e999cb4" member_type: VOTER last_known_addr { host: "127.5.190.67" port: 35971 } attrs { replace: true }, Status: LMP_MISMATCH, Last received: 0.0, Next index: 2, Last known committed idx: 1, Time since last communication: 0.001s
I20260710 13:17:09.450754  7446 raft_consensus.cc:2955] T ef1e50f4941245f3a8f44cc9556c9b7c P bd03975071324f238d88709cd4a44a8c [term 2 LEADER]: Committing config change with OpId 2.2: config changed from index -1 to 2, NON_VOTER 47abdebbd8fd4c1297fffa175e3a5af9 (127.5.190.68) added. New config: { opid_index: 2 OBSOLETE_local: false peers { permanent_uuid: "bd03975071324f238d88709cd4a44a8c" member_type: VOTER last_known_addr { host: "127.5.190.65" port: 39263 } } peers { permanent_uuid: "4ca78537f5c349bd9fef14e9995c50e2" member_type: VOTER last_known_addr { host: "127.5.190.66" port: 44211 } } peers { permanent_uuid: "400aba1667f04c918de07d2b6e999cb4" member_type: VOTER last_known_addr { host: "127.5.190.67" port: 35971 } attrs { replace: true } } peers { permanent_uuid: "47abdebbd8fd4c1297fffa175e3a5af9" member_type: NON_VOTER last_known_addr { host: "127.5.190.68" port: 43991 } attrs { promote: true } } }
I20260710 13:17:09.457118  7054 raft_consensus.cc:2955] T ef1e50f4941245f3a8f44cc9556c9b7c P 4ca78537f5c349bd9fef14e9995c50e2 [term 2 FOLLOWER]: Committing config change with OpId 2.2: config changed from index -1 to 2, NON_VOTER 47abdebbd8fd4c1297fffa175e3a5af9 (127.5.190.68) added. New config: { opid_index: 2 OBSOLETE_local: false peers { permanent_uuid: "bd03975071324f238d88709cd4a44a8c" member_type: VOTER last_known_addr { host: "127.5.190.65" port: 39263 } } peers { permanent_uuid: "4ca78537f5c349bd9fef14e9995c50e2" member_type: VOTER last_known_addr { host: "127.5.190.66" port: 44211 } } peers { permanent_uuid: "400aba1667f04c918de07d2b6e999cb4" member_type: VOTER last_known_addr { host: "127.5.190.67" port: 35971 } attrs { replace: true } } peers { permanent_uuid: "47abdebbd8fd4c1297fffa175e3a5af9" member_type: NON_VOTER last_known_addr { host: "127.5.190.68" port: 43991 } attrs { promote: true } } }
W20260710 13:17:09.461138  6944 consensus_peers.cc:597] T ef1e50f4941245f3a8f44cc9556c9b7c P bd03975071324f238d88709cd4a44a8c -> Peer 47abdebbd8fd4c1297fffa175e3a5af9 (127.5.190.68:43991): Couldn't send request to peer 47abdebbd8fd4c1297fffa175e3a5af9. Error code: TABLET_NOT_FOUND (6). Status: Not found: Tablet not found: ef1e50f4941245f3a8f44cc9556c9b7c. This is attempt 1: this message will repeat every 5th retry.
I20260710 13:17:09.465808  7130 raft_consensus.cc:2955] T ef1e50f4941245f3a8f44cc9556c9b7c P 400aba1667f04c918de07d2b6e999cb4 [term 2 FOLLOWER]: Committing config change with OpId 2.2: config changed from index -1 to 2, NON_VOTER 47abdebbd8fd4c1297fffa175e3a5af9 (127.5.190.68) added. New config: { opid_index: 2 OBSOLETE_local: false peers { permanent_uuid: "bd03975071324f238d88709cd4a44a8c" member_type: VOTER last_known_addr { host: "127.5.190.65" port: 39263 } } peers { permanent_uuid: "4ca78537f5c349bd9fef14e9995c50e2" member_type: VOTER last_known_addr { host: "127.5.190.66" port: 44211 } } peers { permanent_uuid: "400aba1667f04c918de07d2b6e999cb4" member_type: VOTER last_known_addr { host: "127.5.190.67" port: 35971 } attrs { replace: true } } peers { permanent_uuid: "47abdebbd8fd4c1297fffa175e3a5af9" member_type: NON_VOTER last_known_addr { host: "127.5.190.68" port: 43991 } attrs { promote: true } } }
I20260710 13:17:09.471095  6877 catalog_manager.cc:5697] T ef1e50f4941245f3a8f44cc9556c9b7c P bd03975071324f238d88709cd4a44a8c reported cstate change: config changed from index -1 to 2, NON_VOTER 47abdebbd8fd4c1297fffa175e3a5af9 (127.5.190.68) added. New cstate: current_term: 2 leader_uuid: "bd03975071324f238d88709cd4a44a8c" committed_config { opid_index: 2 OBSOLETE_local: false peers { permanent_uuid: "bd03975071324f238d88709cd4a44a8c" member_type: VOTER last_known_addr { host: "127.5.190.65" port: 39263 } health_report { overall_health: HEALTHY } } peers { permanent_uuid: "4ca78537f5c349bd9fef14e9995c50e2" member_type: VOTER last_known_addr { host: "127.5.190.66" port: 44211 } health_report { overall_health: HEALTHY } } peers { permanent_uuid: "400aba1667f04c918de07d2b6e999cb4" member_type: VOTER last_known_addr { host: "127.5.190.67" port: 35971 } attrs { replace: true } health_report { overall_health: HEALTHY } } peers { permanent_uuid: "47abdebbd8fd4c1297fffa175e3a5af9" member_type: NON_VOTER last_known_addr { host: "127.5.190.68" port: 43991 } attrs { promote: true } health_report { overall_health: UNKNOWN } } }
I20260710 13:17:09.475399  6979 consensus_queue.cc:237] T f48727244e1b45afb34a05aa46d1df03 P bd03975071324f238d88709cd4a44a8c [LEADER]: Queue going to LEADER mode. State: All replicated index: 0, Majority replicated index: 1, Committed index: 1, Last appended: 1.1, Last appended by leader: 0, Current term: 1, Majority size: 2, State: 0, Mode: LEADER, active raft config: opid_index: 2 OBSOLETE_local: false peers { permanent_uuid: "bd03975071324f238d88709cd4a44a8c" member_type: VOTER last_known_addr { host: "127.5.190.65" port: 39263 } } peers { permanent_uuid: "4ca78537f5c349bd9fef14e9995c50e2" member_type: VOTER last_known_addr { host: "127.5.190.66" port: 44211 } attrs { replace: true } } peers { permanent_uuid: "400aba1667f04c918de07d2b6e999cb4" member_type: VOTER last_known_addr { host: "127.5.190.67" port: 35971 } } peers { permanent_uuid: "47abdebbd8fd4c1297fffa175e3a5af9" member_type: NON_VOTER last_known_addr { host: "127.5.190.68" port: 43991 } attrs { promote: true } }
W20260710 13:17:09.489670  6944 consensus_peers.cc:597] T f48727244e1b45afb34a05aa46d1df03 P bd03975071324f238d88709cd4a44a8c -> Peer 47abdebbd8fd4c1297fffa175e3a5af9 (127.5.190.68:43991): Couldn't send request to peer 47abdebbd8fd4c1297fffa175e3a5af9. Error code: TABLET_NOT_FOUND (6). Status: Not found: Tablet not found: f48727244e1b45afb34a05aa46d1df03. This is attempt 1: this message will repeat every 5th retry.
I20260710 13:17:09.490353  7130 raft_consensus.cc:1275] T f48727244e1b45afb34a05aa46d1df03 P 400aba1667f04c918de07d2b6e999cb4 [term 1 FOLLOWER]: Refusing update from remote peer bd03975071324f238d88709cd4a44a8c: Log matching property violated. Preceding OpId in replica: term: 1 index: 1. Preceding OpId from leader: term: 1 index: 2. (index mismatch)
I20260710 13:17:09.491707  7274 consensus_queue.cc:1048] T f48727244e1b45afb34a05aa46d1df03 P bd03975071324f238d88709cd4a44a8c [LEADER]: Connected to new peer: Peer: permanent_uuid: "400aba1667f04c918de07d2b6e999cb4" member_type: VOTER last_known_addr { host: "127.5.190.67" port: 35971 }, Status: LMP_MISMATCH, Last received: 0.0, Next index: 2, Last known committed idx: 1, Time since last communication: 0.000s
I20260710 13:17:09.492853  7054 raft_consensus.cc:1275] T f48727244e1b45afb34a05aa46d1df03 P 4ca78537f5c349bd9fef14e9995c50e2 [term 1 FOLLOWER]: Refusing update from remote peer bd03975071324f238d88709cd4a44a8c: Log matching property violated. Preceding OpId in replica: term: 1 index: 1. Preceding OpId from leader: term: 1 index: 2. (index mismatch)
I20260710 13:17:09.494483  7274 consensus_queue.cc:1048] T f48727244e1b45afb34a05aa46d1df03 P bd03975071324f238d88709cd4a44a8c [LEADER]: Connected to new peer: Peer: permanent_uuid: "4ca78537f5c349bd9fef14e9995c50e2" member_type: VOTER last_known_addr { host: "127.5.190.66" port: 44211 } attrs { replace: true }, Status: LMP_MISMATCH, Last received: 0.0, Next index: 2, Last known committed idx: 1, Time since last communication: 0.000s
I20260710 13:17:09.502135  7208 raft_consensus.cc:2955] T f48727244e1b45afb34a05aa46d1df03 P bd03975071324f238d88709cd4a44a8c [term 1 LEADER]: Committing config change with OpId 1.2: config changed from index -1 to 2, NON_VOTER 47abdebbd8fd4c1297fffa175e3a5af9 (127.5.190.68) added. New config: { opid_index: 2 OBSOLETE_local: false peers { permanent_uuid: "bd03975071324f238d88709cd4a44a8c" member_type: VOTER last_known_addr { host: "127.5.190.65" port: 39263 } } peers { permanent_uuid: "4ca78537f5c349bd9fef14e9995c50e2" member_type: VOTER last_known_addr { host: "127.5.190.66" port: 44211 } attrs { replace: true } } peers { permanent_uuid: "400aba1667f04c918de07d2b6e999cb4" member_type: VOTER last_known_addr { host: "127.5.190.67" port: 35971 } } peers { permanent_uuid: "47abdebbd8fd4c1297fffa175e3a5af9" member_type: NON_VOTER last_known_addr { host: "127.5.190.68" port: 43991 } attrs { promote: true } } }
I20260710 13:17:09.503916  7130 raft_consensus.cc:2955] T f48727244e1b45afb34a05aa46d1df03 P 400aba1667f04c918de07d2b6e999cb4 [term 1 FOLLOWER]: Committing config change with OpId 1.2: config changed from index -1 to 2, NON_VOTER 47abdebbd8fd4c1297fffa175e3a5af9 (127.5.190.68) added. New config: { opid_index: 2 OBSOLETE_local: false peers { permanent_uuid: "bd03975071324f238d88709cd4a44a8c" member_type: VOTER last_known_addr { host: "127.5.190.65" port: 39263 } } peers { permanent_uuid: "4ca78537f5c349bd9fef14e9995c50e2" member_type: VOTER last_known_addr { host: "127.5.190.66" port: 44211 } attrs { replace: true } } peers { permanent_uuid: "400aba1667f04c918de07d2b6e999cb4" member_type: VOTER last_known_addr { host: "127.5.190.67" port: 35971 } } peers { permanent_uuid: "47abdebbd8fd4c1297fffa175e3a5af9" member_type: NON_VOTER last_known_addr { host: "127.5.190.68" port: 43991 } attrs { promote: true } } }
I20260710 13:17:09.518730  6879 catalog_manager.cc:5697] T f48727244e1b45afb34a05aa46d1df03 P 400aba1667f04c918de07d2b6e999cb4 reported cstate change: config changed from index -1 to 2, NON_VOTER 47abdebbd8fd4c1297fffa175e3a5af9 (127.5.190.68) added. New cstate: current_term: 1 leader_uuid: "bd03975071324f238d88709cd4a44a8c" committed_config { opid_index: 2 OBSOLETE_local: false peers { permanent_uuid: "bd03975071324f238d88709cd4a44a8c" member_type: VOTER last_known_addr { host: "127.5.190.65" port: 39263 } } peers { permanent_uuid: "4ca78537f5c349bd9fef14e9995c50e2" member_type: VOTER last_known_addr { host: "127.5.190.66" port: 44211 } attrs { replace: true } } peers { permanent_uuid: "400aba1667f04c918de07d2b6e999cb4" member_type: VOTER last_known_addr { host: "127.5.190.67" port: 35971 } } peers { permanent_uuid: "47abdebbd8fd4c1297fffa175e3a5af9" member_type: NON_VOTER last_known_addr { host: "127.5.190.68" port: 43991 } attrs { promote: true } } }
I20260710 13:17:09.533484  7054 raft_consensus.cc:2955] T f48727244e1b45afb34a05aa46d1df03 P 4ca78537f5c349bd9fef14e9995c50e2 [term 1 FOLLOWER]: Committing config change with OpId 1.2: config changed from index -1 to 2, NON_VOTER 47abdebbd8fd4c1297fffa175e3a5af9 (127.5.190.68) added. New config: { opid_index: 2 OBSOLETE_local: false peers { permanent_uuid: "bd03975071324f238d88709cd4a44a8c" member_type: VOTER last_known_addr { host: "127.5.190.65" port: 39263 } } peers { permanent_uuid: "4ca78537f5c349bd9fef14e9995c50e2" member_type: VOTER last_known_addr { host: "127.5.190.66" port: 44211 } attrs { replace: true } } peers { permanent_uuid: "400aba1667f04c918de07d2b6e999cb4" member_type: VOTER last_known_addr { host: "127.5.190.67" port: 35971 } } peers { permanent_uuid: "47abdebbd8fd4c1297fffa175e3a5af9" member_type: NON_VOTER last_known_addr { host: "127.5.190.68" port: 43991 } attrs { promote: true } } }
I20260710 13:17:09.548560  7130 consensus_queue.cc:237] T 3ba74d16be1c4b2d84b67a43a93ec628 P 400aba1667f04c918de07d2b6e999cb4 [LEADER]: Queue going to LEADER mode. State: All replicated index: 0, Majority replicated index: 1, Committed index: 1, Last appended: 1.1, Last appended by leader: 0, Current term: 1, Majority size: 2, State: 0, Mode: LEADER, active raft config: opid_index: 2 OBSOLETE_local: false peers { permanent_uuid: "bd03975071324f238d88709cd4a44a8c" member_type: VOTER last_known_addr { host: "127.5.190.65" port: 39263 } attrs { replace: true } } peers { permanent_uuid: "4ca78537f5c349bd9fef14e9995c50e2" member_type: VOTER last_known_addr { host: "127.5.190.66" port: 44211 } } peers { permanent_uuid: "400aba1667f04c918de07d2b6e999cb4" member_type: VOTER last_known_addr { host: "127.5.190.67" port: 35971 } } peers { permanent_uuid: "47abdebbd8fd4c1297fffa175e3a5af9" member_type: NON_VOTER last_known_addr { host: "127.5.190.68" port: 43991 } attrs { promote: true } }
I20260710 13:17:09.558528  7054 raft_consensus.cc:1275] T 3ba74d16be1c4b2d84b67a43a93ec628 P 4ca78537f5c349bd9fef14e9995c50e2 [term 1 FOLLOWER]: Refusing update from remote peer 400aba1667f04c918de07d2b6e999cb4: Log matching property violated. Preceding OpId in replica: term: 1 index: 1. Preceding OpId from leader: term: 1 index: 2. (index mismatch)
I20260710 13:17:09.558887  6979 raft_consensus.cc:1275] T 3ba74d16be1c4b2d84b67a43a93ec628 P bd03975071324f238d88709cd4a44a8c [term 1 FOLLOWER]: Refusing update from remote peer 400aba1667f04c918de07d2b6e999cb4: Log matching property violated. Preceding OpId in replica: term: 1 index: 1. Preceding OpId from leader: term: 1 index: 2. (index mismatch)
I20260710 13:17:09.560307  7463 consensus_queue.cc:1048] T 3ba74d16be1c4b2d84b67a43a93ec628 P 400aba1667f04c918de07d2b6e999cb4 [LEADER]: Connected to new peer: Peer: permanent_uuid: "4ca78537f5c349bd9fef14e9995c50e2" member_type: VOTER last_known_addr { host: "127.5.190.66" port: 44211 }, Status: LMP_MISMATCH, Last received: 0.0, Next index: 2, Last known committed idx: 1, Time since last communication: 0.001s
I20260710 13:17:09.561426  7249 consensus_queue.cc:1048] T 3ba74d16be1c4b2d84b67a43a93ec628 P 400aba1667f04c918de07d2b6e999cb4 [LEADER]: Connected to new peer: Peer: permanent_uuid: "bd03975071324f238d88709cd4a44a8c" member_type: VOTER last_known_addr { host: "127.5.190.65" port: 39263 } attrs { replace: true }, Status: LMP_MISMATCH, Last received: 0.0, Next index: 2, Last known committed idx: 1, Time since last communication: 0.001s
W20260710 13:17:09.573632  7093 consensus_peers.cc:597] T 3ba74d16be1c4b2d84b67a43a93ec628 P 400aba1667f04c918de07d2b6e999cb4 -> Peer 47abdebbd8fd4c1297fffa175e3a5af9 (127.5.190.68:43991): Couldn't send request to peer 47abdebbd8fd4c1297fffa175e3a5af9. Error code: TABLET_NOT_FOUND (6). Status: Not found: Tablet not found: 3ba74d16be1c4b2d84b67a43a93ec628. This is attempt 1: this message will repeat every 5th retry.
I20260710 13:17:09.572913  7467 raft_consensus.cc:2955] T 3ba74d16be1c4b2d84b67a43a93ec628 P 400aba1667f04c918de07d2b6e999cb4 [term 1 LEADER]: Committing config change with OpId 1.2: config changed from index -1 to 2, NON_VOTER 47abdebbd8fd4c1297fffa175e3a5af9 (127.5.190.68) added. New config: { opid_index: 2 OBSOLETE_local: false peers { permanent_uuid: "bd03975071324f238d88709cd4a44a8c" member_type: VOTER last_known_addr { host: "127.5.190.65" port: 39263 } attrs { replace: true } } peers { permanent_uuid: "4ca78537f5c349bd9fef14e9995c50e2" member_type: VOTER last_known_addr { host: "127.5.190.66" port: 44211 } } peers { permanent_uuid: "400aba1667f04c918de07d2b6e999cb4" member_type: VOTER last_known_addr { host: "127.5.190.67" port: 35971 } } peers { permanent_uuid: "47abdebbd8fd4c1297fffa175e3a5af9" member_type: NON_VOTER last_known_addr { host: "127.5.190.68" port: 43991 } attrs { promote: true } } }
I20260710 13:17:09.574966  7054 raft_consensus.cc:2955] T 3ba74d16be1c4b2d84b67a43a93ec628 P 4ca78537f5c349bd9fef14e9995c50e2 [term 1 FOLLOWER]: Committing config change with OpId 1.2: config changed from index -1 to 2, NON_VOTER 47abdebbd8fd4c1297fffa175e3a5af9 (127.5.190.68) added. New config: { opid_index: 2 OBSOLETE_local: false peers { permanent_uuid: "bd03975071324f238d88709cd4a44a8c" member_type: VOTER last_known_addr { host: "127.5.190.65" port: 39263 } attrs { replace: true } } peers { permanent_uuid: "4ca78537f5c349bd9fef14e9995c50e2" member_type: VOTER last_known_addr { host: "127.5.190.66" port: 44211 } } peers { permanent_uuid: "400aba1667f04c918de07d2b6e999cb4" member_type: VOTER last_known_addr { host: "127.5.190.67" port: 35971 } } peers { permanent_uuid: "47abdebbd8fd4c1297fffa175e3a5af9" member_type: NON_VOTER last_known_addr { host: "127.5.190.68" port: 43991 } attrs { promote: true } } }
I20260710 13:17:09.576049  6979 raft_consensus.cc:2955] T 3ba74d16be1c4b2d84b67a43a93ec628 P bd03975071324f238d88709cd4a44a8c [term 1 FOLLOWER]: Committing config change with OpId 1.2: config changed from index -1 to 2, NON_VOTER 47abdebbd8fd4c1297fffa175e3a5af9 (127.5.190.68) added. New config: { opid_index: 2 OBSOLETE_local: false peers { permanent_uuid: "bd03975071324f238d88709cd4a44a8c" member_type: VOTER last_known_addr { host: "127.5.190.65" port: 39263 } attrs { replace: true } } peers { permanent_uuid: "4ca78537f5c349bd9fef14e9995c50e2" member_type: VOTER last_known_addr { host: "127.5.190.66" port: 44211 } } peers { permanent_uuid: "400aba1667f04c918de07d2b6e999cb4" member_type: VOTER last_known_addr { host: "127.5.190.67" port: 35971 } } peers { permanent_uuid: "47abdebbd8fd4c1297fffa175e3a5af9" member_type: NON_VOTER last_known_addr { host: "127.5.190.68" port: 43991 } attrs { promote: true } } }
I20260710 13:17:09.589017  6878 catalog_manager.cc:5697] T 3ba74d16be1c4b2d84b67a43a93ec628 P 4ca78537f5c349bd9fef14e9995c50e2 reported cstate change: config changed from index -1 to 2, NON_VOTER 47abdebbd8fd4c1297fffa175e3a5af9 (127.5.190.68) added. New cstate: current_term: 1 leader_uuid: "400aba1667f04c918de07d2b6e999cb4" committed_config { opid_index: 2 OBSOLETE_local: false peers { permanent_uuid: "bd03975071324f238d88709cd4a44a8c" member_type: VOTER last_known_addr { host: "127.5.190.65" port: 39263 } attrs { replace: true } } peers { permanent_uuid: "4ca78537f5c349bd9fef14e9995c50e2" member_type: VOTER last_known_addr { host: "127.5.190.66" port: 44211 } } peers { permanent_uuid: "400aba1667f04c918de07d2b6e999cb4" member_type: VOTER last_known_addr { host: "127.5.190.67" port: 35971 } } peers { permanent_uuid: "47abdebbd8fd4c1297fffa175e3a5af9" member_type: NON_VOTER last_known_addr { host: "127.5.190.68" port: 43991 } attrs { promote: true } } }
I20260710 13:17:09.598567  7130 consensus_queue.cc:237] T a4baa9f25ddc4b6ea2d0df8e063d4fd6 P 400aba1667f04c918de07d2b6e999cb4 [LEADER]: Queue going to LEADER mode. State: All replicated index: 0, Majority replicated index: 1, Committed index: 1, Last appended: 1.1, Last appended by leader: 0, Current term: 1, Majority size: 2, State: 0, Mode: LEADER, active raft config: opid_index: 2 OBSOLETE_local: false peers { permanent_uuid: "bd03975071324f238d88709cd4a44a8c" member_type: VOTER last_known_addr { host: "127.5.190.65" port: 39263 } attrs { replace: true } } peers { permanent_uuid: "4ca78537f5c349bd9fef14e9995c50e2" member_type: VOTER last_known_addr { host: "127.5.190.66" port: 44211 } } peers { permanent_uuid: "400aba1667f04c918de07d2b6e999cb4" member_type: VOTER last_known_addr { host: "127.5.190.67" port: 35971 } } peers { permanent_uuid: "47abdebbd8fd4c1297fffa175e3a5af9" member_type: NON_VOTER last_known_addr { host: "127.5.190.68" port: 43991 } attrs { promote: true } }
W20260710 13:17:09.608942  7093 consensus_peers.cc:597] T a4baa9f25ddc4b6ea2d0df8e063d4fd6 P 400aba1667f04c918de07d2b6e999cb4 -> Peer 47abdebbd8fd4c1297fffa175e3a5af9 (127.5.190.68:43991): Couldn't send request to peer 47abdebbd8fd4c1297fffa175e3a5af9. Error code: TABLET_NOT_FOUND (6). Status: Not found: Tablet not found: a4baa9f25ddc4b6ea2d0df8e063d4fd6. This is attempt 1: this message will repeat every 5th retry.
I20260710 13:17:09.608996  7054 raft_consensus.cc:1275] T a4baa9f25ddc4b6ea2d0df8e063d4fd6 P 4ca78537f5c349bd9fef14e9995c50e2 [term 1 FOLLOWER]: Refusing update from remote peer 400aba1667f04c918de07d2b6e999cb4: Log matching property violated. Preceding OpId in replica: term: 1 index: 1. Preceding OpId from leader: term: 1 index: 2. (index mismatch)
I20260710 13:17:09.609863  6979 raft_consensus.cc:1275] T a4baa9f25ddc4b6ea2d0df8e063d4fd6 P bd03975071324f238d88709cd4a44a8c [term 1 FOLLOWER]: Refusing update from remote peer 400aba1667f04c918de07d2b6e999cb4: Log matching property violated. Preceding OpId in replica: term: 1 index: 1. Preceding OpId from leader: term: 1 index: 2. (index mismatch)
I20260710 13:17:09.611923  7467 consensus_queue.cc:1048] T a4baa9f25ddc4b6ea2d0df8e063d4fd6 P 400aba1667f04c918de07d2b6e999cb4 [LEADER]: Connected to new peer: Peer: permanent_uuid: "4ca78537f5c349bd9fef14e9995c50e2" member_type: VOTER last_known_addr { host: "127.5.190.66" port: 44211 }, Status: LMP_MISMATCH, Last received: 0.0, Next index: 2, Last known committed idx: 1, Time since last communication: 0.000s
I20260710 13:17:09.612984  7463 consensus_queue.cc:1048] T a4baa9f25ddc4b6ea2d0df8e063d4fd6 P 400aba1667f04c918de07d2b6e999cb4 [LEADER]: Connected to new peer: Peer: permanent_uuid: "bd03975071324f238d88709cd4a44a8c" member_type: VOTER last_known_addr { host: "127.5.190.65" port: 39263 } attrs { replace: true }, Status: LMP_MISMATCH, Last received: 0.0, Next index: 2, Last known committed idx: 1, Time since last communication: 0.000s
I20260710 13:17:09.620966  7467 raft_consensus.cc:2955] T a4baa9f25ddc4b6ea2d0df8e063d4fd6 P 400aba1667f04c918de07d2b6e999cb4 [term 1 LEADER]: Committing config change with OpId 1.2: config changed from index -1 to 2, NON_VOTER 47abdebbd8fd4c1297fffa175e3a5af9 (127.5.190.68) added. New config: { opid_index: 2 OBSOLETE_local: false peers { permanent_uuid: "bd03975071324f238d88709cd4a44a8c" member_type: VOTER last_known_addr { host: "127.5.190.65" port: 39263 } attrs { replace: true } } peers { permanent_uuid: "4ca78537f5c349bd9fef14e9995c50e2" member_type: VOTER last_known_addr { host: "127.5.190.66" port: 44211 } } peers { permanent_uuid: "400aba1667f04c918de07d2b6e999cb4" member_type: VOTER last_known_addr { host: "127.5.190.67" port: 35971 } } peers { permanent_uuid: "47abdebbd8fd4c1297fffa175e3a5af9" member_type: NON_VOTER last_known_addr { host: "127.5.190.68" port: 43991 } attrs { promote: true } } }
I20260710 13:17:09.623267  7054 raft_consensus.cc:2955] T a4baa9f25ddc4b6ea2d0df8e063d4fd6 P 4ca78537f5c349bd9fef14e9995c50e2 [term 1 FOLLOWER]: Committing config change with OpId 1.2: config changed from index -1 to 2, NON_VOTER 47abdebbd8fd4c1297fffa175e3a5af9 (127.5.190.68) added. New config: { opid_index: 2 OBSOLETE_local: false peers { permanent_uuid: "bd03975071324f238d88709cd4a44a8c" member_type: VOTER last_known_addr { host: "127.5.190.65" port: 39263 } attrs { replace: true } } peers { permanent_uuid: "4ca78537f5c349bd9fef14e9995c50e2" member_type: VOTER last_known_addr { host: "127.5.190.66" port: 44211 } } peers { permanent_uuid: "400aba1667f04c918de07d2b6e999cb4" member_type: VOTER last_known_addr { host: "127.5.190.67" port: 35971 } } peers { permanent_uuid: "47abdebbd8fd4c1297fffa175e3a5af9" member_type: NON_VOTER last_known_addr { host: "127.5.190.68" port: 43991 } attrs { promote: true } } }
I20260710 13:17:09.629580  6979 raft_consensus.cc:2955] T a4baa9f25ddc4b6ea2d0df8e063d4fd6 P bd03975071324f238d88709cd4a44a8c [term 1 FOLLOWER]: Committing config change with OpId 1.2: config changed from index -1 to 2, NON_VOTER 47abdebbd8fd4c1297fffa175e3a5af9 (127.5.190.68) added. New config: { opid_index: 2 OBSOLETE_local: false peers { permanent_uuid: "bd03975071324f238d88709cd4a44a8c" member_type: VOTER last_known_addr { host: "127.5.190.65" port: 39263 } attrs { replace: true } } peers { permanent_uuid: "4ca78537f5c349bd9fef14e9995c50e2" member_type: VOTER last_known_addr { host: "127.5.190.66" port: 44211 } } peers { permanent_uuid: "400aba1667f04c918de07d2b6e999cb4" member_type: VOTER last_known_addr { host: "127.5.190.67" port: 35971 } } peers { permanent_uuid: "47abdebbd8fd4c1297fffa175e3a5af9" member_type: NON_VOTER last_known_addr { host: "127.5.190.68" port: 43991 } attrs { promote: true } } }
I20260710 13:17:09.639575  6877 catalog_manager.cc:5697] T a4baa9f25ddc4b6ea2d0df8e063d4fd6 P 400aba1667f04c918de07d2b6e999cb4 reported cstate change: config changed from index -1 to 2, NON_VOTER 47abdebbd8fd4c1297fffa175e3a5af9 (127.5.190.68) added. New cstate: current_term: 1 leader_uuid: "400aba1667f04c918de07d2b6e999cb4" committed_config { opid_index: 2 OBSOLETE_local: false peers { permanent_uuid: "bd03975071324f238d88709cd4a44a8c" member_type: VOTER last_known_addr { host: "127.5.190.65" port: 39263 } attrs { replace: true } health_report { overall_health: HEALTHY } } peers { permanent_uuid: "4ca78537f5c349bd9fef14e9995c50e2" member_type: VOTER last_known_addr { host: "127.5.190.66" port: 44211 } health_report { overall_health: HEALTHY } } peers { permanent_uuid: "400aba1667f04c918de07d2b6e999cb4" member_type: VOTER last_known_addr { host: "127.5.190.67" port: 35971 } health_report { overall_health: HEALTHY } } peers { permanent_uuid: "47abdebbd8fd4c1297fffa175e3a5af9" member_type: NON_VOTER last_known_addr { host: "127.5.190.68" port: 43991 } attrs { promote: true } health_report { overall_health: UNKNOWN } } }
I20260710 13:17:10.016772  7472 ts_tablet_manager.cc:933] T f48727244e1b45afb34a05aa46d1df03 P 47abdebbd8fd4c1297fffa175e3a5af9: Initiating tablet copy from peer bd03975071324f238d88709cd4a44a8c (127.5.190.65:39263)
I20260710 13:17:10.018957  7472 tablet_copy_client.cc:323] T f48727244e1b45afb34a05aa46d1df03 P 47abdebbd8fd4c1297fffa175e3a5af9: tablet copy: Beginning tablet copy session from remote peer at address 127.5.190.65:39263
I20260710 13:17:10.035871  6991 tablet_copy_service.cc:140] P bd03975071324f238d88709cd4a44a8c: Received BeginTabletCopySession request for tablet f48727244e1b45afb34a05aa46d1df03 from peer 47abdebbd8fd4c1297fffa175e3a5af9 ({username='slave'} at 127.0.0.1:34334)
I20260710 13:17:10.036811  6991 tablet_copy_service.cc:161] P bd03975071324f238d88709cd4a44a8c: Beginning new tablet copy session on tablet f48727244e1b45afb34a05aa46d1df03 from peer 47abdebbd8fd4c1297fffa175e3a5af9 at {username='slave'} at 127.0.0.1:34334: session id = 47abdebbd8fd4c1297fffa175e3a5af9-f48727244e1b45afb34a05aa46d1df03
I20260710 13:17:10.045794  7477 ts_tablet_manager.cc:933] T ef1e50f4941245f3a8f44cc9556c9b7c P 47abdebbd8fd4c1297fffa175e3a5af9: Initiating tablet copy from peer bd03975071324f238d88709cd4a44a8c (127.5.190.65:39263)
I20260710 13:17:10.049625  6991 tablet_copy_source_session.cc:215] T f48727244e1b45afb34a05aa46d1df03 P bd03975071324f238d88709cd4a44a8c: Tablet Copy: opened 0 blocks and 1 log segments
I20260710 13:17:10.053745  7472 data_dirs.cc:400] Could only allocate 1 dirs of requested 3 for tablet f48727244e1b45afb34a05aa46d1df03. 1 dirs total, 0 dirs full, 0 dirs failed
I20260710 13:17:10.057431  7477 tablet_copy_client.cc:323] T ef1e50f4941245f3a8f44cc9556c9b7c P 47abdebbd8fd4c1297fffa175e3a5af9: tablet copy: Beginning tablet copy session from remote peer at address 127.5.190.65:39263
I20260710 13:17:10.059273  6990 tablet_copy_service.cc:140] P bd03975071324f238d88709cd4a44a8c: Received BeginTabletCopySession request for tablet ef1e50f4941245f3a8f44cc9556c9b7c from peer 47abdebbd8fd4c1297fffa175e3a5af9 ({username='slave'} at 127.0.0.1:34334)
I20260710 13:17:10.059854  6990 tablet_copy_service.cc:161] P bd03975071324f238d88709cd4a44a8c: Beginning new tablet copy session on tablet ef1e50f4941245f3a8f44cc9556c9b7c from peer 47abdebbd8fd4c1297fffa175e3a5af9 at {username='slave'} at 127.0.0.1:34334: session id = 47abdebbd8fd4c1297fffa175e3a5af9-ef1e50f4941245f3a8f44cc9556c9b7c
I20260710 13:17:10.065631  7476 ts_tablet_manager.cc:933] T a4baa9f25ddc4b6ea2d0df8e063d4fd6 P 47abdebbd8fd4c1297fffa175e3a5af9: Initiating tablet copy from peer 400aba1667f04c918de07d2b6e999cb4 (127.5.190.67:35971)
I20260710 13:17:10.066661  6990 tablet_copy_source_session.cc:215] T ef1e50f4941245f3a8f44cc9556c9b7c P bd03975071324f238d88709cd4a44a8c: Tablet Copy: opened 0 blocks and 1 log segments
I20260710 13:17:10.075553  7472 tablet_copy_client.cc:806] T f48727244e1b45afb34a05aa46d1df03 P 47abdebbd8fd4c1297fffa175e3a5af9: tablet copy: Starting download of 0 data blocks...
I20260710 13:17:10.076241  7472 tablet_copy_client.cc:670] T f48727244e1b45afb34a05aa46d1df03 P 47abdebbd8fd4c1297fffa175e3a5af9: tablet copy: Starting download of 1 WAL segments...
I20260710 13:17:10.078344  7477 data_dirs.cc:400] Could only allocate 1 dirs of requested 3 for tablet ef1e50f4941245f3a8f44cc9556c9b7c. 1 dirs total, 0 dirs full, 0 dirs failed
I20260710 13:17:10.078483  7476 tablet_copy_client.cc:323] T a4baa9f25ddc4b6ea2d0df8e063d4fd6 P 47abdebbd8fd4c1297fffa175e3a5af9: tablet copy: Beginning tablet copy session from remote peer at address 127.5.190.67:35971
I20260710 13:17:10.083621  7472 tablet_copy_client.cc:538] T f48727244e1b45afb34a05aa46d1df03 P 47abdebbd8fd4c1297fffa175e3a5af9: tablet copy: Tablet Copy complete. Replacing tablet superblock.
I20260710 13:17:10.093634  7140 tablet_copy_service.cc:140] P 400aba1667f04c918de07d2b6e999cb4: Received BeginTabletCopySession request for tablet a4baa9f25ddc4b6ea2d0df8e063d4fd6 from peer 47abdebbd8fd4c1297fffa175e3a5af9 ({username='slave'} at 127.0.0.1:41244)
I20260710 13:17:10.094703  7140 tablet_copy_service.cc:161] P 400aba1667f04c918de07d2b6e999cb4: Beginning new tablet copy session on tablet a4baa9f25ddc4b6ea2d0df8e063d4fd6 from peer 47abdebbd8fd4c1297fffa175e3a5af9 at {username='slave'} at 127.0.0.1:41244: session id = 47abdebbd8fd4c1297fffa175e3a5af9-a4baa9f25ddc4b6ea2d0df8e063d4fd6
I20260710 13:17:10.102785  7472 tablet_bootstrap.cc:492] T f48727244e1b45afb34a05aa46d1df03 P 47abdebbd8fd4c1297fffa175e3a5af9: Bootstrap starting.
I20260710 13:17:10.102815  7140 tablet_copy_source_session.cc:215] T a4baa9f25ddc4b6ea2d0df8e063d4fd6 P 400aba1667f04c918de07d2b6e999cb4: Tablet Copy: opened 0 blocks and 1 log segments
I20260710 13:17:10.106556  7476 data_dirs.cc:400] Could only allocate 1 dirs of requested 3 for tablet a4baa9f25ddc4b6ea2d0df8e063d4fd6. 1 dirs total, 0 dirs full, 0 dirs failed
I20260710 13:17:10.124148  7476 tablet_copy_client.cc:806] T a4baa9f25ddc4b6ea2d0df8e063d4fd6 P 47abdebbd8fd4c1297fffa175e3a5af9: tablet copy: Starting download of 0 data blocks...
I20260710 13:17:10.124893  7476 tablet_copy_client.cc:670] T a4baa9f25ddc4b6ea2d0df8e063d4fd6 P 47abdebbd8fd4c1297fffa175e3a5af9: tablet copy: Starting download of 1 WAL segments...
I20260710 13:17:10.127693  7477 tablet_copy_client.cc:806] T ef1e50f4941245f3a8f44cc9556c9b7c P 47abdebbd8fd4c1297fffa175e3a5af9: tablet copy: Starting download of 0 data blocks...
I20260710 13:17:10.128273  7477 tablet_copy_client.cc:670] T ef1e50f4941245f3a8f44cc9556c9b7c P 47abdebbd8fd4c1297fffa175e3a5af9: tablet copy: Starting download of 1 WAL segments...
I20260710 13:17:10.129288  7481 ts_tablet_manager.cc:933] T 3ba74d16be1c4b2d84b67a43a93ec628 P 47abdebbd8fd4c1297fffa175e3a5af9: Initiating tablet copy from peer 400aba1667f04c918de07d2b6e999cb4 (127.5.190.67:35971)
I20260710 13:17:10.129314  7476 tablet_copy_client.cc:538] T a4baa9f25ddc4b6ea2d0df8e063d4fd6 P 47abdebbd8fd4c1297fffa175e3a5af9: tablet copy: Tablet Copy complete. Replacing tablet superblock.
I20260710 13:17:10.133574  7477 tablet_copy_client.cc:538] T ef1e50f4941245f3a8f44cc9556c9b7c P 47abdebbd8fd4c1297fffa175e3a5af9: tablet copy: Tablet Copy complete. Replacing tablet superblock.
I20260710 13:17:10.150774  7477 tablet_bootstrap.cc:492] T ef1e50f4941245f3a8f44cc9556c9b7c P 47abdebbd8fd4c1297fffa175e3a5af9: Bootstrap starting.
I20260710 13:17:10.155074  7481 tablet_copy_client.cc:323] T 3ba74d16be1c4b2d84b67a43a93ec628 P 47abdebbd8fd4c1297fffa175e3a5af9: tablet copy: Beginning tablet copy session from remote peer at address 127.5.190.67:35971
I20260710 13:17:10.157034  7476 tablet_bootstrap.cc:492] T a4baa9f25ddc4b6ea2d0df8e063d4fd6 P 47abdebbd8fd4c1297fffa175e3a5af9: Bootstrap starting.
I20260710 13:17:10.156988  7140 tablet_copy_service.cc:140] P 400aba1667f04c918de07d2b6e999cb4: Received BeginTabletCopySession request for tablet 3ba74d16be1c4b2d84b67a43a93ec628 from peer 47abdebbd8fd4c1297fffa175e3a5af9 ({username='slave'} at 127.0.0.1:41244)
I20260710 13:17:10.157764  7140 tablet_copy_service.cc:161] P 400aba1667f04c918de07d2b6e999cb4: Beginning new tablet copy session on tablet 3ba74d16be1c4b2d84b67a43a93ec628 from peer 47abdebbd8fd4c1297fffa175e3a5af9 at {username='slave'} at 127.0.0.1:41244: session id = 47abdebbd8fd4c1297fffa175e3a5af9-3ba74d16be1c4b2d84b67a43a93ec628
I20260710 13:17:10.170014  7472 tablet_bootstrap.cc:492] T f48727244e1b45afb34a05aa46d1df03 P 47abdebbd8fd4c1297fffa175e3a5af9: Bootstrap replayed 1/1 log segments. Stats: ops{read=2 overwritten=0 applied=2 ignored=0} inserts{seen=0 ignored=0} mutations{seen=0 ignored=0} orphaned_commits=0. Pending: 0 replicates
I20260710 13:17:10.172304  7472 tablet_bootstrap.cc:492] T f48727244e1b45afb34a05aa46d1df03 P 47abdebbd8fd4c1297fffa175e3a5af9: Bootstrap complete.
I20260710 13:17:10.171206  7140 tablet_copy_source_session.cc:215] T 3ba74d16be1c4b2d84b67a43a93ec628 P 400aba1667f04c918de07d2b6e999cb4: Tablet Copy: opened 0 blocks and 1 log segments
I20260710 13:17:10.175987  7481 data_dirs.cc:400] Could only allocate 1 dirs of requested 3 for tablet 3ba74d16be1c4b2d84b67a43a93ec628. 1 dirs total, 0 dirs full, 0 dirs failed
I20260710 13:17:10.180538  7472 ts_tablet_manager.cc:1403] T f48727244e1b45afb34a05aa46d1df03 P 47abdebbd8fd4c1297fffa175e3a5af9: Time spent bootstrapping tablet: real 0.078s	user 0.022s	sys 0.008s
I20260710 13:17:10.185859  7472 raft_consensus.cc:359] T f48727244e1b45afb34a05aa46d1df03 P 47abdebbd8fd4c1297fffa175e3a5af9 [term 1 LEARNER]: Replica starting. Triggering 0 pending ops. Active config: opid_index: 2 OBSOLETE_local: false peers { permanent_uuid: "bd03975071324f238d88709cd4a44a8c" member_type: VOTER last_known_addr { host: "127.5.190.65" port: 39263 } } peers { permanent_uuid: "4ca78537f5c349bd9fef14e9995c50e2" member_type: VOTER last_known_addr { host: "127.5.190.66" port: 44211 } attrs { replace: true } } peers { permanent_uuid: "400aba1667f04c918de07d2b6e999cb4" member_type: VOTER last_known_addr { host: "127.5.190.67" port: 35971 } } peers { permanent_uuid: "47abdebbd8fd4c1297fffa175e3a5af9" member_type: NON_VOTER last_known_addr { host: "127.5.190.68" port: 43991 } attrs { promote: true } }
I20260710 13:17:10.187022  7472 raft_consensus.cc:740] T f48727244e1b45afb34a05aa46d1df03 P 47abdebbd8fd4c1297fffa175e3a5af9 [term 1 LEARNER]: Becoming Follower/Learner. State: Replica: 47abdebbd8fd4c1297fffa175e3a5af9, State: Initialized, Role: LEARNER
I20260710 13:17:10.198858  7476 tablet_bootstrap.cc:492] T a4baa9f25ddc4b6ea2d0df8e063d4fd6 P 47abdebbd8fd4c1297fffa175e3a5af9: Bootstrap replayed 1/1 log segments. Stats: ops{read=2 overwritten=0 applied=2 ignored=0} inserts{seen=0 ignored=0} mutations{seen=0 ignored=0} orphaned_commits=0. Pending: 0 replicates
I20260710 13:17:10.199815  7476 tablet_bootstrap.cc:492] T a4baa9f25ddc4b6ea2d0df8e063d4fd6 P 47abdebbd8fd4c1297fffa175e3a5af9: Bootstrap complete.
I20260710 13:17:10.200482  7477 tablet_bootstrap.cc:492] T ef1e50f4941245f3a8f44cc9556c9b7c P 47abdebbd8fd4c1297fffa175e3a5af9: Bootstrap replayed 1/1 log segments. Stats: ops{read=2 overwritten=0 applied=2 ignored=0} inserts{seen=0 ignored=0} mutations{seen=0 ignored=0} orphaned_commits=0. Pending: 0 replicates
I20260710 13:17:10.200505  7476 ts_tablet_manager.cc:1403] T a4baa9f25ddc4b6ea2d0df8e063d4fd6 P 47abdebbd8fd4c1297fffa175e3a5af9: Time spent bootstrapping tablet: real 0.044s	user 0.022s	sys 0.014s
I20260710 13:17:10.200878  7472 consensus_queue.cc:260] T f48727244e1b45afb34a05aa46d1df03 P 47abdebbd8fd4c1297fffa175e3a5af9 [NON_LEADER]: Queue going to NON_LEADER mode. State: All replicated index: 0, Majority replicated index: 0, Committed index: 2, Last appended: 1.2, Last appended by leader: 2, Current term: 0, Majority size: -1, State: 0, Mode: NON_LEADER, active raft config: opid_index: 2 OBSOLETE_local: false peers { permanent_uuid: "bd03975071324f238d88709cd4a44a8c" member_type: VOTER last_known_addr { host: "127.5.190.65" port: 39263 } } peers { permanent_uuid: "4ca78537f5c349bd9fef14e9995c50e2" member_type: VOTER last_known_addr { host: "127.5.190.66" port: 44211 } attrs { replace: true } } peers { permanent_uuid: "400aba1667f04c918de07d2b6e999cb4" member_type: VOTER last_known_addr { host: "127.5.190.67" port: 35971 } } peers { permanent_uuid: "47abdebbd8fd4c1297fffa175e3a5af9" member_type: NON_VOTER last_known_addr { host: "127.5.190.68" port: 43991 } attrs { promote: true } }
I20260710 13:17:10.201618  7477 tablet_bootstrap.cc:492] T ef1e50f4941245f3a8f44cc9556c9b7c P 47abdebbd8fd4c1297fffa175e3a5af9: Bootstrap complete.
I20260710 13:17:10.202477  7477 ts_tablet_manager.cc:1403] T ef1e50f4941245f3a8f44cc9556c9b7c P 47abdebbd8fd4c1297fffa175e3a5af9: Time spent bootstrapping tablet: real 0.052s	user 0.028s	sys 0.006s
I20260710 13:17:10.203807  7476 raft_consensus.cc:359] T a4baa9f25ddc4b6ea2d0df8e063d4fd6 P 47abdebbd8fd4c1297fffa175e3a5af9 [term 1 LEARNER]: Replica starting. Triggering 0 pending ops. Active config: opid_index: 2 OBSOLETE_local: false peers { permanent_uuid: "bd03975071324f238d88709cd4a44a8c" member_type: VOTER last_known_addr { host: "127.5.190.65" port: 39263 } attrs { replace: true } } peers { permanent_uuid: "4ca78537f5c349bd9fef14e9995c50e2" member_type: VOTER last_known_addr { host: "127.5.190.66" port: 44211 } } peers { permanent_uuid: "400aba1667f04c918de07d2b6e999cb4" member_type: VOTER last_known_addr { host: "127.5.190.67" port: 35971 } } peers { permanent_uuid: "47abdebbd8fd4c1297fffa175e3a5af9" member_type: NON_VOTER last_known_addr { host: "127.5.190.68" port: 43991 } attrs { promote: true } }
I20260710 13:17:10.204677  7476 raft_consensus.cc:740] T a4baa9f25ddc4b6ea2d0df8e063d4fd6 P 47abdebbd8fd4c1297fffa175e3a5af9 [term 1 LEARNER]: Becoming Follower/Learner. State: Replica: 47abdebbd8fd4c1297fffa175e3a5af9, State: Initialized, Role: LEARNER
I20260710 13:17:10.205294  7476 consensus_queue.cc:260] T a4baa9f25ddc4b6ea2d0df8e063d4fd6 P 47abdebbd8fd4c1297fffa175e3a5af9 [NON_LEADER]: Queue going to NON_LEADER mode. State: All replicated index: 0, Majority replicated index: 0, Committed index: 2, Last appended: 1.2, Last appended by leader: 2, Current term: 0, Majority size: -1, State: 0, Mode: NON_LEADER, active raft config: opid_index: 2 OBSOLETE_local: false peers { permanent_uuid: "bd03975071324f238d88709cd4a44a8c" member_type: VOTER last_known_addr { host: "127.5.190.65" port: 39263 } attrs { replace: true } } peers { permanent_uuid: "4ca78537f5c349bd9fef14e9995c50e2" member_type: VOTER last_known_addr { host: "127.5.190.66" port: 44211 } } peers { permanent_uuid: "400aba1667f04c918de07d2b6e999cb4" member_type: VOTER last_known_addr { host: "127.5.190.67" port: 35971 } } peers { permanent_uuid: "47abdebbd8fd4c1297fffa175e3a5af9" member_type: NON_VOTER last_known_addr { host: "127.5.190.68" port: 43991 } attrs { promote: true } }
I20260710 13:17:10.206408  7477 raft_consensus.cc:359] T ef1e50f4941245f3a8f44cc9556c9b7c P 47abdebbd8fd4c1297fffa175e3a5af9 [term 2 LEARNER]: Replica starting. Triggering 0 pending ops. Active config: opid_index: 2 OBSOLETE_local: false peers { permanent_uuid: "bd03975071324f238d88709cd4a44a8c" member_type: VOTER last_known_addr { host: "127.5.190.65" port: 39263 } } peers { permanent_uuid: "4ca78537f5c349bd9fef14e9995c50e2" member_type: VOTER last_known_addr { host: "127.5.190.66" port: 44211 } } peers { permanent_uuid: "400aba1667f04c918de07d2b6e999cb4" member_type: VOTER last_known_addr { host: "127.5.190.67" port: 35971 } attrs { replace: true } } peers { permanent_uuid: "47abdebbd8fd4c1297fffa175e3a5af9" member_type: NON_VOTER last_known_addr { host: "127.5.190.68" port: 43991 } attrs { promote: true } }
I20260710 13:17:10.207250  7477 raft_consensus.cc:740] T ef1e50f4941245f3a8f44cc9556c9b7c P 47abdebbd8fd4c1297fffa175e3a5af9 [term 2 LEARNER]: Becoming Follower/Learner. State: Replica: 47abdebbd8fd4c1297fffa175e3a5af9, State: Initialized, Role: LEARNER
I20260710 13:17:10.208390  7477 consensus_queue.cc:260] T ef1e50f4941245f3a8f44cc9556c9b7c P 47abdebbd8fd4c1297fffa175e3a5af9 [NON_LEADER]: Queue going to NON_LEADER mode. State: All replicated index: 0, Majority replicated index: 0, Committed index: 2, Last appended: 2.2, Last appended by leader: 2, Current term: 0, Majority size: -1, State: 0, Mode: NON_LEADER, active raft config: opid_index: 2 OBSOLETE_local: false peers { permanent_uuid: "bd03975071324f238d88709cd4a44a8c" member_type: VOTER last_known_addr { host: "127.5.190.65" port: 39263 } } peers { permanent_uuid: "4ca78537f5c349bd9fef14e9995c50e2" member_type: VOTER last_known_addr { host: "127.5.190.66" port: 44211 } } peers { permanent_uuid: "400aba1667f04c918de07d2b6e999cb4" member_type: VOTER last_known_addr { host: "127.5.190.67" port: 35971 } attrs { replace: true } } peers { permanent_uuid: "47abdebbd8fd4c1297fffa175e3a5af9" member_type: NON_VOTER last_known_addr { host: "127.5.190.68" port: 43991 } attrs { promote: true } }
I20260710 13:17:10.214526  7472 ts_tablet_manager.cc:1434] T f48727244e1b45afb34a05aa46d1df03 P 47abdebbd8fd4c1297fffa175e3a5af9: Time spent starting tablet: real 0.033s	user 0.007s	sys 0.005s
I20260710 13:17:10.215819  7476 ts_tablet_manager.cc:1434] T a4baa9f25ddc4b6ea2d0df8e063d4fd6 P 47abdebbd8fd4c1297fffa175e3a5af9: Time spent starting tablet: real 0.015s	user 0.008s	sys 0.004s
I20260710 13:17:10.216022  7481 tablet_copy_client.cc:806] T 3ba74d16be1c4b2d84b67a43a93ec628 P 47abdebbd8fd4c1297fffa175e3a5af9: tablet copy: Starting download of 0 data blocks...
I20260710 13:17:10.216598  7481 tablet_copy_client.cc:670] T 3ba74d16be1c4b2d84b67a43a93ec628 P 47abdebbd8fd4c1297fffa175e3a5af9: tablet copy: Starting download of 1 WAL segments...
I20260710 13:17:10.218585  7140 tablet_copy_service.cc:342] P 400aba1667f04c918de07d2b6e999cb4: Request end of tablet copy session 47abdebbd8fd4c1297fffa175e3a5af9-a4baa9f25ddc4b6ea2d0df8e063d4fd6 received from {username='slave'} at 127.0.0.1:41244
I20260710 13:17:10.219044  7140 tablet_copy_service.cc:434] P 400aba1667f04c918de07d2b6e999cb4: ending tablet copy session 47abdebbd8fd4c1297fffa175e3a5af9-a4baa9f25ddc4b6ea2d0df8e063d4fd6 on tablet a4baa9f25ddc4b6ea2d0df8e063d4fd6 with peer 47abdebbd8fd4c1297fffa175e3a5af9
I20260710 13:17:10.220429  6990 tablet_copy_service.cc:342] P bd03975071324f238d88709cd4a44a8c: Request end of tablet copy session 47abdebbd8fd4c1297fffa175e3a5af9-f48727244e1b45afb34a05aa46d1df03 received from {username='slave'} at 127.0.0.1:34334
I20260710 13:17:10.221025  6990 tablet_copy_service.cc:434] P bd03975071324f238d88709cd4a44a8c: ending tablet copy session 47abdebbd8fd4c1297fffa175e3a5af9-f48727244e1b45afb34a05aa46d1df03 on tablet f48727244e1b45afb34a05aa46d1df03 with peer 47abdebbd8fd4c1297fffa175e3a5af9
I20260710 13:17:10.224242  7481 tablet_copy_client.cc:538] T 3ba74d16be1c4b2d84b67a43a93ec628 P 47abdebbd8fd4c1297fffa175e3a5af9: tablet copy: Tablet Copy complete. Replacing tablet superblock.
I20260710 13:17:10.225088  7477 ts_tablet_manager.cc:1434] T ef1e50f4941245f3a8f44cc9556c9b7c P 47abdebbd8fd4c1297fffa175e3a5af9: Time spent starting tablet: real 0.022s	user 0.008s	sys 0.002s
I20260710 13:17:10.226850  6990 tablet_copy_service.cc:342] P bd03975071324f238d88709cd4a44a8c: Request end of tablet copy session 47abdebbd8fd4c1297fffa175e3a5af9-ef1e50f4941245f3a8f44cc9556c9b7c received from {username='slave'} at 127.0.0.1:34334
I20260710 13:17:10.227269  6990 tablet_copy_service.cc:434] P bd03975071324f238d88709cd4a44a8c: ending tablet copy session 47abdebbd8fd4c1297fffa175e3a5af9-ef1e50f4941245f3a8f44cc9556c9b7c on tablet ef1e50f4941245f3a8f44cc9556c9b7c with peer 47abdebbd8fd4c1297fffa175e3a5af9
I20260710 13:17:10.233103  7481 tablet_bootstrap.cc:492] T 3ba74d16be1c4b2d84b67a43a93ec628 P 47abdebbd8fd4c1297fffa175e3a5af9: Bootstrap starting.
I20260710 13:17:10.254191  7481 tablet_bootstrap.cc:492] T 3ba74d16be1c4b2d84b67a43a93ec628 P 47abdebbd8fd4c1297fffa175e3a5af9: Bootstrap replayed 1/1 log segments. Stats: ops{read=2 overwritten=0 applied=2 ignored=0} inserts{seen=0 ignored=0} mutations{seen=0 ignored=0} orphaned_commits=0. Pending: 0 replicates
I20260710 13:17:10.255093  7481 tablet_bootstrap.cc:492] T 3ba74d16be1c4b2d84b67a43a93ec628 P 47abdebbd8fd4c1297fffa175e3a5af9: Bootstrap complete.
I20260710 13:17:10.255739  7481 ts_tablet_manager.cc:1403] T 3ba74d16be1c4b2d84b67a43a93ec628 P 47abdebbd8fd4c1297fffa175e3a5af9: Time spent bootstrapping tablet: real 0.023s	user 0.008s	sys 0.012s
I20260710 13:17:10.258586  7481 raft_consensus.cc:359] T 3ba74d16be1c4b2d84b67a43a93ec628 P 47abdebbd8fd4c1297fffa175e3a5af9 [term 1 LEARNER]: Replica starting. Triggering 0 pending ops. Active config: opid_index: 2 OBSOLETE_local: false peers { permanent_uuid: "bd03975071324f238d88709cd4a44a8c" member_type: VOTER last_known_addr { host: "127.5.190.65" port: 39263 } attrs { replace: true } } peers { permanent_uuid: "4ca78537f5c349bd9fef14e9995c50e2" member_type: VOTER last_known_addr { host: "127.5.190.66" port: 44211 } } peers { permanent_uuid: "400aba1667f04c918de07d2b6e999cb4" member_type: VOTER last_known_addr { host: "127.5.190.67" port: 35971 } } peers { permanent_uuid: "47abdebbd8fd4c1297fffa175e3a5af9" member_type: NON_VOTER last_known_addr { host: "127.5.190.68" port: 43991 } attrs { promote: true } }
I20260710 13:17:10.259389  7481 raft_consensus.cc:740] T 3ba74d16be1c4b2d84b67a43a93ec628 P 47abdebbd8fd4c1297fffa175e3a5af9 [term 1 LEARNER]: Becoming Follower/Learner. State: Replica: 47abdebbd8fd4c1297fffa175e3a5af9, State: Initialized, Role: LEARNER
I20260710 13:17:10.260007  7481 consensus_queue.cc:260] T 3ba74d16be1c4b2d84b67a43a93ec628 P 47abdebbd8fd4c1297fffa175e3a5af9 [NON_LEADER]: Queue going to NON_LEADER mode. State: All replicated index: 0, Majority replicated index: 0, Committed index: 2, Last appended: 1.2, Last appended by leader: 2, Current term: 0, Majority size: -1, State: 0, Mode: NON_LEADER, active raft config: opid_index: 2 OBSOLETE_local: false peers { permanent_uuid: "bd03975071324f238d88709cd4a44a8c" member_type: VOTER last_known_addr { host: "127.5.190.65" port: 39263 } attrs { replace: true } } peers { permanent_uuid: "4ca78537f5c349bd9fef14e9995c50e2" member_type: VOTER last_known_addr { host: "127.5.190.66" port: 44211 } } peers { permanent_uuid: "400aba1667f04c918de07d2b6e999cb4" member_type: VOTER last_known_addr { host: "127.5.190.67" port: 35971 } } peers { permanent_uuid: "47abdebbd8fd4c1297fffa175e3a5af9" member_type: NON_VOTER last_known_addr { host: "127.5.190.68" port: 43991 } attrs { promote: true } }
I20260710 13:17:10.262197  7481 ts_tablet_manager.cc:1434] T 3ba74d16be1c4b2d84b67a43a93ec628 P 47abdebbd8fd4c1297fffa175e3a5af9: Time spent starting tablet: real 0.006s	user 0.004s	sys 0.004s
I20260710 13:17:10.263797  7139 tablet_copy_service.cc:342] P 400aba1667f04c918de07d2b6e999cb4: Request end of tablet copy session 47abdebbd8fd4c1297fffa175e3a5af9-3ba74d16be1c4b2d84b67a43a93ec628 received from {username='slave'} at 127.0.0.1:41244
I20260710 13:17:10.264187  7139 tablet_copy_service.cc:434] P 400aba1667f04c918de07d2b6e999cb4: ending tablet copy session 47abdebbd8fd4c1297fffa175e3a5af9-3ba74d16be1c4b2d84b67a43a93ec628 on tablet 3ba74d16be1c4b2d84b67a43a93ec628 with peer 47abdebbd8fd4c1297fffa175e3a5af9
