I20260710 13:17:10.286943  6890 consensus_queue.cc:237] T c6366eae34aa44f18c0fe56ff11d559e P 58094011ed7e4305a9f6568eb07e1465 [LEADER]: Queue going to LEADER mode. State: All replicated index: 0, Majority replicated index: 1, Committed index: 1, Last appended: 1.1, Last appended by leader: 0, Current term: 1, Majority size: 2, State: 0, Mode: LEADER, active raft config: opid_index: 2 OBSOLETE_local: false peers { permanent_uuid: "58094011ed7e4305a9f6568eb07e1465" member_type: VOTER last_known_addr { host: "127.5.161.65" port: 44167 } } peers { permanent_uuid: "caeeda2f3b074dcd822b4729b3980275" member_type: VOTER last_known_addr { host: "127.5.161.66" port: 42565 } attrs { replace: true } } peers { permanent_uuid: "8cc6856231564c088c89a0c0b0b2dd91" member_type: VOTER last_known_addr { host: "127.5.161.67" port: 35347 } } peers { permanent_uuid: "0c41cf0f72a4426e8c307bc6f0cb6384" member_type: NON_VOTER last_known_addr { host: "127.5.161.68" port: 38709 } attrs { promote: true } }
I20260710 13:17:10.291745  7336 heartbeater.cc:499] Master 127.5.161.126:35599 was elected leader, sending a full tablet report...
I20260710 13:17:10.295871  6964 raft_consensus.cc:1275] T c6366eae34aa44f18c0fe56ff11d559e P caeeda2f3b074dcd822b4729b3980275 [term 1 FOLLOWER]: Refusing update from remote peer 58094011ed7e4305a9f6568eb07e1465: Log matching property violated. Preceding OpId in replica: term: 1 index: 1. Preceding OpId from leader: term: 1 index: 2. (index mismatch)
I20260710 13:17:10.297994  7165 consensus_queue.cc:1048] T c6366eae34aa44f18c0fe56ff11d559e P 58094011ed7e4305a9f6568eb07e1465 [LEADER]: Connected to new peer: Peer: permanent_uuid: "caeeda2f3b074dcd822b4729b3980275" member_type: VOTER last_known_addr { host: "127.5.161.66" port: 42565 } attrs { replace: true }, Status: LMP_MISMATCH, Last received: 0.0, Next index: 2, Last known committed idx: 1, Time since last communication: 0.001s
I20260710 13:17:10.309213  7038 raft_consensus.cc:1275] T c6366eae34aa44f18c0fe56ff11d559e P 8cc6856231564c088c89a0c0b0b2dd91 [term 1 FOLLOWER]: Refusing update from remote peer 58094011ed7e4305a9f6568eb07e1465: Log matching property violated. Preceding OpId in replica: term: 1 index: 1. Preceding OpId from leader: term: 1 index: 2. (index mismatch)
I20260710 13:17:10.311241  7165 consensus_queue.cc:1048] T c6366eae34aa44f18c0fe56ff11d559e P 58094011ed7e4305a9f6568eb07e1465 [LEADER]: Connected to new peer: Peer: permanent_uuid: "8cc6856231564c088c89a0c0b0b2dd91" member_type: VOTER last_known_addr { host: "127.5.161.67" port: 35347 }, Status: LMP_MISMATCH, Last received: 0.0, Next index: 2, Last known committed idx: 1, Time since last communication: 0.000s
I20260710 13:17:10.314334  7165 raft_consensus.cc:2955] T c6366eae34aa44f18c0fe56ff11d559e P 58094011ed7e4305a9f6568eb07e1465 [term 1 LEADER]: Committing config change with OpId 1.2: config changed from index -1 to 2, NON_VOTER 0c41cf0f72a4426e8c307bc6f0cb6384 (127.5.161.68) added. New config: { opid_index: 2 OBSOLETE_local: false peers { permanent_uuid: "58094011ed7e4305a9f6568eb07e1465" member_type: VOTER last_known_addr { host: "127.5.161.65" port: 44167 } } peers { permanent_uuid: "caeeda2f3b074dcd822b4729b3980275" member_type: VOTER last_known_addr { host: "127.5.161.66" port: 42565 } attrs { replace: true } } peers { permanent_uuid: "8cc6856231564c088c89a0c0b0b2dd91" member_type: VOTER last_known_addr { host: "127.5.161.67" port: 35347 } } peers { permanent_uuid: "0c41cf0f72a4426e8c307bc6f0cb6384" member_type: NON_VOTER last_known_addr { host: "127.5.161.68" port: 38709 } attrs { promote: true } } }
W20260710 13:17:10.319756  6854 consensus_peers.cc:597] T c6366eae34aa44f18c0fe56ff11d559e P 58094011ed7e4305a9f6568eb07e1465 -> Peer 0c41cf0f72a4426e8c307bc6f0cb6384 (127.5.161.68:38709): Couldn't send request to peer 0c41cf0f72a4426e8c307bc6f0cb6384. Error code: TABLET_NOT_FOUND (6). Status: Not found: Tablet not found: c6366eae34aa44f18c0fe56ff11d559e. This is attempt 1: this message will repeat every 5th retry.
I20260710 13:17:10.321862  7038 raft_consensus.cc:2955] T c6366eae34aa44f18c0fe56ff11d559e P 8cc6856231564c088c89a0c0b0b2dd91 [term 1 FOLLOWER]: Committing config change with OpId 1.2: config changed from index -1 to 2, NON_VOTER 0c41cf0f72a4426e8c307bc6f0cb6384 (127.5.161.68) added. New config: { opid_index: 2 OBSOLETE_local: false peers { permanent_uuid: "58094011ed7e4305a9f6568eb07e1465" member_type: VOTER last_known_addr { host: "127.5.161.65" port: 44167 } } peers { permanent_uuid: "caeeda2f3b074dcd822b4729b3980275" member_type: VOTER last_known_addr { host: "127.5.161.66" port: 42565 } attrs { replace: true } } peers { permanent_uuid: "8cc6856231564c088c89a0c0b0b2dd91" member_type: VOTER last_known_addr { host: "127.5.161.67" port: 35347 } } peers { permanent_uuid: "0c41cf0f72a4426e8c307bc6f0cb6384" member_type: NON_VOTER last_known_addr { host: "127.5.161.68" port: 38709 } attrs { promote: true } } }
I20260710 13:17:10.322866  6965 raft_consensus.cc:2955] T c6366eae34aa44f18c0fe56ff11d559e P caeeda2f3b074dcd822b4729b3980275 [term 1 FOLLOWER]: Committing config change with OpId 1.2: config changed from index -1 to 2, NON_VOTER 0c41cf0f72a4426e8c307bc6f0cb6384 (127.5.161.68) added. New config: { opid_index: 2 OBSOLETE_local: false peers { permanent_uuid: "58094011ed7e4305a9f6568eb07e1465" member_type: VOTER last_known_addr { host: "127.5.161.65" port: 44167 } } peers { permanent_uuid: "caeeda2f3b074dcd822b4729b3980275" member_type: VOTER last_known_addr { host: "127.5.161.66" port: 42565 } attrs { replace: true } } peers { permanent_uuid: "8cc6856231564c088c89a0c0b0b2dd91" member_type: VOTER last_known_addr { host: "127.5.161.67" port: 35347 } } peers { permanent_uuid: "0c41cf0f72a4426e8c307bc6f0cb6384" member_type: NON_VOTER last_known_addr { host: "127.5.161.68" port: 38709 } attrs { promote: true } } }
I20260710 13:17:10.340143  6787 catalog_manager.cc:5697] T c6366eae34aa44f18c0fe56ff11d559e P 58094011ed7e4305a9f6568eb07e1465 reported cstate change: config changed from index -1 to 2, NON_VOTER 0c41cf0f72a4426e8c307bc6f0cb6384 (127.5.161.68) added. New cstate: current_term: 1 leader_uuid: "58094011ed7e4305a9f6568eb07e1465" committed_config { opid_index: 2 OBSOLETE_local: false peers { permanent_uuid: "58094011ed7e4305a9f6568eb07e1465" member_type: VOTER last_known_addr { host: "127.5.161.65" port: 44167 } health_report { overall_health: HEALTHY } } peers { permanent_uuid: "caeeda2f3b074dcd822b4729b3980275" member_type: VOTER last_known_addr { host: "127.5.161.66" port: 42565 } attrs { replace: true } health_report { overall_health: HEALTHY } } peers { permanent_uuid: "8cc6856231564c088c89a0c0b0b2dd91" member_type: VOTER last_known_addr { host: "127.5.161.67" port: 35347 } health_report { overall_health: HEALTHY } } peers { permanent_uuid: "0c41cf0f72a4426e8c307bc6f0cb6384" member_type: NON_VOTER last_known_addr { host: "127.5.161.68" port: 38709 } attrs { promote: true } health_report { overall_health: UNKNOWN } } }
I20260710 13:17:10.349241  6965 consensus_queue.cc:237] T eb93c1fd209e4a5b807201e1710d9c88 P caeeda2f3b074dcd822b4729b3980275 [LEADER]: Queue going to LEADER mode. State: All replicated index: 0, Majority replicated index: 1, Committed index: 1, Last appended: 1.1, Last appended by leader: 0, Current term: 1, Majority size: 2, State: 0, Mode: LEADER, active raft config: opid_index: 2 OBSOLETE_local: false peers { permanent_uuid: "58094011ed7e4305a9f6568eb07e1465" member_type: VOTER last_known_addr { host: "127.5.161.65" port: 44167 } attrs { replace: true } } peers { permanent_uuid: "caeeda2f3b074dcd822b4729b3980275" member_type: VOTER last_known_addr { host: "127.5.161.66" port: 42565 } } peers { permanent_uuid: "8cc6856231564c088c89a0c0b0b2dd91" member_type: VOTER last_known_addr { host: "127.5.161.67" port: 35347 } } peers { permanent_uuid: "0c41cf0f72a4426e8c307bc6f0cb6384" member_type: NON_VOTER last_known_addr { host: "127.5.161.68" port: 38709 } attrs { promote: true } }
I20260710 13:17:10.358777  6890 raft_consensus.cc:1275] T eb93c1fd209e4a5b807201e1710d9c88 P 58094011ed7e4305a9f6568eb07e1465 [term 1 FOLLOWER]: Refusing update from remote peer caeeda2f3b074dcd822b4729b3980275: Log matching property violated. Preceding OpId in replica: term: 1 index: 1. Preceding OpId from leader: term: 1 index: 2. (index mismatch)
I20260710 13:17:10.360726  7097 consensus_queue.cc:1048] T eb93c1fd209e4a5b807201e1710d9c88 P caeeda2f3b074dcd822b4729b3980275 [LEADER]: Connected to new peer: Peer: permanent_uuid: "58094011ed7e4305a9f6568eb07e1465" member_type: VOTER last_known_addr { host: "127.5.161.65" port: 44167 } attrs { replace: true }, Status: LMP_MISMATCH, Last received: 0.0, Next index: 2, Last known committed idx: 1, Time since last communication: 0.000s
I20260710 13:17:10.360922  7038 raft_consensus.cc:1275] T eb93c1fd209e4a5b807201e1710d9c88 P 8cc6856231564c088c89a0c0b0b2dd91 [term 1 FOLLOWER]: Refusing update from remote peer caeeda2f3b074dcd822b4729b3980275: Log matching property violated. Preceding OpId in replica: term: 1 index: 1. Preceding OpId from leader: term: 1 index: 2. (index mismatch)
I20260710 13:17:10.366173  7097 consensus_queue.cc:1048] T eb93c1fd209e4a5b807201e1710d9c88 P caeeda2f3b074dcd822b4729b3980275 [LEADER]: Connected to new peer: Peer: permanent_uuid: "8cc6856231564c088c89a0c0b0b2dd91" member_type: VOTER last_known_addr { host: "127.5.161.67" port: 35347 }, Status: LMP_MISMATCH, Last received: 0.0, Next index: 2, Last known committed idx: 1, Time since last communication: 0.003s
W20260710 13:17:10.373984  6929 consensus_peers.cc:597] T eb93c1fd209e4a5b807201e1710d9c88 P caeeda2f3b074dcd822b4729b3980275 -> Peer 0c41cf0f72a4426e8c307bc6f0cb6384 (127.5.161.68:38709): Couldn't send request to peer 0c41cf0f72a4426e8c307bc6f0cb6384. Error code: TABLET_NOT_FOUND (6). Status: Not found: Tablet not found: eb93c1fd209e4a5b807201e1710d9c88. This is attempt 1: this message will repeat every 5th retry.
I20260710 13:17:10.376611  7101 raft_consensus.cc:2955] T eb93c1fd209e4a5b807201e1710d9c88 P caeeda2f3b074dcd822b4729b3980275 [term 1 LEADER]: Committing config change with OpId 1.2: config changed from index -1 to 2, NON_VOTER 0c41cf0f72a4426e8c307bc6f0cb6384 (127.5.161.68) added. New config: { opid_index: 2 OBSOLETE_local: false peers { permanent_uuid: "58094011ed7e4305a9f6568eb07e1465" member_type: VOTER last_known_addr { host: "127.5.161.65" port: 44167 } attrs { replace: true } } peers { permanent_uuid: "caeeda2f3b074dcd822b4729b3980275" member_type: VOTER last_known_addr { host: "127.5.161.66" port: 42565 } } peers { permanent_uuid: "8cc6856231564c088c89a0c0b0b2dd91" member_type: VOTER last_known_addr { host: "127.5.161.67" port: 35347 } } peers { permanent_uuid: "0c41cf0f72a4426e8c307bc6f0cb6384" member_type: NON_VOTER last_known_addr { host: "127.5.161.68" port: 38709 } attrs { promote: true } } }
I20260710 13:17:10.378715  6890 raft_consensus.cc:2955] T eb93c1fd209e4a5b807201e1710d9c88 P 58094011ed7e4305a9f6568eb07e1465 [term 1 FOLLOWER]: Committing config change with OpId 1.2: config changed from index -1 to 2, NON_VOTER 0c41cf0f72a4426e8c307bc6f0cb6384 (127.5.161.68) added. New config: { opid_index: 2 OBSOLETE_local: false peers { permanent_uuid: "58094011ed7e4305a9f6568eb07e1465" member_type: VOTER last_known_addr { host: "127.5.161.65" port: 44167 } attrs { replace: true } } peers { permanent_uuid: "caeeda2f3b074dcd822b4729b3980275" member_type: VOTER last_known_addr { host: "127.5.161.66" port: 42565 } } peers { permanent_uuid: "8cc6856231564c088c89a0c0b0b2dd91" member_type: VOTER last_known_addr { host: "127.5.161.67" port: 35347 } } peers { permanent_uuid: "0c41cf0f72a4426e8c307bc6f0cb6384" member_type: NON_VOTER last_known_addr { host: "127.5.161.68" port: 38709 } attrs { promote: true } } }
I20260710 13:17:10.382494  7038 raft_consensus.cc:2955] T eb93c1fd209e4a5b807201e1710d9c88 P 8cc6856231564c088c89a0c0b0b2dd91 [term 1 FOLLOWER]: Committing config change with OpId 1.2: config changed from index -1 to 2, NON_VOTER 0c41cf0f72a4426e8c307bc6f0cb6384 (127.5.161.68) added. New config: { opid_index: 2 OBSOLETE_local: false peers { permanent_uuid: "58094011ed7e4305a9f6568eb07e1465" member_type: VOTER last_known_addr { host: "127.5.161.65" port: 44167 } attrs { replace: true } } peers { permanent_uuid: "caeeda2f3b074dcd822b4729b3980275" member_type: VOTER last_known_addr { host: "127.5.161.66" port: 42565 } } peers { permanent_uuid: "8cc6856231564c088c89a0c0b0b2dd91" member_type: VOTER last_known_addr { host: "127.5.161.67" port: 35347 } } peers { permanent_uuid: "0c41cf0f72a4426e8c307bc6f0cb6384" member_type: NON_VOTER last_known_addr { host: "127.5.161.68" port: 38709 } attrs { promote: true } } }
I20260710 13:17:10.397426  6789 catalog_manager.cc:5697] T eb93c1fd209e4a5b807201e1710d9c88 P 58094011ed7e4305a9f6568eb07e1465 reported cstate change: config changed from index -1 to 2, NON_VOTER 0c41cf0f72a4426e8c307bc6f0cb6384 (127.5.161.68) added. New cstate: current_term: 1 leader_uuid: "caeeda2f3b074dcd822b4729b3980275" committed_config { opid_index: 2 OBSOLETE_local: false peers { permanent_uuid: "58094011ed7e4305a9f6568eb07e1465" member_type: VOTER last_known_addr { host: "127.5.161.65" port: 44167 } attrs { replace: true } } peers { permanent_uuid: "caeeda2f3b074dcd822b4729b3980275" member_type: VOTER last_known_addr { host: "127.5.161.66" port: 42565 } } peers { permanent_uuid: "8cc6856231564c088c89a0c0b0b2dd91" member_type: VOTER last_known_addr { host: "127.5.161.67" port: 35347 } } peers { permanent_uuid: "0c41cf0f72a4426e8c307bc6f0cb6384" member_type: NON_VOTER last_known_addr { host: "127.5.161.68" port: 38709 } attrs { promote: true } } }
I20260710 13:17:10.407367  6890 consensus_queue.cc:237] T 36b44ef9f1f6439683d6a11447f472ac P 58094011ed7e4305a9f6568eb07e1465 [LEADER]: Queue going to LEADER mode. State: All replicated index: 0, Majority replicated index: 1, Committed index: 1, Last appended: 1.1, Last appended by leader: 0, Current term: 1, Majority size: 2, State: 0, Mode: LEADER, active raft config: opid_index: 2 OBSOLETE_local: false peers { permanent_uuid: "58094011ed7e4305a9f6568eb07e1465" member_type: VOTER last_known_addr { host: "127.5.161.65" port: 44167 } } peers { permanent_uuid: "caeeda2f3b074dcd822b4729b3980275" member_type: VOTER last_known_addr { host: "127.5.161.66" port: 42565 } } peers { permanent_uuid: "8cc6856231564c088c89a0c0b0b2dd91" member_type: VOTER last_known_addr { host: "127.5.161.67" port: 35347 } attrs { replace: true } } peers { permanent_uuid: "0c41cf0f72a4426e8c307bc6f0cb6384" member_type: NON_VOTER last_known_addr { host: "127.5.161.68" port: 38709 } attrs { promote: true } }
W20260710 13:17:10.416846  6854 consensus_peers.cc:597] T 36b44ef9f1f6439683d6a11447f472ac P 58094011ed7e4305a9f6568eb07e1465 -> Peer 0c41cf0f72a4426e8c307bc6f0cb6384 (127.5.161.68:38709): Couldn't send request to peer 0c41cf0f72a4426e8c307bc6f0cb6384. Error code: TABLET_NOT_FOUND (6). Status: Not found: Tablet not found: 36b44ef9f1f6439683d6a11447f472ac. This is attempt 1: this message will repeat every 5th retry.
I20260710 13:17:10.417625  7038 raft_consensus.cc:1275] T 36b44ef9f1f6439683d6a11447f472ac P 8cc6856231564c088c89a0c0b0b2dd91 [term 1 FOLLOWER]: Refusing update from remote peer 58094011ed7e4305a9f6568eb07e1465: Log matching property violated. Preceding OpId in replica: term: 1 index: 1. Preceding OpId from leader: term: 1 index: 2. (index mismatch)
I20260710 13:17:10.417753  6965 raft_consensus.cc:1275] T 36b44ef9f1f6439683d6a11447f472ac P caeeda2f3b074dcd822b4729b3980275 [term 1 FOLLOWER]: Refusing update from remote peer 58094011ed7e4305a9f6568eb07e1465: Log matching property violated. Preceding OpId in replica: term: 1 index: 1. Preceding OpId from leader: term: 1 index: 2. (index mismatch)
I20260710 13:17:10.418929  7347 consensus_queue.cc:1048] T 36b44ef9f1f6439683d6a11447f472ac P 58094011ed7e4305a9f6568eb07e1465 [LEADER]: Connected to new peer: Peer: permanent_uuid: "8cc6856231564c088c89a0c0b0b2dd91" member_type: VOTER last_known_addr { host: "127.5.161.67" port: 35347 } attrs { replace: true }, Status: LMP_MISMATCH, Last received: 0.0, Next index: 2, Last known committed idx: 1, Time since last communication: 0.000s
I20260710 13:17:10.419939  7340 consensus_queue.cc:1048] T 36b44ef9f1f6439683d6a11447f472ac P 58094011ed7e4305a9f6568eb07e1465 [LEADER]: Connected to new peer: Peer: permanent_uuid: "caeeda2f3b074dcd822b4729b3980275" member_type: VOTER last_known_addr { host: "127.5.161.66" port: 42565 }, Status: LMP_MISMATCH, Last received: 0.0, Next index: 2, Last known committed idx: 1, Time since last communication: 0.000s
I20260710 13:17:10.450230  7165 raft_consensus.cc:2955] T 36b44ef9f1f6439683d6a11447f472ac P 58094011ed7e4305a9f6568eb07e1465 [term 1 LEADER]: Committing config change with OpId 1.2: config changed from index -1 to 2, NON_VOTER 0c41cf0f72a4426e8c307bc6f0cb6384 (127.5.161.68) added. New config: { opid_index: 2 OBSOLETE_local: false peers { permanent_uuid: "58094011ed7e4305a9f6568eb07e1465" member_type: VOTER last_known_addr { host: "127.5.161.65" port: 44167 } } peers { permanent_uuid: "caeeda2f3b074dcd822b4729b3980275" member_type: VOTER last_known_addr { host: "127.5.161.66" port: 42565 } } peers { permanent_uuid: "8cc6856231564c088c89a0c0b0b2dd91" member_type: VOTER last_known_addr { host: "127.5.161.67" port: 35347 } attrs { replace: true } } peers { permanent_uuid: "0c41cf0f72a4426e8c307bc6f0cb6384" member_type: NON_VOTER last_known_addr { host: "127.5.161.68" port: 38709 } attrs { promote: true } } }
I20260710 13:17:10.452996  6965 raft_consensus.cc:2955] T 36b44ef9f1f6439683d6a11447f472ac P caeeda2f3b074dcd822b4729b3980275 [term 1 FOLLOWER]: Committing config change with OpId 1.2: config changed from index -1 to 2, NON_VOTER 0c41cf0f72a4426e8c307bc6f0cb6384 (127.5.161.68) added. New config: { opid_index: 2 OBSOLETE_local: false peers { permanent_uuid: "58094011ed7e4305a9f6568eb07e1465" member_type: VOTER last_known_addr { host: "127.5.161.65" port: 44167 } } peers { permanent_uuid: "caeeda2f3b074dcd822b4729b3980275" member_type: VOTER last_known_addr { host: "127.5.161.66" port: 42565 } } peers { permanent_uuid: "8cc6856231564c088c89a0c0b0b2dd91" member_type: VOTER last_known_addr { host: "127.5.161.67" port: 35347 } attrs { replace: true } } peers { permanent_uuid: "0c41cf0f72a4426e8c307bc6f0cb6384" member_type: NON_VOTER last_known_addr { host: "127.5.161.68" port: 38709 } attrs { promote: true } } }
I20260710 13:17:10.468227  6889 consensus_queue.cc:237] T 018955a742254004ae2255dc660807a4 P 58094011ed7e4305a9f6568eb07e1465 [LEADER]: Queue going to LEADER mode. State: All replicated index: 0, Majority replicated index: 1, Committed index: 1, Last appended: 1.1, Last appended by leader: 0, Current term: 1, Majority size: 2, State: 0, Mode: LEADER, active raft config: opid_index: 2 OBSOLETE_local: false peers { permanent_uuid: "58094011ed7e4305a9f6568eb07e1465" member_type: VOTER last_known_addr { host: "127.5.161.65" port: 44167 } } peers { permanent_uuid: "caeeda2f3b074dcd822b4729b3980275" member_type: VOTER last_known_addr { host: "127.5.161.66" port: 42565 } attrs { replace: true } } peers { permanent_uuid: "8cc6856231564c088c89a0c0b0b2dd91" member_type: VOTER last_known_addr { host: "127.5.161.67" port: 35347 } } peers { permanent_uuid: "0c41cf0f72a4426e8c307bc6f0cb6384" member_type: NON_VOTER last_known_addr { host: "127.5.161.68" port: 38709 } attrs { promote: true } }
I20260710 13:17:10.468567  6788 catalog_manager.cc:5697] T 36b44ef9f1f6439683d6a11447f472ac P 58094011ed7e4305a9f6568eb07e1465 reported cstate change: config changed from index -1 to 2, NON_VOTER 0c41cf0f72a4426e8c307bc6f0cb6384 (127.5.161.68) added. New cstate: current_term: 1 leader_uuid: "58094011ed7e4305a9f6568eb07e1465" committed_config { opid_index: 2 OBSOLETE_local: false peers { permanent_uuid: "58094011ed7e4305a9f6568eb07e1465" member_type: VOTER last_known_addr { host: "127.5.161.65" port: 44167 } health_report { overall_health: HEALTHY } } peers { permanent_uuid: "caeeda2f3b074dcd822b4729b3980275" member_type: VOTER last_known_addr { host: "127.5.161.66" port: 42565 } health_report { overall_health: HEALTHY } } peers { permanent_uuid: "8cc6856231564c088c89a0c0b0b2dd91" member_type: VOTER last_known_addr { host: "127.5.161.67" port: 35347 } attrs { replace: true } health_report { overall_health: UNKNOWN } } peers { permanent_uuid: "0c41cf0f72a4426e8c307bc6f0cb6384" member_type: NON_VOTER last_known_addr { host: "127.5.161.68" port: 38709 } attrs { promote: true } health_report { overall_health: UNKNOWN } } }
I20260710 13:17:10.468686  7038 raft_consensus.cc:2955] T 36b44ef9f1f6439683d6a11447f472ac P 8cc6856231564c088c89a0c0b0b2dd91 [term 1 FOLLOWER]: Committing config change with OpId 1.2: config changed from index -1 to 2, NON_VOTER 0c41cf0f72a4426e8c307bc6f0cb6384 (127.5.161.68) added. New config: { opid_index: 2 OBSOLETE_local: false peers { permanent_uuid: "58094011ed7e4305a9f6568eb07e1465" member_type: VOTER last_known_addr { host: "127.5.161.65" port: 44167 } } peers { permanent_uuid: "caeeda2f3b074dcd822b4729b3980275" member_type: VOTER last_known_addr { host: "127.5.161.66" port: 42565 } } peers { permanent_uuid: "8cc6856231564c088c89a0c0b0b2dd91" member_type: VOTER last_known_addr { host: "127.5.161.67" port: 35347 } attrs { replace: true } } peers { permanent_uuid: "0c41cf0f72a4426e8c307bc6f0cb6384" member_type: NON_VOTER last_known_addr { host: "127.5.161.68" port: 38709 } attrs { promote: true } } }
W20260710 13:17:10.475924  6854 consensus_peers.cc:597] T 018955a742254004ae2255dc660807a4 P 58094011ed7e4305a9f6568eb07e1465 -> Peer 0c41cf0f72a4426e8c307bc6f0cb6384 (127.5.161.68:38709): Couldn't send request to peer 0c41cf0f72a4426e8c307bc6f0cb6384. Error code: TABLET_NOT_FOUND (6). Status: Not found: Tablet not found: 018955a742254004ae2255dc660807a4. This is attempt 1: this message will repeat every 5th retry.
I20260710 13:17:10.477641  7037 raft_consensus.cc:1275] T 018955a742254004ae2255dc660807a4 P 8cc6856231564c088c89a0c0b0b2dd91 [term 1 FOLLOWER]: Refusing update from remote peer 58094011ed7e4305a9f6568eb07e1465: Log matching property violated. Preceding OpId in replica: term: 1 index: 1. Preceding OpId from leader: term: 1 index: 2. (index mismatch)
I20260710 13:17:10.480435  7347 consensus_queue.cc:1048] T 018955a742254004ae2255dc660807a4 P 58094011ed7e4305a9f6568eb07e1465 [LEADER]: Connected to new peer: Peer: permanent_uuid: "8cc6856231564c088c89a0c0b0b2dd91" member_type: VOTER last_known_addr { host: "127.5.161.67" port: 35347 }, Status: LMP_MISMATCH, Last received: 0.0, Next index: 2, Last known committed idx: 1, Time since last communication: 0.000s
I20260710 13:17:10.485229  6965 raft_consensus.cc:1275] T 018955a742254004ae2255dc660807a4 P caeeda2f3b074dcd822b4729b3980275 [term 1 FOLLOWER]: Refusing update from remote peer 58094011ed7e4305a9f6568eb07e1465: Log matching property violated. Preceding OpId in replica: term: 1 index: 1. Preceding OpId from leader: term: 1 index: 2. (index mismatch)
I20260710 13:17:10.487416  7347 consensus_queue.cc:1048] T 018955a742254004ae2255dc660807a4 P 58094011ed7e4305a9f6568eb07e1465 [LEADER]: Connected to new peer: Peer: permanent_uuid: "caeeda2f3b074dcd822b4729b3980275" member_type: VOTER last_known_addr { host: "127.5.161.66" port: 42565 } attrs { replace: true }, Status: LMP_MISMATCH, Last received: 0.0, Next index: 2, Last known committed idx: 1, Time since last communication: 0.001s
I20260710 13:17:10.493319  7165 raft_consensus.cc:2955] T 018955a742254004ae2255dc660807a4 P 58094011ed7e4305a9f6568eb07e1465 [term 1 LEADER]: Committing config change with OpId 1.2: config changed from index -1 to 2, NON_VOTER 0c41cf0f72a4426e8c307bc6f0cb6384 (127.5.161.68) added. New config: { opid_index: 2 OBSOLETE_local: false peers { permanent_uuid: "58094011ed7e4305a9f6568eb07e1465" member_type: VOTER last_known_addr { host: "127.5.161.65" port: 44167 } } peers { permanent_uuid: "caeeda2f3b074dcd822b4729b3980275" member_type: VOTER last_known_addr { host: "127.5.161.66" port: 42565 } attrs { replace: true } } peers { permanent_uuid: "8cc6856231564c088c89a0c0b0b2dd91" member_type: VOTER last_known_addr { host: "127.5.161.67" port: 35347 } } peers { permanent_uuid: "0c41cf0f72a4426e8c307bc6f0cb6384" member_type: NON_VOTER last_known_addr { host: "127.5.161.68" port: 38709 } attrs { promote: true } } }
I20260710 13:17:10.495682  7037 raft_consensus.cc:2955] T 018955a742254004ae2255dc660807a4 P 8cc6856231564c088c89a0c0b0b2dd91 [term 1 FOLLOWER]: Committing config change with OpId 1.2: config changed from index -1 to 2, NON_VOTER 0c41cf0f72a4426e8c307bc6f0cb6384 (127.5.161.68) added. New config: { opid_index: 2 OBSOLETE_local: false peers { permanent_uuid: "58094011ed7e4305a9f6568eb07e1465" member_type: VOTER last_known_addr { host: "127.5.161.65" port: 44167 } } peers { permanent_uuid: "caeeda2f3b074dcd822b4729b3980275" member_type: VOTER last_known_addr { host: "127.5.161.66" port: 42565 } attrs { replace: true } } peers { permanent_uuid: "8cc6856231564c088c89a0c0b0b2dd91" member_type: VOTER last_known_addr { host: "127.5.161.67" port: 35347 } } peers { permanent_uuid: "0c41cf0f72a4426e8c307bc6f0cb6384" member_type: NON_VOTER last_known_addr { host: "127.5.161.68" port: 38709 } attrs { promote: true } } }
I20260710 13:17:10.510735  6789 catalog_manager.cc:5697] T 018955a742254004ae2255dc660807a4 P 58094011ed7e4305a9f6568eb07e1465 reported cstate change: config changed from index -1 to 2, NON_VOTER 0c41cf0f72a4426e8c307bc6f0cb6384 (127.5.161.68) added. New cstate: current_term: 1 leader_uuid: "58094011ed7e4305a9f6568eb07e1465" committed_config { opid_index: 2 OBSOLETE_local: false peers { permanent_uuid: "58094011ed7e4305a9f6568eb07e1465" member_type: VOTER last_known_addr { host: "127.5.161.65" port: 44167 } health_report { overall_health: HEALTHY } } peers { permanent_uuid: "caeeda2f3b074dcd822b4729b3980275" member_type: VOTER last_known_addr { host: "127.5.161.66" port: 42565 } attrs { replace: true } health_report { overall_health: UNKNOWN } } peers { permanent_uuid: "8cc6856231564c088c89a0c0b0b2dd91" member_type: VOTER last_known_addr { host: "127.5.161.67" port: 35347 } health_report { overall_health: HEALTHY } } peers { permanent_uuid: "0c41cf0f72a4426e8c307bc6f0cb6384" member_type: NON_VOTER last_known_addr { host: "127.5.161.68" port: 38709 } attrs { promote: true } health_report { overall_health: UNKNOWN } } }
I20260710 13:17:10.510728  6965 raft_consensus.cc:2955] T 018955a742254004ae2255dc660807a4 P caeeda2f3b074dcd822b4729b3980275 [term 1 FOLLOWER]: Committing config change with OpId 1.2: config changed from index -1 to 2, NON_VOTER 0c41cf0f72a4426e8c307bc6f0cb6384 (127.5.161.68) added. New config: { opid_index: 2 OBSOLETE_local: false peers { permanent_uuid: "58094011ed7e4305a9f6568eb07e1465" member_type: VOTER last_known_addr { host: "127.5.161.65" port: 44167 } } peers { permanent_uuid: "caeeda2f3b074dcd822b4729b3980275" member_type: VOTER last_known_addr { host: "127.5.161.66" port: 42565 } attrs { replace: true } } peers { permanent_uuid: "8cc6856231564c088c89a0c0b0b2dd91" member_type: VOTER last_known_addr { host: "127.5.161.67" port: 35347 } } peers { permanent_uuid: "0c41cf0f72a4426e8c307bc6f0cb6384" member_type: NON_VOTER last_known_addr { host: "127.5.161.68" port: 38709 } attrs { promote: true } } }
I20260710 13:17:10.740967  7367 ts_tablet_manager.cc:933] T eb93c1fd209e4a5b807201e1710d9c88 P 0c41cf0f72a4426e8c307bc6f0cb6384: Initiating tablet copy from peer caeeda2f3b074dcd822b4729b3980275 (127.5.161.66:42565)
I20260710 13:17:10.743055  7367 tablet_copy_client.cc:323] T eb93c1fd209e4a5b807201e1710d9c88 P 0c41cf0f72a4426e8c307bc6f0cb6384: tablet copy: Beginning tablet copy session from remote peer at address 127.5.161.66:42565
I20260710 13:17:10.754104  6976 tablet_copy_service.cc:140] P caeeda2f3b074dcd822b4729b3980275: Received BeginTabletCopySession request for tablet eb93c1fd209e4a5b807201e1710d9c88 from peer 0c41cf0f72a4426e8c307bc6f0cb6384 ({username='slave'} at 127.0.0.1:34870)
I20260710 13:17:10.754608  6976 tablet_copy_service.cc:161] P caeeda2f3b074dcd822b4729b3980275: Beginning new tablet copy session on tablet eb93c1fd209e4a5b807201e1710d9c88 from peer 0c41cf0f72a4426e8c307bc6f0cb6384 at {username='slave'} at 127.0.0.1:34870: session id = 0c41cf0f72a4426e8c307bc6f0cb6384-eb93c1fd209e4a5b807201e1710d9c88
I20260710 13:17:10.759953  6976 tablet_copy_source_session.cc:215] T eb93c1fd209e4a5b807201e1710d9c88 P caeeda2f3b074dcd822b4729b3980275: Tablet Copy: opened 0 blocks and 1 log segments
I20260710 13:17:10.763265  7367 data_dirs.cc:400] Could only allocate 1 dirs of requested 3 for tablet eb93c1fd209e4a5b807201e1710d9c88. 1 dirs total, 0 dirs full, 0 dirs failed
I20260710 13:17:10.773699  7367 tablet_copy_client.cc:806] T eb93c1fd209e4a5b807201e1710d9c88 P 0c41cf0f72a4426e8c307bc6f0cb6384: tablet copy: Starting download of 0 data blocks...
I20260710 13:17:10.775070  7367 tablet_copy_client.cc:670] T eb93c1fd209e4a5b807201e1710d9c88 P 0c41cf0f72a4426e8c307bc6f0cb6384: tablet copy: Starting download of 1 WAL segments...
I20260710 13:17:10.779264  7367 tablet_copy_client.cc:538] T eb93c1fd209e4a5b807201e1710d9c88 P 0c41cf0f72a4426e8c307bc6f0cb6384: tablet copy: Tablet Copy complete. Replacing tablet superblock.
I20260710 13:17:10.786286  7367 tablet_bootstrap.cc:492] T eb93c1fd209e4a5b807201e1710d9c88 P 0c41cf0f72a4426e8c307bc6f0cb6384: Bootstrap starting.
I20260710 13:17:10.803887  7367 tablet_bootstrap.cc:492] T eb93c1fd209e4a5b807201e1710d9c88 P 0c41cf0f72a4426e8c307bc6f0cb6384: Bootstrap replayed 1/1 log segments. Stats: ops{read=2 overwritten=0 applied=2 ignored=0} inserts{seen=0 ignored=0} mutations{seen=0 ignored=0} orphaned_commits=0. Pending: 0 replicates
I20260710 13:17:10.804759  7367 tablet_bootstrap.cc:492] T eb93c1fd209e4a5b807201e1710d9c88 P 0c41cf0f72a4426e8c307bc6f0cb6384: Bootstrap complete.
I20260710 13:17:10.805397  7367 ts_tablet_manager.cc:1403] T eb93c1fd209e4a5b807201e1710d9c88 P 0c41cf0f72a4426e8c307bc6f0cb6384: Time spent bootstrapping tablet: real 0.019s	user 0.015s	sys 0.004s
I20260710 13:17:10.808200  7367 raft_consensus.cc:359] T eb93c1fd209e4a5b807201e1710d9c88 P 0c41cf0f72a4426e8c307bc6f0cb6384 [term 1 LEARNER]: Replica starting. Triggering 0 pending ops. Active config: opid_index: 2 OBSOLETE_local: false peers { permanent_uuid: "58094011ed7e4305a9f6568eb07e1465" member_type: VOTER last_known_addr { host: "127.5.161.65" port: 44167 } attrs { replace: true } } peers { permanent_uuid: "caeeda2f3b074dcd822b4729b3980275" member_type: VOTER last_known_addr { host: "127.5.161.66" port: 42565 } } peers { permanent_uuid: "8cc6856231564c088c89a0c0b0b2dd91" member_type: VOTER last_known_addr { host: "127.5.161.67" port: 35347 } } peers { permanent_uuid: "0c41cf0f72a4426e8c307bc6f0cb6384" member_type: NON_VOTER last_known_addr { host: "127.5.161.68" port: 38709 } attrs { promote: true } }
I20260710 13:17:10.809104  7367 raft_consensus.cc:740] T eb93c1fd209e4a5b807201e1710d9c88 P 0c41cf0f72a4426e8c307bc6f0cb6384 [term 1 LEARNER]: Becoming Follower/Learner. State: Replica: 0c41cf0f72a4426e8c307bc6f0cb6384, State: Initialized, Role: LEARNER
I20260710 13:17:10.809767  7367 consensus_queue.cc:260] T eb93c1fd209e4a5b807201e1710d9c88 P 0c41cf0f72a4426e8c307bc6f0cb6384 [NON_LEADER]: Queue going to NON_LEADER mode. State: All replicated index: 0, Majority replicated index: 0, Committed index: 2, Last appended: 1.2, Last appended by leader: 2, Current term: 0, Majority size: -1, State: 0, Mode: NON_LEADER, active raft config: opid_index: 2 OBSOLETE_local: false peers { permanent_uuid: "58094011ed7e4305a9f6568eb07e1465" member_type: VOTER last_known_addr { host: "127.5.161.65" port: 44167 } attrs { replace: true } } peers { permanent_uuid: "caeeda2f3b074dcd822b4729b3980275" member_type: VOTER last_known_addr { host: "127.5.161.66" port: 42565 } } peers { permanent_uuid: "8cc6856231564c088c89a0c0b0b2dd91" member_type: VOTER last_known_addr { host: "127.5.161.67" port: 35347 } } peers { permanent_uuid: "0c41cf0f72a4426e8c307bc6f0cb6384" member_type: NON_VOTER last_known_addr { host: "127.5.161.68" port: 38709 } attrs { promote: true } }
I20260710 13:17:10.812840  7367 ts_tablet_manager.cc:1434] T eb93c1fd209e4a5b807201e1710d9c88 P 0c41cf0f72a4426e8c307bc6f0cb6384: Time spent starting tablet: real 0.007s	user 0.008s	sys 0.000s
I20260710 13:17:10.814455  6976 tablet_copy_service.cc:342] P caeeda2f3b074dcd822b4729b3980275: Request end of tablet copy session 0c41cf0f72a4426e8c307bc6f0cb6384-eb93c1fd209e4a5b807201e1710d9c88 received from {username='slave'} at 127.0.0.1:34870
I20260710 13:17:10.814831  6976 tablet_copy_service.cc:434] P caeeda2f3b074dcd822b4729b3980275: ending tablet copy session 0c41cf0f72a4426e8c307bc6f0cb6384-eb93c1fd209e4a5b807201e1710d9c88 on tablet eb93c1fd209e4a5b807201e1710d9c88 with peer 0c41cf0f72a4426e8c307bc6f0cb6384
I20260710 13:17:10.896898  7367 ts_tablet_manager.cc:933] T c6366eae34aa44f18c0fe56ff11d559e P 0c41cf0f72a4426e8c307bc6f0cb6384: Initiating tablet copy from peer 58094011ed7e4305a9f6568eb07e1465 (127.5.161.65:44167)
I20260710 13:17:10.905462  7367 tablet_copy_client.cc:323] T c6366eae34aa44f18c0fe56ff11d559e P 0c41cf0f72a4426e8c307bc6f0cb6384: tablet copy: Beginning tablet copy session from remote peer at address 127.5.161.65:44167
I20260710 13:17:10.907790  7374 ts_tablet_manager.cc:933] T 018955a742254004ae2255dc660807a4 P 0c41cf0f72a4426e8c307bc6f0cb6384: Initiating tablet copy from peer 58094011ed7e4305a9f6568eb07e1465 (127.5.161.65:44167)
I20260710 13:17:10.929780  7373 ts_tablet_manager.cc:933] T 36b44ef9f1f6439683d6a11447f472ac P 0c41cf0f72a4426e8c307bc6f0cb6384: Initiating tablet copy from peer 58094011ed7e4305a9f6568eb07e1465 (127.5.161.65:44167)
I20260710 13:17:10.954873  6901 tablet_copy_service.cc:140] P 58094011ed7e4305a9f6568eb07e1465: Received BeginTabletCopySession request for tablet c6366eae34aa44f18c0fe56ff11d559e from peer 0c41cf0f72a4426e8c307bc6f0cb6384 ({username='slave'} at 127.0.0.1:49128)
I20260710 13:17:10.955639  6901 tablet_copy_service.cc:161] P 58094011ed7e4305a9f6568eb07e1465: Beginning new tablet copy session on tablet c6366eae34aa44f18c0fe56ff11d559e from peer 0c41cf0f72a4426e8c307bc6f0cb6384 at {username='slave'} at 127.0.0.1:49128: session id = 0c41cf0f72a4426e8c307bc6f0cb6384-c6366eae34aa44f18c0fe56ff11d559e
I20260710 13:17:10.959761  7374 tablet_copy_client.cc:323] T 018955a742254004ae2255dc660807a4 P 0c41cf0f72a4426e8c307bc6f0cb6384: tablet copy: Beginning tablet copy session from remote peer at address 127.5.161.65:44167
I20260710 13:17:10.961238  7373 tablet_copy_client.cc:323] T 36b44ef9f1f6439683d6a11447f472ac P 0c41cf0f72a4426e8c307bc6f0cb6384: tablet copy: Beginning tablet copy session from remote peer at address 127.5.161.65:44167
I20260710 13:17:10.964741  6900 tablet_copy_service.cc:140] P 58094011ed7e4305a9f6568eb07e1465: Received BeginTabletCopySession request for tablet 36b44ef9f1f6439683d6a11447f472ac from peer 0c41cf0f72a4426e8c307bc6f0cb6384 ({username='slave'} at 127.0.0.1:49128)
I20260710 13:17:10.965467  6900 tablet_copy_service.cc:161] P 58094011ed7e4305a9f6568eb07e1465: Beginning new tablet copy session on tablet 36b44ef9f1f6439683d6a11447f472ac from peer 0c41cf0f72a4426e8c307bc6f0cb6384 at {username='slave'} at 127.0.0.1:49128: session id = 0c41cf0f72a4426e8c307bc6f0cb6384-36b44ef9f1f6439683d6a11447f472ac
I20260710 13:17:10.970395  6901 tablet_copy_source_session.cc:215] T c6366eae34aa44f18c0fe56ff11d559e P 58094011ed7e4305a9f6568eb07e1465: Tablet Copy: opened 0 blocks and 1 log segments
I20260710 13:17:10.973472  6901 tablet_copy_service.cc:140] P 58094011ed7e4305a9f6568eb07e1465: Received BeginTabletCopySession request for tablet 018955a742254004ae2255dc660807a4 from peer 0c41cf0f72a4426e8c307bc6f0cb6384 ({username='slave'} at 127.0.0.1:49128)
I20260710 13:17:10.974056  6901 tablet_copy_service.cc:161] P 58094011ed7e4305a9f6568eb07e1465: Beginning new tablet copy session on tablet 018955a742254004ae2255dc660807a4 from peer 0c41cf0f72a4426e8c307bc6f0cb6384 at {username='slave'} at 127.0.0.1:49128: session id = 0c41cf0f72a4426e8c307bc6f0cb6384-018955a742254004ae2255dc660807a4
I20260710 13:17:10.975353  7367 data_dirs.cc:400] Could only allocate 1 dirs of requested 3 for tablet c6366eae34aa44f18c0fe56ff11d559e. 1 dirs total, 0 dirs full, 0 dirs failed
I20260710 13:17:10.985059  6901 tablet_copy_source_session.cc:215] T 018955a742254004ae2255dc660807a4 P 58094011ed7e4305a9f6568eb07e1465: Tablet Copy: opened 0 blocks and 1 log segments
I20260710 13:17:10.988617  7374 data_dirs.cc:400] Could only allocate 1 dirs of requested 3 for tablet 018955a742254004ae2255dc660807a4. 1 dirs total, 0 dirs full, 0 dirs failed
I20260710 13:17:11.002784  7367 tablet_copy_client.cc:806] T c6366eae34aa44f18c0fe56ff11d559e P 0c41cf0f72a4426e8c307bc6f0cb6384: tablet copy: Starting download of 0 data blocks...
I20260710 13:17:11.003577  7367 tablet_copy_client.cc:670] T c6366eae34aa44f18c0fe56ff11d559e P 0c41cf0f72a4426e8c307bc6f0cb6384: tablet copy: Starting download of 1 WAL segments...
I20260710 13:17:11.005405  7374 tablet_copy_client.cc:806] T 018955a742254004ae2255dc660807a4 P 0c41cf0f72a4426e8c307bc6f0cb6384: tablet copy: Starting download of 0 data blocks...
I20260710 13:17:11.006102  7374 tablet_copy_client.cc:670] T 018955a742254004ae2255dc660807a4 P 0c41cf0f72a4426e8c307bc6f0cb6384: tablet copy: Starting download of 1 WAL segments...
I20260710 13:17:11.011050  7367 tablet_copy_client.cc:538] T c6366eae34aa44f18c0fe56ff11d559e P 0c41cf0f72a4426e8c307bc6f0cb6384: tablet copy: Tablet Copy complete. Replacing tablet superblock.
I20260710 13:17:11.011050  7374 tablet_copy_client.cc:538] T 018955a742254004ae2255dc660807a4 P 0c41cf0f72a4426e8c307bc6f0cb6384: tablet copy: Tablet Copy complete. Replacing tablet superblock.
I20260710 13:17:11.020813  7374 tablet_bootstrap.cc:492] T 018955a742254004ae2255dc660807a4 P 0c41cf0f72a4426e8c307bc6f0cb6384: Bootstrap starting.
I20260710 13:17:11.023299  7367 tablet_bootstrap.cc:492] T c6366eae34aa44f18c0fe56ff11d559e P 0c41cf0f72a4426e8c307bc6f0cb6384: Bootstrap starting.
I20260710 13:17:11.030853  6900 tablet_copy_source_session.cc:215] T 36b44ef9f1f6439683d6a11447f472ac P 58094011ed7e4305a9f6568eb07e1465: Tablet Copy: opened 0 blocks and 1 log segments
I20260710 13:17:11.034865  7373 data_dirs.cc:400] Could only allocate 1 dirs of requested 3 for tablet 36b44ef9f1f6439683d6a11447f472ac. 1 dirs total, 0 dirs full, 0 dirs failed
I20260710 13:17:11.060407  7367 tablet_bootstrap.cc:492] T c6366eae34aa44f18c0fe56ff11d559e P 0c41cf0f72a4426e8c307bc6f0cb6384: Bootstrap replayed 1/1 log segments. Stats: ops{read=2 overwritten=0 applied=2 ignored=0} inserts{seen=0 ignored=0} mutations{seen=0 ignored=0} orphaned_commits=0. Pending: 0 replicates
I20260710 13:17:11.061514  7367 tablet_bootstrap.cc:492] T c6366eae34aa44f18c0fe56ff11d559e P 0c41cf0f72a4426e8c307bc6f0cb6384: Bootstrap complete.
I20260710 13:17:11.062248  7367 ts_tablet_manager.cc:1403] T c6366eae34aa44f18c0fe56ff11d559e P 0c41cf0f72a4426e8c307bc6f0cb6384: Time spent bootstrapping tablet: real 0.039s	user 0.022s	sys 0.010s
I20260710 13:17:11.064658  7374 tablet_bootstrap.cc:492] T 018955a742254004ae2255dc660807a4 P 0c41cf0f72a4426e8c307bc6f0cb6384: Bootstrap replayed 1/1 log segments. Stats: ops{read=2 overwritten=0 applied=2 ignored=0} inserts{seen=0 ignored=0} mutations{seen=0 ignored=0} orphaned_commits=0. Pending: 0 replicates
I20260710 13:17:11.065618  7374 tablet_bootstrap.cc:492] T 018955a742254004ae2255dc660807a4 P 0c41cf0f72a4426e8c307bc6f0cb6384: Bootstrap complete.
I20260710 13:17:11.066295  7374 ts_tablet_manager.cc:1403] T 018955a742254004ae2255dc660807a4 P 0c41cf0f72a4426e8c307bc6f0cb6384: Time spent bootstrapping tablet: real 0.046s	user 0.018s	sys 0.012s
I20260710 13:17:11.066002  7367 raft_consensus.cc:359] T c6366eae34aa44f18c0fe56ff11d559e P 0c41cf0f72a4426e8c307bc6f0cb6384 [term 1 LEARNER]: Replica starting. Triggering 0 pending ops. Active config: opid_index: 2 OBSOLETE_local: false peers { permanent_uuid: "58094011ed7e4305a9f6568eb07e1465" member_type: VOTER last_known_addr { host: "127.5.161.65" port: 44167 } } peers { permanent_uuid: "caeeda2f3b074dcd822b4729b3980275" member_type: VOTER last_known_addr { host: "127.5.161.66" port: 42565 } attrs { replace: true } } peers { permanent_uuid: "8cc6856231564c088c89a0c0b0b2dd91" member_type: VOTER last_known_addr { host: "127.5.161.67" port: 35347 } } peers { permanent_uuid: "0c41cf0f72a4426e8c307bc6f0cb6384" member_type: NON_VOTER last_known_addr { host: "127.5.161.68" port: 38709 } attrs { promote: true } }
I20260710 13:17:11.067545  7367 raft_consensus.cc:740] T c6366eae34aa44f18c0fe56ff11d559e P 0c41cf0f72a4426e8c307bc6f0cb6384 [term 1 LEARNER]: Becoming Follower/Learner. State: Replica: 0c41cf0f72a4426e8c307bc6f0cb6384, State: Initialized, Role: LEARNER
I20260710 13:17:11.068375  7367 consensus_queue.cc:260] T c6366eae34aa44f18c0fe56ff11d559e P 0c41cf0f72a4426e8c307bc6f0cb6384 [NON_LEADER]: Queue going to NON_LEADER mode. State: All replicated index: 0, Majority replicated index: 0, Committed index: 2, Last appended: 1.2, Last appended by leader: 2, Current term: 0, Majority size: -1, State: 0, Mode: NON_LEADER, active raft config: opid_index: 2 OBSOLETE_local: false peers { permanent_uuid: "58094011ed7e4305a9f6568eb07e1465" member_type: VOTER last_known_addr { host: "127.5.161.65" port: 44167 } } peers { permanent_uuid: "caeeda2f3b074dcd822b4729b3980275" member_type: VOTER last_known_addr { host: "127.5.161.66" port: 42565 } attrs { replace: true } } peers { permanent_uuid: "8cc6856231564c088c89a0c0b0b2dd91" member_type: VOTER last_known_addr { host: "127.5.161.67" port: 35347 } } peers { permanent_uuid: "0c41cf0f72a4426e8c307bc6f0cb6384" member_type: NON_VOTER last_known_addr { host: "127.5.161.68" port: 38709 } attrs { promote: true } }
I20260710 13:17:11.069869  7374 raft_consensus.cc:359] T 018955a742254004ae2255dc660807a4 P 0c41cf0f72a4426e8c307bc6f0cb6384 [term 1 LEARNER]: Replica starting. Triggering 0 pending ops. Active config: opid_index: 2 OBSOLETE_local: false peers { permanent_uuid: "58094011ed7e4305a9f6568eb07e1465" member_type: VOTER last_known_addr { host: "127.5.161.65" port: 44167 } } peers { permanent_uuid: "caeeda2f3b074dcd822b4729b3980275" member_type: VOTER last_known_addr { host: "127.5.161.66" port: 42565 } attrs { replace: true } } peers { permanent_uuid: "8cc6856231564c088c89a0c0b0b2dd91" member_type: VOTER last_known_addr { host: "127.5.161.67" port: 35347 } } peers { permanent_uuid: "0c41cf0f72a4426e8c307bc6f0cb6384" member_type: NON_VOTER last_known_addr { host: "127.5.161.68" port: 38709 } attrs { promote: true } }
I20260710 13:17:11.070785  7374 raft_consensus.cc:740] T 018955a742254004ae2255dc660807a4 P 0c41cf0f72a4426e8c307bc6f0cb6384 [term 1 LEARNER]: Becoming Follower/Learner. State: Replica: 0c41cf0f72a4426e8c307bc6f0cb6384, State: Initialized, Role: LEARNER
I20260710 13:17:11.071470  7374 consensus_queue.cc:260] T 018955a742254004ae2255dc660807a4 P 0c41cf0f72a4426e8c307bc6f0cb6384 [NON_LEADER]: Queue going to NON_LEADER mode. State: All replicated index: 0, Majority replicated index: 0, Committed index: 2, Last appended: 1.2, Last appended by leader: 2, Current term: 0, Majority size: -1, State: 0, Mode: NON_LEADER, active raft config: opid_index: 2 OBSOLETE_local: false peers { permanent_uuid: "58094011ed7e4305a9f6568eb07e1465" member_type: VOTER last_known_addr { host: "127.5.161.65" port: 44167 } } peers { permanent_uuid: "caeeda2f3b074dcd822b4729b3980275" member_type: VOTER last_known_addr { host: "127.5.161.66" port: 42565 } attrs { replace: true } } peers { permanent_uuid: "8cc6856231564c088c89a0c0b0b2dd91" member_type: VOTER last_known_addr { host: "127.5.161.67" port: 35347 } } peers { permanent_uuid: "0c41cf0f72a4426e8c307bc6f0cb6384" member_type: NON_VOTER last_known_addr { host: "127.5.161.68" port: 38709 } attrs { promote: true } }
I20260710 13:17:11.074052  7374 ts_tablet_manager.cc:1434] T 018955a742254004ae2255dc660807a4 P 0c41cf0f72a4426e8c307bc6f0cb6384: Time spent starting tablet: real 0.007s	user 0.003s	sys 0.005s
I20260710 13:17:11.075958  6900 tablet_copy_service.cc:342] P 58094011ed7e4305a9f6568eb07e1465: Request end of tablet copy session 0c41cf0f72a4426e8c307bc6f0cb6384-018955a742254004ae2255dc660807a4 received from {username='slave'} at 127.0.0.1:49128
I20260710 13:17:11.076438  6900 tablet_copy_service.cc:434] P 58094011ed7e4305a9f6568eb07e1465: ending tablet copy session 0c41cf0f72a4426e8c307bc6f0cb6384-018955a742254004ae2255dc660807a4 on tablet 018955a742254004ae2255dc660807a4 with peer 0c41cf0f72a4426e8c307bc6f0cb6384
I20260710 13:17:11.078835  7373 tablet_copy_client.cc:806] T 36b44ef9f1f6439683d6a11447f472ac P 0c41cf0f72a4426e8c307bc6f0cb6384: tablet copy: Starting download of 0 data blocks...
I20260710 13:17:11.080554  7373 tablet_copy_client.cc:670] T 36b44ef9f1f6439683d6a11447f472ac P 0c41cf0f72a4426e8c307bc6f0cb6384: tablet copy: Starting download of 1 WAL segments...
I20260710 13:17:11.081080  7367 ts_tablet_manager.cc:1434] T c6366eae34aa44f18c0fe56ff11d559e P 0c41cf0f72a4426e8c307bc6f0cb6384: Time spent starting tablet: real 0.018s	user 0.004s	sys 0.004s
I20260710 13:17:11.083060  6901 tablet_copy_service.cc:342] P 58094011ed7e4305a9f6568eb07e1465: Request end of tablet copy session 0c41cf0f72a4426e8c307bc6f0cb6384-c6366eae34aa44f18c0fe56ff11d559e received from {username='slave'} at 127.0.0.1:49128
I20260710 13:17:11.083455  6901 tablet_copy_service.cc:434] P 58094011ed7e4305a9f6568eb07e1465: ending tablet copy session 0c41cf0f72a4426e8c307bc6f0cb6384-c6366eae34aa44f18c0fe56ff11d559e on tablet c6366eae34aa44f18c0fe56ff11d559e with peer 0c41cf0f72a4426e8c307bc6f0cb6384
I20260710 13:17:11.084924  7373 tablet_copy_client.cc:538] T 36b44ef9f1f6439683d6a11447f472ac P 0c41cf0f72a4426e8c307bc6f0cb6384: tablet copy: Tablet Copy complete. Replacing tablet superblock.
I20260710 13:17:11.094656  7373 tablet_bootstrap.cc:492] T 36b44ef9f1f6439683d6a11447f472ac P 0c41cf0f72a4426e8c307bc6f0cb6384: Bootstrap starting.
I20260710 13:17:11.110853  7373 tablet_bootstrap.cc:492] T 36b44ef9f1f6439683d6a11447f472ac P 0c41cf0f72a4426e8c307bc6f0cb6384: Bootstrap replayed 1/1 log segments. Stats: ops{read=2 overwritten=0 applied=2 ignored=0} inserts{seen=0 ignored=0} mutations{seen=0 ignored=0} orphaned_commits=0. Pending: 0 replicates
I20260710 13:17:11.111825  7373 tablet_bootstrap.cc:492] T 36b44ef9f1f6439683d6a11447f472ac P 0c41cf0f72a4426e8c307bc6f0cb6384: Bootstrap complete.
I20260710 13:17:11.112363  7373 ts_tablet_manager.cc:1403] T 36b44ef9f1f6439683d6a11447f472ac P 0c41cf0f72a4426e8c307bc6f0cb6384: Time spent bootstrapping tablet: real 0.018s	user 0.011s	sys 0.005s
I20260710 13:17:11.114984  7373 raft_consensus.cc:359] T 36b44ef9f1f6439683d6a11447f472ac P 0c41cf0f72a4426e8c307bc6f0cb6384 [term 1 LEARNER]: Replica starting. Triggering 0 pending ops. Active config: opid_index: 2 OBSOLETE_local: false peers { permanent_uuid: "58094011ed7e4305a9f6568eb07e1465" member_type: VOTER last_known_addr { host: "127.5.161.65" port: 44167 } } peers { permanent_uuid: "caeeda2f3b074dcd822b4729b3980275" member_type: VOTER last_known_addr { host: "127.5.161.66" port: 42565 } } peers { permanent_uuid: "8cc6856231564c088c89a0c0b0b2dd91" member_type: VOTER last_known_addr { host: "127.5.161.67" port: 35347 } attrs { replace: true } } peers { permanent_uuid: "0c41cf0f72a4426e8c307bc6f0cb6384" member_type: NON_VOTER last_known_addr { host: "127.5.161.68" port: 38709 } attrs { promote: true } }
I20260710 13:17:11.115581  7373 raft_consensus.cc:740] T 36b44ef9f1f6439683d6a11447f472ac P 0c41cf0f72a4426e8c307bc6f0cb6384 [term 1 LEARNER]: Becoming Follower/Learner. State: Replica: 0c41cf0f72a4426e8c307bc6f0cb6384, State: Initialized, Role: LEARNER
I20260710 13:17:11.116124  7373 consensus_queue.cc:260] T 36b44ef9f1f6439683d6a11447f472ac P 0c41cf0f72a4426e8c307bc6f0cb6384 [NON_LEADER]: Queue going to NON_LEADER mode. State: All replicated index: 0, Majority replicated index: 0, Committed index: 2, Last appended: 1.2, Last appended by leader: 2, Current term: 0, Majority size: -1, State: 0, Mode: NON_LEADER, active raft config: opid_index: 2 OBSOLETE_local: false peers { permanent_uuid: "58094011ed7e4305a9f6568eb07e1465" member_type: VOTER last_known_addr { host: "127.5.161.65" port: 44167 } } peers { permanent_uuid: "caeeda2f3b074dcd822b4729b3980275" member_type: VOTER last_known_addr { host: "127.5.161.66" port: 42565 } } peers { permanent_uuid: "8cc6856231564c088c89a0c0b0b2dd91" member_type: VOTER last_known_addr { host: "127.5.161.67" port: 35347 } attrs { replace: true } } peers { permanent_uuid: "0c41cf0f72a4426e8c307bc6f0cb6384" member_type: NON_VOTER last_known_addr { host: "127.5.161.68" port: 38709 } attrs { promote: true } }
I20260710 13:17:11.118197  7373 ts_tablet_manager.cc:1434] T 36b44ef9f1f6439683d6a11447f472ac P 0c41cf0f72a4426e8c307bc6f0cb6384: Time spent starting tablet: real 0.006s	user 0.004s	sys 0.000s
I20260710 13:17:11.119865  6901 tablet_copy_service.cc:342] P 58094011ed7e4305a9f6568eb07e1465: Request end of tablet copy session 0c41cf0f72a4426e8c307bc6f0cb6384-36b44ef9f1f6439683d6a11447f472ac received from {username='slave'} at 127.0.0.1:49128
I20260710 13:17:11.120262  6901 tablet_copy_service.cc:434] P 58094011ed7e4305a9f6568eb07e1465: ending tablet copy session 0c41cf0f72a4426e8c307bc6f0cb6384-36b44ef9f1f6439683d6a11447f472ac on tablet 36b44ef9f1f6439683d6a11447f472ac with peer 0c41cf0f72a4426e8c307bc6f0cb6384
I20260710 13:17:11.265249  7311 raft_consensus.cc:1217] T eb93c1fd209e4a5b807201e1710d9c88 P 0c41cf0f72a4426e8c307bc6f0cb6384 [term 1 LEARNER]: Deduplicated request from leader. Original: 1.1->[1.2-1.2]   Dedup: 1.2->[]
