I20260710 13:17:03.713371  7072 consensus_queue.cc:260] T 4e1bb9a67ed543a88565f8476261493b P 6d253a7348704c918f4252d1280859b6 [NON_LEADER]: Queue going to NON_LEADER mode. State: All replicated index: 0, Majority replicated index: 0, Committed index: 0, Last appended: 0.0, Last appended by leader: 0, Current term: 0, Majority size: -1, State: 0, Mode: NON_LEADER, active raft config: opid_index: -1 OBSOLETE_local: false peers { permanent_uuid: "afe7ce56660540979118d08772657700" member_type: VOTER last_known_addr { host: "127.5.161.65" port: 36763 } } peers { permanent_uuid: "bcba71c12d044583acf04678fde267cc" member_type: VOTER last_known_addr { host: "127.5.161.66" port: 42833 } } peers { permanent_uuid: "6d253a7348704c918f4252d1280859b6" member_type: VOTER last_known_addr { host: "127.5.161.67" port: 33841 } }
I20260710 13:17:03.741799  7077 raft_consensus.cc:515] T f62f29c920754befa713d6f7ab352ee2 P 6d253a7348704c918f4252d1280859b6 [term 1 FOLLOWER]: Starting leader election with config: opid_index: -1 OBSOLETE_local: false peers { permanent_uuid: "bcba71c12d044583acf04678fde267cc" member_type: VOTER last_known_addr { host: "127.5.161.66" port: 42833 } } peers { permanent_uuid: "afe7ce56660540979118d08772657700" member_type: VOTER last_known_addr { host: "127.5.161.65" port: 36763 } } peers { permanent_uuid: "6d253a7348704c918f4252d1280859b6" member_type: VOTER last_known_addr { host: "127.5.161.67" port: 33841 } }
I20260710 13:17:03.745121  7031 tablet_service.cc:1917] Received RequestConsensusVote() RPC: tablet_id: "9a155ab9b25c48ecaa739ec3d83ecf68" candidate_uuid: "afe7ce56660540979118d08772657700" candidate_term: 1 candidate_status { last_received { term: 0 index: 0 } } ignore_live_leader: false dest_uuid: "6d253a7348704c918f4252d1280859b6" is_pre_election: true
I20260710 13:17:03.743016  7071 tablet_bootstrap.cc:492] T 04451a3ffd5c49fc83599161516eba3e P bcba71c12d044583acf04678fde267cc: Bootstrap starting.
I20260710 13:17:03.748349  6957 tablet_service.cc:1917] Received RequestConsensusVote() RPC: tablet_id: "f62f29c920754befa713d6f7ab352ee2" candidate_uuid: "6d253a7348704c918f4252d1280859b6" candidate_term: 1 candidate_status { last_received { term: 0 index: 0 } } ignore_live_leader: false dest_uuid: "bcba71c12d044583acf04678fde267cc"
I20260710 13:17:03.749166  6957 raft_consensus.cc:3060] T f62f29c920754befa713d6f7ab352ee2 P bcba71c12d044583acf04678fde267cc [term 0 FOLLOWER]: Advancing to term 1
I20260710 13:17:03.738094  7073 consensus_queue.cc:260] T fddb0c914be348f6a548417f896b4ccd P afe7ce56660540979118d08772657700 [NON_LEADER]: Queue going to NON_LEADER mode. State: All replicated index: 0, Majority replicated index: 0, Committed index: 0, Last appended: 0.0, Last appended by leader: 0, Current term: 0, Majority size: -1, State: 0, Mode: NON_LEADER, active raft config: opid_index: -1 OBSOLETE_local: false peers { permanent_uuid: "afe7ce56660540979118d08772657700" member_type: VOTER last_known_addr { host: "127.5.161.65" port: 36763 } } peers { permanent_uuid: "bcba71c12d044583acf04678fde267cc" member_type: VOTER last_known_addr { host: "127.5.161.66" port: 42833 } } peers { permanent_uuid: "6d253a7348704c918f4252d1280859b6" member_type: VOTER last_known_addr { host: "127.5.161.67" port: 33841 } }
I20260710 13:17:03.751986  6956 tablet_service.cc:1917] Received RequestConsensusVote() RPC: tablet_id: "9a155ab9b25c48ecaa739ec3d83ecf68" candidate_uuid: "afe7ce56660540979118d08772657700" candidate_term: 1 candidate_status { last_received { term: 0 index: 0 } } ignore_live_leader: false dest_uuid: "bcba71c12d044583acf04678fde267cc" is_pre_election: true
I20260710 13:17:03.754546  7031 tablet_service.cc:1917] Received RequestConsensusVote() RPC: tablet_id: "f62f29c920754befa713d6f7ab352ee2" candidate_uuid: "bcba71c12d044583acf04678fde267cc" candidate_term: 1 candidate_status { last_received { term: 0 index: 0 } } ignore_live_leader: false dest_uuid: "6d253a7348704c918f4252d1280859b6" is_pre_election: true
I20260710 13:17:03.755422  7031 raft_consensus.cc:2393] T f62f29c920754befa713d6f7ab352ee2 P 6d253a7348704c918f4252d1280859b6 [term 1 FOLLOWER]: Leader pre-election vote request: Denying vote to candidate bcba71c12d044583acf04678fde267cc in current term 1: Already voted for candidate 6d253a7348704c918f4252d1280859b6 in this term.
I20260710 13:17:03.755860  6882 tablet_service.cc:1917] Received RequestConsensusVote() RPC: tablet_id: "f62f29c920754befa713d6f7ab352ee2" candidate_uuid: "6d253a7348704c918f4252d1280859b6" candidate_term: 1 candidate_status { last_received { term: 0 index: 0 } } ignore_live_leader: false dest_uuid: "afe7ce56660540979118d08772657700"
W20260710 13:17:03.757766  6996 leader_election.cc:343] T f62f29c920754befa713d6f7ab352ee2 P 6d253a7348704c918f4252d1280859b6 [CANDIDATE]: Term 1 election: Tablet error from VoteRequest() call to peer afe7ce56660540979118d08772657700 (127.5.161.65:36763): Illegal state: must be running to vote when last-logged opid is not known
I20260710 13:17:03.758572  7073 ts_tablet_manager.cc:1434] T fddb0c914be348f6a548417f896b4ccd P afe7ce56660540979118d08772657700: Time spent starting tablet: real 0.062s	user 0.006s	sys 0.005s
I20260710 13:17:03.758600  7077 leader_election.cc:290] T f62f29c920754befa713d6f7ab352ee2 P 6d253a7348704c918f4252d1280859b6 [CANDIDATE]: Term 1 election: Requested vote from peers bcba71c12d044583acf04678fde267cc (127.5.161.66:42833), afe7ce56660540979118d08772657700 (127.5.161.65:36763)
I20260710 13:17:03.759716  7073 tablet_bootstrap.cc:492] T 832de4bf4dde4e1c8ff55cf1a9dcc2e6 P afe7ce56660540979118d08772657700: Bootstrap starting.
I20260710 13:17:03.760529  6957 raft_consensus.cc:2468] T f62f29c920754befa713d6f7ab352ee2 P bcba71c12d044583acf04678fde267cc [term 1 FOLLOWER]: Leader election vote request: Granting yes vote for candidate 6d253a7348704c918f4252d1280859b6 in term 1.
I20260710 13:17:03.761808  6995 leader_election.cc:304] T f62f29c920754befa713d6f7ab352ee2 P 6d253a7348704c918f4252d1280859b6 [CANDIDATE]: Term 1 election: Election decided. Result: candidate won. Election summary: received 3 responses out of 3 voters: 2 yes votes; 1 no votes. yes voters: 6d253a7348704c918f4252d1280859b6, bcba71c12d044583acf04678fde267cc; no voters: afe7ce56660540979118d08772657700
W20260710 13:17:03.766415  6846 leader_election.cc:343] T 9a155ab9b25c48ecaa739ec3d83ecf68 P afe7ce56660540979118d08772657700 [CANDIDATE]: Term 1 pre-election: Tablet error from VoteRequest() call to peer 6d253a7348704c918f4252d1280859b6 (127.5.161.67:33841): Illegal state: must be running to vote when last-logged opid is not known
W20260710 13:17:03.767161  6846 leader_election.cc:343] T 9a155ab9b25c48ecaa739ec3d83ecf68 P afe7ce56660540979118d08772657700 [CANDIDATE]: Term 1 pre-election: Tablet error from VoteRequest() call to peer bcba71c12d044583acf04678fde267cc (127.5.161.66:42833): Illegal state: must be running to vote when last-logged opid is not known
I20260710 13:17:03.767424  7071 tablet_bootstrap.cc:654] T 04451a3ffd5c49fc83599161516eba3e P bcba71c12d044583acf04678fde267cc: Neither blocks nor log segments found. Creating new log.
I20260710 13:17:03.767565  6846 leader_election.cc:304] T 9a155ab9b25c48ecaa739ec3d83ecf68 P afe7ce56660540979118d08772657700 [CANDIDATE]: Term 1 pre-election: Election decided. Result: candidate lost. Election summary: received 3 responses out of 3 voters: 1 yes votes; 2 no votes. yes voters: afe7ce56660540979118d08772657700; no voters: 6d253a7348704c918f4252d1280859b6, bcba71c12d044583acf04678fde267cc
I20260710 13:17:03.769069  7096 raft_consensus.cc:2804] T f62f29c920754befa713d6f7ab352ee2 P 6d253a7348704c918f4252d1280859b6 [term 1 FOLLOWER]: Leader election won for term 1
I20260710 13:17:03.769923  7072 ts_tablet_manager.cc:1434] T 4e1bb9a67ed543a88565f8476261493b P 6d253a7348704c918f4252d1280859b6: Time spent starting tablet: real 0.078s	user 0.023s	sys 0.008s
I20260710 13:17:03.774749  7071 tablet_bootstrap.cc:492] T 04451a3ffd5c49fc83599161516eba3e P bcba71c12d044583acf04678fde267cc: No bootstrap required, opened a new log
I20260710 13:17:03.775309  7071 ts_tablet_manager.cc:1403] T 04451a3ffd5c49fc83599161516eba3e P bcba71c12d044583acf04678fde267cc: Time spent bootstrapping tablet: real 0.033s	user 0.012s	sys 0.001s
I20260710 13:17:03.775765  7073 tablet_bootstrap.cc:654] T 832de4bf4dde4e1c8ff55cf1a9dcc2e6 P afe7ce56660540979118d08772657700: Neither blocks nor log segments found. Creating new log.
I20260710 13:17:03.777535  7078 raft_consensus.cc:2749] T 9a155ab9b25c48ecaa739ec3d83ecf68 P afe7ce56660540979118d08772657700 [term 0 FOLLOWER]: Leader pre-election lost for term 1. Reason: could not achieve majority
I20260710 13:17:03.778730  7096 raft_consensus.cc:697] T f62f29c920754befa713d6f7ab352ee2 P 6d253a7348704c918f4252d1280859b6 [term 1 LEADER]: Becoming Leader. State: Replica: 6d253a7348704c918f4252d1280859b6, State: Running, Role: LEADER
I20260710 13:17:03.779806  7096 consensus_queue.cc:237] T f62f29c920754befa713d6f7ab352ee2 P 6d253a7348704c918f4252d1280859b6 [LEADER]: Queue going to LEADER mode. State: All replicated index: 0, Majority replicated index: 0, Committed index: 0, Last appended: 0.0, Last appended by leader: 0, Current term: 1, Majority size: 2, State: 0, Mode: LEADER, active raft config: opid_index: -1 OBSOLETE_local: false peers { permanent_uuid: "bcba71c12d044583acf04678fde267cc" member_type: VOTER last_known_addr { host: "127.5.161.66" port: 42833 } } peers { permanent_uuid: "afe7ce56660540979118d08772657700" member_type: VOTER last_known_addr { host: "127.5.161.65" port: 36763 } } peers { permanent_uuid: "6d253a7348704c918f4252d1280859b6" member_type: VOTER last_known_addr { host: "127.5.161.67" port: 33841 } }
I20260710 13:17:03.778707  7071 raft_consensus.cc:359] T 04451a3ffd5c49fc83599161516eba3e P bcba71c12d044583acf04678fde267cc [term 0 FOLLOWER]: Replica starting. Triggering 0 pending ops. Active config: opid_index: -1 OBSOLETE_local: false peers { permanent_uuid: "afe7ce56660540979118d08772657700" member_type: VOTER last_known_addr { host: "127.5.161.65" port: 36763 } } peers { permanent_uuid: "bcba71c12d044583acf04678fde267cc" member_type: VOTER last_known_addr { host: "127.5.161.66" port: 42833 } } peers { permanent_uuid: "6d253a7348704c918f4252d1280859b6" member_type: VOTER last_known_addr { host: "127.5.161.67" port: 33841 } }
I20260710 13:17:03.783115  7071 raft_consensus.cc:385] T 04451a3ffd5c49fc83599161516eba3e P bcba71c12d044583acf04678fde267cc [term 0 FOLLOWER]: Consensus starting up: Expiring failure detector timer to make a prompt election more likely
I20260710 13:17:03.783442  7071 raft_consensus.cc:740] T 04451a3ffd5c49fc83599161516eba3e P bcba71c12d044583acf04678fde267cc [term 0 FOLLOWER]: Becoming Follower/Learner. State: Replica: bcba71c12d044583acf04678fde267cc, State: Initialized, Role: FOLLOWER
I20260710 13:17:03.784812  7072 tablet_bootstrap.cc:492] T 10e9735e177749c7941f289b588552d5 P 6d253a7348704c918f4252d1280859b6: Bootstrap starting.
I20260710 13:17:03.784528  7071 consensus_queue.cc:260] T 04451a3ffd5c49fc83599161516eba3e P bcba71c12d044583acf04678fde267cc [NON_LEADER]: Queue going to NON_LEADER mode. State: All replicated index: 0, Majority replicated index: 0, Committed index: 0, Last appended: 0.0, Last appended by leader: 0, Current term: 0, Majority size: -1, State: 0, Mode: NON_LEADER, active raft config: opid_index: -1 OBSOLETE_local: false peers { permanent_uuid: "afe7ce56660540979118d08772657700" member_type: VOTER last_known_addr { host: "127.5.161.65" port: 36763 } } peers { permanent_uuid: "bcba71c12d044583acf04678fde267cc" member_type: VOTER last_known_addr { host: "127.5.161.66" port: 42833 } } peers { permanent_uuid: "6d253a7348704c918f4252d1280859b6" member_type: VOTER last_known_addr { host: "127.5.161.67" port: 33841 } }
I20260710 13:17:03.787271  7071 ts_tablet_manager.cc:1434] T 04451a3ffd5c49fc83599161516eba3e P bcba71c12d044583acf04678fde267cc: Time spent starting tablet: real 0.012s	user 0.008s	sys 0.000s
I20260710 13:17:03.788393  7071 tablet_bootstrap.cc:492] T cff1d97516b94c2b90374aaeca5ae9f7 P bcba71c12d044583acf04678fde267cc: Bootstrap starting.
I20260710 13:17:03.788231  6882 tablet_service.cc:1917] Received RequestConsensusVote() RPC: tablet_id: "f62f29c920754befa713d6f7ab352ee2" candidate_uuid: "bcba71c12d044583acf04678fde267cc" candidate_term: 1 candidate_status { last_received { term: 0 index: 0 } } ignore_live_leader: false dest_uuid: "afe7ce56660540979118d08772657700" is_pre_election: true
W20260710 13:17:03.789862  6922 leader_election.cc:343] T f62f29c920754befa713d6f7ab352ee2 P bcba71c12d044583acf04678fde267cc [CANDIDATE]: Term 1 pre-election: Tablet error from VoteRequest() call to peer afe7ce56660540979118d08772657700 (127.5.161.65:36763): Illegal state: must be running to vote when last-logged opid is not known
I20260710 13:17:03.790405  6922 leader_election.cc:304] T f62f29c920754befa713d6f7ab352ee2 P bcba71c12d044583acf04678fde267cc [CANDIDATE]: Term 1 pre-election: Election decided. Result: candidate lost. Election summary: received 3 responses out of 3 voters: 1 yes votes; 2 no votes. yes voters: bcba71c12d044583acf04678fde267cc; no voters: 6d253a7348704c918f4252d1280859b6, afe7ce56660540979118d08772657700
I20260710 13:17:03.791435  7095 raft_consensus.cc:2749] T f62f29c920754befa713d6f7ab352ee2 P bcba71c12d044583acf04678fde267cc [term 1 FOLLOWER]: Leader pre-election lost for term 1. Reason: could not achieve majority
I20260710 13:17:03.792372  7072 tablet_bootstrap.cc:654] T 10e9735e177749c7941f289b588552d5 P 6d253a7348704c918f4252d1280859b6: Neither blocks nor log segments found. Creating new log.
I20260710 13:17:03.796538  7073 tablet_bootstrap.cc:492] T 832de4bf4dde4e1c8ff55cf1a9dcc2e6 P afe7ce56660540979118d08772657700: No bootstrap required, opened a new log
I20260710 13:17:03.797245  7073 ts_tablet_manager.cc:1403] T 832de4bf4dde4e1c8ff55cf1a9dcc2e6 P afe7ce56660540979118d08772657700: Time spent bootstrapping tablet: real 0.038s	user 0.015s	sys 0.000s
I20260710 13:17:03.800247  7071 tablet_bootstrap.cc:654] T cff1d97516b94c2b90374aaeca5ae9f7 P bcba71c12d044583acf04678fde267cc: Neither blocks nor log segments found. Creating new log.
I20260710 13:17:03.801307  7073 raft_consensus.cc:359] T 832de4bf4dde4e1c8ff55cf1a9dcc2e6 P afe7ce56660540979118d08772657700 [term 0 FOLLOWER]: Replica starting. Triggering 0 pending ops. Active config: opid_index: -1 OBSOLETE_local: false peers { permanent_uuid: "afe7ce56660540979118d08772657700" member_type: VOTER last_known_addr { host: "127.5.161.65" port: 36763 } } peers { permanent_uuid: "bcba71c12d044583acf04678fde267cc" member_type: VOTER last_known_addr { host: "127.5.161.66" port: 42833 } } peers { permanent_uuid: "6d253a7348704c918f4252d1280859b6" member_type: VOTER last_known_addr { host: "127.5.161.67" port: 33841 } }
I20260710 13:17:03.802281  7073 raft_consensus.cc:385] T 832de4bf4dde4e1c8ff55cf1a9dcc2e6 P afe7ce56660540979118d08772657700 [term 0 FOLLOWER]: Consensus starting up: Expiring failure detector timer to make a prompt election more likely
I20260710 13:17:03.802699  7073 raft_consensus.cc:740] T 832de4bf4dde4e1c8ff55cf1a9dcc2e6 P afe7ce56660540979118d08772657700 [term 0 FOLLOWER]: Becoming Follower/Learner. State: Replica: afe7ce56660540979118d08772657700, State: Initialized, Role: FOLLOWER
I20260710 13:17:03.803699  7073 consensus_queue.cc:260] T 832de4bf4dde4e1c8ff55cf1a9dcc2e6 P afe7ce56660540979118d08772657700 [NON_LEADER]: Queue going to NON_LEADER mode. State: All replicated index: 0, Majority replicated index: 0, Committed index: 0, Last appended: 0.0, Last appended by leader: 0, Current term: 0, Majority size: -1, State: 0, Mode: NON_LEADER, active raft config: opid_index: -1 OBSOLETE_local: false peers { permanent_uuid: "afe7ce56660540979118d08772657700" member_type: VOTER last_known_addr { host: "127.5.161.65" port: 36763 } } peers { permanent_uuid: "bcba71c12d044583acf04678fde267cc" member_type: VOTER last_known_addr { host: "127.5.161.66" port: 42833 } } peers { permanent_uuid: "6d253a7348704c918f4252d1280859b6" member_type: VOTER last_known_addr { host: "127.5.161.67" port: 33841 } }
I20260710 13:17:03.804639  7072 tablet_bootstrap.cc:492] T 10e9735e177749c7941f289b588552d5 P 6d253a7348704c918f4252d1280859b6: No bootstrap required, opened a new log
I20260710 13:17:03.805142  7072 ts_tablet_manager.cc:1403] T 10e9735e177749c7941f289b588552d5 P 6d253a7348704c918f4252d1280859b6: Time spent bootstrapping tablet: real 0.021s	user 0.013s	sys 0.000s
I20260710 13:17:03.806468  7073 ts_tablet_manager.cc:1434] T 832de4bf4dde4e1c8ff55cf1a9dcc2e6 P afe7ce56660540979118d08772657700: Time spent starting tablet: real 0.009s	user 0.003s	sys 0.005s
I20260710 13:17:03.807546  7073 tablet_bootstrap.cc:492] T 4e1bb9a67ed543a88565f8476261493b P afe7ce56660540979118d08772657700: Bootstrap starting.
I20260710 13:17:03.808346  7072 raft_consensus.cc:359] T 10e9735e177749c7941f289b588552d5 P 6d253a7348704c918f4252d1280859b6 [term 0 FOLLOWER]: Replica starting. Triggering 0 pending ops. Active config: opid_index: -1 OBSOLETE_local: false peers { permanent_uuid: "afe7ce56660540979118d08772657700" member_type: VOTER last_known_addr { host: "127.5.161.65" port: 36763 } } peers { permanent_uuid: "bcba71c12d044583acf04678fde267cc" member_type: VOTER last_known_addr { host: "127.5.161.66" port: 42833 } } peers { permanent_uuid: "6d253a7348704c918f4252d1280859b6" member_type: VOTER last_known_addr { host: "127.5.161.67" port: 33841 } }
I20260710 13:17:03.809084  7072 raft_consensus.cc:385] T 10e9735e177749c7941f289b588552d5 P 6d253a7348704c918f4252d1280859b6 [term 0 FOLLOWER]: Consensus starting up: Expiring failure detector timer to make a prompt election more likely
I20260710 13:17:03.809396  7072 raft_consensus.cc:740] T 10e9735e177749c7941f289b588552d5 P 6d253a7348704c918f4252d1280859b6 [term 0 FOLLOWER]: Becoming Follower/Learner. State: Replica: 6d253a7348704c918f4252d1280859b6, State: Initialized, Role: FOLLOWER
I20260710 13:17:03.812645  7071 tablet_bootstrap.cc:492] T cff1d97516b94c2b90374aaeca5ae9f7 P bcba71c12d044583acf04678fde267cc: No bootstrap required, opened a new log
I20260710 13:17:03.813143  7071 ts_tablet_manager.cc:1403] T cff1d97516b94c2b90374aaeca5ae9f7 P bcba71c12d044583acf04678fde267cc: Time spent bootstrapping tablet: real 0.025s	user 0.013s	sys 0.005s
I20260710 13:17:03.816383  7071 raft_consensus.cc:359] T cff1d97516b94c2b90374aaeca5ae9f7 P bcba71c12d044583acf04678fde267cc [term 0 FOLLOWER]: Replica starting. Triggering 0 pending ops. Active config: opid_index: -1 OBSOLETE_local: false peers { permanent_uuid: "afe7ce56660540979118d08772657700" member_type: VOTER last_known_addr { host: "127.5.161.65" port: 36763 } } peers { permanent_uuid: "bcba71c12d044583acf04678fde267cc" member_type: VOTER last_known_addr { host: "127.5.161.66" port: 42833 } } peers { permanent_uuid: "6d253a7348704c918f4252d1280859b6" member_type: VOTER last_known_addr { host: "127.5.161.67" port: 33841 } }
I20260710 13:17:03.817173  7071 raft_consensus.cc:385] T cff1d97516b94c2b90374aaeca5ae9f7 P bcba71c12d044583acf04678fde267cc [term 0 FOLLOWER]: Consensus starting up: Expiring failure detector timer to make a prompt election more likely
I20260710 13:17:03.817526  7073 tablet_bootstrap.cc:654] T 4e1bb9a67ed543a88565f8476261493b P afe7ce56660540979118d08772657700: Neither blocks nor log segments found. Creating new log.
I20260710 13:17:03.817494  7071 raft_consensus.cc:740] T cff1d97516b94c2b90374aaeca5ae9f7 P bcba71c12d044583acf04678fde267cc [term 0 FOLLOWER]: Becoming Follower/Learner. State: Replica: bcba71c12d044583acf04678fde267cc, State: Initialized, Role: FOLLOWER
I20260710 13:17:03.818686  7071 consensus_queue.cc:260] T cff1d97516b94c2b90374aaeca5ae9f7 P bcba71c12d044583acf04678fde267cc [NON_LEADER]: Queue going to NON_LEADER mode. State: All replicated index: 0, Majority replicated index: 0, Committed index: 0, Last appended: 0.0, Last appended by leader: 0, Current term: 0, Majority size: -1, State: 0, Mode: NON_LEADER, active raft config: opid_index: -1 OBSOLETE_local: false peers { permanent_uuid: "afe7ce56660540979118d08772657700" member_type: VOTER last_known_addr { host: "127.5.161.65" port: 36763 } } peers { permanent_uuid: "bcba71c12d044583acf04678fde267cc" member_type: VOTER last_known_addr { host: "127.5.161.66" port: 42833 } } peers { permanent_uuid: "6d253a7348704c918f4252d1280859b6" member_type: VOTER last_known_addr { host: "127.5.161.67" port: 33841 } }
I20260710 13:17:03.818857  7072 consensus_queue.cc:260] T 10e9735e177749c7941f289b588552d5 P 6d253a7348704c918f4252d1280859b6 [NON_LEADER]: Queue going to NON_LEADER mode. State: All replicated index: 0, Majority replicated index: 0, Committed index: 0, Last appended: 0.0, Last appended by leader: 0, Current term: 0, Majority size: -1, State: 0, Mode: NON_LEADER, active raft config: opid_index: -1 OBSOLETE_local: false peers { permanent_uuid: "afe7ce56660540979118d08772657700" member_type: VOTER last_known_addr { host: "127.5.161.65" port: 36763 } } peers { permanent_uuid: "bcba71c12d044583acf04678fde267cc" member_type: VOTER last_known_addr { host: "127.5.161.66" port: 42833 } } peers { permanent_uuid: "6d253a7348704c918f4252d1280859b6" member_type: VOTER last_known_addr { host: "127.5.161.67" port: 33841 } }
I20260710 13:17:03.821866  7072 ts_tablet_manager.cc:1434] T 10e9735e177749c7941f289b588552d5 P 6d253a7348704c918f4252d1280859b6: Time spent starting tablet: real 0.016s	user 0.003s	sys 0.005s
I20260710 13:17:03.823302  7072 tablet_bootstrap.cc:492] T fddb0c914be348f6a548417f896b4ccd P 6d253a7348704c918f4252d1280859b6: Bootstrap starting.
I20260710 13:17:03.824425  7071 ts_tablet_manager.cc:1434] T cff1d97516b94c2b90374aaeca5ae9f7 P bcba71c12d044583acf04678fde267cc: Time spent starting tablet: real 0.011s	user 0.009s	sys 0.000s
I20260710 13:17:03.825603  7071 tablet_bootstrap.cc:492] T f9e4094d934b4274b890010e03a1afa8 P bcba71c12d044583acf04678fde267cc: Bootstrap starting.
I20260710 13:17:03.832597  7071 tablet_bootstrap.cc:654] T f9e4094d934b4274b890010e03a1afa8 P bcba71c12d044583acf04678fde267cc: Neither blocks nor log segments found. Creating new log.
I20260710 13:17:03.832773  7072 tablet_bootstrap.cc:654] T fddb0c914be348f6a548417f896b4ccd P 6d253a7348704c918f4252d1280859b6: Neither blocks nor log segments found. Creating new log.
I20260710 13:17:03.825879  6777 catalog_manager.cc:5697] T f62f29c920754befa713d6f7ab352ee2 P 6d253a7348704c918f4252d1280859b6 reported cstate change: term changed from 0 to 1, leader changed from <none> to 6d253a7348704c918f4252d1280859b6 (127.5.161.67). New cstate: current_term: 1 leader_uuid: "6d253a7348704c918f4252d1280859b6" committed_config { opid_index: -1 OBSOLETE_local: false peers { permanent_uuid: "bcba71c12d044583acf04678fde267cc" member_type: VOTER last_known_addr { host: "127.5.161.66" port: 42833 } health_report { overall_health: UNKNOWN } } peers { permanent_uuid: "afe7ce56660540979118d08772657700" member_type: VOTER last_known_addr { host: "127.5.161.65" port: 36763 } health_report { overall_health: UNKNOWN } } peers { permanent_uuid: "6d253a7348704c918f4252d1280859b6" member_type: VOTER last_known_addr { host: "127.5.161.67" port: 33841 } health_report { overall_health: HEALTHY } } }
I20260710 13:17:03.849416  7073 tablet_bootstrap.cc:492] T 4e1bb9a67ed543a88565f8476261493b P afe7ce56660540979118d08772657700: No bootstrap required, opened a new log
I20260710 13:17:03.849921  7073 ts_tablet_manager.cc:1403] T 4e1bb9a67ed543a88565f8476261493b P afe7ce56660540979118d08772657700: Time spent bootstrapping tablet: real 0.043s	user 0.015s	sys 0.018s
I20260710 13:17:03.850207  7072 tablet_bootstrap.cc:492] T fddb0c914be348f6a548417f896b4ccd P 6d253a7348704c918f4252d1280859b6: No bootstrap required, opened a new log
I20260710 13:17:03.850680  7072 ts_tablet_manager.cc:1403] T fddb0c914be348f6a548417f896b4ccd P 6d253a7348704c918f4252d1280859b6: Time spent bootstrapping tablet: real 0.028s	user 0.009s	sys 0.008s
I20260710 13:17:03.852386  7073 raft_consensus.cc:359] T 4e1bb9a67ed543a88565f8476261493b P afe7ce56660540979118d08772657700 [term 0 FOLLOWER]: Replica starting. Triggering 0 pending ops. Active config: opid_index: -1 OBSOLETE_local: false peers { permanent_uuid: "afe7ce56660540979118d08772657700" member_type: VOTER last_known_addr { host: "127.5.161.65" port: 36763 } } peers { permanent_uuid: "bcba71c12d044583acf04678fde267cc" member_type: VOTER last_known_addr { host: "127.5.161.66" port: 42833 } } peers { permanent_uuid: "6d253a7348704c918f4252d1280859b6" member_type: VOTER last_known_addr { host: "127.5.161.67" port: 33841 } }
I20260710 13:17:03.853057  7073 raft_consensus.cc:385] T 4e1bb9a67ed543a88565f8476261493b P afe7ce56660540979118d08772657700 [term 0 FOLLOWER]: Consensus starting up: Expiring failure detector timer to make a prompt election more likely
I20260710 13:17:03.852967  7072 raft_consensus.cc:359] T fddb0c914be348f6a548417f896b4ccd P 6d253a7348704c918f4252d1280859b6 [term 0 FOLLOWER]: Replica starting. Triggering 0 pending ops. Active config: opid_index: -1 OBSOLETE_local: false peers { permanent_uuid: "afe7ce56660540979118d08772657700" member_type: VOTER last_known_addr { host: "127.5.161.65" port: 36763 } } peers { permanent_uuid: "bcba71c12d044583acf04678fde267cc" member_type: VOTER last_known_addr { host: "127.5.161.66" port: 42833 } } peers { permanent_uuid: "6d253a7348704c918f4252d1280859b6" member_type: VOTER last_known_addr { host: "127.5.161.67" port: 33841 } }
I20260710 13:17:03.853418  7073 raft_consensus.cc:740] T 4e1bb9a67ed543a88565f8476261493b P afe7ce56660540979118d08772657700 [term 0 FOLLOWER]: Becoming Follower/Learner. State: Replica: afe7ce56660540979118d08772657700, State: Initialized, Role: FOLLOWER
I20260710 13:17:03.853721  7072 raft_consensus.cc:385] T fddb0c914be348f6a548417f896b4ccd P 6d253a7348704c918f4252d1280859b6 [term 0 FOLLOWER]: Consensus starting up: Expiring failure detector timer to make a prompt election more likely
I20260710 13:17:03.854013  7072 raft_consensus.cc:740] T fddb0c914be348f6a548417f896b4ccd P 6d253a7348704c918f4252d1280859b6 [term 0 FOLLOWER]: Becoming Follower/Learner. State: Replica: 6d253a7348704c918f4252d1280859b6, State: Initialized, Role: FOLLOWER
I20260710 13:17:03.854202  7073 consensus_queue.cc:260] T 4e1bb9a67ed543a88565f8476261493b P afe7ce56660540979118d08772657700 [NON_LEADER]: Queue going to NON_LEADER mode. State: All replicated index: 0, Majority replicated index: 0, Committed index: 0, Last appended: 0.0, Last appended by leader: 0, Current term: 0, Majority size: -1, State: 0, Mode: NON_LEADER, active raft config: opid_index: -1 OBSOLETE_local: false peers { permanent_uuid: "afe7ce56660540979118d08772657700" member_type: VOTER last_known_addr { host: "127.5.161.65" port: 36763 } } peers { permanent_uuid: "bcba71c12d044583acf04678fde267cc" member_type: VOTER last_known_addr { host: "127.5.161.66" port: 42833 } } peers { permanent_uuid: "6d253a7348704c918f4252d1280859b6" member_type: VOTER last_known_addr { host: "127.5.161.67" port: 33841 } }
I20260710 13:17:03.854759  7072 consensus_queue.cc:260] T fddb0c914be348f6a548417f896b4ccd P 6d253a7348704c918f4252d1280859b6 [NON_LEADER]: Queue going to NON_LEADER mode. State: All replicated index: 0, Majority replicated index: 0, Committed index: 0, Last appended: 0.0, Last appended by leader: 0, Current term: 0, Majority size: -1, State: 0, Mode: NON_LEADER, active raft config: opid_index: -1 OBSOLETE_local: false peers { permanent_uuid: "afe7ce56660540979118d08772657700" member_type: VOTER last_known_addr { host: "127.5.161.65" port: 36763 } } peers { permanent_uuid: "bcba71c12d044583acf04678fde267cc" member_type: VOTER last_known_addr { host: "127.5.161.66" port: 42833 } } peers { permanent_uuid: "6d253a7348704c918f4252d1280859b6" member_type: VOTER last_known_addr { host: "127.5.161.67" port: 33841 } }
I20260710 13:17:03.856745  7073 ts_tablet_manager.cc:1434] T 4e1bb9a67ed543a88565f8476261493b P afe7ce56660540979118d08772657700: Time spent starting tablet: real 0.006s	user 0.004s	sys 0.000s
I20260710 13:17:03.856938  7072 ts_tablet_manager.cc:1434] T fddb0c914be348f6a548417f896b4ccd P 6d253a7348704c918f4252d1280859b6: Time spent starting tablet: real 0.006s	user 0.000s	sys 0.004s
I20260710 13:17:03.857841  7073 tablet_bootstrap.cc:492] T 10e9735e177749c7941f289b588552d5 P afe7ce56660540979118d08772657700: Bootstrap starting.
I20260710 13:17:03.857913  7072 tablet_bootstrap.cc:492] T 04451a3ffd5c49fc83599161516eba3e P 6d253a7348704c918f4252d1280859b6: Bootstrap starting.
I20260710 13:17:03.862524  7071 tablet_bootstrap.cc:492] T f9e4094d934b4274b890010e03a1afa8 P bcba71c12d044583acf04678fde267cc: No bootstrap required, opened a new log
I20260710 13:17:03.863147  7071 ts_tablet_manager.cc:1403] T f9e4094d934b4274b890010e03a1afa8 P bcba71c12d044583acf04678fde267cc: Time spent bootstrapping tablet: real 0.038s	user 0.017s	sys 0.007s
I20260710 13:17:03.864636  7072 tablet_bootstrap.cc:654] T 04451a3ffd5c49fc83599161516eba3e P 6d253a7348704c918f4252d1280859b6: Neither blocks nor log segments found. Creating new log.
I20260710 13:17:03.865630  7073 tablet_bootstrap.cc:654] T 10e9735e177749c7941f289b588552d5 P afe7ce56660540979118d08772657700: Neither blocks nor log segments found. Creating new log.
I20260710 13:17:03.866677  7071 raft_consensus.cc:359] T f9e4094d934b4274b890010e03a1afa8 P bcba71c12d044583acf04678fde267cc [term 0 FOLLOWER]: Replica starting. Triggering 0 pending ops. Active config: opid_index: -1 OBSOLETE_local: false peers { permanent_uuid: "afe7ce56660540979118d08772657700" member_type: VOTER last_known_addr { host: "127.5.161.65" port: 36763 } } peers { permanent_uuid: "bcba71c12d044583acf04678fde267cc" member_type: VOTER last_known_addr { host: "127.5.161.66" port: 42833 } } peers { permanent_uuid: "6d253a7348704c918f4252d1280859b6" member_type: VOTER last_known_addr { host: "127.5.161.67" port: 33841 } }
I20260710 13:17:03.867558  7071 raft_consensus.cc:385] T f9e4094d934b4274b890010e03a1afa8 P bcba71c12d044583acf04678fde267cc [term 0 FOLLOWER]: Consensus starting up: Expiring failure detector timer to make a prompt election more likely
I20260710 13:17:03.867901  7071 raft_consensus.cc:740] T f9e4094d934b4274b890010e03a1afa8 P bcba71c12d044583acf04678fde267cc [term 0 FOLLOWER]: Becoming Follower/Learner. State: Replica: bcba71c12d044583acf04678fde267cc, State: Initialized, Role: FOLLOWER
I20260710 13:17:03.868991  7071 consensus_queue.cc:260] T f9e4094d934b4274b890010e03a1afa8 P bcba71c12d044583acf04678fde267cc [NON_LEADER]: Queue going to NON_LEADER mode. State: All replicated index: 0, Majority replicated index: 0, Committed index: 0, Last appended: 0.0, Last appended by leader: 0, Current term: 0, Majority size: -1, State: 0, Mode: NON_LEADER, active raft config: opid_index: -1 OBSOLETE_local: false peers { permanent_uuid: "afe7ce56660540979118d08772657700" member_type: VOTER last_known_addr { host: "127.5.161.65" port: 36763 } } peers { permanent_uuid: "bcba71c12d044583acf04678fde267cc" member_type: VOTER last_known_addr { host: "127.5.161.66" port: 42833 } } peers { permanent_uuid: "6d253a7348704c918f4252d1280859b6" member_type: VOTER last_known_addr { host: "127.5.161.67" port: 33841 } }
I20260710 13:17:03.876753  7071 ts_tablet_manager.cc:1434] T f9e4094d934b4274b890010e03a1afa8 P bcba71c12d044583acf04678fde267cc: Time spent starting tablet: real 0.013s	user 0.005s	sys 0.003s
I20260710 13:17:03.877946  7071 tablet_bootstrap.cc:492] T 4e1bb9a67ed543a88565f8476261493b P bcba71c12d044583acf04678fde267cc: Bootstrap starting.
I20260710 13:17:03.879642  7073 tablet_bootstrap.cc:492] T 10e9735e177749c7941f289b588552d5 P afe7ce56660540979118d08772657700: No bootstrap required, opened a new log
I20260710 13:17:03.879635  7072 tablet_bootstrap.cc:492] T 04451a3ffd5c49fc83599161516eba3e P 6d253a7348704c918f4252d1280859b6: No bootstrap required, opened a new log
I20260710 13:17:03.880438  7073 ts_tablet_manager.cc:1403] T 10e9735e177749c7941f289b588552d5 P afe7ce56660540979118d08772657700: Time spent bootstrapping tablet: real 0.023s	user 0.022s	sys 0.000s
I20260710 13:17:03.880851  7072 ts_tablet_manager.cc:1403] T 04451a3ffd5c49fc83599161516eba3e P 6d253a7348704c918f4252d1280859b6: Time spent bootstrapping tablet: real 0.023s	user 0.010s	sys 0.009s
I20260710 13:17:03.884030  7072 raft_consensus.cc:359] T 04451a3ffd5c49fc83599161516eba3e P 6d253a7348704c918f4252d1280859b6 [term 0 FOLLOWER]: Replica starting. Triggering 0 pending ops. Active config: opid_index: -1 OBSOLETE_local: false peers { permanent_uuid: "afe7ce56660540979118d08772657700" member_type: VOTER last_known_addr { host: "127.5.161.65" port: 36763 } } peers { permanent_uuid: "bcba71c12d044583acf04678fde267cc" member_type: VOTER last_known_addr { host: "127.5.161.66" port: 42833 } } peers { permanent_uuid: "6d253a7348704c918f4252d1280859b6" member_type: VOTER last_known_addr { host: "127.5.161.67" port: 33841 } }
I20260710 13:17:03.884268  7073 raft_consensus.cc:359] T 10e9735e177749c7941f289b588552d5 P afe7ce56660540979118d08772657700 [term 0 FOLLOWER]: Replica starting. Triggering 0 pending ops. Active config: opid_index: -1 OBSOLETE_local: false peers { permanent_uuid: "afe7ce56660540979118d08772657700" member_type: VOTER last_known_addr { host: "127.5.161.65" port: 36763 } } peers { permanent_uuid: "bcba71c12d044583acf04678fde267cc" member_type: VOTER last_known_addr { host: "127.5.161.66" port: 42833 } } peers { permanent_uuid: "6d253a7348704c918f4252d1280859b6" member_type: VOTER last_known_addr { host: "127.5.161.67" port: 33841 } }
I20260710 13:17:03.885106  7071 tablet_bootstrap.cc:654] T 4e1bb9a67ed543a88565f8476261493b P bcba71c12d044583acf04678fde267cc: Neither blocks nor log segments found. Creating new log.
I20260710 13:17:03.885252  7073 raft_consensus.cc:385] T 10e9735e177749c7941f289b588552d5 P afe7ce56660540979118d08772657700 [term 0 FOLLOWER]: Consensus starting up: Expiring failure detector timer to make a prompt election more likely
I20260710 13:17:03.885753  7073 raft_consensus.cc:740] T 10e9735e177749c7941f289b588552d5 P afe7ce56660540979118d08772657700 [term 0 FOLLOWER]: Becoming Follower/Learner. State: Replica: afe7ce56660540979118d08772657700, State: Initialized, Role: FOLLOWER
I20260710 13:17:03.884838  7072 raft_consensus.cc:385] T 04451a3ffd5c49fc83599161516eba3e P 6d253a7348704c918f4252d1280859b6 [term 0 FOLLOWER]: Consensus starting up: Expiring failure detector timer to make a prompt election more likely
I20260710 13:17:03.886349  7072 raft_consensus.cc:740] T 04451a3ffd5c49fc83599161516eba3e P 6d253a7348704c918f4252d1280859b6 [term 0 FOLLOWER]: Becoming Follower/Learner. State: Replica: 6d253a7348704c918f4252d1280859b6, State: Initialized, Role: FOLLOWER
I20260710 13:17:03.887279  7072 consensus_queue.cc:260] T 04451a3ffd5c49fc83599161516eba3e P 6d253a7348704c918f4252d1280859b6 [NON_LEADER]: Queue going to NON_LEADER mode. State: All replicated index: 0, Majority replicated index: 0, Committed index: 0, Last appended: 0.0, Last appended by leader: 0, Current term: 0, Majority size: -1, State: 0, Mode: NON_LEADER, active raft config: opid_index: -1 OBSOLETE_local: false peers { permanent_uuid: "afe7ce56660540979118d08772657700" member_type: VOTER last_known_addr { host: "127.5.161.65" port: 36763 } } peers { permanent_uuid: "bcba71c12d044583acf04678fde267cc" member_type: VOTER last_known_addr { host: "127.5.161.66" port: 42833 } } peers { permanent_uuid: "6d253a7348704c918f4252d1280859b6" member_type: VOTER last_known_addr { host: "127.5.161.67" port: 33841 } }
I20260710 13:17:03.891793  7072 ts_tablet_manager.cc:1434] T 04451a3ffd5c49fc83599161516eba3e P 6d253a7348704c918f4252d1280859b6: Time spent starting tablet: real 0.011s	user 0.002s	sys 0.005s
I20260710 13:17:03.892832  7072 tablet_bootstrap.cc:492] T f9e4094d934b4274b890010e03a1afa8 P 6d253a7348704c918f4252d1280859b6: Bootstrap starting.
I20260710 13:17:03.897745  7073 consensus_queue.cc:260] T 10e9735e177749c7941f289b588552d5 P afe7ce56660540979118d08772657700 [NON_LEADER]: Queue going to NON_LEADER mode. State: All replicated index: 0, Majority replicated index: 0, Committed index: 0, Last appended: 0.0, Last appended by leader: 0, Current term: 0, Majority size: -1, State: 0, Mode: NON_LEADER, active raft config: opid_index: -1 OBSOLETE_local: false peers { permanent_uuid: "afe7ce56660540979118d08772657700" member_type: VOTER last_known_addr { host: "127.5.161.65" port: 36763 } } peers { permanent_uuid: "bcba71c12d044583acf04678fde267cc" member_type: VOTER last_known_addr { host: "127.5.161.66" port: 42833 } } peers { permanent_uuid: "6d253a7348704c918f4252d1280859b6" member_type: VOTER last_known_addr { host: "127.5.161.67" port: 33841 } }
I20260710 13:17:03.900338  7071 tablet_bootstrap.cc:492] T 4e1bb9a67ed543a88565f8476261493b P bcba71c12d044583acf04678fde267cc: No bootstrap required, opened a new log
I20260710 13:17:03.900736  7073 ts_tablet_manager.cc:1434] T 10e9735e177749c7941f289b588552d5 P afe7ce56660540979118d08772657700: Time spent starting tablet: real 0.020s	user 0.006s	sys 0.001s
I20260710 13:17:03.900929  7071 ts_tablet_manager.cc:1403] T 4e1bb9a67ed543a88565f8476261493b P bcba71c12d044583acf04678fde267cc: Time spent bootstrapping tablet: real 0.023s	user 0.007s	sys 0.012s
I20260710 13:17:03.901105  7072 tablet_bootstrap.cc:654] T f9e4094d934b4274b890010e03a1afa8 P 6d253a7348704c918f4252d1280859b6: Neither blocks nor log segments found. Creating new log.
I20260710 13:17:03.902006  7073 tablet_bootstrap.cc:492] T f9e4094d934b4274b890010e03a1afa8 P afe7ce56660540979118d08772657700: Bootstrap starting.
I20260710 13:17:03.902769  7095 raft_consensus.cc:493] T 832de4bf4dde4e1c8ff55cf1a9dcc2e6 P bcba71c12d044583acf04678fde267cc [term 0 FOLLOWER]: Starting pre-election (no leader contacted us within the election timeout)
I20260710 13:17:03.903318  7095 raft_consensus.cc:515] T 832de4bf4dde4e1c8ff55cf1a9dcc2e6 P bcba71c12d044583acf04678fde267cc [term 0 FOLLOWER]: Starting pre-election with config: opid_index: -1 OBSOLETE_local: false peers { permanent_uuid: "afe7ce56660540979118d08772657700" member_type: VOTER last_known_addr { host: "127.5.161.65" port: 36763 } } peers { permanent_uuid: "bcba71c12d044583acf04678fde267cc" member_type: VOTER last_known_addr { host: "127.5.161.66" port: 42833 } } peers { permanent_uuid: "6d253a7348704c918f4252d1280859b6" member_type: VOTER last_known_addr { host: "127.5.161.67" port: 33841 } }
I20260710 13:17:03.905030  7096 raft_consensus.cc:493] T fddb0c914be348f6a548417f896b4ccd P 6d253a7348704c918f4252d1280859b6 [term 0 FOLLOWER]: Starting pre-election (no leader contacted us within the election timeout)
I20260710 13:17:03.905546  7096 raft_consensus.cc:515] T fddb0c914be348f6a548417f896b4ccd P 6d253a7348704c918f4252d1280859b6 [term 0 FOLLOWER]: Starting pre-election with config: opid_index: -1 OBSOLETE_local: false peers { permanent_uuid: "afe7ce56660540979118d08772657700" member_type: VOTER last_known_addr { host: "127.5.161.65" port: 36763 } } peers { permanent_uuid: "bcba71c12d044583acf04678fde267cc" member_type: VOTER last_known_addr { host: "127.5.161.66" port: 42833 } } peers { permanent_uuid: "6d253a7348704c918f4252d1280859b6" member_type: VOTER last_known_addr { host: "127.5.161.67" port: 33841 } }
I20260710 13:17:03.907866  7096 leader_election.cc:290] T fddb0c914be348f6a548417f896b4ccd P 6d253a7348704c918f4252d1280859b6 [CANDIDATE]: Term 1 pre-election: Requested pre-vote from peers afe7ce56660540979118d08772657700 (127.5.161.65:36763), bcba71c12d044583acf04678fde267cc (127.5.161.66:42833)
I20260710 13:17:03.904503  7071 raft_consensus.cc:359] T 4e1bb9a67ed543a88565f8476261493b P bcba71c12d044583acf04678fde267cc [term 0 FOLLOWER]: Replica starting. Triggering 0 pending ops. Active config: opid_index: -1 OBSOLETE_local: false peers { permanent_uuid: "afe7ce56660540979118d08772657700" member_type: VOTER last_known_addr { host: "127.5.161.65" port: 36763 } } peers { permanent_uuid: "bcba71c12d044583acf04678fde267cc" member_type: VOTER last_known_addr { host: "127.5.161.66" port: 42833 } } peers { permanent_uuid: "6d253a7348704c918f4252d1280859b6" member_type: VOTER last_known_addr { host: "127.5.161.67" port: 33841 } }
I20260710 13:17:03.909907  7071 raft_consensus.cc:385] T 4e1bb9a67ed543a88565f8476261493b P bcba71c12d044583acf04678fde267cc [term 0 FOLLOWER]: Consensus starting up: Expiring failure detector timer to make a prompt election more likely
I20260710 13:17:03.910234  7071 raft_consensus.cc:740] T 4e1bb9a67ed543a88565f8476261493b P bcba71c12d044583acf04678fde267cc [term 0 FOLLOWER]: Becoming Follower/Learner. State: Replica: bcba71c12d044583acf04678fde267cc, State: Initialized, Role: FOLLOWER
I20260710 13:17:03.910480  6957 tablet_service.cc:1917] Received RequestConsensusVote() RPC: tablet_id: "fddb0c914be348f6a548417f896b4ccd" candidate_uuid: "6d253a7348704c918f4252d1280859b6" candidate_term: 1 candidate_status { last_received { term: 0 index: 0 } } ignore_live_leader: false dest_uuid: "bcba71c12d044583acf04678fde267cc" is_pre_election: true
I20260710 13:17:03.913482  7031 tablet_service.cc:1917] Received RequestConsensusVote() RPC: tablet_id: "832de4bf4dde4e1c8ff55cf1a9dcc2e6" candidate_uuid: "bcba71c12d044583acf04678fde267cc" candidate_term: 1 candidate_status { last_received { term: 0 index: 0 } } ignore_live_leader: false dest_uuid: "6d253a7348704c918f4252d1280859b6" is_pre_election: true
I20260710 13:17:03.911391  7073 tablet_bootstrap.cc:654] T f9e4094d934b4274b890010e03a1afa8 P afe7ce56660540979118d08772657700: Neither blocks nor log segments found. Creating new log.
I20260710 13:17:03.913857  6881 tablet_service.cc:1917] Received RequestConsensusVote() RPC: tablet_id: "fddb0c914be348f6a548417f896b4ccd" candidate_uuid: "6d253a7348704c918f4252d1280859b6" candidate_term: 1 candidate_status { last_received { term: 0 index: 0 } } ignore_live_leader: false dest_uuid: "afe7ce56660540979118d08772657700" is_pre_election: true
W20260710 13:17:03.915208  6995 leader_election.cc:343] T fddb0c914be348f6a548417f896b4ccd P 6d253a7348704c918f4252d1280859b6 [CANDIDATE]: Term 1 pre-election: Tablet error from VoteRequest() call to peer bcba71c12d044583acf04678fde267cc (127.5.161.66:42833): Illegal state: must be running to vote when last-logged opid is not known
I20260710 13:17:03.915431  6881 raft_consensus.cc:2468] T fddb0c914be348f6a548417f896b4ccd P afe7ce56660540979118d08772657700 [term 0 FOLLOWER]: Leader pre-election vote request: Granting yes vote for candidate 6d253a7348704c918f4252d1280859b6 in term 0.
I20260710 13:17:03.916194  6882 tablet_service.cc:1917] Received RequestConsensusVote() RPC: tablet_id: "832de4bf4dde4e1c8ff55cf1a9dcc2e6" candidate_uuid: "bcba71c12d044583acf04678fde267cc" candidate_term: 1 candidate_status { last_received { term: 0 index: 0 } } ignore_live_leader: false dest_uuid: "afe7ce56660540979118d08772657700" is_pre_election: true
I20260710 13:17:03.916678  6882 raft_consensus.cc:2468] T 832de4bf4dde4e1c8ff55cf1a9dcc2e6 P afe7ce56660540979118d08772657700 [term 0 FOLLOWER]: Leader pre-election vote request: Granting yes vote for candidate bcba71c12d044583acf04678fde267cc in term 0.
I20260710 13:17:03.914556  7095 leader_election.cc:290] T 832de4bf4dde4e1c8ff55cf1a9dcc2e6 P bcba71c12d044583acf04678fde267cc [CANDIDATE]: Term 1 pre-election: Requested pre-vote from peers afe7ce56660540979118d08772657700 (127.5.161.65:36763), 6d253a7348704c918f4252d1280859b6 (127.5.161.67:33841)
I20260710 13:17:03.911095  7071 consensus_queue.cc:260] T 4e1bb9a67ed543a88565f8476261493b P bcba71c12d044583acf04678fde267cc [NON_LEADER]: Queue going to NON_LEADER mode. State: All replicated index: 0, Majority replicated index: 0, Committed index: 0, Last appended: 0.0, Last appended by leader: 0, Current term: 0, Majority size: -1, State: 0, Mode: NON_LEADER, active raft config: opid_index: -1 OBSOLETE_local: false peers { permanent_uuid: "afe7ce56660540979118d08772657700" member_type: VOTER last_known_addr { host: "127.5.161.65" port: 36763 } } peers { permanent_uuid: "bcba71c12d044583acf04678fde267cc" member_type: VOTER last_known_addr { host: "127.5.161.66" port: 42833 } } peers { permanent_uuid: "6d253a7348704c918f4252d1280859b6" member_type: VOTER last_known_addr { host: "127.5.161.67" port: 33841 } }
I20260710 13:17:03.917907  6922 leader_election.cc:304] T 832de4bf4dde4e1c8ff55cf1a9dcc2e6 P bcba71c12d044583acf04678fde267cc [CANDIDATE]: Term 1 pre-election: Election decided. Result: candidate won. Election summary: received 2 responses out of 3 voters: 2 yes votes; 0 no votes. yes voters: afe7ce56660540979118d08772657700, bcba71c12d044583acf04678fde267cc; no voters: 
W20260710 13:17:03.919054  6921 leader_election.cc:343] T 832de4bf4dde4e1c8ff55cf1a9dcc2e6 P bcba71c12d044583acf04678fde267cc [CANDIDATE]: Term 1 pre-election: Tablet error from VoteRequest() call to peer 6d253a7348704c918f4252d1280859b6 (127.5.161.67:33841): Illegal state: must be running to vote when last-logged opid is not known
I20260710 13:17:03.920035  6996 leader_election.cc:304] T fddb0c914be348f6a548417f896b4ccd P 6d253a7348704c918f4252d1280859b6 [CANDIDATE]: Term 1 pre-election: Election decided. Result: candidate won. Election summary: received 3 responses out of 3 voters: 2 yes votes; 1 no votes. yes voters: 6d253a7348704c918f4252d1280859b6, afe7ce56660540979118d08772657700; no voters: bcba71c12d044583acf04678fde267cc
I20260710 13:17:03.921034  7079 raft_consensus.cc:493] T f9e4094d934b4274b890010e03a1afa8 P bcba71c12d044583acf04678fde267cc [term 0 FOLLOWER]: Starting pre-election (no leader contacted us within the election timeout)
I20260710 13:17:03.921429  7071 ts_tablet_manager.cc:1434] T 4e1bb9a67ed543a88565f8476261493b P bcba71c12d044583acf04678fde267cc: Time spent starting tablet: real 0.020s	user 0.010s	sys 0.001s
I20260710 13:17:03.922019  7096 raft_consensus.cc:2804] T fddb0c914be348f6a548417f896b4ccd P 6d253a7348704c918f4252d1280859b6 [term 0 FOLLOWER]: Leader pre-election won for term 1
I20260710 13:17:03.921718  7079 raft_consensus.cc:515] T f9e4094d934b4274b890010e03a1afa8 P bcba71c12d044583acf04678fde267cc [term 0 FOLLOWER]: Starting pre-election with config: opid_index: -1 OBSOLETE_local: false peers { permanent_uuid: "afe7ce56660540979118d08772657700" member_type: VOTER last_known_addr { host: "127.5.161.65" port: 36763 } } peers { permanent_uuid: "bcba71c12d044583acf04678fde267cc" member_type: VOTER last_known_addr { host: "127.5.161.66" port: 42833 } } peers { permanent_uuid: "6d253a7348704c918f4252d1280859b6" member_type: VOTER last_known_addr { host: "127.5.161.67" port: 33841 } }
I20260710 13:17:03.922474  7096 raft_consensus.cc:493] T fddb0c914be348f6a548417f896b4ccd P 6d253a7348704c918f4252d1280859b6 [term 0 FOLLOWER]: Starting leader election (no leader contacted us within the election timeout)
I20260710 13:17:03.922875  7096 raft_consensus.cc:3060] T fddb0c914be348f6a548417f896b4ccd P 6d253a7348704c918f4252d1280859b6 [term 0 FOLLOWER]: Advancing to term 1
I20260710 13:17:03.924286  7079 leader_election.cc:290] T f9e4094d934b4274b890010e03a1afa8 P bcba71c12d044583acf04678fde267cc [CANDIDATE]: Term 1 pre-election: Requested pre-vote from peers afe7ce56660540979118d08772657700 (127.5.161.65:36763), 6d253a7348704c918f4252d1280859b6 (127.5.161.67:33841)
I20260710 13:17:03.924860  7079 raft_consensus.cc:2804] T 832de4bf4dde4e1c8ff55cf1a9dcc2e6 P bcba71c12d044583acf04678fde267cc [term 0 FOLLOWER]: Leader pre-election won for term 1
I20260710 13:17:03.925261  7079 raft_consensus.cc:493] T 832de4bf4dde4e1c8ff55cf1a9dcc2e6 P bcba71c12d044583acf04678fde267cc [term 0 FOLLOWER]: Starting leader election (no leader contacted us within the election timeout)
I20260710 13:17:03.930465  7031 tablet_service.cc:1917] Received RequestConsensusVote() RPC: tablet_id: "f9e4094d934b4274b890010e03a1afa8" candidate_uuid: "bcba71c12d044583acf04678fde267cc" candidate_term: 1 candidate_status { last_received { term: 0 index: 0 } } ignore_live_leader: false dest_uuid: "6d253a7348704c918f4252d1280859b6" is_pre_election: true
W20260710 13:17:03.932309  6921 leader_election.cc:343] T f9e4094d934b4274b890010e03a1afa8 P bcba71c12d044583acf04678fde267cc [CANDIDATE]: Term 1 pre-election: Tablet error from VoteRequest() call to peer 6d253a7348704c918f4252d1280859b6 (127.5.161.67:33841): Illegal state: must be running to vote when last-logged opid is not known
I20260710 13:17:03.925622  7079 raft_consensus.cc:3060] T 832de4bf4dde4e1c8ff55cf1a9dcc2e6 P bcba71c12d044583acf04678fde267cc [term 0 FOLLOWER]: Advancing to term 1
I20260710 13:17:03.944380  7079 raft_consensus.cc:515] T 832de4bf4dde4e1c8ff55cf1a9dcc2e6 P bcba71c12d044583acf04678fde267cc [term 1 FOLLOWER]: Starting leader election with config: opid_index: -1 OBSOLETE_local: false peers { permanent_uuid: "afe7ce56660540979118d08772657700" member_type: VOTER last_known_addr { host: "127.5.161.65" port: 36763 } } peers { permanent_uuid: "bcba71c12d044583acf04678fde267cc" member_type: VOTER last_known_addr { host: "127.5.161.66" port: 42833 } } peers { permanent_uuid: "6d253a7348704c918f4252d1280859b6" member_type: VOTER last_known_addr { host: "127.5.161.67" port: 33841 } }
I20260710 13:17:03.948745  7071 tablet_bootstrap.cc:492] T 8630526d97f644c389bb9872c3dfb314 P bcba71c12d044583acf04678fde267cc: Bootstrap starting.
I20260710 13:17:03.949189  7079 leader_election.cc:290] T 832de4bf4dde4e1c8ff55cf1a9dcc2e6 P bcba71c12d044583acf04678fde267cc [CANDIDATE]: Term 1 election: Requested vote from peers afe7ce56660540979118d08772657700 (127.5.161.65:36763), 6d253a7348704c918f4252d1280859b6 (127.5.161.67:33841)
