W20260710 13:18:05.765949  1656 consensus_peers.cc:597] T d6ab415e42f84bf6b06abb1d881f9453 P 779b7ba9e9964412aac104bbd49c86e2 -> Peer 20d94f2b7479454b96fd0117d7e9ee34 (127.0.107.196:44871): Couldn't send request to peer 20d94f2b7479454b96fd0117d7e9ee34. Error code: TABLET_NOT_FOUND (6). Status: Not found: Tablet not found: d6ab415e42f84bf6b06abb1d881f9453. This is attempt 1: this message will repeat every 5th retry.
I20260710 13:18:05.767511  1611 raft_consensus.cc:1275] T d6ab415e42f84bf6b06abb1d881f9453 P e0aad4bbe6b0437abd3f6a137cb1dc49 [term 1 FOLLOWER]: Refusing update from remote peer 779b7ba9e9964412aac104bbd49c86e2: Log matching property violated. Preceding OpId in replica: term: 1 index: 1. Preceding OpId from leader: term: 1 index: 2. (index mismatch)
I20260710 13:18:05.769304  2255 consensus_queue.cc:1048] T d6ab415e42f84bf6b06abb1d881f9453 P 779b7ba9e9964412aac104bbd49c86e2 [LEADER]: Connected to new peer: Peer: permanent_uuid: "e0aad4bbe6b0437abd3f6a137cb1dc49" member_type: VOTER last_known_addr { host: "127.0.107.194" port: 46759 }, Status: LMP_MISMATCH, Last received: 0.0, Next index: 2, Last known committed idx: 1, Time since last communication: 0.000s
I20260710 13:18:05.770478  1540 raft_consensus.cc:1275] T d6ab415e42f84bf6b06abb1d881f9453 P 61cc06e2b4184fd68ada03fb53ae83e3 [term 1 FOLLOWER]: Refusing update from remote peer 779b7ba9e9964412aac104bbd49c86e2: Log matching property violated. Preceding OpId in replica: term: 1 index: 1. Preceding OpId from leader: term: 1 index: 2. (index mismatch)
I20260710 13:18:05.772337  2255 consensus_queue.cc:1048] T d6ab415e42f84bf6b06abb1d881f9453 P 779b7ba9e9964412aac104bbd49c86e2 [LEADER]: Connected to new peer: Peer: permanent_uuid: "61cc06e2b4184fd68ada03fb53ae83e3" member_type: VOTER last_known_addr { host: "127.0.107.193" port: 36415 } attrs { replace: true }, Status: LMP_MISMATCH, Last received: 0.0, Next index: 2, Last known committed idx: 1, Time since last communication: 0.000s
I20260710 13:18:05.798218  2244 raft_consensus.cc:2955] T d6ab415e42f84bf6b06abb1d881f9453 P 779b7ba9e9964412aac104bbd49c86e2 [term 1 LEADER]: Committing config change with OpId 1.2: config changed from index -1 to 2, NON_VOTER 20d94f2b7479454b96fd0117d7e9ee34 (127.0.107.196) added. New config: { opid_index: 2 OBSOLETE_local: false peers { permanent_uuid: "61cc06e2b4184fd68ada03fb53ae83e3" member_type: VOTER last_known_addr { host: "127.0.107.193" port: 36415 } attrs { replace: true } } peers { permanent_uuid: "e0aad4bbe6b0437abd3f6a137cb1dc49" member_type: VOTER last_known_addr { host: "127.0.107.194" port: 46759 } } peers { permanent_uuid: "779b7ba9e9964412aac104bbd49c86e2" member_type: VOTER last_known_addr { host: "127.0.107.195" port: 46243 } } peers { permanent_uuid: "20d94f2b7479454b96fd0117d7e9ee34" member_type: NON_VOTER last_known_addr { host: "127.0.107.196" port: 44871 } attrs { promote: true } } }
I20260710 13:18:05.801043  1611 raft_consensus.cc:2955] T d6ab415e42f84bf6b06abb1d881f9453 P e0aad4bbe6b0437abd3f6a137cb1dc49 [term 1 FOLLOWER]: Committing config change with OpId 1.2: config changed from index -1 to 2, NON_VOTER 20d94f2b7479454b96fd0117d7e9ee34 (127.0.107.196) added. New config: { opid_index: 2 OBSOLETE_local: false peers { permanent_uuid: "61cc06e2b4184fd68ada03fb53ae83e3" member_type: VOTER last_known_addr { host: "127.0.107.193" port: 36415 } attrs { replace: true } } peers { permanent_uuid: "e0aad4bbe6b0437abd3f6a137cb1dc49" member_type: VOTER last_known_addr { host: "127.0.107.194" port: 46759 } } peers { permanent_uuid: "779b7ba9e9964412aac104bbd49c86e2" member_type: VOTER last_known_addr { host: "127.0.107.195" port: 46243 } } peers { permanent_uuid: "20d94f2b7479454b96fd0117d7e9ee34" member_type: NON_VOTER last_known_addr { host: "127.0.107.196" port: 44871 } attrs { promote: true } } }
I20260710 13:18:05.802876  1540 raft_consensus.cc:2955] T d6ab415e42f84bf6b06abb1d881f9453 P 61cc06e2b4184fd68ada03fb53ae83e3 [term 1 FOLLOWER]: Committing config change with OpId 1.2: config changed from index -1 to 2, NON_VOTER 20d94f2b7479454b96fd0117d7e9ee34 (127.0.107.196) added. New config: { opid_index: 2 OBSOLETE_local: false peers { permanent_uuid: "61cc06e2b4184fd68ada03fb53ae83e3" member_type: VOTER last_known_addr { host: "127.0.107.193" port: 36415 } attrs { replace: true } } peers { permanent_uuid: "e0aad4bbe6b0437abd3f6a137cb1dc49" member_type: VOTER last_known_addr { host: "127.0.107.194" port: 46759 } } peers { permanent_uuid: "779b7ba9e9964412aac104bbd49c86e2" member_type: VOTER last_known_addr { host: "127.0.107.195" port: 46243 } } peers { permanent_uuid: "20d94f2b7479454b96fd0117d7e9ee34" member_type: NON_VOTER last_known_addr { host: "127.0.107.196" port: 44871 } attrs { promote: true } } }
I20260710 13:18:05.817119  1438 catalog_manager.cc:5697] T d6ab415e42f84bf6b06abb1d881f9453 P e0aad4bbe6b0437abd3f6a137cb1dc49 reported cstate change: config changed from index -1 to 2, NON_VOTER 20d94f2b7479454b96fd0117d7e9ee34 (127.0.107.196) added. New cstate: current_term: 1 leader_uuid: "779b7ba9e9964412aac104bbd49c86e2" committed_config { opid_index: 2 OBSOLETE_local: false peers { permanent_uuid: "61cc06e2b4184fd68ada03fb53ae83e3" member_type: VOTER last_known_addr { host: "127.0.107.193" port: 36415 } attrs { replace: true } } peers { permanent_uuid: "e0aad4bbe6b0437abd3f6a137cb1dc49" member_type: VOTER last_known_addr { host: "127.0.107.194" port: 46759 } } peers { permanent_uuid: "779b7ba9e9964412aac104bbd49c86e2" member_type: VOTER last_known_addr { host: "127.0.107.195" port: 46243 } } peers { permanent_uuid: "20d94f2b7479454b96fd0117d7e9ee34" member_type: NON_VOTER last_known_addr { host: "127.0.107.196" port: 44871 } attrs { promote: true } } }
I20260710 13:18:06.131603  2302 ts_tablet_manager.cc:933] T 445e3ba9a95f46ef864f55606bdce419 P 20d94f2b7479454b96fd0117d7e9ee34: Initiating tablet copy from peer 61cc06e2b4184fd68ada03fb53ae83e3 (127.0.107.193:36415)
I20260710 13:18:06.137732  2302 tablet_copy_client.cc:323] T 445e3ba9a95f46ef864f55606bdce419 P 20d94f2b7479454b96fd0117d7e9ee34: tablet copy: Beginning tablet copy session from remote peer at address 127.0.107.193:36415
I20260710 13:18:06.139866  1551 tablet_copy_service.cc:140] P 61cc06e2b4184fd68ada03fb53ae83e3: Received BeginTabletCopySession request for tablet 445e3ba9a95f46ef864f55606bdce419 from peer 20d94f2b7479454b96fd0117d7e9ee34 ({username='slave'} at 127.0.0.1:57514)
I20260710 13:18:06.140467  1551 tablet_copy_service.cc:161] P 61cc06e2b4184fd68ada03fb53ae83e3: Beginning new tablet copy session on tablet 445e3ba9a95f46ef864f55606bdce419 from peer 20d94f2b7479454b96fd0117d7e9ee34 at {username='slave'} at 127.0.0.1:57514: session id = 20d94f2b7479454b96fd0117d7e9ee34-445e3ba9a95f46ef864f55606bdce419
I20260710 13:18:06.148522  1551 tablet_copy_source_session.cc:215] T 445e3ba9a95f46ef864f55606bdce419 P 61cc06e2b4184fd68ada03fb53ae83e3: Tablet Copy: opened 0 blocks and 1 log segments
I20260710 13:18:06.152294  2302 data_dirs.cc:400] Could only allocate 1 dirs of requested 3 for tablet 445e3ba9a95f46ef864f55606bdce419. 1 dirs total, 0 dirs full, 0 dirs failed
I20260710 13:18:06.171011  2302 tablet_copy_client.cc:806] T 445e3ba9a95f46ef864f55606bdce419 P 20d94f2b7479454b96fd0117d7e9ee34: tablet copy: Starting download of 0 data blocks...
I20260710 13:18:06.171685  2302 tablet_copy_client.cc:670] T 445e3ba9a95f46ef864f55606bdce419 P 20d94f2b7479454b96fd0117d7e9ee34: tablet copy: Starting download of 1 WAL segments...
I20260710 13:18:06.175843  2302 tablet_copy_client.cc:538] T 445e3ba9a95f46ef864f55606bdce419 P 20d94f2b7479454b96fd0117d7e9ee34: tablet copy: Tablet Copy complete. Replacing tablet superblock.
I20260710 13:18:06.186259  2302 tablet_bootstrap.cc:492] T 445e3ba9a95f46ef864f55606bdce419 P 20d94f2b7479454b96fd0117d7e9ee34: Bootstrap starting.
I20260710 13:18:06.211275  2302 tablet_bootstrap.cc:492] T 445e3ba9a95f46ef864f55606bdce419 P 20d94f2b7479454b96fd0117d7e9ee34: Bootstrap replayed 1/1 log segments. Stats: ops{read=2 overwritten=0 applied=2 ignored=0} inserts{seen=0 ignored=0} mutations{seen=0 ignored=0} orphaned_commits=0. Pending: 0 replicates
I20260710 13:18:06.212356  2302 tablet_bootstrap.cc:492] T 445e3ba9a95f46ef864f55606bdce419 P 20d94f2b7479454b96fd0117d7e9ee34: Bootstrap complete.
I20260710 13:18:06.213178  2302 ts_tablet_manager.cc:1403] T 445e3ba9a95f46ef864f55606bdce419 P 20d94f2b7479454b96fd0117d7e9ee34: Time spent bootstrapping tablet: real 0.027s	user 0.020s	sys 0.007s
I20260710 13:18:06.216737  2302 raft_consensus.cc:359] T 445e3ba9a95f46ef864f55606bdce419 P 20d94f2b7479454b96fd0117d7e9ee34 [term 1 LEARNER]: Replica starting. Triggering 0 pending ops. Active config: opid_index: 2 OBSOLETE_local: false peers { permanent_uuid: "61cc06e2b4184fd68ada03fb53ae83e3" member_type: VOTER last_known_addr { host: "127.0.107.193" port: 36415 } } peers { permanent_uuid: "e0aad4bbe6b0437abd3f6a137cb1dc49" member_type: VOTER last_known_addr { host: "127.0.107.194" port: 46759 } attrs { replace: true } } peers { permanent_uuid: "779b7ba9e9964412aac104bbd49c86e2" member_type: VOTER last_known_addr { host: "127.0.107.195" port: 46243 } } peers { permanent_uuid: "20d94f2b7479454b96fd0117d7e9ee34" member_type: NON_VOTER last_known_addr { host: "127.0.107.196" port: 44871 } attrs { promote: true } }
I20260710 13:18:06.217644  2302 raft_consensus.cc:740] T 445e3ba9a95f46ef864f55606bdce419 P 20d94f2b7479454b96fd0117d7e9ee34 [term 1 LEARNER]: Becoming Follower/Learner. State: Replica: 20d94f2b7479454b96fd0117d7e9ee34, State: Initialized, Role: LEARNER
I20260710 13:18:06.218362  2302 consensus_queue.cc:260] T 445e3ba9a95f46ef864f55606bdce419 P 20d94f2b7479454b96fd0117d7e9ee34 [NON_LEADER]: Queue going to NON_LEADER mode. State: All replicated index: 0, Majority replicated index: 0, Committed index: 2, Last appended: 1.2, Last appended by leader: 2, Current term: 0, Majority size: -1, State: 0, Mode: NON_LEADER, active raft config: opid_index: 2 OBSOLETE_local: false peers { permanent_uuid: "61cc06e2b4184fd68ada03fb53ae83e3" member_type: VOTER last_known_addr { host: "127.0.107.193" port: 36415 } } peers { permanent_uuid: "e0aad4bbe6b0437abd3f6a137cb1dc49" member_type: VOTER last_known_addr { host: "127.0.107.194" port: 46759 } attrs { replace: true } } peers { permanent_uuid: "779b7ba9e9964412aac104bbd49c86e2" member_type: VOTER last_known_addr { host: "127.0.107.195" port: 46243 } } peers { permanent_uuid: "20d94f2b7479454b96fd0117d7e9ee34" member_type: NON_VOTER last_known_addr { host: "127.0.107.196" port: 44871 } attrs { promote: true } }
I20260710 13:18:06.222168  2302 ts_tablet_manager.cc:1434] T 445e3ba9a95f46ef864f55606bdce419 P 20d94f2b7479454b96fd0117d7e9ee34: Time spent starting tablet: real 0.009s	user 0.005s	sys 0.004s
I20260710 13:18:06.224102  1551 tablet_copy_service.cc:342] P 61cc06e2b4184fd68ada03fb53ae83e3: Request end of tablet copy session 20d94f2b7479454b96fd0117d7e9ee34-445e3ba9a95f46ef864f55606bdce419 received from {username='slave'} at 127.0.0.1:57514
I20260710 13:18:06.224606  1551 tablet_copy_service.cc:434] P 61cc06e2b4184fd68ada03fb53ae83e3: ending tablet copy session 20d94f2b7479454b96fd0117d7e9ee34-445e3ba9a95f46ef864f55606bdce419 on tablet 445e3ba9a95f46ef864f55606bdce419 with peer 20d94f2b7479454b96fd0117d7e9ee34
I20260710 13:18:06.285233  2302 ts_tablet_manager.cc:933] T d6ab415e42f84bf6b06abb1d881f9453 P 20d94f2b7479454b96fd0117d7e9ee34: Initiating tablet copy from peer 779b7ba9e9964412aac104bbd49c86e2 (127.0.107.195:46243)
I20260710 13:18:06.286955  2302 tablet_copy_client.cc:323] T d6ab415e42f84bf6b06abb1d881f9453 P 20d94f2b7479454b96fd0117d7e9ee34: tablet copy: Beginning tablet copy session from remote peer at address 127.0.107.195:46243
I20260710 13:18:06.289103  1700 tablet_copy_service.cc:140] P 779b7ba9e9964412aac104bbd49c86e2: Received BeginTabletCopySession request for tablet d6ab415e42f84bf6b06abb1d881f9453 from peer 20d94f2b7479454b96fd0117d7e9ee34 ({username='slave'} at 127.0.0.1:56778)
I20260710 13:18:06.289708  1700 tablet_copy_service.cc:161] P 779b7ba9e9964412aac104bbd49c86e2: Beginning new tablet copy session on tablet d6ab415e42f84bf6b06abb1d881f9453 from peer 20d94f2b7479454b96fd0117d7e9ee34 at {username='slave'} at 127.0.0.1:56778: session id = 20d94f2b7479454b96fd0117d7e9ee34-d6ab415e42f84bf6b06abb1d881f9453
I20260710 13:18:06.300813  1700 tablet_copy_source_session.cc:215] T d6ab415e42f84bf6b06abb1d881f9453 P 779b7ba9e9964412aac104bbd49c86e2: Tablet Copy: opened 0 blocks and 1 log segments
I20260710 13:18:06.304411  2302 data_dirs.cc:400] Could only allocate 1 dirs of requested 3 for tablet d6ab415e42f84bf6b06abb1d881f9453. 1 dirs total, 0 dirs full, 0 dirs failed
I20260710 13:18:06.324384  2302 tablet_copy_client.cc:806] T d6ab415e42f84bf6b06abb1d881f9453 P 20d94f2b7479454b96fd0117d7e9ee34: tablet copy: Starting download of 0 data blocks...
I20260710 13:18:06.325109  2302 tablet_copy_client.cc:670] T d6ab415e42f84bf6b06abb1d881f9453 P 20d94f2b7479454b96fd0117d7e9ee34: tablet copy: Starting download of 1 WAL segments...
I20260710 13:18:06.328984  2302 tablet_copy_client.cc:538] T d6ab415e42f84bf6b06abb1d881f9453 P 20d94f2b7479454b96fd0117d7e9ee34: tablet copy: Tablet Copy complete. Replacing tablet superblock.
I20260710 13:18:06.349516  2302 tablet_bootstrap.cc:492] T d6ab415e42f84bf6b06abb1d881f9453 P 20d94f2b7479454b96fd0117d7e9ee34: Bootstrap starting.
I20260710 13:18:06.379866  2302 tablet_bootstrap.cc:492] T d6ab415e42f84bf6b06abb1d881f9453 P 20d94f2b7479454b96fd0117d7e9ee34: Bootstrap replayed 1/1 log segments. Stats: ops{read=2 overwritten=0 applied=2 ignored=0} inserts{seen=0 ignored=0} mutations{seen=0 ignored=0} orphaned_commits=0. Pending: 0 replicates
I20260710 13:18:06.382867  2302 tablet_bootstrap.cc:492] T d6ab415e42f84bf6b06abb1d881f9453 P 20d94f2b7479454b96fd0117d7e9ee34: Bootstrap complete.
I20260710 13:18:06.383632  2302 ts_tablet_manager.cc:1403] T d6ab415e42f84bf6b06abb1d881f9453 P 20d94f2b7479454b96fd0117d7e9ee34: Time spent bootstrapping tablet: real 0.034s	user 0.016s	sys 0.014s
I20260710 13:18:06.385852  2302 raft_consensus.cc:359] T d6ab415e42f84bf6b06abb1d881f9453 P 20d94f2b7479454b96fd0117d7e9ee34 [term 1 LEARNER]: Replica starting. Triggering 0 pending ops. Active config: opid_index: 2 OBSOLETE_local: false peers { permanent_uuid: "61cc06e2b4184fd68ada03fb53ae83e3" member_type: VOTER last_known_addr { host: "127.0.107.193" port: 36415 } attrs { replace: true } } peers { permanent_uuid: "e0aad4bbe6b0437abd3f6a137cb1dc49" member_type: VOTER last_known_addr { host: "127.0.107.194" port: 46759 } } peers { permanent_uuid: "779b7ba9e9964412aac104bbd49c86e2" member_type: VOTER last_known_addr { host: "127.0.107.195" port: 46243 } } peers { permanent_uuid: "20d94f2b7479454b96fd0117d7e9ee34" member_type: NON_VOTER last_known_addr { host: "127.0.107.196" port: 44871 } attrs { promote: true } }
I20260710 13:18:06.386514  2302 raft_consensus.cc:740] T d6ab415e42f84bf6b06abb1d881f9453 P 20d94f2b7479454b96fd0117d7e9ee34 [term 1 LEARNER]: Becoming Follower/Learner. State: Replica: 20d94f2b7479454b96fd0117d7e9ee34, State: Initialized, Role: LEARNER
I20260710 13:18:06.387045  2302 consensus_queue.cc:260] T d6ab415e42f84bf6b06abb1d881f9453 P 20d94f2b7479454b96fd0117d7e9ee34 [NON_LEADER]: Queue going to NON_LEADER mode. State: All replicated index: 0, Majority replicated index: 0, Committed index: 2, Last appended: 1.2, Last appended by leader: 2, Current term: 0, Majority size: -1, State: 0, Mode: NON_LEADER, active raft config: opid_index: 2 OBSOLETE_local: false peers { permanent_uuid: "61cc06e2b4184fd68ada03fb53ae83e3" member_type: VOTER last_known_addr { host: "127.0.107.193" port: 36415 } attrs { replace: true } } peers { permanent_uuid: "e0aad4bbe6b0437abd3f6a137cb1dc49" member_type: VOTER last_known_addr { host: "127.0.107.194" port: 46759 } } peers { permanent_uuid: "779b7ba9e9964412aac104bbd49c86e2" member_type: VOTER last_known_addr { host: "127.0.107.195" port: 46243 } } peers { permanent_uuid: "20d94f2b7479454b96fd0117d7e9ee34" member_type: NON_VOTER last_known_addr { host: "127.0.107.196" port: 44871 } attrs { promote: true } }
I20260710 13:18:06.391062  2302 ts_tablet_manager.cc:1434] T d6ab415e42f84bf6b06abb1d881f9453 P 20d94f2b7479454b96fd0117d7e9ee34: Time spent starting tablet: real 0.007s	user 0.004s	sys 0.001s
I20260710 13:18:06.394644  1700 tablet_copy_service.cc:342] P 779b7ba9e9964412aac104bbd49c86e2: Request end of tablet copy session 20d94f2b7479454b96fd0117d7e9ee34-d6ab415e42f84bf6b06abb1d881f9453 received from {username='slave'} at 127.0.0.1:56778
I20260710 13:18:06.395169  1700 tablet_copy_service.cc:434] P 779b7ba9e9964412aac104bbd49c86e2: ending tablet copy session 20d94f2b7479454b96fd0117d7e9ee34-d6ab415e42f84bf6b06abb1d881f9453 on tablet d6ab415e42f84bf6b06abb1d881f9453 with peer 20d94f2b7479454b96fd0117d7e9ee34
I20260710 13:18:06.569568  1964 raft_consensus.cc:1217] T 445e3ba9a95f46ef864f55606bdce419 P 20d94f2b7479454b96fd0117d7e9ee34 [term 1 LEARNER]: Deduplicated request from leader. Original: 1.1->[1.2-1.2]   Dedup: 1.2->[]
I20260710 13:18:06.832446  1964 raft_consensus.cc:1217] T d6ab415e42f84bf6b06abb1d881f9453 P 20d94f2b7479454b96fd0117d7e9ee34 [term 1 LEARNER]: Deduplicated request from leader. Original: 1.1->[1.2-1.2]   Dedup: 1.2->[]
I20260710 13:18:07.075445  2247 raft_consensus.cc:1064] T 445e3ba9a95f46ef864f55606bdce419 P 61cc06e2b4184fd68ada03fb53ae83e3: attempting to promote NON_VOTER 20d94f2b7479454b96fd0117d7e9ee34 to VOTER
I20260710 13:18:07.078294  2247 consensus_queue.cc:237] T 445e3ba9a95f46ef864f55606bdce419 P 61cc06e2b4184fd68ada03fb53ae83e3 [LEADER]: Queue going to LEADER mode. State: All replicated index: 0, Majority replicated index: 2, Committed index: 2, Last appended: 1.2, Last appended by leader: 0, Current term: 1, Majority size: 3, State: 0, Mode: LEADER, active raft config: opid_index: 3 OBSOLETE_local: false peers { permanent_uuid: "61cc06e2b4184fd68ada03fb53ae83e3" member_type: VOTER last_known_addr { host: "127.0.107.193" port: 36415 } } peers { permanent_uuid: "e0aad4bbe6b0437abd3f6a137cb1dc49" member_type: VOTER last_known_addr { host: "127.0.107.194" port: 46759 } attrs { replace: true } } peers { permanent_uuid: "779b7ba9e9964412aac104bbd49c86e2" member_type: VOTER last_known_addr { host: "127.0.107.195" port: 46243 } } peers { permanent_uuid: "20d94f2b7479454b96fd0117d7e9ee34" member_type: VOTER last_known_addr { host: "127.0.107.196" port: 44871 } attrs { promote: false } }
I20260710 13:18:07.086360  1964 raft_consensus.cc:1275] T 445e3ba9a95f46ef864f55606bdce419 P 20d94f2b7479454b96fd0117d7e9ee34 [term 1 LEARNER]: Refusing update from remote peer 61cc06e2b4184fd68ada03fb53ae83e3: Log matching property violated. Preceding OpId in replica: term: 1 index: 2. Preceding OpId from leader: term: 1 index: 3. (index mismatch)
I20260710 13:18:07.086565  1686 raft_consensus.cc:1275] T 445e3ba9a95f46ef864f55606bdce419 P 779b7ba9e9964412aac104bbd49c86e2 [term 1 FOLLOWER]: Refusing update from remote peer 61cc06e2b4184fd68ada03fb53ae83e3: Log matching property violated. Preceding OpId in replica: term: 1 index: 2. Preceding OpId from leader: term: 1 index: 3. (index mismatch)
I20260710 13:18:07.088374  2311 consensus_queue.cc:1048] T 445e3ba9a95f46ef864f55606bdce419 P 61cc06e2b4184fd68ada03fb53ae83e3 [LEADER]: Connected to new peer: Peer: permanent_uuid: "779b7ba9e9964412aac104bbd49c86e2" member_type: VOTER last_known_addr { host: "127.0.107.195" port: 46243 }, Status: LMP_MISMATCH, Last received: 0.0, Next index: 3, Last known committed idx: 2, Time since last communication: 0.000s
I20260710 13:18:07.090137  2311 consensus_queue.cc:1048] T 445e3ba9a95f46ef864f55606bdce419 P 61cc06e2b4184fd68ada03fb53ae83e3 [LEADER]: Connected to new peer: Peer: permanent_uuid: "20d94f2b7479454b96fd0117d7e9ee34" member_type: VOTER last_known_addr { host: "127.0.107.196" port: 44871 } attrs { promote: false }, Status: LMP_MISMATCH, Last received: 0.0, Next index: 3, Last known committed idx: 2, Time since last communication: 0.000s
I20260710 13:18:07.094461  1611 raft_consensus.cc:1275] T 445e3ba9a95f46ef864f55606bdce419 P e0aad4bbe6b0437abd3f6a137cb1dc49 [term 1 FOLLOWER]: Refusing update from remote peer 61cc06e2b4184fd68ada03fb53ae83e3: Log matching property violated. Preceding OpId in replica: term: 1 index: 2. Preceding OpId from leader: term: 1 index: 3. (index mismatch)
I20260710 13:18:07.099653  2247 consensus_queue.cc:1048] T 445e3ba9a95f46ef864f55606bdce419 P 61cc06e2b4184fd68ada03fb53ae83e3 [LEADER]: Connected to new peer: Peer: permanent_uuid: "e0aad4bbe6b0437abd3f6a137cb1dc49" member_type: VOTER last_known_addr { host: "127.0.107.194" port: 46759 } attrs { replace: true }, Status: LMP_MISMATCH, Last received: 0.0, Next index: 3, Last known committed idx: 2, Time since last communication: 0.000s
I20260710 13:18:07.129714  2314 raft_consensus.cc:2955] T 445e3ba9a95f46ef864f55606bdce419 P 61cc06e2b4184fd68ada03fb53ae83e3 [term 1 LEADER]: Committing config change with OpId 1.3: config changed from index 2 to 3, 20d94f2b7479454b96fd0117d7e9ee34 (127.0.107.196) changed from NON_VOTER to VOTER. New config: { opid_index: 3 OBSOLETE_local: false peers { permanent_uuid: "61cc06e2b4184fd68ada03fb53ae83e3" member_type: VOTER last_known_addr { host: "127.0.107.193" port: 36415 } } peers { permanent_uuid: "e0aad4bbe6b0437abd3f6a137cb1dc49" member_type: VOTER last_known_addr { host: "127.0.107.194" port: 46759 } attrs { replace: true } } peers { permanent_uuid: "779b7ba9e9964412aac104bbd49c86e2" member_type: VOTER last_known_addr { host: "127.0.107.195" port: 46243 } } peers { permanent_uuid: "20d94f2b7479454b96fd0117d7e9ee34" member_type: VOTER last_known_addr { host: "127.0.107.196" port: 44871 } attrs { promote: false } } }
I20260710 13:18:07.134902  1614 raft_consensus.cc:2955] T 445e3ba9a95f46ef864f55606bdce419 P e0aad4bbe6b0437abd3f6a137cb1dc49 [term 1 FOLLOWER]: Committing config change with OpId 1.3: config changed from index 2 to 3, 20d94f2b7479454b96fd0117d7e9ee34 (127.0.107.196) changed from NON_VOTER to VOTER. New config: { opid_index: 3 OBSOLETE_local: false peers { permanent_uuid: "61cc06e2b4184fd68ada03fb53ae83e3" member_type: VOTER last_known_addr { host: "127.0.107.193" port: 36415 } } peers { permanent_uuid: "e0aad4bbe6b0437abd3f6a137cb1dc49" member_type: VOTER last_known_addr { host: "127.0.107.194" port: 46759 } attrs { replace: true } } peers { permanent_uuid: "779b7ba9e9964412aac104bbd49c86e2" member_type: VOTER last_known_addr { host: "127.0.107.195" port: 46243 } } peers { permanent_uuid: "20d94f2b7479454b96fd0117d7e9ee34" member_type: VOTER last_known_addr { host: "127.0.107.196" port: 44871 } attrs { promote: false } } }
I20260710 13:18:07.144290  1964 raft_consensus.cc:2955] T 445e3ba9a95f46ef864f55606bdce419 P 20d94f2b7479454b96fd0117d7e9ee34 [term 1 FOLLOWER]: Committing config change with OpId 1.3: config changed from index 2 to 3, 20d94f2b7479454b96fd0117d7e9ee34 (127.0.107.196) changed from NON_VOTER to VOTER. New config: { opid_index: 3 OBSOLETE_local: false peers { permanent_uuid: "61cc06e2b4184fd68ada03fb53ae83e3" member_type: VOTER last_known_addr { host: "127.0.107.193" port: 36415 } } peers { permanent_uuid: "e0aad4bbe6b0437abd3f6a137cb1dc49" member_type: VOTER last_known_addr { host: "127.0.107.194" port: 46759 } attrs { replace: true } } peers { permanent_uuid: "779b7ba9e9964412aac104bbd49c86e2" member_type: VOTER last_known_addr { host: "127.0.107.195" port: 46243 } } peers { permanent_uuid: "20d94f2b7479454b96fd0117d7e9ee34" member_type: VOTER last_known_addr { host: "127.0.107.196" port: 44871 } attrs { promote: false } } }
I20260710 13:18:07.151300  1436 catalog_manager.cc:5697] T 445e3ba9a95f46ef864f55606bdce419 P e0aad4bbe6b0437abd3f6a137cb1dc49 reported cstate change: config changed from index 2 to 3, 20d94f2b7479454b96fd0117d7e9ee34 (127.0.107.196) changed from NON_VOTER to VOTER. New cstate: current_term: 1 leader_uuid: "61cc06e2b4184fd68ada03fb53ae83e3" committed_config { opid_index: 3 OBSOLETE_local: false peers { permanent_uuid: "61cc06e2b4184fd68ada03fb53ae83e3" member_type: VOTER last_known_addr { host: "127.0.107.193" port: 36415 } } peers { permanent_uuid: "e0aad4bbe6b0437abd3f6a137cb1dc49" member_type: VOTER last_known_addr { host: "127.0.107.194" port: 46759 } attrs { replace: true } } peers { permanent_uuid: "779b7ba9e9964412aac104bbd49c86e2" member_type: VOTER last_known_addr { host: "127.0.107.195" port: 46243 } } peers { permanent_uuid: "20d94f2b7479454b96fd0117d7e9ee34" member_type: VOTER last_known_addr { host: "127.0.107.196" port: 44871 } attrs { promote: false } } }
I20260710 13:18:07.152498  1686 raft_consensus.cc:2955] T 445e3ba9a95f46ef864f55606bdce419 P 779b7ba9e9964412aac104bbd49c86e2 [term 1 FOLLOWER]: Committing config change with OpId 1.3: config changed from index 2 to 3, 20d94f2b7479454b96fd0117d7e9ee34 (127.0.107.196) changed from NON_VOTER to VOTER. New config: { opid_index: 3 OBSOLETE_local: false peers { permanent_uuid: "61cc06e2b4184fd68ada03fb53ae83e3" member_type: VOTER last_known_addr { host: "127.0.107.193" port: 36415 } } peers { permanent_uuid: "e0aad4bbe6b0437abd3f6a137cb1dc49" member_type: VOTER last_known_addr { host: "127.0.107.194" port: 46759 } attrs { replace: true } } peers { permanent_uuid: "779b7ba9e9964412aac104bbd49c86e2" member_type: VOTER last_known_addr { host: "127.0.107.195" port: 46243 } } peers { permanent_uuid: "20d94f2b7479454b96fd0117d7e9ee34" member_type: VOTER last_known_addr { host: "127.0.107.196" port: 44871 } attrs { promote: false } } }
I20260710 13:18:07.199556  1541 consensus_queue.cc:237] T 445e3ba9a95f46ef864f55606bdce419 P 61cc06e2b4184fd68ada03fb53ae83e3 [LEADER]: Queue going to LEADER mode. State: All replicated index: 0, Majority replicated index: 3, Committed index: 3, Last appended: 1.3, Last appended by leader: 0, Current term: 1, Majority size: 2, State: 0, Mode: LEADER, active raft config: opid_index: 4 OBSOLETE_local: false peers { permanent_uuid: "61cc06e2b4184fd68ada03fb53ae83e3" member_type: VOTER last_known_addr { host: "127.0.107.193" port: 36415 } } peers { permanent_uuid: "779b7ba9e9964412aac104bbd49c86e2" member_type: VOTER last_known_addr { host: "127.0.107.195" port: 46243 } } peers { permanent_uuid: "20d94f2b7479454b96fd0117d7e9ee34" member_type: VOTER last_known_addr { host: "127.0.107.196" port: 44871 } attrs { promote: false } }
I20260710 13:18:07.206804  1964 raft_consensus.cc:1275] T 445e3ba9a95f46ef864f55606bdce419 P 20d94f2b7479454b96fd0117d7e9ee34 [term 1 FOLLOWER]: Refusing update from remote peer 61cc06e2b4184fd68ada03fb53ae83e3: Log matching property violated. Preceding OpId in replica: term: 1 index: 3. Preceding OpId from leader: term: 1 index: 4. (index mismatch)
I20260710 13:18:07.208825  1686 raft_consensus.cc:1275] T 445e3ba9a95f46ef864f55606bdce419 P 779b7ba9e9964412aac104bbd49c86e2 [term 1 FOLLOWER]: Refusing update from remote peer 61cc06e2b4184fd68ada03fb53ae83e3: Log matching property violated. Preceding OpId in replica: term: 1 index: 3. Preceding OpId from leader: term: 1 index: 4. (index mismatch)
I20260710 13:18:07.209770  2314 consensus_queue.cc:1048] T 445e3ba9a95f46ef864f55606bdce419 P 61cc06e2b4184fd68ada03fb53ae83e3 [LEADER]: Connected to new peer: Peer: permanent_uuid: "20d94f2b7479454b96fd0117d7e9ee34" member_type: VOTER last_known_addr { host: "127.0.107.196" port: 44871 } attrs { promote: false }, Status: LMP_MISMATCH, Last received: 0.0, Next index: 4, Last known committed idx: 3, Time since last communication: 0.000s
I20260710 13:18:07.210872  2247 consensus_queue.cc:1048] T 445e3ba9a95f46ef864f55606bdce419 P 61cc06e2b4184fd68ada03fb53ae83e3 [LEADER]: Connected to new peer: Peer: permanent_uuid: "779b7ba9e9964412aac104bbd49c86e2" member_type: VOTER last_known_addr { host: "127.0.107.195" port: 46243 }, Status: LMP_MISMATCH, Last received: 0.0, Next index: 4, Last known committed idx: 3, Time since last communication: 0.000s
I20260710 13:18:07.223207  2314 raft_consensus.cc:2955] T 445e3ba9a95f46ef864f55606bdce419 P 61cc06e2b4184fd68ada03fb53ae83e3 [term 1 LEADER]: Committing config change with OpId 1.4: config changed from index 3 to 4, VOTER e0aad4bbe6b0437abd3f6a137cb1dc49 (127.0.107.194) evicted. New config: { opid_index: 4 OBSOLETE_local: false peers { permanent_uuid: "61cc06e2b4184fd68ada03fb53ae83e3" member_type: VOTER last_known_addr { host: "127.0.107.193" port: 36415 } } peers { permanent_uuid: "779b7ba9e9964412aac104bbd49c86e2" member_type: VOTER last_known_addr { host: "127.0.107.195" port: 46243 } } peers { permanent_uuid: "20d94f2b7479454b96fd0117d7e9ee34" member_type: VOTER last_known_addr { host: "127.0.107.196" port: 44871 } attrs { promote: false } } }
I20260710 13:18:07.228052  1964 raft_consensus.cc:2955] T 445e3ba9a95f46ef864f55606bdce419 P 20d94f2b7479454b96fd0117d7e9ee34 [term 1 FOLLOWER]: Committing config change with OpId 1.4: config changed from index 3 to 4, VOTER e0aad4bbe6b0437abd3f6a137cb1dc49 (127.0.107.194) evicted. New config: { opid_index: 4 OBSOLETE_local: false peers { permanent_uuid: "61cc06e2b4184fd68ada03fb53ae83e3" member_type: VOTER last_known_addr { host: "127.0.107.193" port: 36415 } } peers { permanent_uuid: "779b7ba9e9964412aac104bbd49c86e2" member_type: VOTER last_known_addr { host: "127.0.107.195" port: 46243 } } peers { permanent_uuid: "20d94f2b7479454b96fd0117d7e9ee34" member_type: VOTER last_known_addr { host: "127.0.107.196" port: 44871 } attrs { promote: false } } }
I20260710 13:18:07.227972  1686 raft_consensus.cc:2955] T 445e3ba9a95f46ef864f55606bdce419 P 779b7ba9e9964412aac104bbd49c86e2 [term 1 FOLLOWER]: Committing config change with OpId 1.4: config changed from index 3 to 4, VOTER e0aad4bbe6b0437abd3f6a137cb1dc49 (127.0.107.194) evicted. New config: { opid_index: 4 OBSOLETE_local: false peers { permanent_uuid: "61cc06e2b4184fd68ada03fb53ae83e3" member_type: VOTER last_known_addr { host: "127.0.107.193" port: 36415 } } peers { permanent_uuid: "779b7ba9e9964412aac104bbd49c86e2" member_type: VOTER last_known_addr { host: "127.0.107.195" port: 46243 } } peers { permanent_uuid: "20d94f2b7479454b96fd0117d7e9ee34" member_type: VOTER last_known_addr { host: "127.0.107.196" port: 44871 } attrs { promote: false } } }
I20260710 13:18:07.251582  1425 catalog_manager.cc:5210] ChangeConfig:REMOVE_PEER RPC for tablet 445e3ba9a95f46ef864f55606bdce419 with cas_config_opid_index 3: ChangeConfig:REMOVE_PEER succeeded (attempt 1)
I20260710 13:18:07.254212  1438 catalog_manager.cc:5697] T 445e3ba9a95f46ef864f55606bdce419 P 61cc06e2b4184fd68ada03fb53ae83e3 reported cstate change: config changed from index 3 to 4, VOTER e0aad4bbe6b0437abd3f6a137cb1dc49 (127.0.107.194) evicted. New cstate: current_term: 1 leader_uuid: "61cc06e2b4184fd68ada03fb53ae83e3" committed_config { opid_index: 4 OBSOLETE_local: false peers { permanent_uuid: "61cc06e2b4184fd68ada03fb53ae83e3" member_type: VOTER last_known_addr { host: "127.0.107.193" port: 36415 } health_report { overall_health: HEALTHY } } peers { permanent_uuid: "779b7ba9e9964412aac104bbd49c86e2" member_type: VOTER last_known_addr { host: "127.0.107.195" port: 46243 } health_report { overall_health: HEALTHY } } peers { permanent_uuid: "20d94f2b7479454b96fd0117d7e9ee34" member_type: VOTER last_known_addr { host: "127.0.107.196" port: 44871 } attrs { promote: false } health_report { overall_health: HEALTHY } } }
I20260710 13:18:07.269253  1601 tablet_service.cc:1558] Processing DeleteTablet for tablet 445e3ba9a95f46ef864f55606bdce419 with delete_type TABLET_DATA_TOMBSTONED (TS e0aad4bbe6b0437abd3f6a137cb1dc49 not found in new config with opid_index 4) from {username='slave'} at 127.0.0.1:40512
I20260710 13:18:07.303260  2322 tablet_replica.cc:333] T 445e3ba9a95f46ef864f55606bdce419 P e0aad4bbe6b0437abd3f6a137cb1dc49: stopping tablet replica
I20260710 13:18:07.307327  2322 raft_consensus.cc:2243] T 445e3ba9a95f46ef864f55606bdce419 P e0aad4bbe6b0437abd3f6a137cb1dc49 [term 1 FOLLOWER]: Raft consensus shutting down.
I20260710 13:18:07.308882  2322 raft_consensus.cc:2272] T 445e3ba9a95f46ef864f55606bdce419 P e0aad4bbe6b0437abd3f6a137cb1dc49 [term 1 FOLLOWER]: Raft consensus is shut down!
I20260710 13:18:07.312119  2322 ts_tablet_manager.cc:1916] T 445e3ba9a95f46ef864f55606bdce419 P e0aad4bbe6b0437abd3f6a137cb1dc49: Deleting tablet data with delete state TABLET_DATA_TOMBSTONED
I20260710 13:18:07.329733  2322 ts_tablet_manager.cc:1929] T 445e3ba9a95f46ef864f55606bdce419 P e0aad4bbe6b0437abd3f6a137cb1dc49: tablet deleted with delete type TABLET_DATA_TOMBSTONED: last-logged OpId 1.3
I20260710 13:18:07.330250  2322 log.cc:1199] T 445e3ba9a95f46ef864f55606bdce419 P e0aad4bbe6b0437abd3f6a137cb1dc49: Deleting WAL directory at /tmp/dist-test-task4S9IZQ/test-tmp/auto_leader_rebalancer-test.0.LeaderRebalancerTest.AddTserver.1783689443021769-431-0/minicluster-data/ts-1-root/wals/445e3ba9a95f46ef864f55606bdce419
I20260710 13:18:07.332757  1426 catalog_manager.cc:5028] TS e0aad4bbe6b0437abd3f6a137cb1dc49 (127.0.107.194:46759): tablet 445e3ba9a95f46ef864f55606bdce419 (table test-workload [id=a717bb92c67f4df7a851b721d77a0a81]) successfully deleted
I20260710 13:18:07.341132  2244 raft_consensus.cc:1064] T d6ab415e42f84bf6b06abb1d881f9453 P 779b7ba9e9964412aac104bbd49c86e2: attempting to promote NON_VOTER 20d94f2b7479454b96fd0117d7e9ee34 to VOTER
I20260710 13:18:07.344095  2244 consensus_queue.cc:237] T d6ab415e42f84bf6b06abb1d881f9453 P 779b7ba9e9964412aac104bbd49c86e2 [LEADER]: Queue going to LEADER mode. State: All replicated index: 0, Majority replicated index: 2, Committed index: 2, Last appended: 1.2, Last appended by leader: 0, Current term: 1, Majority size: 3, State: 0, Mode: LEADER, active raft config: opid_index: 3 OBSOLETE_local: false peers { permanent_uuid: "61cc06e2b4184fd68ada03fb53ae83e3" member_type: VOTER last_known_addr { host: "127.0.107.193" port: 36415 } attrs { replace: true } } peers { permanent_uuid: "e0aad4bbe6b0437abd3f6a137cb1dc49" member_type: VOTER last_known_addr { host: "127.0.107.194" port: 46759 } } peers { permanent_uuid: "779b7ba9e9964412aac104bbd49c86e2" member_type: VOTER last_known_addr { host: "127.0.107.195" port: 46243 } } peers { permanent_uuid: "20d94f2b7479454b96fd0117d7e9ee34" member_type: VOTER last_known_addr { host: "127.0.107.196" port: 44871 } attrs { promote: false } }
I20260710 13:18:07.360683  1965 raft_consensus.cc:1275] T d6ab415e42f84bf6b06abb1d881f9453 P 20d94f2b7479454b96fd0117d7e9ee34 [term 1 LEARNER]: Refusing update from remote peer 779b7ba9e9964412aac104bbd49c86e2: Log matching property violated. Preceding OpId in replica: term: 1 index: 2. Preceding OpId from leader: term: 1 index: 3. (index mismatch)
I20260710 13:18:07.360778  1614 raft_consensus.cc:1275] T d6ab415e42f84bf6b06abb1d881f9453 P e0aad4bbe6b0437abd3f6a137cb1dc49 [term 1 FOLLOWER]: Refusing update from remote peer 779b7ba9e9964412aac104bbd49c86e2: Log matching property violated. Preceding OpId in replica: term: 1 index: 2. Preceding OpId from leader: term: 1 index: 3. (index mismatch)
I20260710 13:18:07.362926  2312 consensus_queue.cc:1048] T d6ab415e42f84bf6b06abb1d881f9453 P 779b7ba9e9964412aac104bbd49c86e2 [LEADER]: Connected to new peer: Peer: permanent_uuid: "20d94f2b7479454b96fd0117d7e9ee34" member_type: VOTER last_known_addr { host: "127.0.107.196" port: 44871 } attrs { promote: false }, Status: LMP_MISMATCH, Last received: 0.0, Next index: 3, Last known committed idx: 2, Time since last communication: 0.001s
I20260710 13:18:07.364805  2312 consensus_queue.cc:1048] T d6ab415e42f84bf6b06abb1d881f9453 P 779b7ba9e9964412aac104bbd49c86e2 [LEADER]: Connected to new peer: Peer: permanent_uuid: "e0aad4bbe6b0437abd3f6a137cb1dc49" member_type: VOTER last_known_addr { host: "127.0.107.194" port: 46759 }, Status: LMP_MISMATCH, Last received: 0.0, Next index: 3, Last known committed idx: 2, Time since last communication: 0.000s
I20260710 13:18:07.378342  1541 raft_consensus.cc:1275] T d6ab415e42f84bf6b06abb1d881f9453 P 61cc06e2b4184fd68ada03fb53ae83e3 [term 1 FOLLOWER]: Refusing update from remote peer 779b7ba9e9964412aac104bbd49c86e2: Log matching property violated. Preceding OpId in replica: term: 1 index: 2. Preceding OpId from leader: term: 1 index: 3. (index mismatch)
I20260710 13:18:07.380934  2323 consensus_queue.cc:1048] T d6ab415e42f84bf6b06abb1d881f9453 P 779b7ba9e9964412aac104bbd49c86e2 [LEADER]: Connected to new peer: Peer: permanent_uuid: "61cc06e2b4184fd68ada03fb53ae83e3" member_type: VOTER last_known_addr { host: "127.0.107.193" port: 36415 } attrs { replace: true }, Status: LMP_MISMATCH, Last received: 0.0, Next index: 3, Last known committed idx: 2, Time since last communication: 0.000s
I20260710 13:18:07.396749  2324 raft_consensus.cc:2955] T d6ab415e42f84bf6b06abb1d881f9453 P 779b7ba9e9964412aac104bbd49c86e2 [term 1 LEADER]: Committing config change with OpId 1.3: config changed from index 2 to 3, 20d94f2b7479454b96fd0117d7e9ee34 (127.0.107.196) changed from NON_VOTER to VOTER. New config: { opid_index: 3 OBSOLETE_local: false peers { permanent_uuid: "61cc06e2b4184fd68ada03fb53ae83e3" member_type: VOTER last_known_addr { host: "127.0.107.193" port: 36415 } attrs { replace: true } } peers { permanent_uuid: "e0aad4bbe6b0437abd3f6a137cb1dc49" member_type: VOTER last_known_addr { host: "127.0.107.194" port: 46759 } } peers { permanent_uuid: "779b7ba9e9964412aac104bbd49c86e2" member_type: VOTER last_known_addr { host: "127.0.107.195" port: 46243 } } peers { permanent_uuid: "20d94f2b7479454b96fd0117d7e9ee34" member_type: VOTER last_known_addr { host: "127.0.107.196" port: 44871 } attrs { promote: false } } }
I20260710 13:18:07.399200  1614 raft_consensus.cc:2955] T d6ab415e42f84bf6b06abb1d881f9453 P e0aad4bbe6b0437abd3f6a137cb1dc49 [term 1 FOLLOWER]: Committing config change with OpId 1.3: config changed from index 2 to 3, 20d94f2b7479454b96fd0117d7e9ee34 (127.0.107.196) changed from NON_VOTER to VOTER. New config: { opid_index: 3 OBSOLETE_local: false peers { permanent_uuid: "61cc06e2b4184fd68ada03fb53ae83e3" member_type: VOTER last_known_addr { host: "127.0.107.193" port: 36415 } attrs { replace: true } } peers { permanent_uuid: "e0aad4bbe6b0437abd3f6a137cb1dc49" member_type: VOTER last_known_addr { host: "127.0.107.194" port: 46759 } } peers { permanent_uuid: "779b7ba9e9964412aac104bbd49c86e2" member_type: VOTER last_known_addr { host: "127.0.107.195" port: 46243 } } peers { permanent_uuid: "20d94f2b7479454b96fd0117d7e9ee34" member_type: VOTER last_known_addr { host: "127.0.107.196" port: 44871 } attrs { promote: false } } }
I20260710 13:18:07.407598  1541 raft_consensus.cc:2955] T d6ab415e42f84bf6b06abb1d881f9453 P 61cc06e2b4184fd68ada03fb53ae83e3 [term 1 FOLLOWER]: Committing config change with OpId 1.3: config changed from index 2 to 3, 20d94f2b7479454b96fd0117d7e9ee34 (127.0.107.196) changed from NON_VOTER to VOTER. New config: { opid_index: 3 OBSOLETE_local: false peers { permanent_uuid: "61cc06e2b4184fd68ada03fb53ae83e3" member_type: VOTER last_known_addr { host: "127.0.107.193" port: 36415 } attrs { replace: true } } peers { permanent_uuid: "e0aad4bbe6b0437abd3f6a137cb1dc49" member_type: VOTER last_known_addr { host: "127.0.107.194" port: 46759 } } peers { permanent_uuid: "779b7ba9e9964412aac104bbd49c86e2" member_type: VOTER last_known_addr { host: "127.0.107.195" port: 46243 } } peers { permanent_uuid: "20d94f2b7479454b96fd0117d7e9ee34" member_type: VOTER last_known_addr { host: "127.0.107.196" port: 44871 } attrs { promote: false } } }
I20260710 13:18:07.428176  1437 catalog_manager.cc:5697] T d6ab415e42f84bf6b06abb1d881f9453 P e0aad4bbe6b0437abd3f6a137cb1dc49 reported cstate change: config changed from index 2 to 3, 20d94f2b7479454b96fd0117d7e9ee34 (127.0.107.196) changed from NON_VOTER to VOTER. New cstate: current_term: 1 leader_uuid: "779b7ba9e9964412aac104bbd49c86e2" committed_config { opid_index: 3 OBSOLETE_local: false peers { permanent_uuid: "61cc06e2b4184fd68ada03fb53ae83e3" member_type: VOTER last_known_addr { host: "127.0.107.193" port: 36415 } attrs { replace: true } } peers { permanent_uuid: "e0aad4bbe6b0437abd3f6a137cb1dc49" member_type: VOTER last_known_addr { host: "127.0.107.194" port: 46759 } } peers { permanent_uuid: "779b7ba9e9964412aac104bbd49c86e2" member_type: VOTER last_known_addr { host: "127.0.107.195" port: 46243 } } peers { permanent_uuid: "20d94f2b7479454b96fd0117d7e9ee34" member_type: VOTER last_known_addr { host: "127.0.107.196" port: 44871 } attrs { promote: false } } }
I20260710 13:18:07.430990  1965 raft_consensus.cc:2955] T d6ab415e42f84bf6b06abb1d881f9453 P 20d94f2b7479454b96fd0117d7e9ee34 [term 1 FOLLOWER]: Committing config change with OpId 1.3: config changed from index 2 to 3, 20d94f2b7479454b96fd0117d7e9ee34 (127.0.107.196) changed from NON_VOTER to VOTER. New config: { opid_index: 3 OBSOLETE_local: false peers { permanent_uuid: "61cc06e2b4184fd68ada03fb53ae83e3" member_type: VOTER last_known_addr { host: "127.0.107.193" port: 36415 } attrs { replace: true } } peers { permanent_uuid: "e0aad4bbe6b0437abd3f6a137cb1dc49" member_type: VOTER last_known_addr { host: "127.0.107.194" port: 46759 } } peers { permanent_uuid: "779b7ba9e9964412aac104bbd49c86e2" member_type: VOTER last_known_addr { host: "127.0.107.195" port: 46243 } } peers { permanent_uuid: "20d94f2b7479454b96fd0117d7e9ee34" member_type: VOTER last_known_addr { host: "127.0.107.196" port: 44871 } attrs { promote: false } } }
I20260710 13:18:07.459951  1686 consensus_queue.cc:237] T d6ab415e42f84bf6b06abb1d881f9453 P 779b7ba9e9964412aac104bbd49c86e2 [LEADER]: Queue going to LEADER mode. State: All replicated index: 0, Majority replicated index: 3, Committed index: 3, Last appended: 1.3, Last appended by leader: 0, Current term: 1, Majority size: 2, State: 0, Mode: LEADER, active raft config: opid_index: 4 OBSOLETE_local: false peers { permanent_uuid: "e0aad4bbe6b0437abd3f6a137cb1dc49" member_type: VOTER last_known_addr { host: "127.0.107.194" port: 46759 } } peers { permanent_uuid: "779b7ba9e9964412aac104bbd49c86e2" member_type: VOTER last_known_addr { host: "127.0.107.195" port: 46243 } } peers { permanent_uuid: "20d94f2b7479454b96fd0117d7e9ee34" member_type: VOTER last_known_addr { host: "127.0.107.196" port: 44871 } attrs { promote: false } }
I20260710 13:18:07.466033  1614 raft_consensus.cc:1275] T d6ab415e42f84bf6b06abb1d881f9453 P e0aad4bbe6b0437abd3f6a137cb1dc49 [term 1 FOLLOWER]: Refusing update from remote peer 779b7ba9e9964412aac104bbd49c86e2: Log matching property violated. Preceding OpId in replica: term: 1 index: 3. Preceding OpId from leader: term: 1 index: 4. (index mismatch)
I20260710 13:18:07.466564  1965 raft_consensus.cc:1275] T d6ab415e42f84bf6b06abb1d881f9453 P 20d94f2b7479454b96fd0117d7e9ee34 [term 1 FOLLOWER]: Refusing update from remote peer 779b7ba9e9964412aac104bbd49c86e2: Log matching property violated. Preceding OpId in replica: term: 1 index: 3. Preceding OpId from leader: term: 1 index: 4. (index mismatch)
I20260710 13:18:07.467664  2324 consensus_queue.cc:1048] T d6ab415e42f84bf6b06abb1d881f9453 P 779b7ba9e9964412aac104bbd49c86e2 [LEADER]: Connected to new peer: Peer: permanent_uuid: "e0aad4bbe6b0437abd3f6a137cb1dc49" member_type: VOTER last_known_addr { host: "127.0.107.194" port: 46759 }, Status: LMP_MISMATCH, Last received: 0.0, Next index: 4, Last known committed idx: 3, Time since last communication: 0.000s
I20260710 13:18:07.468524  2244 consensus_queue.cc:1048] T d6ab415e42f84bf6b06abb1d881f9453 P 779b7ba9e9964412aac104bbd49c86e2 [LEADER]: Connected to new peer: Peer: permanent_uuid: "20d94f2b7479454b96fd0117d7e9ee34" member_type: VOTER last_known_addr { host: "127.0.107.196" port: 44871 } attrs { promote: false }, Status: LMP_MISMATCH, Last received: 0.0, Next index: 4, Last known committed idx: 3, Time since last communication: 0.000s
I20260710 13:18:07.476629  2312 raft_consensus.cc:2955] T d6ab415e42f84bf6b06abb1d881f9453 P 779b7ba9e9964412aac104bbd49c86e2 [term 1 LEADER]: Committing config change with OpId 1.4: config changed from index 3 to 4, VOTER 61cc06e2b4184fd68ada03fb53ae83e3 (127.0.107.193) evicted. New config: { opid_index: 4 OBSOLETE_local: false peers { permanent_uuid: "e0aad4bbe6b0437abd3f6a137cb1dc49" member_type: VOTER last_known_addr { host: "127.0.107.194" port: 46759 } } peers { permanent_uuid: "779b7ba9e9964412aac104bbd49c86e2" member_type: VOTER last_known_addr { host: "127.0.107.195" port: 46243 } } peers { permanent_uuid: "20d94f2b7479454b96fd0117d7e9ee34" member_type: VOTER last_known_addr { host: "127.0.107.196" port: 44871 } attrs { promote: false } } }
I20260710 13:18:07.484109  1611 raft_consensus.cc:2955] T d6ab415e42f84bf6b06abb1d881f9453 P e0aad4bbe6b0437abd3f6a137cb1dc49 [term 1 FOLLOWER]: Committing config change with OpId 1.4: config changed from index 3 to 4, VOTER 61cc06e2b4184fd68ada03fb53ae83e3 (127.0.107.193) evicted. New config: { opid_index: 4 OBSOLETE_local: false peers { permanent_uuid: "e0aad4bbe6b0437abd3f6a137cb1dc49" member_type: VOTER last_known_addr { host: "127.0.107.194" port: 46759 } } peers { permanent_uuid: "779b7ba9e9964412aac104bbd49c86e2" member_type: VOTER last_known_addr { host: "127.0.107.195" port: 46243 } } peers { permanent_uuid: "20d94f2b7479454b96fd0117d7e9ee34" member_type: VOTER last_known_addr { host: "127.0.107.196" port: 44871 } attrs { promote: false } } }
I20260710 13:18:07.491258  1426 catalog_manager.cc:5210] ChangeConfig:REMOVE_PEER RPC for tablet d6ab415e42f84bf6b06abb1d881f9453 with cas_config_opid_index 3: ChangeConfig:REMOVE_PEER succeeded (attempt 1)
I20260710 13:18:07.497267  1438 catalog_manager.cc:5697] T d6ab415e42f84bf6b06abb1d881f9453 P 779b7ba9e9964412aac104bbd49c86e2 reported cstate change: config changed from index 3 to 4, VOTER 61cc06e2b4184fd68ada03fb53ae83e3 (127.0.107.193) evicted. New cstate: current_term: 1 leader_uuid: "779b7ba9e9964412aac104bbd49c86e2" committed_config { opid_index: 4 OBSOLETE_local: false peers { permanent_uuid: "e0aad4bbe6b0437abd3f6a137cb1dc49" member_type: VOTER last_known_addr { host: "127.0.107.194" port: 46759 } health_report { overall_health: HEALTHY } } peers { permanent_uuid: "779b7ba9e9964412aac104bbd49c86e2" member_type: VOTER last_known_addr { host: "127.0.107.195" port: 46243 } health_report { overall_health: HEALTHY } } peers { permanent_uuid: "20d94f2b7479454b96fd0117d7e9ee34" member_type: VOTER last_known_addr { host: "127.0.107.196" port: 44871 } attrs { promote: false } health_report { overall_health: HEALTHY } } }
I20260710 13:18:07.497905  1965 raft_consensus.cc:2955] T d6ab415e42f84bf6b06abb1d881f9453 P 20d94f2b7479454b96fd0117d7e9ee34 [term 1 FOLLOWER]: Committing config change with OpId 1.4: config changed from index 3 to 4, VOTER 61cc06e2b4184fd68ada03fb53ae83e3 (127.0.107.193) evicted. New config: { opid_index: 4 OBSOLETE_local: false peers { permanent_uuid: "e0aad4bbe6b0437abd3f6a137cb1dc49" member_type: VOTER last_known_addr { host: "127.0.107.194" port: 46759 } } peers { permanent_uuid: "779b7ba9e9964412aac104bbd49c86e2" member_type: VOTER last_known_addr { host: "127.0.107.195" port: 46243 } } peers { permanent_uuid: "20d94f2b7479454b96fd0117d7e9ee34" member_type: VOTER last_known_addr { host: "127.0.107.196" port: 44871 } attrs { promote: false } } }
I20260710 13:18:07.515590  1525 tablet_service.cc:1558] Processing DeleteTablet for tablet d6ab415e42f84bf6b06abb1d881f9453 with delete_type TABLET_DATA_TOMBSTONED (TS 61cc06e2b4184fd68ada03fb53ae83e3 not found in new config with opid_index 4) from {username='slave'} at 127.0.0.1:47602
I20260710 13:18:07.526450  2329 tablet_replica.cc:333] T d6ab415e42f84bf6b06abb1d881f9453 P 61cc06e2b4184fd68ada03fb53ae83e3: stopping tablet replica
I20260710 13:18:07.528301  2329 raft_consensus.cc:2243] T d6ab415e42f84bf6b06abb1d881f9453 P 61cc06e2b4184fd68ada03fb53ae83e3 [term 1 FOLLOWER]: Raft consensus shutting down.
I20260710 13:18:07.529044  2329 raft_consensus.cc:2272] T d6ab415e42f84bf6b06abb1d881f9453 P 61cc06e2b4184fd68ada03fb53ae83e3 [term 1 FOLLOWER]: Raft consensus is shut down!
I20260710 13:18:07.531981  2329 ts_tablet_manager.cc:1916] T d6ab415e42f84bf6b06abb1d881f9453 P 61cc06e2b4184fd68ada03fb53ae83e3: Deleting tablet data with delete state TABLET_DATA_TOMBSTONED
I20260710 13:18:07.544545  2329 ts_tablet_manager.cc:1929] T d6ab415e42f84bf6b06abb1d881f9453 P 61cc06e2b4184fd68ada03fb53ae83e3: tablet deleted with delete type TABLET_DATA_TOMBSTONED: last-logged OpId 1.3
I20260710 13:18:07.544884  2329 log.cc:1199] T d6ab415e42f84bf6b06abb1d881f9453 P 61cc06e2b4184fd68ada03fb53ae83e3: Deleting WAL directory at /tmp/dist-test-task4S9IZQ/test-tmp/auto_leader_rebalancer-test.0.LeaderRebalancerTest.AddTserver.1783689443021769-431-0/minicluster-data/ts-0-root/wals/d6ab415e42f84bf6b06abb1d881f9453
I20260710 13:18:07.546656  1425 catalog_manager.cc:5028] TS 61cc06e2b4184fd68ada03fb53ae83e3 (127.0.107.193:36415): tablet d6ab415e42f84bf6b06abb1d881f9453 (table test-workload [id=a717bb92c67f4df7a851b721d77a0a81]) successfully deleted
I20260710 13:18:11.966116   431 auto_leader_rebalancer.cc:141] leader rebalance for table test-workload
I20260710 13:18:11.990911  1686 tablet_service.cc:2072] Received LeaderStepDown RPC: tablet_id: "12201f5662bc450b8091ee7ac850b3ff"
dest_uuid: "779b7ba9e9964412aac104bbd49c86e2"
mode: GRACEFUL
new_leader_uuid: "20d94f2b7479454b96fd0117d7e9ee34"
 from {username='slave'} at 127.0.0.1:50958
I20260710 13:18:11.991499  1686 raft_consensus.cc:606] T 12201f5662bc450b8091ee7ac850b3ff P 779b7ba9e9964412aac104bbd49c86e2 [term 1 LEADER]: Received request to transfer leadership to TS 20d94f2b7479454b96fd0117d7e9ee34
I20260710 13:18:11.994163  1686 tablet_service.cc:2072] Received LeaderStepDown RPC: tablet_id: "2270d09f45164f6a958c668f943b6a09"
dest_uuid: "779b7ba9e9964412aac104bbd49c86e2"
mode: GRACEFUL
new_leader_uuid: "20d94f2b7479454b96fd0117d7e9ee34"
 from {username='slave'} at 127.0.0.1:50958
