I20260710 13:16:38.222404  6040 consensus_queue.cc:260] T 426f8a4f3807440c88767817723a1b5e P ca253a8ad2a24f4682e143ae226668e6 [NON_LEADER]: Queue going to NON_LEADER mode. State: All replicated index: 0, Majority replicated index: 0, Committed index: 0, Last appended: 0.0, Last appended by leader: 0, Current term: 0, Majority size: -1, State: 0, Mode: NON_LEADER, active raft config: opid_index: -1 OBSOLETE_local: false peers { permanent_uuid: "8fef82e677b74d77850d1f4a1b490f16" member_type: VOTER last_known_addr { host: "127.5.147.193" port: 37231 } } peers { permanent_uuid: "d05877702f1d4e83b21232797af8e87e" member_type: VOTER last_known_addr { host: "127.5.147.194" port: 42755 } } peers { permanent_uuid: "ca253a8ad2a24f4682e143ae226668e6" member_type: VOTER last_known_addr { host: "127.5.147.195" port: 32905 } }
I20260710 13:16:38.227494  6038 ts_tablet_manager.cc:1434] T 7d46eeb5ac0c46c3b6274e633d6f942a P 8fef82e677b74d77850d1f4a1b490f16: Time spent starting tablet: real 0.034s	user 0.007s	sys 0.000s
I20260710 13:16:38.229192  6038 tablet_bootstrap.cc:492] T 6cc6ad6d87164d6f8cbbecff9f6fc4a1 P 8fef82e677b74d77850d1f4a1b490f16: Bootstrap starting.
I20260710 13:16:38.232000  6040 ts_tablet_manager.cc:1434] T 426f8a4f3807440c88767817723a1b5e P ca253a8ad2a24f4682e143ae226668e6: Time spent starting tablet: real 0.014s	user 0.010s	sys 0.005s
I20260710 13:16:38.232764  6020 heartbeater.cc:499] Master 127.5.147.254:44867 was elected leader, sending a full tablet report...
I20260710 13:16:38.237874  6040 tablet_bootstrap.cc:492] T 430c382846ee4997ae7748ea8cfb6954 P ca253a8ad2a24f4682e143ae226668e6: Bootstrap starting.
I20260710 13:16:38.241914  6038 tablet_bootstrap.cc:654] T 6cc6ad6d87164d6f8cbbecff9f6fc4a1 P 8fef82e677b74d77850d1f4a1b490f16: Neither blocks nor log segments found. Creating new log.
I20260710 13:16:38.245086  6040 tablet_bootstrap.cc:654] T 430c382846ee4997ae7748ea8cfb6954 P ca253a8ad2a24f4682e143ae226668e6: Neither blocks nor log segments found. Creating new log.
I20260710 13:16:38.257354  6040 tablet_bootstrap.cc:492] T 430c382846ee4997ae7748ea8cfb6954 P ca253a8ad2a24f4682e143ae226668e6: No bootstrap required, opened a new log
I20260710 13:16:38.257918  6040 ts_tablet_manager.cc:1403] T 430c382846ee4997ae7748ea8cfb6954 P ca253a8ad2a24f4682e143ae226668e6: Time spent bootstrapping tablet: real 0.020s	user 0.005s	sys 0.014s
I20260710 13:16:38.261021  6040 raft_consensus.cc:359] T 430c382846ee4997ae7748ea8cfb6954 P ca253a8ad2a24f4682e143ae226668e6 [term 0 FOLLOWER]: Replica starting. Triggering 0 pending ops. Active config: opid_index: -1 OBSOLETE_local: false peers { permanent_uuid: "8fef82e677b74d77850d1f4a1b490f16" member_type: VOTER last_known_addr { host: "127.5.147.193" port: 37231 } } peers { permanent_uuid: "d05877702f1d4e83b21232797af8e87e" member_type: VOTER last_known_addr { host: "127.5.147.194" port: 42755 } } peers { permanent_uuid: "ca253a8ad2a24f4682e143ae226668e6" member_type: VOTER last_known_addr { host: "127.5.147.195" port: 32905 } }
I20260710 13:16:38.261937  6040 raft_consensus.cc:385] T 430c382846ee4997ae7748ea8cfb6954 P ca253a8ad2a24f4682e143ae226668e6 [term 0 FOLLOWER]: Consensus starting up: Expiring failure detector timer to make a prompt election more likely
I20260710 13:16:38.262305  6040 raft_consensus.cc:740] T 430c382846ee4997ae7748ea8cfb6954 P ca253a8ad2a24f4682e143ae226668e6 [term 0 FOLLOWER]: Becoming Follower/Learner. State: Replica: ca253a8ad2a24f4682e143ae226668e6, State: Initialized, Role: FOLLOWER
I20260710 13:16:38.263196  6040 consensus_queue.cc:260] T 430c382846ee4997ae7748ea8cfb6954 P ca253a8ad2a24f4682e143ae226668e6 [NON_LEADER]: Queue going to NON_LEADER mode. State: All replicated index: 0, Majority replicated index: 0, Committed index: 0, Last appended: 0.0, Last appended by leader: 0, Current term: 0, Majority size: -1, State: 0, Mode: NON_LEADER, active raft config: opid_index: -1 OBSOLETE_local: false peers { permanent_uuid: "8fef82e677b74d77850d1f4a1b490f16" member_type: VOTER last_known_addr { host: "127.5.147.193" port: 37231 } } peers { permanent_uuid: "d05877702f1d4e83b21232797af8e87e" member_type: VOTER last_known_addr { host: "127.5.147.194" port: 42755 } } peers { permanent_uuid: "ca253a8ad2a24f4682e143ae226668e6" member_type: VOTER last_known_addr { host: "127.5.147.195" port: 32905 } }
I20260710 13:16:38.264816  6039 ts_tablet_manager.cc:1434] T 654ee9503c764c34b712c9ea1b179b0b P d05877702f1d4e83b21232797af8e87e: Time spent starting tablet: real 0.065s	user 0.018s	sys 0.040s
I20260710 13:16:38.265614  5946 heartbeater.cc:499] Master 127.5.147.254:44867 was elected leader, sending a full tablet report...
I20260710 13:16:38.266131  6039 tablet_bootstrap.cc:492] T 430c382846ee4997ae7748ea8cfb6954 P d05877702f1d4e83b21232797af8e87e: Bootstrap starting.
I20260710 13:16:38.266264  6040 ts_tablet_manager.cc:1434] T 430c382846ee4997ae7748ea8cfb6954 P ca253a8ad2a24f4682e143ae226668e6: Time spent starting tablet: real 0.008s	user 0.006s	sys 0.000s
I20260710 13:16:38.267328  6040 tablet_bootstrap.cc:492] T e9ac04b194164f3d9bb95778bfc05ee3 P ca253a8ad2a24f4682e143ae226668e6: Bootstrap starting.
I20260710 13:16:38.273077  6039 tablet_bootstrap.cc:654] T 430c382846ee4997ae7748ea8cfb6954 P d05877702f1d4e83b21232797af8e87e: Neither blocks nor log segments found. Creating new log.
I20260710 13:16:38.273819  6040 tablet_bootstrap.cc:654] T e9ac04b194164f3d9bb95778bfc05ee3 P ca253a8ad2a24f4682e143ae226668e6: Neither blocks nor log segments found. Creating new log.
I20260710 13:16:38.279285  6038 tablet_bootstrap.cc:492] T 6cc6ad6d87164d6f8cbbecff9f6fc4a1 P 8fef82e677b74d77850d1f4a1b490f16: No bootstrap required, opened a new log
I20260710 13:16:38.279891  6038 ts_tablet_manager.cc:1403] T 6cc6ad6d87164d6f8cbbecff9f6fc4a1 P 8fef82e677b74d77850d1f4a1b490f16: Time spent bootstrapping tablet: real 0.051s	user 0.009s	sys 0.004s
I20260710 13:16:38.283529  6038 raft_consensus.cc:359] T 6cc6ad6d87164d6f8cbbecff9f6fc4a1 P 8fef82e677b74d77850d1f4a1b490f16 [term 0 FOLLOWER]: Replica starting. Triggering 0 pending ops. Active config: opid_index: -1 OBSOLETE_local: false peers { permanent_uuid: "8fef82e677b74d77850d1f4a1b490f16" member_type: VOTER last_known_addr { host: "127.5.147.193" port: 37231 } } peers { permanent_uuid: "d05877702f1d4e83b21232797af8e87e" member_type: VOTER last_known_addr { host: "127.5.147.194" port: 42755 } } peers { permanent_uuid: "ca253a8ad2a24f4682e143ae226668e6" member_type: VOTER last_known_addr { host: "127.5.147.195" port: 32905 } }
I20260710 13:16:38.284284  6038 raft_consensus.cc:385] T 6cc6ad6d87164d6f8cbbecff9f6fc4a1 P 8fef82e677b74d77850d1f4a1b490f16 [term 0 FOLLOWER]: Consensus starting up: Expiring failure detector timer to make a prompt election more likely
I20260710 13:16:38.284578  6038 raft_consensus.cc:740] T 6cc6ad6d87164d6f8cbbecff9f6fc4a1 P 8fef82e677b74d77850d1f4a1b490f16 [term 0 FOLLOWER]: Becoming Follower/Learner. State: Replica: 8fef82e677b74d77850d1f4a1b490f16, State: Initialized, Role: FOLLOWER
I20260710 13:16:38.285291  6038 consensus_queue.cc:260] T 6cc6ad6d87164d6f8cbbecff9f6fc4a1 P 8fef82e677b74d77850d1f4a1b490f16 [NON_LEADER]: Queue going to NON_LEADER mode. State: All replicated index: 0, Majority replicated index: 0, Committed index: 0, Last appended: 0.0, Last appended by leader: 0, Current term: 0, Majority size: -1, State: 0, Mode: NON_LEADER, active raft config: opid_index: -1 OBSOLETE_local: false peers { permanent_uuid: "8fef82e677b74d77850d1f4a1b490f16" member_type: VOTER last_known_addr { host: "127.5.147.193" port: 37231 } } peers { permanent_uuid: "d05877702f1d4e83b21232797af8e87e" member_type: VOTER last_known_addr { host: "127.5.147.194" port: 42755 } } peers { permanent_uuid: "ca253a8ad2a24f4682e143ae226668e6" member_type: VOTER last_known_addr { host: "127.5.147.195" port: 32905 } }
I20260710 13:16:38.288668  6038 ts_tablet_manager.cc:1434] T 6cc6ad6d87164d6f8cbbecff9f6fc4a1 P 8fef82e677b74d77850d1f4a1b490f16: Time spent starting tablet: real 0.008s	user 0.008s	sys 0.000s
I20260710 13:16:38.289705  6038 tablet_bootstrap.cc:492] T fa4579f5e8ef46db9d7189e1cbe9869b P 8fef82e677b74d77850d1f4a1b490f16: Bootstrap starting.
I20260710 13:16:38.293730  6039 tablet_bootstrap.cc:492] T 430c382846ee4997ae7748ea8cfb6954 P d05877702f1d4e83b21232797af8e87e: No bootstrap required, opened a new log
I20260710 13:16:38.294286  6039 ts_tablet_manager.cc:1403] T 430c382846ee4997ae7748ea8cfb6954 P d05877702f1d4e83b21232797af8e87e: Time spent bootstrapping tablet: real 0.028s	user 0.007s	sys 0.014s
I20260710 13:16:38.301235  6039 raft_consensus.cc:359] T 430c382846ee4997ae7748ea8cfb6954 P d05877702f1d4e83b21232797af8e87e [term 0 FOLLOWER]: Replica starting. Triggering 0 pending ops. Active config: opid_index: -1 OBSOLETE_local: false peers { permanent_uuid: "8fef82e677b74d77850d1f4a1b490f16" member_type: VOTER last_known_addr { host: "127.5.147.193" port: 37231 } } peers { permanent_uuid: "d05877702f1d4e83b21232797af8e87e" member_type: VOTER last_known_addr { host: "127.5.147.194" port: 42755 } } peers { permanent_uuid: "ca253a8ad2a24f4682e143ae226668e6" member_type: VOTER last_known_addr { host: "127.5.147.195" port: 32905 } }
I20260710 13:16:38.302054  6038 tablet_bootstrap.cc:654] T fa4579f5e8ef46db9d7189e1cbe9869b P 8fef82e677b74d77850d1f4a1b490f16: Neither blocks nor log segments found. Creating new log.
I20260710 13:16:38.302126  6039 raft_consensus.cc:385] T 430c382846ee4997ae7748ea8cfb6954 P d05877702f1d4e83b21232797af8e87e [term 0 FOLLOWER]: Consensus starting up: Expiring failure detector timer to make a prompt election more likely
I20260710 13:16:38.302740  6039 raft_consensus.cc:740] T 430c382846ee4997ae7748ea8cfb6954 P d05877702f1d4e83b21232797af8e87e [term 0 FOLLOWER]: Becoming Follower/Learner. State: Replica: d05877702f1d4e83b21232797af8e87e, State: Initialized, Role: FOLLOWER
I20260710 13:16:38.298308  6040 tablet_bootstrap.cc:492] T e9ac04b194164f3d9bb95778bfc05ee3 P ca253a8ad2a24f4682e143ae226668e6: No bootstrap required, opened a new log
I20260710 13:16:38.303795  6040 ts_tablet_manager.cc:1403] T e9ac04b194164f3d9bb95778bfc05ee3 P ca253a8ad2a24f4682e143ae226668e6: Time spent bootstrapping tablet: real 0.037s	user 0.003s	sys 0.014s
I20260710 13:16:38.303855  6039 consensus_queue.cc:260] T 430c382846ee4997ae7748ea8cfb6954 P d05877702f1d4e83b21232797af8e87e [NON_LEADER]: Queue going to NON_LEADER mode. State: All replicated index: 0, Majority replicated index: 0, Committed index: 0, Last appended: 0.0, Last appended by leader: 0, Current term: 0, Majority size: -1, State: 0, Mode: NON_LEADER, active raft config: opid_index: -1 OBSOLETE_local: false peers { permanent_uuid: "8fef82e677b74d77850d1f4a1b490f16" member_type: VOTER last_known_addr { host: "127.5.147.193" port: 37231 } } peers { permanent_uuid: "d05877702f1d4e83b21232797af8e87e" member_type: VOTER last_known_addr { host: "127.5.147.194" port: 42755 } } peers { permanent_uuid: "ca253a8ad2a24f4682e143ae226668e6" member_type: VOTER last_known_addr { host: "127.5.147.195" port: 32905 } }
W20260710 13:16:38.306032  5872 tablet.cc:2406] T 6cc6ad6d87164d6f8cbbecff9f6fc4a1 P 8fef82e677b74d77850d1f4a1b490f16: Can't schedule compaction. Clean time has not been advanced past its initial value.
I20260710 13:16:38.306851  6039 ts_tablet_manager.cc:1434] T 430c382846ee4997ae7748ea8cfb6954 P d05877702f1d4e83b21232797af8e87e: Time spent starting tablet: real 0.012s	user 0.005s	sys 0.003s
I20260710 13:16:38.308486  6039 tablet_bootstrap.cc:492] T 7d46eeb5ac0c46c3b6274e633d6f942a P d05877702f1d4e83b21232797af8e87e: Bootstrap starting.
I20260710 13:16:38.308187  6040 raft_consensus.cc:359] T e9ac04b194164f3d9bb95778bfc05ee3 P ca253a8ad2a24f4682e143ae226668e6 [term 0 FOLLOWER]: Replica starting. Triggering 0 pending ops. Active config: opid_index: -1 OBSOLETE_local: false peers { permanent_uuid: "8fef82e677b74d77850d1f4a1b490f16" member_type: VOTER last_known_addr { host: "127.5.147.193" port: 37231 } } peers { permanent_uuid: "d05877702f1d4e83b21232797af8e87e" member_type: VOTER last_known_addr { host: "127.5.147.194" port: 42755 } } peers { permanent_uuid: "ca253a8ad2a24f4682e143ae226668e6" member_type: VOTER last_known_addr { host: "127.5.147.195" port: 32905 } }
I20260710 13:16:38.309000  6040 raft_consensus.cc:385] T e9ac04b194164f3d9bb95778bfc05ee3 P ca253a8ad2a24f4682e143ae226668e6 [term 0 FOLLOWER]: Consensus starting up: Expiring failure detector timer to make a prompt election more likely
I20260710 13:16:38.309324  6040 raft_consensus.cc:740] T e9ac04b194164f3d9bb95778bfc05ee3 P ca253a8ad2a24f4682e143ae226668e6 [term 0 FOLLOWER]: Becoming Follower/Learner. State: Replica: ca253a8ad2a24f4682e143ae226668e6, State: Initialized, Role: FOLLOWER
I20260710 13:16:38.310096  6040 consensus_queue.cc:260] T e9ac04b194164f3d9bb95778bfc05ee3 P ca253a8ad2a24f4682e143ae226668e6 [NON_LEADER]: Queue going to NON_LEADER mode. State: All replicated index: 0, Majority replicated index: 0, Committed index: 0, Last appended: 0.0, Last appended by leader: 0, Current term: 0, Majority size: -1, State: 0, Mode: NON_LEADER, active raft config: opid_index: -1 OBSOLETE_local: false peers { permanent_uuid: "8fef82e677b74d77850d1f4a1b490f16" member_type: VOTER last_known_addr { host: "127.5.147.193" port: 37231 } } peers { permanent_uuid: "d05877702f1d4e83b21232797af8e87e" member_type: VOTER last_known_addr { host: "127.5.147.194" port: 42755 } } peers { permanent_uuid: "ca253a8ad2a24f4682e143ae226668e6" member_type: VOTER last_known_addr { host: "127.5.147.195" port: 32905 } }
I20260710 13:16:38.312577  6040 ts_tablet_manager.cc:1434] T e9ac04b194164f3d9bb95778bfc05ee3 P ca253a8ad2a24f4682e143ae226668e6: Time spent starting tablet: real 0.008s	user 0.006s	sys 0.000s
I20260710 13:16:38.313524  6040 tablet_bootstrap.cc:492] T 4428c603f0da4736aaa443fb57b7ca40 P ca253a8ad2a24f4682e143ae226668e6: Bootstrap starting.
I20260710 13:16:38.316174  6039 tablet_bootstrap.cc:654] T 7d46eeb5ac0c46c3b6274e633d6f942a P d05877702f1d4e83b21232797af8e87e: Neither blocks nor log segments found. Creating new log.
I20260710 13:16:38.320358  6038 tablet_bootstrap.cc:492] T fa4579f5e8ef46db9d7189e1cbe9869b P 8fef82e677b74d77850d1f4a1b490f16: No bootstrap required, opened a new log
I20260710 13:16:38.320833  6038 ts_tablet_manager.cc:1403] T fa4579f5e8ef46db9d7189e1cbe9869b P 8fef82e677b74d77850d1f4a1b490f16: Time spent bootstrapping tablet: real 0.031s	user 0.011s	sys 0.000s
I20260710 13:16:38.321103  6043 raft_consensus.cc:493] T 6cc6ad6d87164d6f8cbbecff9f6fc4a1 P 8fef82e677b74d77850d1f4a1b490f16 [term 0 FOLLOWER]: Starting pre-election (no leader contacted us within the election timeout)
I20260710 13:16:38.321576  6043 raft_consensus.cc:515] T 6cc6ad6d87164d6f8cbbecff9f6fc4a1 P 8fef82e677b74d77850d1f4a1b490f16 [term 0 FOLLOWER]: Starting pre-election with config: opid_index: -1 OBSOLETE_local: false peers { permanent_uuid: "8fef82e677b74d77850d1f4a1b490f16" member_type: VOTER last_known_addr { host: "127.5.147.193" port: 37231 } } peers { permanent_uuid: "d05877702f1d4e83b21232797af8e87e" member_type: VOTER last_known_addr { host: "127.5.147.194" port: 42755 } } peers { permanent_uuid: "ca253a8ad2a24f4682e143ae226668e6" member_type: VOTER last_known_addr { host: "127.5.147.195" port: 32905 } }
I20260710 13:16:38.324621  6043 leader_election.cc:290] T 6cc6ad6d87164d6f8cbbecff9f6fc4a1 P 8fef82e677b74d77850d1f4a1b490f16 [CANDIDATE]: Term 1 pre-election: Requested pre-vote from peers d05877702f1d4e83b21232797af8e87e (127.5.147.194:42755), ca253a8ad2a24f4682e143ae226668e6 (127.5.147.195:32905)
I20260710 13:16:38.323745  6038 raft_consensus.cc:359] T fa4579f5e8ef46db9d7189e1cbe9869b P 8fef82e677b74d77850d1f4a1b490f16 [term 0 FOLLOWER]: Replica starting. Triggering 0 pending ops. Active config: opid_index: -1 OBSOLETE_local: false peers { permanent_uuid: "8fef82e677b74d77850d1f4a1b490f16" member_type: VOTER last_known_addr { host: "127.5.147.193" port: 37231 } } peers { permanent_uuid: "d05877702f1d4e83b21232797af8e87e" member_type: VOTER last_known_addr { host: "127.5.147.194" port: 42755 } } peers { permanent_uuid: "ca253a8ad2a24f4682e143ae226668e6" member_type: VOTER last_known_addr { host: "127.5.147.195" port: 32905 } }
I20260710 13:16:38.330785  6038 raft_consensus.cc:385] T fa4579f5e8ef46db9d7189e1cbe9869b P 8fef82e677b74d77850d1f4a1b490f16 [term 0 FOLLOWER]: Consensus starting up: Expiring failure detector timer to make a prompt election more likely
I20260710 13:16:38.332473  6038 raft_consensus.cc:740] T fa4579f5e8ef46db9d7189e1cbe9869b P 8fef82e677b74d77850d1f4a1b490f16 [term 0 FOLLOWER]: Becoming Follower/Learner. State: Replica: 8fef82e677b74d77850d1f4a1b490f16, State: Initialized, Role: FOLLOWER
I20260710 13:16:38.333304  6038 consensus_queue.cc:260] T fa4579f5e8ef46db9d7189e1cbe9869b P 8fef82e677b74d77850d1f4a1b490f16 [NON_LEADER]: Queue going to NON_LEADER mode. State: All replicated index: 0, Majority replicated index: 0, Committed index: 0, Last appended: 0.0, Last appended by leader: 0, Current term: 0, Majority size: -1, State: 0, Mode: NON_LEADER, active raft config: opid_index: -1 OBSOLETE_local: false peers { permanent_uuid: "8fef82e677b74d77850d1f4a1b490f16" member_type: VOTER last_known_addr { host: "127.5.147.193" port: 37231 } } peers { permanent_uuid: "d05877702f1d4e83b21232797af8e87e" member_type: VOTER last_known_addr { host: "127.5.147.194" port: 42755 } } peers { permanent_uuid: "ca253a8ad2a24f4682e143ae226668e6" member_type: VOTER last_known_addr { host: "127.5.147.195" port: 32905 } }
I20260710 13:16:38.335510  6038 ts_tablet_manager.cc:1434] T fa4579f5e8ef46db9d7189e1cbe9869b P 8fef82e677b74d77850d1f4a1b490f16: Time spent starting tablet: real 0.014s	user 0.008s	sys 0.000s
I20260710 13:16:38.336473  6038 tablet_bootstrap.cc:492] T 4428c603f0da4736aaa443fb57b7ca40 P 8fef82e677b74d77850d1f4a1b490f16: Bootstrap starting.
I20260710 13:16:38.340616  6046 raft_consensus.cc:493] T e9ac04b194164f3d9bb95778bfc05ee3 P ca253a8ad2a24f4682e143ae226668e6 [term 0 FOLLOWER]: Starting pre-election (no leader contacted us within the election timeout)
I20260710 13:16:38.341257  6046 raft_consensus.cc:515] T e9ac04b194164f3d9bb95778bfc05ee3 P ca253a8ad2a24f4682e143ae226668e6 [term 0 FOLLOWER]: Starting pre-election with config: opid_index: -1 OBSOLETE_local: false peers { permanent_uuid: "8fef82e677b74d77850d1f4a1b490f16" member_type: VOTER last_known_addr { host: "127.5.147.193" port: 37231 } } peers { permanent_uuid: "d05877702f1d4e83b21232797af8e87e" member_type: VOTER last_known_addr { host: "127.5.147.194" port: 42755 } } peers { permanent_uuid: "ca253a8ad2a24f4682e143ae226668e6" member_type: VOTER last_known_addr { host: "127.5.147.195" port: 32905 } }
I20260710 13:16:38.354313  6038 tablet_bootstrap.cc:654] T 4428c603f0da4736aaa443fb57b7ca40 P 8fef82e677b74d77850d1f4a1b490f16: Neither blocks nor log segments found. Creating new log.
I20260710 13:16:38.356294  6046 leader_election.cc:290] T e9ac04b194164f3d9bb95778bfc05ee3 P ca253a8ad2a24f4682e143ae226668e6 [CANDIDATE]: Term 1 pre-election: Requested pre-vote from peers 8fef82e677b74d77850d1f4a1b490f16 (127.5.147.193:37231), d05877702f1d4e83b21232797af8e87e (127.5.147.194:42755)
I20260710 13:16:38.378304  6038 tablet_bootstrap.cc:492] T 4428c603f0da4736aaa443fb57b7ca40 P 8fef82e677b74d77850d1f4a1b490f16: No bootstrap required, opened a new log
I20260710 13:16:38.378829  6038 ts_tablet_manager.cc:1403] T 4428c603f0da4736aaa443fb57b7ca40 P 8fef82e677b74d77850d1f4a1b490f16: Time spent bootstrapping tablet: real 0.043s	user 0.015s	sys 0.007s
I20260710 13:16:38.380671  5995 tablet_service.cc:1917] Received RequestConsensusVote() RPC: tablet_id: "6cc6ad6d87164d6f8cbbecff9f6fc4a1" candidate_uuid: "8fef82e677b74d77850d1f4a1b490f16" candidate_term: 1 candidate_status { last_received { term: 0 index: 0 } } ignore_live_leader: false dest_uuid: "ca253a8ad2a24f4682e143ae226668e6" is_pre_election: true
I20260710 13:16:38.381783  6040 tablet_bootstrap.cc:654] T 4428c603f0da4736aaa443fb57b7ca40 P ca253a8ad2a24f4682e143ae226668e6: Neither blocks nor log segments found. Creating new log.
W20260710 13:16:38.383486  5811 leader_election.cc:343] T 6cc6ad6d87164d6f8cbbecff9f6fc4a1 P 8fef82e677b74d77850d1f4a1b490f16 [CANDIDATE]: Term 1 pre-election: Tablet error from VoteRequest() call to peer ca253a8ad2a24f4682e143ae226668e6 (127.5.147.195:32905): Illegal state: must be running to vote when last-logged opid is not known
I20260710 13:16:38.389878  6038 raft_consensus.cc:359] T 4428c603f0da4736aaa443fb57b7ca40 P 8fef82e677b74d77850d1f4a1b490f16 [term 0 FOLLOWER]: Replica starting. Triggering 0 pending ops. Active config: opid_index: -1 OBSOLETE_local: false peers { permanent_uuid: "8fef82e677b74d77850d1f4a1b490f16" member_type: VOTER last_known_addr { host: "127.5.147.193" port: 37231 } } peers { permanent_uuid: "d05877702f1d4e83b21232797af8e87e" member_type: VOTER last_known_addr { host: "127.5.147.194" port: 42755 } } peers { permanent_uuid: "ca253a8ad2a24f4682e143ae226668e6" member_type: VOTER last_known_addr { host: "127.5.147.195" port: 32905 } }
I20260710 13:16:38.390928  6038 raft_consensus.cc:385] T 4428c603f0da4736aaa443fb57b7ca40 P 8fef82e677b74d77850d1f4a1b490f16 [term 0 FOLLOWER]: Consensus starting up: Expiring failure detector timer to make a prompt election more likely
I20260710 13:16:38.391249  6038 raft_consensus.cc:740] T 4428c603f0da4736aaa443fb57b7ca40 P 8fef82e677b74d77850d1f4a1b490f16 [term 0 FOLLOWER]: Becoming Follower/Learner. State: Replica: 8fef82e677b74d77850d1f4a1b490f16, State: Initialized, Role: FOLLOWER
I20260710 13:16:38.391810  5921 tablet_service.cc:1917] Received RequestConsensusVote() RPC: tablet_id: "6cc6ad6d87164d6f8cbbecff9f6fc4a1" candidate_uuid: "8fef82e677b74d77850d1f4a1b490f16" candidate_term: 1 candidate_status { last_received { term: 0 index: 0 } } ignore_live_leader: false dest_uuid: "d05877702f1d4e83b21232797af8e87e" is_pre_election: true
I20260710 13:16:38.393507  6046 raft_consensus.cc:493] T 430c382846ee4997ae7748ea8cfb6954 P ca253a8ad2a24f4682e143ae226668e6 [term 0 FOLLOWER]: Starting pre-election (no leader contacted us within the election timeout)
I20260710 13:16:38.393987  6046 raft_consensus.cc:515] T 430c382846ee4997ae7748ea8cfb6954 P ca253a8ad2a24f4682e143ae226668e6 [term 0 FOLLOWER]: Starting pre-election with config: opid_index: -1 OBSOLETE_local: false peers { permanent_uuid: "8fef82e677b74d77850d1f4a1b490f16" member_type: VOTER last_known_addr { host: "127.5.147.193" port: 37231 } } peers { permanent_uuid: "d05877702f1d4e83b21232797af8e87e" member_type: VOTER last_known_addr { host: "127.5.147.194" port: 42755 } } peers { permanent_uuid: "ca253a8ad2a24f4682e143ae226668e6" member_type: VOTER last_known_addr { host: "127.5.147.195" port: 32905 } }
I20260710 13:16:38.396157  6046 leader_election.cc:290] T 430c382846ee4997ae7748ea8cfb6954 P ca253a8ad2a24f4682e143ae226668e6 [CANDIDATE]: Term 1 pre-election: Requested pre-vote from peers 8fef82e677b74d77850d1f4a1b490f16 (127.5.147.193:37231), d05877702f1d4e83b21232797af8e87e (127.5.147.194:42755)
I20260710 13:16:38.392470  6038 consensus_queue.cc:260] T 4428c603f0da4736aaa443fb57b7ca40 P 8fef82e677b74d77850d1f4a1b490f16 [NON_LEADER]: Queue going to NON_LEADER mode. State: All replicated index: 0, Majority replicated index: 0, Committed index: 0, Last appended: 0.0, Last appended by leader: 0, Current term: 0, Majority size: -1, State: 0, Mode: NON_LEADER, active raft config: opid_index: -1 OBSOLETE_local: false peers { permanent_uuid: "8fef82e677b74d77850d1f4a1b490f16" member_type: VOTER last_known_addr { host: "127.5.147.193" port: 37231 } } peers { permanent_uuid: "d05877702f1d4e83b21232797af8e87e" member_type: VOTER last_known_addr { host: "127.5.147.194" port: 42755 } } peers { permanent_uuid: "ca253a8ad2a24f4682e143ae226668e6" member_type: VOTER last_known_addr { host: "127.5.147.195" port: 32905 } }
W20260710 13:16:38.396910  5811 leader_election.cc:343] T 6cc6ad6d87164d6f8cbbecff9f6fc4a1 P 8fef82e677b74d77850d1f4a1b490f16 [CANDIDATE]: Term 1 pre-election: Tablet error from VoteRequest() call to peer d05877702f1d4e83b21232797af8e87e (127.5.147.194:42755): Illegal state: must be running to vote when last-logged opid is not known
I20260710 13:16:38.397367  5811 leader_election.cc:304] T 6cc6ad6d87164d6f8cbbecff9f6fc4a1 P 8fef82e677b74d77850d1f4a1b490f16 [CANDIDATE]: Term 1 pre-election: Election decided. Result: candidate lost. Election summary: received 3 responses out of 3 voters: 1 yes votes; 2 no votes. yes voters: 8fef82e677b74d77850d1f4a1b490f16; no voters: ca253a8ad2a24f4682e143ae226668e6, d05877702f1d4e83b21232797af8e87e
I20260710 13:16:38.398566  6039 tablet_bootstrap.cc:492] T 7d46eeb5ac0c46c3b6274e633d6f942a P d05877702f1d4e83b21232797af8e87e: No bootstrap required, opened a new log
I20260710 13:16:38.398769  6043 raft_consensus.cc:2749] T 6cc6ad6d87164d6f8cbbecff9f6fc4a1 P 8fef82e677b74d77850d1f4a1b490f16 [term 0 FOLLOWER]: Leader pre-election lost for term 1. Reason: could not achieve majority
I20260710 13:16:38.399046  6039 ts_tablet_manager.cc:1403] T 7d46eeb5ac0c46c3b6274e633d6f942a P d05877702f1d4e83b21232797af8e87e: Time spent bootstrapping tablet: real 0.091s	user 0.020s	sys 0.025s
I20260710 13:16:38.399633  6038 ts_tablet_manager.cc:1434] T 4428c603f0da4736aaa443fb57b7ca40 P 8fef82e677b74d77850d1f4a1b490f16: Time spent starting tablet: real 0.020s	user 0.008s	sys 0.000s
I20260710 13:16:38.402606  6038 tablet_bootstrap.cc:492] T 654ee9503c764c34b712c9ea1b179b0b P 8fef82e677b74d77850d1f4a1b490f16: Bootstrap starting.
I20260710 13:16:38.410809  6038 tablet_bootstrap.cc:654] T 654ee9503c764c34b712c9ea1b179b0b P 8fef82e677b74d77850d1f4a1b490f16: Neither blocks nor log segments found. Creating new log.
I20260710 13:16:38.411386  6039 raft_consensus.cc:359] T 7d46eeb5ac0c46c3b6274e633d6f942a P d05877702f1d4e83b21232797af8e87e [term 0 FOLLOWER]: Replica starting. Triggering 0 pending ops. Active config: opid_index: -1 OBSOLETE_local: false peers { permanent_uuid: "8fef82e677b74d77850d1f4a1b490f16" member_type: VOTER last_known_addr { host: "127.5.147.193" port: 37231 } } peers { permanent_uuid: "d05877702f1d4e83b21232797af8e87e" member_type: VOTER last_known_addr { host: "127.5.147.194" port: 42755 } } peers { permanent_uuid: "ca253a8ad2a24f4682e143ae226668e6" member_type: VOTER last_known_addr { host: "127.5.147.195" port: 32905 } }
I20260710 13:16:38.412166  6039 raft_consensus.cc:385] T 7d46eeb5ac0c46c3b6274e633d6f942a P d05877702f1d4e83b21232797af8e87e [term 0 FOLLOWER]: Consensus starting up: Expiring failure detector timer to make a prompt election more likely
I20260710 13:16:38.412467  6039 raft_consensus.cc:740] T 7d46eeb5ac0c46c3b6274e633d6f942a P d05877702f1d4e83b21232797af8e87e [term 0 FOLLOWER]: Becoming Follower/Learner. State: Replica: d05877702f1d4e83b21232797af8e87e, State: Initialized, Role: FOLLOWER
I20260710 13:16:38.415025  6039 consensus_queue.cc:260] T 7d46eeb5ac0c46c3b6274e633d6f942a P d05877702f1d4e83b21232797af8e87e [NON_LEADER]: Queue going to NON_LEADER mode. State: All replicated index: 0, Majority replicated index: 0, Committed index: 0, Last appended: 0.0, Last appended by leader: 0, Current term: 0, Majority size: -1, State: 0, Mode: NON_LEADER, active raft config: opid_index: -1 OBSOLETE_local: false peers { permanent_uuid: "8fef82e677b74d77850d1f4a1b490f16" member_type: VOTER last_known_addr { host: "127.5.147.193" port: 37231 } } peers { permanent_uuid: "d05877702f1d4e83b21232797af8e87e" member_type: VOTER last_known_addr { host: "127.5.147.194" port: 42755 } } peers { permanent_uuid: "ca253a8ad2a24f4682e143ae226668e6" member_type: VOTER last_known_addr { host: "127.5.147.195" port: 32905 } }
I20260710 13:16:38.424764  6040 tablet_bootstrap.cc:492] T 4428c603f0da4736aaa443fb57b7ca40 P ca253a8ad2a24f4682e143ae226668e6: No bootstrap required, opened a new log
I20260710 13:16:38.428212  6040 ts_tablet_manager.cc:1403] T 4428c603f0da4736aaa443fb57b7ca40 P ca253a8ad2a24f4682e143ae226668e6: Time spent bootstrapping tablet: real 0.115s	user 0.016s	sys 0.009s
I20260710 13:16:38.424321  6039 ts_tablet_manager.cc:1434] T 7d46eeb5ac0c46c3b6274e633d6f942a P d05877702f1d4e83b21232797af8e87e: Time spent starting tablet: real 0.023s	user 0.008s	sys 0.000s
I20260710 13:16:38.431353  5846 tablet_service.cc:1917] Received RequestConsensusVote() RPC: tablet_id: "e9ac04b194164f3d9bb95778bfc05ee3" candidate_uuid: "ca253a8ad2a24f4682e143ae226668e6" candidate_term: 1 candidate_status { last_received { term: 0 index: 0 } } ignore_live_leader: false dest_uuid: "8fef82e677b74d77850d1f4a1b490f16" is_pre_election: true
I20260710 13:16:38.432736  6039 tablet_bootstrap.cc:492] T 4428c603f0da4736aaa443fb57b7ca40 P d05877702f1d4e83b21232797af8e87e: Bootstrap starting.
I20260710 13:16:38.432418  5845 tablet_service.cc:1917] Received RequestConsensusVote() RPC: tablet_id: "430c382846ee4997ae7748ea8cfb6954" candidate_uuid: "ca253a8ad2a24f4682e143ae226668e6" candidate_term: 1 candidate_status { last_received { term: 0 index: 0 } } ignore_live_leader: false dest_uuid: "8fef82e677b74d77850d1f4a1b490f16" is_pre_election: true
I20260710 13:16:38.434463  6038 tablet_bootstrap.cc:492] T 654ee9503c764c34b712c9ea1b179b0b P 8fef82e677b74d77850d1f4a1b490f16: No bootstrap required, opened a new log
I20260710 13:16:38.434585  6046 raft_consensus.cc:493] T 426f8a4f3807440c88767817723a1b5e P ca253a8ad2a24f4682e143ae226668e6 [term 0 FOLLOWER]: Starting pre-election (no leader contacted us within the election timeout)
W20260710 13:16:38.435209  5958 leader_election.cc:343] T 430c382846ee4997ae7748ea8cfb6954 P ca253a8ad2a24f4682e143ae226668e6 [CANDIDATE]: Term 1 pre-election: Tablet error from VoteRequest() call to peer 8fef82e677b74d77850d1f4a1b490f16 (127.5.147.193:37231): Illegal state: must be running to vote when last-logged opid is not known
I20260710 13:16:38.435155  6046 raft_consensus.cc:515] T 426f8a4f3807440c88767817723a1b5e P ca253a8ad2a24f4682e143ae226668e6 [term 0 FOLLOWER]: Starting pre-election with config: opid_index: -1 OBSOLETE_local: false peers { permanent_uuid: "8fef82e677b74d77850d1f4a1b490f16" member_type: VOTER last_known_addr { host: "127.5.147.193" port: 37231 } } peers { permanent_uuid: "d05877702f1d4e83b21232797af8e87e" member_type: VOTER last_known_addr { host: "127.5.147.194" port: 42755 } } peers { permanent_uuid: "ca253a8ad2a24f4682e143ae226668e6" member_type: VOTER last_known_addr { host: "127.5.147.195" port: 32905 } }
W20260710 13:16:38.436015  5958 leader_election.cc:343] T e9ac04b194164f3d9bb95778bfc05ee3 P ca253a8ad2a24f4682e143ae226668e6 [CANDIDATE]: Term 1 pre-election: Tablet error from VoteRequest() call to peer 8fef82e677b74d77850d1f4a1b490f16 (127.5.147.193:37231): Illegal state: must be running to vote when last-logged opid is not known
I20260710 13:16:38.435995  6040 raft_consensus.cc:359] T 4428c603f0da4736aaa443fb57b7ca40 P ca253a8ad2a24f4682e143ae226668e6 [term 0 FOLLOWER]: Replica starting. Triggering 0 pending ops. Active config: opid_index: -1 OBSOLETE_local: false peers { permanent_uuid: "8fef82e677b74d77850d1f4a1b490f16" member_type: VOTER last_known_addr { host: "127.5.147.193" port: 37231 } } peers { permanent_uuid: "d05877702f1d4e83b21232797af8e87e" member_type: VOTER last_known_addr { host: "127.5.147.194" port: 42755 } } peers { permanent_uuid: "ca253a8ad2a24f4682e143ae226668e6" member_type: VOTER last_known_addr { host: "127.5.147.195" port: 32905 } }
I20260710 13:16:38.436964  6040 raft_consensus.cc:385] T 4428c603f0da4736aaa443fb57b7ca40 P ca253a8ad2a24f4682e143ae226668e6 [term 0 FOLLOWER]: Consensus starting up: Expiring failure detector timer to make a prompt election more likely
I20260710 13:16:38.437280  6046 leader_election.cc:290] T 426f8a4f3807440c88767817723a1b5e P ca253a8ad2a24f4682e143ae226668e6 [CANDIDATE]: Term 1 pre-election: Requested pre-vote from peers 8fef82e677b74d77850d1f4a1b490f16 (127.5.147.193:37231), d05877702f1d4e83b21232797af8e87e (127.5.147.194:42755)
I20260710 13:16:38.437312  6040 raft_consensus.cc:740] T 4428c603f0da4736aaa443fb57b7ca40 P ca253a8ad2a24f4682e143ae226668e6 [term 0 FOLLOWER]: Becoming Follower/Learner. State: Replica: ca253a8ad2a24f4682e143ae226668e6, State: Initialized, Role: FOLLOWER
I20260710 13:16:38.438063  5846 tablet_service.cc:1917] Received RequestConsensusVote() RPC: tablet_id: "426f8a4f3807440c88767817723a1b5e" candidate_uuid: "ca253a8ad2a24f4682e143ae226668e6" candidate_term: 1 candidate_status { last_received { term: 0 index: 0 } } ignore_live_leader: false dest_uuid: "8fef82e677b74d77850d1f4a1b490f16" is_pre_election: true
I20260710 13:16:38.438282  6040 consensus_queue.cc:260] T 4428c603f0da4736aaa443fb57b7ca40 P ca253a8ad2a24f4682e143ae226668e6 [NON_LEADER]: Queue going to NON_LEADER mode. State: All replicated index: 0, Majority replicated index: 0, Committed index: 0, Last appended: 0.0, Last appended by leader: 0, Current term: 0, Majority size: -1, State: 0, Mode: NON_LEADER, active raft config: opid_index: -1 OBSOLETE_local: false peers { permanent_uuid: "8fef82e677b74d77850d1f4a1b490f16" member_type: VOTER last_known_addr { host: "127.5.147.193" port: 37231 } } peers { permanent_uuid: "d05877702f1d4e83b21232797af8e87e" member_type: VOTER last_known_addr { host: "127.5.147.194" port: 42755 } } peers { permanent_uuid: "ca253a8ad2a24f4682e143ae226668e6" member_type: VOTER last_known_addr { host: "127.5.147.195" port: 32905 } }
I20260710 13:16:38.434944  6038 ts_tablet_manager.cc:1403] T 654ee9503c764c34b712c9ea1b179b0b P 8fef82e677b74d77850d1f4a1b490f16: Time spent bootstrapping tablet: real 0.033s	user 0.015s	sys 0.000s
W20260710 13:16:38.439544  5958 leader_election.cc:343] T 426f8a4f3807440c88767817723a1b5e P ca253a8ad2a24f4682e143ae226668e6 [CANDIDATE]: Term 1 pre-election: Tablet error from VoteRequest() call to peer 8fef82e677b74d77850d1f4a1b490f16 (127.5.147.193:37231): Illegal state: must be running to vote when last-logged opid is not known
I20260710 13:16:38.441010  6040 ts_tablet_manager.cc:1434] T 4428c603f0da4736aaa443fb57b7ca40 P ca253a8ad2a24f4682e143ae226668e6: Time spent starting tablet: real 0.012s	user 0.006s	sys 0.000s
I20260710 13:16:38.442819  6040 tablet_bootstrap.cc:492] T fa4579f5e8ef46db9d7189e1cbe9869b P ca253a8ad2a24f4682e143ae226668e6: Bootstrap starting.
I20260710 13:16:38.444274  5921 tablet_service.cc:1917] Received RequestConsensusVote() RPC: tablet_id: "e9ac04b194164f3d9bb95778bfc05ee3" candidate_uuid: "ca253a8ad2a24f4682e143ae226668e6" candidate_term: 1 candidate_status { last_received { term: 0 index: 0 } } ignore_live_leader: false dest_uuid: "d05877702f1d4e83b21232797af8e87e" is_pre_election: true
I20260710 13:16:38.448153  5919 tablet_service.cc:1917] Received RequestConsensusVote() RPC: tablet_id: "426f8a4f3807440c88767817723a1b5e" candidate_uuid: "ca253a8ad2a24f4682e143ae226668e6" candidate_term: 1 candidate_status { last_received { term: 0 index: 0 } } ignore_live_leader: false dest_uuid: "d05877702f1d4e83b21232797af8e87e" is_pre_election: true
W20260710 13:16:38.447140  5960 leader_election.cc:343] T e9ac04b194164f3d9bb95778bfc05ee3 P ca253a8ad2a24f4682e143ae226668e6 [CANDIDATE]: Term 1 pre-election: Tablet error from VoteRequest() call to peer d05877702f1d4e83b21232797af8e87e (127.5.147.194:42755): Illegal state: must be running to vote when last-logged opid is not known
I20260710 13:16:38.450285  5960 leader_election.cc:304] T e9ac04b194164f3d9bb95778bfc05ee3 P ca253a8ad2a24f4682e143ae226668e6 [CANDIDATE]: Term 1 pre-election: Election decided. Result: candidate lost. Election summary: received 3 responses out of 3 voters: 1 yes votes; 2 no votes. yes voters: ca253a8ad2a24f4682e143ae226668e6; no voters: 8fef82e677b74d77850d1f4a1b490f16, d05877702f1d4e83b21232797af8e87e
I20260710 13:16:38.452188  6046 raft_consensus.cc:2749] T e9ac04b194164f3d9bb95778bfc05ee3 P ca253a8ad2a24f4682e143ae226668e6 [term 0 FOLLOWER]: Leader pre-election lost for term 1. Reason: could not achieve majority
I20260710 13:16:38.451839  6038 raft_consensus.cc:359] T 654ee9503c764c34b712c9ea1b179b0b P 8fef82e677b74d77850d1f4a1b490f16 [term 0 FOLLOWER]: Replica starting. Triggering 0 pending ops. Active config: opid_index: -1 OBSOLETE_local: false peers { permanent_uuid: "8fef82e677b74d77850d1f4a1b490f16" member_type: VOTER last_known_addr { host: "127.5.147.193" port: 37231 } } peers { permanent_uuid: "d05877702f1d4e83b21232797af8e87e" member_type: VOTER last_known_addr { host: "127.5.147.194" port: 42755 } } peers { permanent_uuid: "ca253a8ad2a24f4682e143ae226668e6" member_type: VOTER last_known_addr { host: "127.5.147.195" port: 32905 } }
I20260710 13:16:38.452780  6038 raft_consensus.cc:385] T 654ee9503c764c34b712c9ea1b179b0b P 8fef82e677b74d77850d1f4a1b490f16 [term 0 FOLLOWER]: Consensus starting up: Expiring failure detector timer to make a prompt election more likely
I20260710 13:16:38.453229  6038 raft_consensus.cc:740] T 654ee9503c764c34b712c9ea1b179b0b P 8fef82e677b74d77850d1f4a1b490f16 [term 0 FOLLOWER]: Becoming Follower/Learner. State: Replica: 8fef82e677b74d77850d1f4a1b490f16, State: Initialized, Role: FOLLOWER
I20260710 13:16:38.452294  6039 tablet_bootstrap.cc:654] T 4428c603f0da4736aaa443fb57b7ca40 P d05877702f1d4e83b21232797af8e87e: Neither blocks nor log segments found. Creating new log.
I20260710 13:16:38.453990  6038 consensus_queue.cc:260] T 654ee9503c764c34b712c9ea1b179b0b P 8fef82e677b74d77850d1f4a1b490f16 [NON_LEADER]: Queue going to NON_LEADER mode. State: All replicated index: 0, Majority replicated index: 0, Committed index: 0, Last appended: 0.0, Last appended by leader: 0, Current term: 0, Majority size: -1, State: 0, Mode: NON_LEADER, active raft config: opid_index: -1 OBSOLETE_local: false peers { permanent_uuid: "8fef82e677b74d77850d1f4a1b490f16" member_type: VOTER last_known_addr { host: "127.5.147.193" port: 37231 } } peers { permanent_uuid: "d05877702f1d4e83b21232797af8e87e" member_type: VOTER last_known_addr { host: "127.5.147.194" port: 42755 } } peers { permanent_uuid: "ca253a8ad2a24f4682e143ae226668e6" member_type: VOTER last_known_addr { host: "127.5.147.195" port: 32905 } }
I20260710 13:16:38.455029  6040 tablet_bootstrap.cc:654] T fa4579f5e8ef46db9d7189e1cbe9869b P ca253a8ad2a24f4682e143ae226668e6: Neither blocks nor log segments found. Creating new log.
I20260710 13:16:38.446671  5920 tablet_service.cc:1917] Received RequestConsensusVote() RPC: tablet_id: "430c382846ee4997ae7748ea8cfb6954" candidate_uuid: "ca253a8ad2a24f4682e143ae226668e6" candidate_term: 1 candidate_status { last_received { term: 0 index: 0 } } ignore_live_leader: false dest_uuid: "d05877702f1d4e83b21232797af8e87e" is_pre_election: true
I20260710 13:16:38.457108  5920 raft_consensus.cc:2468] T 430c382846ee4997ae7748ea8cfb6954 P d05877702f1d4e83b21232797af8e87e [term 0 FOLLOWER]: Leader pre-election vote request: Granting yes vote for candidate ca253a8ad2a24f4682e143ae226668e6 in term 0.
I20260710 13:16:38.457347  6038 ts_tablet_manager.cc:1434] T 654ee9503c764c34b712c9ea1b179b0b P 8fef82e677b74d77850d1f4a1b490f16: Time spent starting tablet: real 0.015s	user 0.007s	sys 0.000s
I20260710 13:16:38.459453  6038 tablet_bootstrap.cc:492] T 426f8a4f3807440c88767817723a1b5e P 8fef82e677b74d77850d1f4a1b490f16: Bootstrap starting.
W20260710 13:16:38.463395  5960 leader_election.cc:343] T 426f8a4f3807440c88767817723a1b5e P ca253a8ad2a24f4682e143ae226668e6 [CANDIDATE]: Term 1 pre-election: Tablet error from VoteRequest() call to peer d05877702f1d4e83b21232797af8e87e (127.5.147.194:42755): Illegal state: must be running to vote when last-logged opid is not known
I20260710 13:16:38.463841  5960 leader_election.cc:304] T 426f8a4f3807440c88767817723a1b5e P ca253a8ad2a24f4682e143ae226668e6 [CANDIDATE]: Term 1 pre-election: Election decided. Result: candidate lost. Election summary: received 3 responses out of 3 voters: 1 yes votes; 2 no votes. yes voters: ca253a8ad2a24f4682e143ae226668e6; no voters: 8fef82e677b74d77850d1f4a1b490f16, d05877702f1d4e83b21232797af8e87e
I20260710 13:16:38.464576  6046 raft_consensus.cc:2749] T 426f8a4f3807440c88767817723a1b5e P ca253a8ad2a24f4682e143ae226668e6 [term 0 FOLLOWER]: Leader pre-election lost for term 1. Reason: could not achieve majority
I20260710 13:16:38.469118  6045 raft_consensus.cc:493] T 7d46eeb5ac0c46c3b6274e633d6f942a P d05877702f1d4e83b21232797af8e87e [term 0 FOLLOWER]: Starting pre-election (no leader contacted us within the election timeout)
I20260710 13:16:38.469753  5960 leader_election.cc:304] T 430c382846ee4997ae7748ea8cfb6954 P ca253a8ad2a24f4682e143ae226668e6 [CANDIDATE]: Term 1 pre-election: Election decided. Result: candidate won. Election summary: received 3 responses out of 3 voters: 2 yes votes; 1 no votes. yes voters: ca253a8ad2a24f4682e143ae226668e6, d05877702f1d4e83b21232797af8e87e; no voters: 8fef82e677b74d77850d1f4a1b490f16
I20260710 13:16:38.471115  6046 raft_consensus.cc:2804] T 430c382846ee4997ae7748ea8cfb6954 P ca253a8ad2a24f4682e143ae226668e6 [term 0 FOLLOWER]: Leader pre-election won for term 1
I20260710 13:16:38.471688  6046 raft_consensus.cc:493] T 430c382846ee4997ae7748ea8cfb6954 P ca253a8ad2a24f4682e143ae226668e6 [term 0 FOLLOWER]: Starting leader election (no leader contacted us within the election timeout)
I20260710 13:16:38.472124  6046 raft_consensus.cc:3060] T 430c382846ee4997ae7748ea8cfb6954 P ca253a8ad2a24f4682e143ae226668e6 [term 0 FOLLOWER]: Advancing to term 1
I20260710 13:16:38.469627  6045 raft_consensus.cc:515] T 7d46eeb5ac0c46c3b6274e633d6f942a P d05877702f1d4e83b21232797af8e87e [term 0 FOLLOWER]: Starting pre-election with config: opid_index: -1 OBSOLETE_local: false peers { permanent_uuid: "8fef82e677b74d77850d1f4a1b490f16" member_type: VOTER last_known_addr { host: "127.5.147.193" port: 37231 } } peers { permanent_uuid: "d05877702f1d4e83b21232797af8e87e" member_type: VOTER last_known_addr { host: "127.5.147.194" port: 42755 } } peers { permanent_uuid: "ca253a8ad2a24f4682e143ae226668e6" member_type: VOTER last_known_addr { host: "127.5.147.195" port: 32905 } }
I20260710 13:16:38.476946  6045 leader_election.cc:290] T 7d46eeb5ac0c46c3b6274e633d6f942a P d05877702f1d4e83b21232797af8e87e [CANDIDATE]: Term 1 pre-election: Requested pre-vote from peers 8fef82e677b74d77850d1f4a1b490f16 (127.5.147.193:37231), ca253a8ad2a24f4682e143ae226668e6 (127.5.147.195:32905)
I20260710 13:16:38.482839  6061 raft_consensus.cc:493] T 7d46eeb5ac0c46c3b6274e633d6f942a P 8fef82e677b74d77850d1f4a1b490f16 [term 0 FOLLOWER]: Starting pre-election (no leader contacted us within the election timeout)
I20260710 13:16:38.483547  6061 raft_consensus.cc:515] T 7d46eeb5ac0c46c3b6274e633d6f942a P 8fef82e677b74d77850d1f4a1b490f16 [term 0 FOLLOWER]: Starting pre-election with config: opid_index: -1 OBSOLETE_local: false peers { permanent_uuid: "8fef82e677b74d77850d1f4a1b490f16" member_type: VOTER last_known_addr { host: "127.5.147.193" port: 37231 } } peers { permanent_uuid: "d05877702f1d4e83b21232797af8e87e" member_type: VOTER last_known_addr { host: "127.5.147.194" port: 42755 } } peers { permanent_uuid: "ca253a8ad2a24f4682e143ae226668e6" member_type: VOTER last_known_addr { host: "127.5.147.195" port: 32905 } }
I20260710 13:16:38.495147  6061 leader_election.cc:290] T 7d46eeb5ac0c46c3b6274e633d6f942a P 8fef82e677b74d77850d1f4a1b490f16 [CANDIDATE]: Term 1 pre-election: Requested pre-vote from peers d05877702f1d4e83b21232797af8e87e (127.5.147.194:42755), ca253a8ad2a24f4682e143ae226668e6 (127.5.147.195:32905)
I20260710 13:16:38.495990  5995 tablet_service.cc:1917] Received RequestConsensusVote() RPC: tablet_id: "7d46eeb5ac0c46c3b6274e633d6f942a" candidate_uuid: "8fef82e677b74d77850d1f4a1b490f16" candidate_term: 1 candidate_status { last_received { term: 0 index: 0 } } ignore_live_leader: false dest_uuid: "ca253a8ad2a24f4682e143ae226668e6" is_pre_election: true
W20260710 13:16:38.498881  5811 leader_election.cc:343] T 7d46eeb5ac0c46c3b6274e633d6f942a P 8fef82e677b74d77850d1f4a1b490f16 [CANDIDATE]: Term 1 pre-election: Tablet error from VoteRequest() call to peer ca253a8ad2a24f4682e143ae226668e6 (127.5.147.195:32905): Illegal state: must be running to vote when last-logged opid is not known
I20260710 13:16:38.499861  5920 tablet_service.cc:1917] Received RequestConsensusVote() RPC: tablet_id: "7d46eeb5ac0c46c3b6274e633d6f942a" candidate_uuid: "8fef82e677b74d77850d1f4a1b490f16" candidate_term: 1 candidate_status { last_received { term: 0 index: 0 } } ignore_live_leader: false dest_uuid: "d05877702f1d4e83b21232797af8e87e" is_pre_election: true
I20260710 13:16:38.499687  6046 raft_consensus.cc:515] T 430c382846ee4997ae7748ea8cfb6954 P ca253a8ad2a24f4682e143ae226668e6 [term 1 FOLLOWER]: Starting leader election with config: opid_index: -1 OBSOLETE_local: false peers { permanent_uuid: "8fef82e677b74d77850d1f4a1b490f16" member_type: VOTER last_known_addr { host: "127.5.147.193" port: 37231 } } peers { permanent_uuid: "d05877702f1d4e83b21232797af8e87e" member_type: VOTER last_known_addr { host: "127.5.147.194" port: 42755 } } peers { permanent_uuid: "ca253a8ad2a24f4682e143ae226668e6" member_type: VOTER last_known_addr { host: "127.5.147.195" port: 32905 } }
I20260710 13:16:38.500445  5920 raft_consensus.cc:2468] T 7d46eeb5ac0c46c3b6274e633d6f942a P d05877702f1d4e83b21232797af8e87e [term 0 FOLLOWER]: Leader pre-election vote request: Granting yes vote for candidate 8fef82e677b74d77850d1f4a1b490f16 in term 0.
I20260710 13:16:38.501972  6038 tablet_bootstrap.cc:654] T 426f8a4f3807440c88767817723a1b5e P 8fef82e677b74d77850d1f4a1b490f16: Neither blocks nor log segments found. Creating new log.
I20260710 13:16:38.503556  5811 leader_election.cc:304] T 7d46eeb5ac0c46c3b6274e633d6f942a P 8fef82e677b74d77850d1f4a1b490f16 [CANDIDATE]: Term 1 pre-election: Election decided. Result: candidate won. Election summary: received 3 responses out of 3 voters: 2 yes votes; 1 no votes. yes voters: 8fef82e677b74d77850d1f4a1b490f16, d05877702f1d4e83b21232797af8e87e; no voters: ca253a8ad2a24f4682e143ae226668e6
I20260710 13:16:38.505479  6061 raft_consensus.cc:2804] T 7d46eeb5ac0c46c3b6274e633d6f942a P 8fef82e677b74d77850d1f4a1b490f16 [term 0 FOLLOWER]: Leader pre-election won for term 1
I20260710 13:16:38.505945  6061 raft_consensus.cc:493] T 7d46eeb5ac0c46c3b6274e633d6f942a P 8fef82e677b74d77850d1f4a1b490f16 [term 0 FOLLOWER]: Starting leader election (no leader contacted us within the election timeout)
I20260710 13:16:38.506551  6061 raft_consensus.cc:3060] T 7d46eeb5ac0c46c3b6274e633d6f942a P 8fef82e677b74d77850d1f4a1b490f16 [term 0 FOLLOWER]: Advancing to term 1
I20260710 13:16:38.512403  5846 tablet_service.cc:1917] Received RequestConsensusVote() RPC: tablet_id: "430c382846ee4997ae7748ea8cfb6954" candidate_uuid: "ca253a8ad2a24f4682e143ae226668e6" candidate_term: 1 candidate_status { last_received { term: 0 index: 0 } } ignore_live_leader: false dest_uuid: "8fef82e677b74d77850d1f4a1b490f16"
I20260710 13:16:38.512971  6039 tablet_bootstrap.cc:492] T 4428c603f0da4736aaa443fb57b7ca40 P d05877702f1d4e83b21232797af8e87e: No bootstrap required, opened a new log
I20260710 13:16:38.513427  6039 ts_tablet_manager.cc:1403] T 4428c603f0da4736aaa443fb57b7ca40 P d05877702f1d4e83b21232797af8e87e: Time spent bootstrapping tablet: real 0.081s	user 0.021s	sys 0.018s
W20260710 13:16:38.514544  5958 leader_election.cc:343] T 430c382846ee4997ae7748ea8cfb6954 P ca253a8ad2a24f4682e143ae226668e6 [CANDIDATE]: Term 1 election: Tablet error from VoteRequest() call to peer 8fef82e677b74d77850d1f4a1b490f16 (127.5.147.193:37231): Illegal state: must be running to vote when last-logged opid is not known
I20260710 13:16:38.516743  6040 tablet_bootstrap.cc:492] T fa4579f5e8ef46db9d7189e1cbe9869b P ca253a8ad2a24f4682e143ae226668e6: No bootstrap required, opened a new log
I20260710 13:16:38.517231  6040 ts_tablet_manager.cc:1403] T fa4579f5e8ef46db9d7189e1cbe9869b P ca253a8ad2a24f4682e143ae226668e6: Time spent bootstrapping tablet: real 0.075s	user 0.007s	sys 0.011s
I20260710 13:16:38.519544  6046 leader_election.cc:290] T 430c382846ee4997ae7748ea8cfb6954 P ca253a8ad2a24f4682e143ae226668e6 [CANDIDATE]: Term 1 election: Requested vote from peers 8fef82e677b74d77850d1f4a1b490f16 (127.5.147.193:37231), d05877702f1d4e83b21232797af8e87e (127.5.147.194:42755)
I20260710 13:16:38.522050  5920 tablet_service.cc:1917] Received RequestConsensusVote() RPC: tablet_id: "430c382846ee4997ae7748ea8cfb6954" candidate_uuid: "ca253a8ad2a24f4682e143ae226668e6" candidate_term: 1 candidate_status { last_received { term: 0 index: 0 } } ignore_live_leader: false dest_uuid: "d05877702f1d4e83b21232797af8e87e"
I20260710 13:16:38.522706  5920 raft_consensus.cc:3060] T 430c382846ee4997ae7748ea8cfb6954 P d05877702f1d4e83b21232797af8e87e [term 0 FOLLOWER]: Advancing to term 1
I20260710 13:16:38.524996  6039 raft_consensus.cc:359] T 4428c603f0da4736aaa443fb57b7ca40 P d05877702f1d4e83b21232797af8e87e [term 0 FOLLOWER]: Replica starting. Triggering 0 pending ops. Active config: opid_index: -1 OBSOLETE_local: false peers { permanent_uuid: "8fef82e677b74d77850d1f4a1b490f16" member_type: VOTER last_known_addr { host: "127.5.147.193" port: 37231 } } peers { permanent_uuid: "d05877702f1d4e83b21232797af8e87e" member_type: VOTER last_known_addr { host: "127.5.147.194" port: 42755 } } peers { permanent_uuid: "ca253a8ad2a24f4682e143ae226668e6" member_type: VOTER last_known_addr { host: "127.5.147.195" port: 32905 } }
I20260710 13:16:38.526917  6039 raft_consensus.cc:385] T 4428c603f0da4736aaa443fb57b7ca40 P d05877702f1d4e83b21232797af8e87e [term 0 FOLLOWER]: Consensus starting up: Expiring failure detector timer to make a prompt election more likely
I20260710 13:16:38.527230  6039 raft_consensus.cc:740] T 4428c603f0da4736aaa443fb57b7ca40 P d05877702f1d4e83b21232797af8e87e [term 0 FOLLOWER]: Becoming Follower/Learner. State: Replica: d05877702f1d4e83b21232797af8e87e, State: Initialized, Role: FOLLOWER
