I20260710 13:17:05.752688  7007 raft_consensus.cc:1275] T 67001fe8eac141bdb8b8a1c02116487e P 97bc1d53ac694533b5059f677497b3de [term 1 FOLLOWER]: Refusing update from remote peer 9015a775c1d74e6cbc077e3b686a2c24: Log matching property violated. Preceding OpId in replica: term: 1 index: 1. Preceding OpId from leader: term: 1 index: 2. (index mismatch)
I20260710 13:17:05.755090  6857 raft_consensus.cc:1275] T 67001fe8eac141bdb8b8a1c02116487e P 8cdfd2e238404c5689e13da08cca6886 [term 1 FOLLOWER]: Refusing update from remote peer 9015a775c1d74e6cbc077e3b686a2c24: Log matching property violated. Preceding OpId in replica: term: 1 index: 1. Preceding OpId from leader: term: 1 index: 2. (index mismatch)
I20260710 13:17:05.755577  7231 consensus_queue.cc:1048] T 67001fe8eac141bdb8b8a1c02116487e P 9015a775c1d74e6cbc077e3b686a2c24 [LEADER]: Connected to new peer: Peer: permanent_uuid: "97bc1d53ac694533b5059f677497b3de" member_type: VOTER last_known_addr { host: "127.5.147.195" port: 39893 }, Status: LMP_MISMATCH, Last received: 0.0, Next index: 2, Last known committed idx: 1, Time since last communication: 0.001s
I20260710 13:17:05.759999  7231 consensus_queue.cc:1048] T 67001fe8eac141bdb8b8a1c02116487e P 9015a775c1d74e6cbc077e3b686a2c24 [LEADER]: Connected to new peer: Peer: permanent_uuid: "8cdfd2e238404c5689e13da08cca6886" member_type: VOTER last_known_addr { host: "127.5.147.193" port: 43125 } attrs { replace: true }, Status: LMP_MISMATCH, Last received: 0.0, Next index: 2, Last known committed idx: 1, Time since last communication: 0.001s
I20260710 13:17:05.767589  7092 raft_consensus.cc:2955] T 67001fe8eac141bdb8b8a1c02116487e P 9015a775c1d74e6cbc077e3b686a2c24 [term 1 LEADER]: Committing config change with OpId 1.2: config changed from index -1 to 2, NON_VOTER 90ebd4fe51d941ba8844d6f4c3dc36c3 (127.5.147.196) added. New config: { opid_index: 2 OBSOLETE_local: false peers { permanent_uuid: "8cdfd2e238404c5689e13da08cca6886" member_type: VOTER last_known_addr { host: "127.5.147.193" port: 43125 } attrs { replace: true } } peers { permanent_uuid: "9015a775c1d74e6cbc077e3b686a2c24" member_type: VOTER last_known_addr { host: "127.5.147.194" port: 34455 } } peers { permanent_uuid: "97bc1d53ac694533b5059f677497b3de" member_type: VOTER last_known_addr { host: "127.5.147.195" port: 39893 } } peers { permanent_uuid: "90ebd4fe51d941ba8844d6f4c3dc36c3" member_type: NON_VOTER last_known_addr { host: "127.5.147.196" port: 40949 } attrs { promote: true } } }
I20260710 13:17:05.769191  7003 raft_consensus.cc:2955] T 67001fe8eac141bdb8b8a1c02116487e P 97bc1d53ac694533b5059f677497b3de [term 1 FOLLOWER]: Committing config change with OpId 1.2: config changed from index -1 to 2, NON_VOTER 90ebd4fe51d941ba8844d6f4c3dc36c3 (127.5.147.196) added. New config: { opid_index: 2 OBSOLETE_local: false peers { permanent_uuid: "8cdfd2e238404c5689e13da08cca6886" member_type: VOTER last_known_addr { host: "127.5.147.193" port: 43125 } attrs { replace: true } } peers { permanent_uuid: "9015a775c1d74e6cbc077e3b686a2c24" member_type: VOTER last_known_addr { host: "127.5.147.194" port: 34455 } } peers { permanent_uuid: "97bc1d53ac694533b5059f677497b3de" member_type: VOTER last_known_addr { host: "127.5.147.195" port: 39893 } } peers { permanent_uuid: "90ebd4fe51d941ba8844d6f4c3dc36c3" member_type: NON_VOTER last_known_addr { host: "127.5.147.196" port: 40949 } attrs { promote: true } } }
I20260710 13:17:05.771081  6857 raft_consensus.cc:2955] T 67001fe8eac141bdb8b8a1c02116487e P 8cdfd2e238404c5689e13da08cca6886 [term 1 FOLLOWER]: Committing config change with OpId 1.2: config changed from index -1 to 2, NON_VOTER 90ebd4fe51d941ba8844d6f4c3dc36c3 (127.5.147.196) added. New config: { opid_index: 2 OBSOLETE_local: false peers { permanent_uuid: "8cdfd2e238404c5689e13da08cca6886" member_type: VOTER last_known_addr { host: "127.5.147.193" port: 43125 } attrs { replace: true } } peers { permanent_uuid: "9015a775c1d74e6cbc077e3b686a2c24" member_type: VOTER last_known_addr { host: "127.5.147.194" port: 34455 } } peers { permanent_uuid: "97bc1d53ac694533b5059f677497b3de" member_type: VOTER last_known_addr { host: "127.5.147.195" port: 39893 } } peers { permanent_uuid: "90ebd4fe51d941ba8844d6f4c3dc36c3" member_type: NON_VOTER last_known_addr { host: "127.5.147.196" port: 40949 } attrs { promote: true } } }
W20260710 13:17:05.778088  6896 consensus_peers.cc:597] T 67001fe8eac141bdb8b8a1c02116487e P 9015a775c1d74e6cbc077e3b686a2c24 -> Peer 90ebd4fe51d941ba8844d6f4c3dc36c3 (127.5.147.196:40949): Couldn't send request to peer 90ebd4fe51d941ba8844d6f4c3dc36c3. Error code: TABLET_NOT_FOUND (6). Status: Not found: Tablet not found: 67001fe8eac141bdb8b8a1c02116487e. This is attempt 1: this message will repeat every 5th retry.
I20260710 13:17:05.790124  6754 catalog_manager.cc:5697] T 67001fe8eac141bdb8b8a1c02116487e P 9015a775c1d74e6cbc077e3b686a2c24 reported cstate change: config changed from index -1 to 2, NON_VOTER 90ebd4fe51d941ba8844d6f4c3dc36c3 (127.5.147.196) added. New cstate: current_term: 1 leader_uuid: "9015a775c1d74e6cbc077e3b686a2c24" committed_config { opid_index: 2 OBSOLETE_local: false peers { permanent_uuid: "8cdfd2e238404c5689e13da08cca6886" member_type: VOTER last_known_addr { host: "127.5.147.193" port: 43125 } attrs { replace: true } health_report { overall_health: HEALTHY } } peers { permanent_uuid: "9015a775c1d74e6cbc077e3b686a2c24" member_type: VOTER last_known_addr { host: "127.5.147.194" port: 34455 } health_report { overall_health: HEALTHY } } peers { permanent_uuid: "97bc1d53ac694533b5059f677497b3de" member_type: VOTER last_known_addr { host: "127.5.147.195" port: 39893 } health_report { overall_health: HEALTHY } } peers { permanent_uuid: "90ebd4fe51d941ba8844d6f4c3dc36c3" member_type: NON_VOTER last_known_addr { host: "127.5.147.196" port: 40949 } attrs { promote: true } health_report { overall_health: UNKNOWN } } }
I20260710 13:17:05.824286  6857 consensus_queue.cc:237] T 1da37311b7624d9abc5924ab784d1f60 P 8cdfd2e238404c5689e13da08cca6886 [LEADER]: Queue going to LEADER mode. State: All replicated index: 0, Majority replicated index: 1, Committed index: 1, Last appended: 1.1, Last appended by leader: 0, Current term: 1, Majority size: 2, State: 0, Mode: LEADER, active raft config: opid_index: 2 OBSOLETE_local: false peers { permanent_uuid: "8cdfd2e238404c5689e13da08cca6886" member_type: VOTER last_known_addr { host: "127.5.147.193" port: 43125 } } peers { permanent_uuid: "9015a775c1d74e6cbc077e3b686a2c24" member_type: VOTER last_known_addr { host: "127.5.147.194" port: 34455 } attrs { replace: true } } peers { permanent_uuid: "97bc1d53ac694533b5059f677497b3de" member_type: VOTER last_known_addr { host: "127.5.147.195" port: 39893 } } peers { permanent_uuid: "90ebd4fe51d941ba8844d6f4c3dc36c3" member_type: NON_VOTER last_known_addr { host: "127.5.147.196" port: 40949 } attrs { promote: true } }
I20260710 13:17:05.836647  7003 raft_consensus.cc:1275] T 1da37311b7624d9abc5924ab784d1f60 P 97bc1d53ac694533b5059f677497b3de [term 1 FOLLOWER]: Refusing update from remote peer 8cdfd2e238404c5689e13da08cca6886: Log matching property violated. Preceding OpId in replica: term: 1 index: 1. Preceding OpId from leader: term: 1 index: 2. (index mismatch)
I20260710 13:17:05.838644  6931 raft_consensus.cc:1275] T 1da37311b7624d9abc5924ab784d1f60 P 9015a775c1d74e6cbc077e3b686a2c24 [term 1 FOLLOWER]: Refusing update from remote peer 8cdfd2e238404c5689e13da08cca6886: Log matching property violated. Preceding OpId in replica: term: 1 index: 1. Preceding OpId from leader: term: 1 index: 2. (index mismatch)
I20260710 13:17:05.838711  7317 consensus_queue.cc:1048] T 1da37311b7624d9abc5924ab784d1f60 P 8cdfd2e238404c5689e13da08cca6886 [LEADER]: Connected to new peer: Peer: permanent_uuid: "97bc1d53ac694533b5059f677497b3de" member_type: VOTER last_known_addr { host: "127.5.147.195" port: 39893 }, Status: LMP_MISMATCH, Last received: 0.0, Next index: 2, Last known committed idx: 1, Time since last communication: 0.001s
I20260710 13:17:05.841567  7318 consensus_queue.cc:1048] T 1da37311b7624d9abc5924ab784d1f60 P 8cdfd2e238404c5689e13da08cca6886 [LEADER]: Connected to new peer: Peer: permanent_uuid: "9015a775c1d74e6cbc077e3b686a2c24" member_type: VOTER last_known_addr { host: "127.5.147.194" port: 34455 } attrs { replace: true }, Status: LMP_MISMATCH, Last received: 0.0, Next index: 2, Last known committed idx: 1, Time since last communication: 0.001s
I20260710 13:17:05.854224  7318 raft_consensus.cc:2955] T 1da37311b7624d9abc5924ab784d1f60 P 8cdfd2e238404c5689e13da08cca6886 [term 1 LEADER]: Committing config change with OpId 1.2: config changed from index -1 to 2, NON_VOTER 90ebd4fe51d941ba8844d6f4c3dc36c3 (127.5.147.196) added. New config: { opid_index: 2 OBSOLETE_local: false peers { permanent_uuid: "8cdfd2e238404c5689e13da08cca6886" member_type: VOTER last_known_addr { host: "127.5.147.193" port: 43125 } } peers { permanent_uuid: "9015a775c1d74e6cbc077e3b686a2c24" member_type: VOTER last_known_addr { host: "127.5.147.194" port: 34455 } attrs { replace: true } } peers { permanent_uuid: "97bc1d53ac694533b5059f677497b3de" member_type: VOTER last_known_addr { host: "127.5.147.195" port: 39893 } } peers { permanent_uuid: "90ebd4fe51d941ba8844d6f4c3dc36c3" member_type: NON_VOTER last_known_addr { host: "127.5.147.196" port: 40949 } attrs { promote: true } } }
I20260710 13:17:05.858031  6931 raft_consensus.cc:2955] T 1da37311b7624d9abc5924ab784d1f60 P 9015a775c1d74e6cbc077e3b686a2c24 [term 1 FOLLOWER]: Committing config change with OpId 1.2: config changed from index -1 to 2, NON_VOTER 90ebd4fe51d941ba8844d6f4c3dc36c3 (127.5.147.196) added. New config: { opid_index: 2 OBSOLETE_local: false peers { permanent_uuid: "8cdfd2e238404c5689e13da08cca6886" member_type: VOTER last_known_addr { host: "127.5.147.193" port: 43125 } } peers { permanent_uuid: "9015a775c1d74e6cbc077e3b686a2c24" member_type: VOTER last_known_addr { host: "127.5.147.194" port: 34455 } attrs { replace: true } } peers { permanent_uuid: "97bc1d53ac694533b5059f677497b3de" member_type: VOTER last_known_addr { host: "127.5.147.195" port: 39893 } } peers { permanent_uuid: "90ebd4fe51d941ba8844d6f4c3dc36c3" member_type: NON_VOTER last_known_addr { host: "127.5.147.196" port: 40949 } attrs { promote: true } } }
I20260710 13:17:05.864188  7003 raft_consensus.cc:2955] T 1da37311b7624d9abc5924ab784d1f60 P 97bc1d53ac694533b5059f677497b3de [term 1 FOLLOWER]: Committing config change with OpId 1.2: config changed from index -1 to 2, NON_VOTER 90ebd4fe51d941ba8844d6f4c3dc36c3 (127.5.147.196) added. New config: { opid_index: 2 OBSOLETE_local: false peers { permanent_uuid: "8cdfd2e238404c5689e13da08cca6886" member_type: VOTER last_known_addr { host: "127.5.147.193" port: 43125 } } peers { permanent_uuid: "9015a775c1d74e6cbc077e3b686a2c24" member_type: VOTER last_known_addr { host: "127.5.147.194" port: 34455 } attrs { replace: true } } peers { permanent_uuid: "97bc1d53ac694533b5059f677497b3de" member_type: VOTER last_known_addr { host: "127.5.147.195" port: 39893 } } peers { permanent_uuid: "90ebd4fe51d941ba8844d6f4c3dc36c3" member_type: NON_VOTER last_known_addr { host: "127.5.147.196" port: 40949 } attrs { promote: true } } }
W20260710 13:17:05.873064  6821 consensus_peers.cc:597] T 1da37311b7624d9abc5924ab784d1f60 P 8cdfd2e238404c5689e13da08cca6886 -> Peer 90ebd4fe51d941ba8844d6f4c3dc36c3 (127.5.147.196:40949): Couldn't send request to peer 90ebd4fe51d941ba8844d6f4c3dc36c3. Error code: TABLET_NOT_FOUND (6). Status: Not found: Tablet not found: 1da37311b7624d9abc5924ab784d1f60. This is attempt 1: this message will repeat every 5th retry.
I20260710 13:17:05.875746  6857 consensus_queue.cc:237] T 3fbb325bb62c4e5197733ffa515d3162 P 8cdfd2e238404c5689e13da08cca6886 [LEADER]: Queue going to LEADER mode. State: All replicated index: 0, Majority replicated index: 1, Committed index: 1, Last appended: 1.1, Last appended by leader: 0, Current term: 1, Majority size: 2, State: 0, Mode: LEADER, active raft config: opid_index: 2 OBSOLETE_local: false peers { permanent_uuid: "8cdfd2e238404c5689e13da08cca6886" member_type: VOTER last_known_addr { host: "127.5.147.193" port: 43125 } } peers { permanent_uuid: "9015a775c1d74e6cbc077e3b686a2c24" member_type: VOTER last_known_addr { host: "127.5.147.194" port: 34455 } } peers { permanent_uuid: "97bc1d53ac694533b5059f677497b3de" member_type: VOTER last_known_addr { host: "127.5.147.195" port: 39893 } attrs { replace: true } } peers { permanent_uuid: "90ebd4fe51d941ba8844d6f4c3dc36c3" member_type: NON_VOTER last_known_addr { host: "127.5.147.196" port: 40949 } attrs { promote: true } }
I20260710 13:17:05.884689  7003 raft_consensus.cc:1275] T 3fbb325bb62c4e5197733ffa515d3162 P 97bc1d53ac694533b5059f677497b3de [term 1 FOLLOWER]: Refusing update from remote peer 8cdfd2e238404c5689e13da08cca6886: Log matching property violated. Preceding OpId in replica: term: 1 index: 1. Preceding OpId from leader: term: 1 index: 2. (index mismatch)
W20260710 13:17:05.885596  6821 consensus_peers.cc:597] T 3fbb325bb62c4e5197733ffa515d3162 P 8cdfd2e238404c5689e13da08cca6886 -> Peer 90ebd4fe51d941ba8844d6f4c3dc36c3 (127.5.147.196:40949): Couldn't send request to peer 90ebd4fe51d941ba8844d6f4c3dc36c3. Error code: TABLET_NOT_FOUND (6). Status: Not found: Tablet not found: 3fbb325bb62c4e5197733ffa515d3162. This is attempt 1: this message will repeat every 5th retry.
I20260710 13:17:05.886229  6931 raft_consensus.cc:1275] T 3fbb325bb62c4e5197733ffa515d3162 P 9015a775c1d74e6cbc077e3b686a2c24 [term 1 FOLLOWER]: Refusing update from remote peer 8cdfd2e238404c5689e13da08cca6886: Log matching property violated. Preceding OpId in replica: term: 1 index: 1. Preceding OpId from leader: term: 1 index: 2. (index mismatch)
I20260710 13:17:05.886227  7317 consensus_queue.cc:1048] T 3fbb325bb62c4e5197733ffa515d3162 P 8cdfd2e238404c5689e13da08cca6886 [LEADER]: Connected to new peer: Peer: permanent_uuid: "97bc1d53ac694533b5059f677497b3de" member_type: VOTER last_known_addr { host: "127.5.147.195" port: 39893 } attrs { replace: true }, Status: LMP_MISMATCH, Last received: 0.0, Next index: 2, Last known committed idx: 1, Time since last communication: 0.001s
I20260710 13:17:05.888113  7318 consensus_queue.cc:1048] T 3fbb325bb62c4e5197733ffa515d3162 P 8cdfd2e238404c5689e13da08cca6886 [LEADER]: Connected to new peer: Peer: permanent_uuid: "9015a775c1d74e6cbc077e3b686a2c24" member_type: VOTER last_known_addr { host: "127.5.147.194" port: 34455 }, Status: LMP_MISMATCH, Last received: 0.0, Next index: 2, Last known committed idx: 1, Time since last communication: 0.000s
I20260710 13:17:05.896412  7130 raft_consensus.cc:2955] T 3fbb325bb62c4e5197733ffa515d3162 P 8cdfd2e238404c5689e13da08cca6886 [term 1 LEADER]: Committing config change with OpId 1.2: config changed from index -1 to 2, NON_VOTER 90ebd4fe51d941ba8844d6f4c3dc36c3 (127.5.147.196) added. New config: { opid_index: 2 OBSOLETE_local: false peers { permanent_uuid: "8cdfd2e238404c5689e13da08cca6886" member_type: VOTER last_known_addr { host: "127.5.147.193" port: 43125 } } peers { permanent_uuid: "9015a775c1d74e6cbc077e3b686a2c24" member_type: VOTER last_known_addr { host: "127.5.147.194" port: 34455 } } peers { permanent_uuid: "97bc1d53ac694533b5059f677497b3de" member_type: VOTER last_known_addr { host: "127.5.147.195" port: 39893 } attrs { replace: true } } peers { permanent_uuid: "90ebd4fe51d941ba8844d6f4c3dc36c3" member_type: NON_VOTER last_known_addr { host: "127.5.147.196" port: 40949 } attrs { promote: true } } }
I20260710 13:17:05.898005  7003 raft_consensus.cc:2955] T 3fbb325bb62c4e5197733ffa515d3162 P 97bc1d53ac694533b5059f677497b3de [term 1 FOLLOWER]: Committing config change with OpId 1.2: config changed from index -1 to 2, NON_VOTER 90ebd4fe51d941ba8844d6f4c3dc36c3 (127.5.147.196) added. New config: { opid_index: 2 OBSOLETE_local: false peers { permanent_uuid: "8cdfd2e238404c5689e13da08cca6886" member_type: VOTER last_known_addr { host: "127.5.147.193" port: 43125 } } peers { permanent_uuid: "9015a775c1d74e6cbc077e3b686a2c24" member_type: VOTER last_known_addr { host: "127.5.147.194" port: 34455 } } peers { permanent_uuid: "97bc1d53ac694533b5059f677497b3de" member_type: VOTER last_known_addr { host: "127.5.147.195" port: 39893 } attrs { replace: true } } peers { permanent_uuid: "90ebd4fe51d941ba8844d6f4c3dc36c3" member_type: NON_VOTER last_known_addr { host: "127.5.147.196" port: 40949 } attrs { promote: true } } }
I20260710 13:17:05.901324  6932 raft_consensus.cc:2955] T 3fbb325bb62c4e5197733ffa515d3162 P 9015a775c1d74e6cbc077e3b686a2c24 [term 1 FOLLOWER]: Committing config change with OpId 1.2: config changed from index -1 to 2, NON_VOTER 90ebd4fe51d941ba8844d6f4c3dc36c3 (127.5.147.196) added. New config: { opid_index: 2 OBSOLETE_local: false peers { permanent_uuid: "8cdfd2e238404c5689e13da08cca6886" member_type: VOTER last_known_addr { host: "127.5.147.193" port: 43125 } } peers { permanent_uuid: "9015a775c1d74e6cbc077e3b686a2c24" member_type: VOTER last_known_addr { host: "127.5.147.194" port: 34455 } } peers { permanent_uuid: "97bc1d53ac694533b5059f677497b3de" member_type: VOTER last_known_addr { host: "127.5.147.195" port: 39893 } attrs { replace: true } } peers { permanent_uuid: "90ebd4fe51d941ba8844d6f4c3dc36c3" member_type: NON_VOTER last_known_addr { host: "127.5.147.196" port: 40949 } attrs { promote: true } } }
I20260710 13:17:05.913280  6857 consensus_queue.cc:237] T a9bd0af0825e4ad985ba9451646c2a15 P 8cdfd2e238404c5689e13da08cca6886 [LEADER]: Queue going to LEADER mode. State: All replicated index: 0, Majority replicated index: 1, Committed index: 1, Last appended: 1.1, Last appended by leader: 0, Current term: 1, Majority size: 2, State: 0, Mode: LEADER, active raft config: opid_index: 2 OBSOLETE_local: false peers { permanent_uuid: "8cdfd2e238404c5689e13da08cca6886" member_type: VOTER last_known_addr { host: "127.5.147.193" port: 43125 } } peers { permanent_uuid: "9015a775c1d74e6cbc077e3b686a2c24" member_type: VOTER last_known_addr { host: "127.5.147.194" port: 34455 } attrs { replace: true } } peers { permanent_uuid: "97bc1d53ac694533b5059f677497b3de" member_type: VOTER last_known_addr { host: "127.5.147.195" port: 39893 } } peers { permanent_uuid: "90ebd4fe51d941ba8844d6f4c3dc36c3" member_type: NON_VOTER last_known_addr { host: "127.5.147.196" port: 40949 } attrs { promote: true } }
I20260710 13:17:05.918143  6754 catalog_manager.cc:5697] T 1da37311b7624d9abc5924ab784d1f60 P 9015a775c1d74e6cbc077e3b686a2c24 reported cstate change: config changed from index -1 to 2, NON_VOTER 90ebd4fe51d941ba8844d6f4c3dc36c3 (127.5.147.196) added. New cstate: current_term: 1 leader_uuid: "8cdfd2e238404c5689e13da08cca6886" committed_config { opid_index: 2 OBSOLETE_local: false peers { permanent_uuid: "8cdfd2e238404c5689e13da08cca6886" member_type: VOTER last_known_addr { host: "127.5.147.193" port: 43125 } } peers { permanent_uuid: "9015a775c1d74e6cbc077e3b686a2c24" member_type: VOTER last_known_addr { host: "127.5.147.194" port: 34455 } attrs { replace: true } } peers { permanent_uuid: "97bc1d53ac694533b5059f677497b3de" member_type: VOTER last_known_addr { host: "127.5.147.195" port: 39893 } } peers { permanent_uuid: "90ebd4fe51d941ba8844d6f4c3dc36c3" member_type: NON_VOTER last_known_addr { host: "127.5.147.196" port: 40949 } attrs { promote: true } } }
W20260710 13:17:05.933923  6821 consensus_peers.cc:597] T a9bd0af0825e4ad985ba9451646c2a15 P 8cdfd2e238404c5689e13da08cca6886 -> Peer 90ebd4fe51d941ba8844d6f4c3dc36c3 (127.5.147.196:40949): Couldn't send request to peer 90ebd4fe51d941ba8844d6f4c3dc36c3. Error code: TABLET_NOT_FOUND (6). Status: Not found: Tablet not found: a9bd0af0825e4ad985ba9451646c2a15. This is attempt 1: this message will repeat every 5th retry.
I20260710 13:17:05.937160  7003 raft_consensus.cc:1275] T a9bd0af0825e4ad985ba9451646c2a15 P 97bc1d53ac694533b5059f677497b3de [term 1 FOLLOWER]: Refusing update from remote peer 8cdfd2e238404c5689e13da08cca6886: Log matching property violated. Preceding OpId in replica: term: 1 index: 1. Preceding OpId from leader: term: 1 index: 2. (index mismatch)
I20260710 13:17:05.939005  7317 consensus_queue.cc:1048] T a9bd0af0825e4ad985ba9451646c2a15 P 8cdfd2e238404c5689e13da08cca6886 [LEADER]: Connected to new peer: Peer: permanent_uuid: "97bc1d53ac694533b5059f677497b3de" member_type: VOTER last_known_addr { host: "127.5.147.195" port: 39893 }, Status: LMP_MISMATCH, Last received: 0.0, Next index: 2, Last known committed idx: 1, Time since last communication: 0.000s
I20260710 13:17:05.939421  6932 raft_consensus.cc:1275] T a9bd0af0825e4ad985ba9451646c2a15 P 9015a775c1d74e6cbc077e3b686a2c24 [term 1 FOLLOWER]: Refusing update from remote peer 8cdfd2e238404c5689e13da08cca6886: Log matching property violated. Preceding OpId in replica: term: 1 index: 1. Preceding OpId from leader: term: 1 index: 2. (index mismatch)
I20260710 13:17:05.941701  7316 consensus_queue.cc:1048] T a9bd0af0825e4ad985ba9451646c2a15 P 8cdfd2e238404c5689e13da08cca6886 [LEADER]: Connected to new peer: Peer: permanent_uuid: "9015a775c1d74e6cbc077e3b686a2c24" member_type: VOTER last_known_addr { host: "127.5.147.194" port: 34455 } attrs { replace: true }, Status: LMP_MISMATCH, Last received: 0.0, Next index: 2, Last known committed idx: 1, Time since last communication: 0.001s
I20260710 13:17:05.941784  6752 catalog_manager.cc:5697] T 3fbb325bb62c4e5197733ffa515d3162 P 8cdfd2e238404c5689e13da08cca6886 reported cstate change: config changed from index -1 to 2, NON_VOTER 90ebd4fe51d941ba8844d6f4c3dc36c3 (127.5.147.196) added. New cstate: current_term: 1 leader_uuid: "8cdfd2e238404c5689e13da08cca6886" committed_config { opid_index: 2 OBSOLETE_local: false peers { permanent_uuid: "8cdfd2e238404c5689e13da08cca6886" member_type: VOTER last_known_addr { host: "127.5.147.193" port: 43125 } health_report { overall_health: HEALTHY } } peers { permanent_uuid: "9015a775c1d74e6cbc077e3b686a2c24" member_type: VOTER last_known_addr { host: "127.5.147.194" port: 34455 } health_report { overall_health: HEALTHY } } peers { permanent_uuid: "97bc1d53ac694533b5059f677497b3de" member_type: VOTER last_known_addr { host: "127.5.147.195" port: 39893 } attrs { replace: true } health_report { overall_health: HEALTHY } } peers { permanent_uuid: "90ebd4fe51d941ba8844d6f4c3dc36c3" member_type: NON_VOTER last_known_addr { host: "127.5.147.196" port: 40949 } attrs { promote: true } health_report { overall_health: UNKNOWN } } }
I20260710 13:17:05.957986  7317 raft_consensus.cc:2955] T a9bd0af0825e4ad985ba9451646c2a15 P 8cdfd2e238404c5689e13da08cca6886 [term 1 LEADER]: Committing config change with OpId 1.2: config changed from index -1 to 2, NON_VOTER 90ebd4fe51d941ba8844d6f4c3dc36c3 (127.5.147.196) added. New config: { opid_index: 2 OBSOLETE_local: false peers { permanent_uuid: "8cdfd2e238404c5689e13da08cca6886" member_type: VOTER last_known_addr { host: "127.5.147.193" port: 43125 } } peers { permanent_uuid: "9015a775c1d74e6cbc077e3b686a2c24" member_type: VOTER last_known_addr { host: "127.5.147.194" port: 34455 } attrs { replace: true } } peers { permanent_uuid: "97bc1d53ac694533b5059f677497b3de" member_type: VOTER last_known_addr { host: "127.5.147.195" port: 39893 } } peers { permanent_uuid: "90ebd4fe51d941ba8844d6f4c3dc36c3" member_type: NON_VOTER last_known_addr { host: "127.5.147.196" port: 40949 } attrs { promote: true } } }
I20260710 13:17:05.959975  6931 raft_consensus.cc:2955] T a9bd0af0825e4ad985ba9451646c2a15 P 9015a775c1d74e6cbc077e3b686a2c24 [term 1 FOLLOWER]: Committing config change with OpId 1.2: config changed from index -1 to 2, NON_VOTER 90ebd4fe51d941ba8844d6f4c3dc36c3 (127.5.147.196) added. New config: { opid_index: 2 OBSOLETE_local: false peers { permanent_uuid: "8cdfd2e238404c5689e13da08cca6886" member_type: VOTER last_known_addr { host: "127.5.147.193" port: 43125 } } peers { permanent_uuid: "9015a775c1d74e6cbc077e3b686a2c24" member_type: VOTER last_known_addr { host: "127.5.147.194" port: 34455 } attrs { replace: true } } peers { permanent_uuid: "97bc1d53ac694533b5059f677497b3de" member_type: VOTER last_known_addr { host: "127.5.147.195" port: 39893 } } peers { permanent_uuid: "90ebd4fe51d941ba8844d6f4c3dc36c3" member_type: NON_VOTER last_known_addr { host: "127.5.147.196" port: 40949 } attrs { promote: true } } }
I20260710 13:17:05.969599  7003 raft_consensus.cc:2955] T a9bd0af0825e4ad985ba9451646c2a15 P 97bc1d53ac694533b5059f677497b3de [term 1 FOLLOWER]: Committing config change with OpId 1.2: config changed from index -1 to 2, NON_VOTER 90ebd4fe51d941ba8844d6f4c3dc36c3 (127.5.147.196) added. New config: { opid_index: 2 OBSOLETE_local: false peers { permanent_uuid: "8cdfd2e238404c5689e13da08cca6886" member_type: VOTER last_known_addr { host: "127.5.147.193" port: 43125 } } peers { permanent_uuid: "9015a775c1d74e6cbc077e3b686a2c24" member_type: VOTER last_known_addr { host: "127.5.147.194" port: 34455 } attrs { replace: true } } peers { permanent_uuid: "97bc1d53ac694533b5059f677497b3de" member_type: VOTER last_known_addr { host: "127.5.147.195" port: 39893 } } peers { permanent_uuid: "90ebd4fe51d941ba8844d6f4c3dc36c3" member_type: NON_VOTER last_known_addr { host: "127.5.147.196" port: 40949 } attrs { promote: true } } }
I20260710 13:17:05.981037  6753 catalog_manager.cc:5697] T a9bd0af0825e4ad985ba9451646c2a15 P 9015a775c1d74e6cbc077e3b686a2c24 reported cstate change: config changed from index -1 to 2, NON_VOTER 90ebd4fe51d941ba8844d6f4c3dc36c3 (127.5.147.196) added. New cstate: current_term: 1 leader_uuid: "8cdfd2e238404c5689e13da08cca6886" committed_config { opid_index: 2 OBSOLETE_local: false peers { permanent_uuid: "8cdfd2e238404c5689e13da08cca6886" member_type: VOTER last_known_addr { host: "127.5.147.193" port: 43125 } } peers { permanent_uuid: "9015a775c1d74e6cbc077e3b686a2c24" member_type: VOTER last_known_addr { host: "127.5.147.194" port: 34455 } attrs { replace: true } } peers { permanent_uuid: "97bc1d53ac694533b5059f677497b3de" member_type: VOTER last_known_addr { host: "127.5.147.195" port: 39893 } } peers { permanent_uuid: "90ebd4fe51d941ba8844d6f4c3dc36c3" member_type: NON_VOTER last_known_addr { host: "127.5.147.196" port: 40949 } attrs { promote: true } } }
I20260710 13:17:06.197371  7338 ts_tablet_manager.cc:933] T 67001fe8eac141bdb8b8a1c02116487e P 90ebd4fe51d941ba8844d6f4c3dc36c3: Initiating tablet copy from peer 9015a775c1d74e6cbc077e3b686a2c24 (127.5.147.194:34455)
I20260710 13:17:06.199584  7338 tablet_copy_client.cc:323] T 67001fe8eac141bdb8b8a1c02116487e P 90ebd4fe51d941ba8844d6f4c3dc36c3: tablet copy: Beginning tablet copy session from remote peer at address 127.5.147.194:34455
I20260710 13:17:06.212731  6943 tablet_copy_service.cc:140] P 9015a775c1d74e6cbc077e3b686a2c24: Received BeginTabletCopySession request for tablet 67001fe8eac141bdb8b8a1c02116487e from peer 90ebd4fe51d941ba8844d6f4c3dc36c3 ({username='slave'} at 127.0.0.1:39522)
I20260710 13:17:06.213464  6943 tablet_copy_service.cc:161] P 9015a775c1d74e6cbc077e3b686a2c24: Beginning new tablet copy session on tablet 67001fe8eac141bdb8b8a1c02116487e from peer 90ebd4fe51d941ba8844d6f4c3dc36c3 at {username='slave'} at 127.0.0.1:39522: session id = 90ebd4fe51d941ba8844d6f4c3dc36c3-67001fe8eac141bdb8b8a1c02116487e
I20260710 13:17:06.222419  6943 tablet_copy_source_session.cc:215] T 67001fe8eac141bdb8b8a1c02116487e P 9015a775c1d74e6cbc077e3b686a2c24: Tablet Copy: opened 0 blocks and 1 log segments
I20260710 13:17:06.225984  7338 data_dirs.cc:400] Could only allocate 1 dirs of requested 3 for tablet 67001fe8eac141bdb8b8a1c02116487e. 1 dirs total, 0 dirs full, 0 dirs failed
I20260710 13:17:06.239873  7338 tablet_copy_client.cc:806] T 67001fe8eac141bdb8b8a1c02116487e P 90ebd4fe51d941ba8844d6f4c3dc36c3: tablet copy: Starting download of 0 data blocks...
I20260710 13:17:06.240571  7338 tablet_copy_client.cc:670] T 67001fe8eac141bdb8b8a1c02116487e P 90ebd4fe51d941ba8844d6f4c3dc36c3: tablet copy: Starting download of 1 WAL segments...
I20260710 13:17:06.245102  7338 tablet_copy_client.cc:538] T 67001fe8eac141bdb8b8a1c02116487e P 90ebd4fe51d941ba8844d6f4c3dc36c3: tablet copy: Tablet Copy complete. Replacing tablet superblock.
I20260710 13:17:06.251657  7338 tablet_bootstrap.cc:492] T 67001fe8eac141bdb8b8a1c02116487e P 90ebd4fe51d941ba8844d6f4c3dc36c3: Bootstrap starting.
I20260710 13:17:06.263410  7341 ts_tablet_manager.cc:933] T 3fbb325bb62c4e5197733ffa515d3162 P 90ebd4fe51d941ba8844d6f4c3dc36c3: Initiating tablet copy from peer 8cdfd2e238404c5689e13da08cca6886 (127.5.147.193:43125)
I20260710 13:17:06.267166  7341 tablet_copy_client.cc:323] T 3fbb325bb62c4e5197733ffa515d3162 P 90ebd4fe51d941ba8844d6f4c3dc36c3: tablet copy: Beginning tablet copy session from remote peer at address 127.5.147.193:43125
I20260710 13:17:06.272128  7338 tablet_bootstrap.cc:492] T 67001fe8eac141bdb8b8a1c02116487e P 90ebd4fe51d941ba8844d6f4c3dc36c3: Bootstrap replayed 1/1 log segments. Stats: ops{read=2 overwritten=0 applied=2 ignored=0} inserts{seen=0 ignored=0} mutations{seen=0 ignored=0} orphaned_commits=0. Pending: 0 replicates
I20260710 13:17:06.273224  7338 tablet_bootstrap.cc:492] T 67001fe8eac141bdb8b8a1c02116487e P 90ebd4fe51d941ba8844d6f4c3dc36c3: Bootstrap complete.
I20260710 13:17:06.273877  7338 ts_tablet_manager.cc:1403] T 67001fe8eac141bdb8b8a1c02116487e P 90ebd4fe51d941ba8844d6f4c3dc36c3: Time spent bootstrapping tablet: real 0.022s	user 0.015s	sys 0.004s
I20260710 13:17:06.278057  7338 raft_consensus.cc:359] T 67001fe8eac141bdb8b8a1c02116487e P 90ebd4fe51d941ba8844d6f4c3dc36c3 [term 1 LEARNER]: Replica starting. Triggering 0 pending ops. Active config: opid_index: 2 OBSOLETE_local: false peers { permanent_uuid: "8cdfd2e238404c5689e13da08cca6886" member_type: VOTER last_known_addr { host: "127.5.147.193" port: 43125 } attrs { replace: true } } peers { permanent_uuid: "9015a775c1d74e6cbc077e3b686a2c24" member_type: VOTER last_known_addr { host: "127.5.147.194" port: 34455 } } peers { permanent_uuid: "97bc1d53ac694533b5059f677497b3de" member_type: VOTER last_known_addr { host: "127.5.147.195" port: 39893 } } peers { permanent_uuid: "90ebd4fe51d941ba8844d6f4c3dc36c3" member_type: NON_VOTER last_known_addr { host: "127.5.147.196" port: 40949 } attrs { promote: true } }
I20260710 13:17:06.278957  7338 raft_consensus.cc:740] T 67001fe8eac141bdb8b8a1c02116487e P 90ebd4fe51d941ba8844d6f4c3dc36c3 [term 1 LEARNER]: Becoming Follower/Learner. State: Replica: 90ebd4fe51d941ba8844d6f4c3dc36c3, State: Initialized, Role: LEARNER
I20260710 13:17:06.280028  6868 tablet_copy_service.cc:140] P 8cdfd2e238404c5689e13da08cca6886: Received BeginTabletCopySession request for tablet 3fbb325bb62c4e5197733ffa515d3162 from peer 90ebd4fe51d941ba8844d6f4c3dc36c3 ({username='slave'} at 127.0.0.1:57556)
I20260710 13:17:06.279729  7338 consensus_queue.cc:260] T 67001fe8eac141bdb8b8a1c02116487e P 90ebd4fe51d941ba8844d6f4c3dc36c3 [NON_LEADER]: Queue going to NON_LEADER mode. State: All replicated index: 0, Majority replicated index: 0, Committed index: 2, Last appended: 1.2, Last appended by leader: 2, Current term: 0, Majority size: -1, State: 0, Mode: NON_LEADER, active raft config: opid_index: 2 OBSOLETE_local: false peers { permanent_uuid: "8cdfd2e238404c5689e13da08cca6886" member_type: VOTER last_known_addr { host: "127.5.147.193" port: 43125 } attrs { replace: true } } peers { permanent_uuid: "9015a775c1d74e6cbc077e3b686a2c24" member_type: VOTER last_known_addr { host: "127.5.147.194" port: 34455 } } peers { permanent_uuid: "97bc1d53ac694533b5059f677497b3de" member_type: VOTER last_known_addr { host: "127.5.147.195" port: 39893 } } peers { permanent_uuid: "90ebd4fe51d941ba8844d6f4c3dc36c3" member_type: NON_VOTER last_known_addr { host: "127.5.147.196" port: 40949 } attrs { promote: true } }
I20260710 13:17:06.280668  6868 tablet_copy_service.cc:161] P 8cdfd2e238404c5689e13da08cca6886: Beginning new tablet copy session on tablet 3fbb325bb62c4e5197733ffa515d3162 from peer 90ebd4fe51d941ba8844d6f4c3dc36c3 at {username='slave'} at 127.0.0.1:57556: session id = 90ebd4fe51d941ba8844d6f4c3dc36c3-3fbb325bb62c4e5197733ffa515d3162
I20260710 13:17:06.289512  6868 tablet_copy_source_session.cc:215] T 3fbb325bb62c4e5197733ffa515d3162 P 8cdfd2e238404c5689e13da08cca6886: Tablet Copy: opened 0 blocks and 1 log segments
I20260710 13:17:06.292814  7341 data_dirs.cc:400] Could only allocate 1 dirs of requested 3 for tablet 3fbb325bb62c4e5197733ffa515d3162. 1 dirs total, 0 dirs full, 0 dirs failed
I20260710 13:17:06.293850  7338 ts_tablet_manager.cc:1434] T 67001fe8eac141bdb8b8a1c02116487e P 90ebd4fe51d941ba8844d6f4c3dc36c3: Time spent starting tablet: real 0.020s	user 0.013s	sys 0.004s
I20260710 13:17:06.295951  6943 tablet_copy_service.cc:342] P 9015a775c1d74e6cbc077e3b686a2c24: Request end of tablet copy session 90ebd4fe51d941ba8844d6f4c3dc36c3-67001fe8eac141bdb8b8a1c02116487e received from {username='slave'} at 127.0.0.1:39522
I20260710 13:17:06.296445  6943 tablet_copy_service.cc:434] P 9015a775c1d74e6cbc077e3b686a2c24: ending tablet copy session 90ebd4fe51d941ba8844d6f4c3dc36c3-67001fe8eac141bdb8b8a1c02116487e on tablet 67001fe8eac141bdb8b8a1c02116487e with peer 90ebd4fe51d941ba8844d6f4c3dc36c3
I20260710 13:17:06.310776  7341 tablet_copy_client.cc:806] T 3fbb325bb62c4e5197733ffa515d3162 P 90ebd4fe51d941ba8844d6f4c3dc36c3: tablet copy: Starting download of 0 data blocks...
I20260710 13:17:06.311384  7341 tablet_copy_client.cc:670] T 3fbb325bb62c4e5197733ffa515d3162 P 90ebd4fe51d941ba8844d6f4c3dc36c3: tablet copy: Starting download of 1 WAL segments...
I20260710 13:17:06.315192  7341 tablet_copy_client.cc:538] T 3fbb325bb62c4e5197733ffa515d3162 P 90ebd4fe51d941ba8844d6f4c3dc36c3: tablet copy: Tablet Copy complete. Replacing tablet superblock.
I20260710 13:17:06.321419  7341 tablet_bootstrap.cc:492] T 3fbb325bb62c4e5197733ffa515d3162 P 90ebd4fe51d941ba8844d6f4c3dc36c3: Bootstrap starting.
I20260710 13:17:06.337162  7341 tablet_bootstrap.cc:492] T 3fbb325bb62c4e5197733ffa515d3162 P 90ebd4fe51d941ba8844d6f4c3dc36c3: Bootstrap replayed 1/1 log segments. Stats: ops{read=2 overwritten=0 applied=2 ignored=0} inserts{seen=0 ignored=0} mutations{seen=0 ignored=0} orphaned_commits=0. Pending: 0 replicates
I20260710 13:17:06.337901  7341 tablet_bootstrap.cc:492] T 3fbb325bb62c4e5197733ffa515d3162 P 90ebd4fe51d941ba8844d6f4c3dc36c3: Bootstrap complete.
I20260710 13:17:06.338512  7341 ts_tablet_manager.cc:1403] T 3fbb325bb62c4e5197733ffa515d3162 P 90ebd4fe51d941ba8844d6f4c3dc36c3: Time spent bootstrapping tablet: real 0.017s	user 0.015s	sys 0.004s
I20260710 13:17:06.341584  7341 raft_consensus.cc:359] T 3fbb325bb62c4e5197733ffa515d3162 P 90ebd4fe51d941ba8844d6f4c3dc36c3 [term 1 LEARNER]: Replica starting. Triggering 0 pending ops. Active config: opid_index: 2 OBSOLETE_local: false peers { permanent_uuid: "8cdfd2e238404c5689e13da08cca6886" member_type: VOTER last_known_addr { host: "127.5.147.193" port: 43125 } } peers { permanent_uuid: "9015a775c1d74e6cbc077e3b686a2c24" member_type: VOTER last_known_addr { host: "127.5.147.194" port: 34455 } } peers { permanent_uuid: "97bc1d53ac694533b5059f677497b3de" member_type: VOTER last_known_addr { host: "127.5.147.195" port: 39893 } attrs { replace: true } } peers { permanent_uuid: "90ebd4fe51d941ba8844d6f4c3dc36c3" member_type: NON_VOTER last_known_addr { host: "127.5.147.196" port: 40949 } attrs { promote: true } }
I20260710 13:17:06.342729  7341 raft_consensus.cc:740] T 3fbb325bb62c4e5197733ffa515d3162 P 90ebd4fe51d941ba8844d6f4c3dc36c3 [term 1 LEARNER]: Becoming Follower/Learner. State: Replica: 90ebd4fe51d941ba8844d6f4c3dc36c3, State: Initialized, Role: LEARNER
I20260710 13:17:06.343698  7341 consensus_queue.cc:260] T 3fbb325bb62c4e5197733ffa515d3162 P 90ebd4fe51d941ba8844d6f4c3dc36c3 [NON_LEADER]: Queue going to NON_LEADER mode. State: All replicated index: 0, Majority replicated index: 0, Committed index: 2, Last appended: 1.2, Last appended by leader: 2, Current term: 0, Majority size: -1, State: 0, Mode: NON_LEADER, active raft config: opid_index: 2 OBSOLETE_local: false peers { permanent_uuid: "8cdfd2e238404c5689e13da08cca6886" member_type: VOTER last_known_addr { host: "127.5.147.193" port: 43125 } } peers { permanent_uuid: "9015a775c1d74e6cbc077e3b686a2c24" member_type: VOTER last_known_addr { host: "127.5.147.194" port: 34455 } } peers { permanent_uuid: "97bc1d53ac694533b5059f677497b3de" member_type: VOTER last_known_addr { host: "127.5.147.195" port: 39893 } attrs { replace: true } } peers { permanent_uuid: "90ebd4fe51d941ba8844d6f4c3dc36c3" member_type: NON_VOTER last_known_addr { host: "127.5.147.196" port: 40949 } attrs { promote: true } }
I20260710 13:17:06.346563  7341 ts_tablet_manager.cc:1434] T 3fbb325bb62c4e5197733ffa515d3162 P 90ebd4fe51d941ba8844d6f4c3dc36c3: Time spent starting tablet: real 0.008s	user 0.005s	sys 0.002s
I20260710 13:17:06.352463  6868 tablet_copy_service.cc:342] P 8cdfd2e238404c5689e13da08cca6886: Request end of tablet copy session 90ebd4fe51d941ba8844d6f4c3dc36c3-3fbb325bb62c4e5197733ffa515d3162 received from {username='slave'} at 127.0.0.1:57556
I20260710 13:17:06.353466  6868 tablet_copy_service.cc:434] P 8cdfd2e238404c5689e13da08cca6886: ending tablet copy session 90ebd4fe51d941ba8844d6f4c3dc36c3-3fbb325bb62c4e5197733ffa515d3162 on tablet 3fbb325bb62c4e5197733ffa515d3162 with peer 90ebd4fe51d941ba8844d6f4c3dc36c3
I20260710 13:17:06.363862  7341 ts_tablet_manager.cc:933] T a9bd0af0825e4ad985ba9451646c2a15 P 90ebd4fe51d941ba8844d6f4c3dc36c3: Initiating tablet copy from peer 8cdfd2e238404c5689e13da08cca6886 (127.5.147.193:43125)
I20260710 13:17:06.365557  7341 tablet_copy_client.cc:323] T a9bd0af0825e4ad985ba9451646c2a15 P 90ebd4fe51d941ba8844d6f4c3dc36c3: tablet copy: Beginning tablet copy session from remote peer at address 127.5.147.193:43125
I20260710 13:17:06.367110  6868 tablet_copy_service.cc:140] P 8cdfd2e238404c5689e13da08cca6886: Received BeginTabletCopySession request for tablet a9bd0af0825e4ad985ba9451646c2a15 from peer 90ebd4fe51d941ba8844d6f4c3dc36c3 ({username='slave'} at 127.0.0.1:57556)
I20260710 13:17:06.367682  6868 tablet_copy_service.cc:161] P 8cdfd2e238404c5689e13da08cca6886: Beginning new tablet copy session on tablet a9bd0af0825e4ad985ba9451646c2a15 from peer 90ebd4fe51d941ba8844d6f4c3dc36c3 at {username='slave'} at 127.0.0.1:57556: session id = 90ebd4fe51d941ba8844d6f4c3dc36c3-a9bd0af0825e4ad985ba9451646c2a15
I20260710 13:17:06.374984  6868 tablet_copy_source_session.cc:215] T a9bd0af0825e4ad985ba9451646c2a15 P 8cdfd2e238404c5689e13da08cca6886: Tablet Copy: opened 0 blocks and 1 log segments
I20260710 13:17:06.378005  7341 data_dirs.cc:400] Could only allocate 1 dirs of requested 3 for tablet a9bd0af0825e4ad985ba9451646c2a15. 1 dirs total, 0 dirs full, 0 dirs failed
I20260710 13:17:06.390785  7341 tablet_copy_client.cc:806] T a9bd0af0825e4ad985ba9451646c2a15 P 90ebd4fe51d941ba8844d6f4c3dc36c3: tablet copy: Starting download of 0 data blocks...
I20260710 13:17:06.391338  7341 tablet_copy_client.cc:670] T a9bd0af0825e4ad985ba9451646c2a15 P 90ebd4fe51d941ba8844d6f4c3dc36c3: tablet copy: Starting download of 1 WAL segments...
I20260710 13:17:06.396703  7341 tablet_copy_client.cc:538] T a9bd0af0825e4ad985ba9451646c2a15 P 90ebd4fe51d941ba8844d6f4c3dc36c3: tablet copy: Tablet Copy complete. Replacing tablet superblock.
I20260710 13:17:06.403191  7341 tablet_bootstrap.cc:492] T a9bd0af0825e4ad985ba9451646c2a15 P 90ebd4fe51d941ba8844d6f4c3dc36c3: Bootstrap starting.
I20260710 13:17:06.420606  7341 tablet_bootstrap.cc:492] T a9bd0af0825e4ad985ba9451646c2a15 P 90ebd4fe51d941ba8844d6f4c3dc36c3: Bootstrap replayed 1/1 log segments. Stats: ops{read=2 overwritten=0 applied=2 ignored=0} inserts{seen=0 ignored=0} mutations{seen=0 ignored=0} orphaned_commits=0. Pending: 0 replicates
I20260710 13:17:06.421648  7341 tablet_bootstrap.cc:492] T a9bd0af0825e4ad985ba9451646c2a15 P 90ebd4fe51d941ba8844d6f4c3dc36c3: Bootstrap complete.
I20260710 13:17:06.422317  7341 ts_tablet_manager.cc:1403] T a9bd0af0825e4ad985ba9451646c2a15 P 90ebd4fe51d941ba8844d6f4c3dc36c3: Time spent bootstrapping tablet: real 0.019s	user 0.018s	sys 0.000s
I20260710 13:17:06.422941  7338 ts_tablet_manager.cc:933] T 1da37311b7624d9abc5924ab784d1f60 P 90ebd4fe51d941ba8844d6f4c3dc36c3: Initiating tablet copy from peer 8cdfd2e238404c5689e13da08cca6886 (127.5.147.193:43125)
I20260710 13:17:06.425360  7341 raft_consensus.cc:359] T a9bd0af0825e4ad985ba9451646c2a15 P 90ebd4fe51d941ba8844d6f4c3dc36c3 [term 1 LEARNER]: Replica starting. Triggering 0 pending ops. Active config: opid_index: 2 OBSOLETE_local: false peers { permanent_uuid: "8cdfd2e238404c5689e13da08cca6886" member_type: VOTER last_known_addr { host: "127.5.147.193" port: 43125 } } peers { permanent_uuid: "9015a775c1d74e6cbc077e3b686a2c24" member_type: VOTER last_known_addr { host: "127.5.147.194" port: 34455 } attrs { replace: true } } peers { permanent_uuid: "97bc1d53ac694533b5059f677497b3de" member_type: VOTER last_known_addr { host: "127.5.147.195" port: 39893 } } peers { permanent_uuid: "90ebd4fe51d941ba8844d6f4c3dc36c3" member_type: NON_VOTER last_known_addr { host: "127.5.147.196" port: 40949 } attrs { promote: true } }
I20260710 13:17:06.426311  7341 raft_consensus.cc:740] T a9bd0af0825e4ad985ba9451646c2a15 P 90ebd4fe51d941ba8844d6f4c3dc36c3 [term 1 LEARNER]: Becoming Follower/Learner. State: Replica: 90ebd4fe51d941ba8844d6f4c3dc36c3, State: Initialized, Role: LEARNER
I20260710 13:17:06.427098  7341 consensus_queue.cc:260] T a9bd0af0825e4ad985ba9451646c2a15 P 90ebd4fe51d941ba8844d6f4c3dc36c3 [NON_LEADER]: Queue going to NON_LEADER mode. State: All replicated index: 0, Majority replicated index: 0, Committed index: 2, Last appended: 1.2, Last appended by leader: 2, Current term: 0, Majority size: -1, State: 0, Mode: NON_LEADER, active raft config: opid_index: 2 OBSOLETE_local: false peers { permanent_uuid: "8cdfd2e238404c5689e13da08cca6886" member_type: VOTER last_known_addr { host: "127.5.147.193" port: 43125 } } peers { permanent_uuid: "9015a775c1d74e6cbc077e3b686a2c24" member_type: VOTER last_known_addr { host: "127.5.147.194" port: 34455 } attrs { replace: true } } peers { permanent_uuid: "97bc1d53ac694533b5059f677497b3de" member_type: VOTER last_known_addr { host: "127.5.147.195" port: 39893 } } peers { permanent_uuid: "90ebd4fe51d941ba8844d6f4c3dc36c3" member_type: NON_VOTER last_known_addr { host: "127.5.147.196" port: 40949 } attrs { promote: true } }
I20260710 13:17:06.429382  7341 ts_tablet_manager.cc:1434] T a9bd0af0825e4ad985ba9451646c2a15 P 90ebd4fe51d941ba8844d6f4c3dc36c3: Time spent starting tablet: real 0.007s	user 0.005s	sys 0.000s
I20260710 13:17:06.431958  6868 tablet_copy_service.cc:342] P 8cdfd2e238404c5689e13da08cca6886: Request end of tablet copy session 90ebd4fe51d941ba8844d6f4c3dc36c3-a9bd0af0825e4ad985ba9451646c2a15 received from {username='slave'} at 127.0.0.1:57556
I20260710 13:17:06.432379  6868 tablet_copy_service.cc:434] P 8cdfd2e238404c5689e13da08cca6886: ending tablet copy session 90ebd4fe51d941ba8844d6f4c3dc36c3-a9bd0af0825e4ad985ba9451646c2a15 on tablet a9bd0af0825e4ad985ba9451646c2a15 with peer 90ebd4fe51d941ba8844d6f4c3dc36c3
I20260710 13:17:06.436272  7338 tablet_copy_client.cc:323] T 1da37311b7624d9abc5924ab784d1f60 P 90ebd4fe51d941ba8844d6f4c3dc36c3: tablet copy: Beginning tablet copy session from remote peer at address 127.5.147.193:43125
I20260710 13:17:06.438205  6868 tablet_copy_service.cc:140] P 8cdfd2e238404c5689e13da08cca6886: Received BeginTabletCopySession request for tablet 1da37311b7624d9abc5924ab784d1f60 from peer 90ebd4fe51d941ba8844d6f4c3dc36c3 ({username='slave'} at 127.0.0.1:57556)
I20260710 13:17:06.438792  6868 tablet_copy_service.cc:161] P 8cdfd2e238404c5689e13da08cca6886: Beginning new tablet copy session on tablet 1da37311b7624d9abc5924ab784d1f60 from peer 90ebd4fe51d941ba8844d6f4c3dc36c3 at {username='slave'} at 127.0.0.1:57556: session id = 90ebd4fe51d941ba8844d6f4c3dc36c3-1da37311b7624d9abc5924ab784d1f60
I20260710 13:17:06.445976  6868 tablet_copy_source_session.cc:215] T 1da37311b7624d9abc5924ab784d1f60 P 8cdfd2e238404c5689e13da08cca6886: Tablet Copy: opened 0 blocks and 1 log segments
I20260710 13:17:06.448617  7338 data_dirs.cc:400] Could only allocate 1 dirs of requested 3 for tablet 1da37311b7624d9abc5924ab784d1f60. 1 dirs total, 0 dirs full, 0 dirs failed
I20260710 13:17:06.459676  7338 tablet_copy_client.cc:806] T 1da37311b7624d9abc5924ab784d1f60 P 90ebd4fe51d941ba8844d6f4c3dc36c3: tablet copy: Starting download of 0 data blocks...
I20260710 13:17:06.460186  7338 tablet_copy_client.cc:670] T 1da37311b7624d9abc5924ab784d1f60 P 90ebd4fe51d941ba8844d6f4c3dc36c3: tablet copy: Starting download of 1 WAL segments...
I20260710 13:17:06.463369  7338 tablet_copy_client.cc:538] T 1da37311b7624d9abc5924ab784d1f60 P 90ebd4fe51d941ba8844d6f4c3dc36c3: tablet copy: Tablet Copy complete. Replacing tablet superblock.
I20260710 13:17:06.471701  7338 tablet_bootstrap.cc:492] T 1da37311b7624d9abc5924ab784d1f60 P 90ebd4fe51d941ba8844d6f4c3dc36c3: Bootstrap starting.
I20260710 13:17:06.491761  7338 tablet_bootstrap.cc:492] T 1da37311b7624d9abc5924ab784d1f60 P 90ebd4fe51d941ba8844d6f4c3dc36c3: Bootstrap replayed 1/1 log segments. Stats: ops{read=2 overwritten=0 applied=2 ignored=0} inserts{seen=0 ignored=0} mutations{seen=0 ignored=0} orphaned_commits=0. Pending: 0 replicates
I20260710 13:17:06.492645  7338 tablet_bootstrap.cc:492] T 1da37311b7624d9abc5924ab784d1f60 P 90ebd4fe51d941ba8844d6f4c3dc36c3: Bootstrap complete.
I20260710 13:17:06.493311  7338 ts_tablet_manager.cc:1403] T 1da37311b7624d9abc5924ab784d1f60 P 90ebd4fe51d941ba8844d6f4c3dc36c3: Time spent bootstrapping tablet: real 0.022s	user 0.019s	sys 0.001s
I20260710 13:17:06.496148  7338 raft_consensus.cc:359] T 1da37311b7624d9abc5924ab784d1f60 P 90ebd4fe51d941ba8844d6f4c3dc36c3 [term 1 LEARNER]: Replica starting. Triggering 0 pending ops. Active config: opid_index: 2 OBSOLETE_local: false peers { permanent_uuid: "8cdfd2e238404c5689e13da08cca6886" member_type: VOTER last_known_addr { host: "127.5.147.193" port: 43125 } } peers { permanent_uuid: "9015a775c1d74e6cbc077e3b686a2c24" member_type: VOTER last_known_addr { host: "127.5.147.194" port: 34455 } attrs { replace: true } } peers { permanent_uuid: "97bc1d53ac694533b5059f677497b3de" member_type: VOTER last_known_addr { host: "127.5.147.195" port: 39893 } } peers { permanent_uuid: "90ebd4fe51d941ba8844d6f4c3dc36c3" member_type: NON_VOTER last_known_addr { host: "127.5.147.196" port: 40949 } attrs { promote: true } }
I20260710 13:17:06.496975  7338 raft_consensus.cc:740] T 1da37311b7624d9abc5924ab784d1f60 P 90ebd4fe51d941ba8844d6f4c3dc36c3 [term 1 LEARNER]: Becoming Follower/Learner. State: Replica: 90ebd4fe51d941ba8844d6f4c3dc36c3, State: Initialized, Role: LEARNER
I20260710 13:17:06.497606  7338 consensus_queue.cc:260] T 1da37311b7624d9abc5924ab784d1f60 P 90ebd4fe51d941ba8844d6f4c3dc36c3 [NON_LEADER]: Queue going to NON_LEADER mode. State: All replicated index: 0, Majority replicated index: 0, Committed index: 2, Last appended: 1.2, Last appended by leader: 2, Current term: 0, Majority size: -1, State: 0, Mode: NON_LEADER, active raft config: opid_index: 2 OBSOLETE_local: false peers { permanent_uuid: "8cdfd2e238404c5689e13da08cca6886" member_type: VOTER last_known_addr { host: "127.5.147.193" port: 43125 } } peers { permanent_uuid: "9015a775c1d74e6cbc077e3b686a2c24" member_type: VOTER last_known_addr { host: "127.5.147.194" port: 34455 } attrs { replace: true } } peers { permanent_uuid: "97bc1d53ac694533b5059f677497b3de" member_type: VOTER last_known_addr { host: "127.5.147.195" port: 39893 } } peers { permanent_uuid: "90ebd4fe51d941ba8844d6f4c3dc36c3" member_type: NON_VOTER last_known_addr { host: "127.5.147.196" port: 40949 } attrs { promote: true } }
I20260710 13:17:06.500021  7338 ts_tablet_manager.cc:1434] T 1da37311b7624d9abc5924ab784d1f60 P 90ebd4fe51d941ba8844d6f4c3dc36c3: Time spent starting tablet: real 0.006s	user 0.008s	sys 0.000s
I20260710 13:17:06.501688  6868 tablet_copy_service.cc:342] P 8cdfd2e238404c5689e13da08cca6886: Request end of tablet copy session 90ebd4fe51d941ba8844d6f4c3dc36c3-1da37311b7624d9abc5924ab784d1f60 received from {username='slave'} at 127.0.0.1:57556
I20260710 13:17:06.502054  6868 tablet_copy_service.cc:434] P 8cdfd2e238404c5689e13da08cca6886: ending tablet copy session 90ebd4fe51d941ba8844d6f4c3dc36c3-1da37311b7624d9abc5924ab784d1f60 on tablet 1da37311b7624d9abc5924ab784d1f60 with peer 90ebd4fe51d941ba8844d6f4c3dc36c3
I20260710 13:17:06.644488  7282 raft_consensus.cc:1217] T 3fbb325bb62c4e5197733ffa515d3162 P 90ebd4fe51d941ba8844d6f4c3dc36c3 [term 1 LEARNER]: Deduplicated request from leader. Original: 1.1->[1.2-1.2]   Dedup: 1.2->[]
I20260710 13:17:06.708081  7282 raft_consensus.cc:1217] T 67001fe8eac141bdb8b8a1c02116487e P 90ebd4fe51d941ba8844d6f4c3dc36c3 [term 1 LEARNER]: Deduplicated request from leader. Original: 1.1->[1.2-1.2]   Dedup: 1.2->[]
I20260710 13:17:06.772063  7282 raft_consensus.cc:1217] T a9bd0af0825e4ad985ba9451646c2a15 P 90ebd4fe51d941ba8844d6f4c3dc36c3 [term 1 LEARNER]: Deduplicated request from leader. Original: 1.1->[1.2-1.2]   Dedup: 1.2->[]
I20260710 13:17:06.987417  7282 raft_consensus.cc:1217] T 1da37311b7624d9abc5924ab784d1f60 P 90ebd4fe51d941ba8844d6f4c3dc36c3 [term 1 LEARNER]: Deduplicated request from leader. Original: 1.1->[1.2-1.2]   Dedup: 1.2->[]
I20260710 13:17:07.168710  7092 raft_consensus.cc:1064] T 67001fe8eac141bdb8b8a1c02116487e P 9015a775c1d74e6cbc077e3b686a2c24: attempting to promote NON_VOTER 90ebd4fe51d941ba8844d6f4c3dc36c3 to VOTER
I20260710 13:17:07.173569  7317 raft_consensus.cc:1064] T a9bd0af0825e4ad985ba9451646c2a15 P 8cdfd2e238404c5689e13da08cca6886: attempting to promote NON_VOTER 90ebd4fe51d941ba8844d6f4c3dc36c3 to VOTER
