I20260710 13:16:42.451001  5914 raft_consensus.cc:3060] T 154d73e456bb4a70a5562a73bf3becfa P e1e983ece271458b99f9ca341d08ca9c [term 2 FOLLOWER]: Advancing to term 3
I20260710 13:16:42.453357  6065 raft_consensus.cc:2468] T 154d73e456bb4a70a5562a73bf3becfa P 251d55a5fb054ddcb732fa97fdf6c7f6 [term 3 FOLLOWER]: Leader election vote request: Granting yes vote for candidate f20e7b1ebdf0438bad1af17353f3a2b0 in term 3.
I20260710 13:16:42.454265  5954 leader_election.cc:304] T 154d73e456bb4a70a5562a73bf3becfa P f20e7b1ebdf0438bad1af17353f3a2b0 [CANDIDATE]: Term 3 election: Election decided. Result: candidate won. Election summary: received 2 responses out of 3 voters: 2 yes votes; 0 no votes. yes voters: 251d55a5fb054ddcb732fa97fdf6c7f6, f20e7b1ebdf0438bad1af17353f3a2b0; no voters: 
I20260710 13:16:42.454953  6220 raft_consensus.cc:2804] T 154d73e456bb4a70a5562a73bf3becfa P f20e7b1ebdf0438bad1af17353f3a2b0 [term 3 FOLLOWER]: Leader election won for term 3
I20260710 13:16:42.455071  5914 raft_consensus.cc:2468] T 154d73e456bb4a70a5562a73bf3becfa P e1e983ece271458b99f9ca341d08ca9c [term 3 FOLLOWER]: Leader election vote request: Granting yes vote for candidate f20e7b1ebdf0438bad1af17353f3a2b0 in term 3.
I20260710 13:16:42.455353  6220 raft_consensus.cc:697] T 154d73e456bb4a70a5562a73bf3becfa P f20e7b1ebdf0438bad1af17353f3a2b0 [term 3 LEADER]: Becoming Leader. State: Replica: f20e7b1ebdf0438bad1af17353f3a2b0, State: Running, Role: LEADER
I20260710 13:16:42.456175  6220 consensus_queue.cc:237] T 154d73e456bb4a70a5562a73bf3becfa P f20e7b1ebdf0438bad1af17353f3a2b0 [LEADER]: Queue going to LEADER mode. State: All replicated index: 0, Majority replicated index: 2, Committed index: 2, Last appended: 2.2, Last appended by leader: 2, Current term: 3, Majority size: 2, State: 0, Mode: LEADER, active raft config: opid_index: -1 OBSOLETE_local: false peers { permanent_uuid: "e1e983ece271458b99f9ca341d08ca9c" member_type: VOTER last_known_addr { host: "127.5.165.65" port: 46455 } } peers { permanent_uuid: "f20e7b1ebdf0438bad1af17353f3a2b0" member_type: VOTER last_known_addr { host: "127.5.165.66" port: 37157 } } peers { permanent_uuid: "251d55a5fb054ddcb732fa97fdf6c7f6" member_type: VOTER last_known_addr { host: "127.5.165.67" port: 38851 } }
I20260710 13:16:42.462137  5810 catalog_manager.cc:5697] T 154d73e456bb4a70a5562a73bf3becfa P f20e7b1ebdf0438bad1af17353f3a2b0 reported cstate change: term changed from 2 to 3, leader changed from e1e983ece271458b99f9ca341d08ca9c (127.5.165.65) to f20e7b1ebdf0438bad1af17353f3a2b0 (127.5.165.66). New cstate: current_term: 3 leader_uuid: "f20e7b1ebdf0438bad1af17353f3a2b0" committed_config { opid_index: -1 OBSOLETE_local: false peers { permanent_uuid: "e1e983ece271458b99f9ca341d08ca9c" member_type: VOTER last_known_addr { host: "127.5.165.65" port: 46455 } health_report { overall_health: UNKNOWN } } peers { permanent_uuid: "f20e7b1ebdf0438bad1af17353f3a2b0" member_type: VOTER last_known_addr { host: "127.5.165.66" port: 37157 } health_report { overall_health: HEALTHY } } peers { permanent_uuid: "251d55a5fb054ddcb732fa97fdf6c7f6" member_type: VOTER last_known_addr { host: "127.5.165.67" port: 38851 } health_report { overall_health: UNKNOWN } } }
I20260710 13:16:42.504959  5914 raft_consensus.cc:1275] T 3dd51585f8824c39b96ddc828fdb53fa P e1e983ece271458b99f9ca341d08ca9c [term 3 FOLLOWER]: Refusing update from remote peer f20e7b1ebdf0438bad1af17353f3a2b0: Log matching property violated. Preceding OpId in replica: term: 2 index: 2. Preceding OpId from leader: term: 3 index: 3. (index mismatch)
I20260710 13:16:42.506187  6220 consensus_queue.cc:1048] T 3dd51585f8824c39b96ddc828fdb53fa P f20e7b1ebdf0438bad1af17353f3a2b0 [LEADER]: Connected to new peer: Peer: permanent_uuid: "e1e983ece271458b99f9ca341d08ca9c" member_type: VOTER last_known_addr { host: "127.5.165.65" port: 46455 }, Status: LMP_MISMATCH, Last received: 0.0, Next index: 3, Last known committed idx: 2, Time since last communication: 0.000s
I20260710 13:16:42.517223  6065 raft_consensus.cc:1275] T 3dd51585f8824c39b96ddc828fdb53fa P 251d55a5fb054ddcb732fa97fdf6c7f6 [term 3 FOLLOWER]: Refusing update from remote peer f20e7b1ebdf0438bad1af17353f3a2b0: Log matching property violated. Preceding OpId in replica: term: 2 index: 2. Preceding OpId from leader: term: 3 index: 3. (index mismatch)
I20260710 13:16:42.519089  6237 consensus_queue.cc:1048] T 3dd51585f8824c39b96ddc828fdb53fa P f20e7b1ebdf0438bad1af17353f3a2b0 [LEADER]: Connected to new peer: Peer: permanent_uuid: "251d55a5fb054ddcb732fa97fdf6c7f6" member_type: VOTER last_known_addr { host: "127.5.165.67" port: 38851 }, Status: LMP_MISMATCH, Last received: 0.0, Next index: 3, Last known committed idx: 2, Time since last communication: 0.000s
I20260710 13:16:42.576431  6065 raft_consensus.cc:1275] T 6d9dd75cd774463eaf26fc2ba896d030 P 251d55a5fb054ddcb732fa97fdf6c7f6 [term 3 FOLLOWER]: Refusing update from remote peer f20e7b1ebdf0438bad1af17353f3a2b0: Log matching property violated. Preceding OpId in replica: term: 2 index: 2. Preceding OpId from leader: term: 3 index: 3. (index mismatch)
I20260710 13:16:42.577514  6237 consensus_queue.cc:1048] T 6d9dd75cd774463eaf26fc2ba896d030 P f20e7b1ebdf0438bad1af17353f3a2b0 [LEADER]: Connected to new peer: Peer: permanent_uuid: "251d55a5fb054ddcb732fa97fdf6c7f6" member_type: VOTER last_known_addr { host: "127.5.165.67" port: 38851 }, Status: LMP_MISMATCH, Last received: 0.0, Next index: 3, Last known committed idx: 2, Time since last communication: 0.000s
I20260710 13:16:42.585100  5914 raft_consensus.cc:1275] T 6d9dd75cd774463eaf26fc2ba896d030 P e1e983ece271458b99f9ca341d08ca9c [term 3 FOLLOWER]: Refusing update from remote peer f20e7b1ebdf0438bad1af17353f3a2b0: Log matching property violated. Preceding OpId in replica: term: 2 index: 2. Preceding OpId from leader: term: 3 index: 3. (index mismatch)
I20260710 13:16:42.586810  6220 consensus_queue.cc:1048] T 6d9dd75cd774463eaf26fc2ba896d030 P f20e7b1ebdf0438bad1af17353f3a2b0 [LEADER]: Connected to new peer: Peer: permanent_uuid: "e1e983ece271458b99f9ca341d08ca9c" member_type: VOTER last_known_addr { host: "127.5.165.65" port: 46455 }, Status: LMP_MISMATCH, Last received: 0.0, Next index: 3, Last known committed idx: 2, Time since last communication: 0.000s
I20260710 13:16:42.788142  6065 raft_consensus.cc:1275] T 5e89144d0e0741fb8448c3d5c4df21c6 P 251d55a5fb054ddcb732fa97fdf6c7f6 [term 4 FOLLOWER]: Refusing update from remote peer f20e7b1ebdf0438bad1af17353f3a2b0: Log matching property violated. Preceding OpId in replica: term: 3 index: 3. Preceding OpId from leader: term: 4 index: 4. (index mismatch)
I20260710 13:16:42.789357  6220 consensus_queue.cc:1048] T 5e89144d0e0741fb8448c3d5c4df21c6 P f20e7b1ebdf0438bad1af17353f3a2b0 [LEADER]: Connected to new peer: Peer: permanent_uuid: "251d55a5fb054ddcb732fa97fdf6c7f6" member_type: VOTER last_known_addr { host: "127.5.165.67" port: 38851 }, Status: LMP_MISMATCH, Last received: 0.0, Next index: 4, Last known committed idx: 3, Time since last communication: 0.000s
I20260710 13:16:42.797369  5914 raft_consensus.cc:1275] T 5e89144d0e0741fb8448c3d5c4df21c6 P e1e983ece271458b99f9ca341d08ca9c [term 4 FOLLOWER]: Refusing update from remote peer f20e7b1ebdf0438bad1af17353f3a2b0: Log matching property violated. Preceding OpId in replica: term: 3 index: 3. Preceding OpId from leader: term: 4 index: 4. (index mismatch)
I20260710 13:16:42.799878  6237 consensus_queue.cc:1048] T 5e89144d0e0741fb8448c3d5c4df21c6 P f20e7b1ebdf0438bad1af17353f3a2b0 [LEADER]: Connected to new peer: Peer: permanent_uuid: "e1e983ece271458b99f9ca341d08ca9c" member_type: VOTER last_known_addr { host: "127.5.165.65" port: 46455 }, Status: LMP_MISMATCH, Last received: 0.0, Next index: 4, Last known committed idx: 3, Time since last communication: 0.000s
I20260710 13:16:42.816627  5914 raft_consensus.cc:1275] T 74e0b63c2ae04dd4903a0ae1635d46a3 P e1e983ece271458b99f9ca341d08ca9c [term 4 FOLLOWER]: Refusing update from remote peer f20e7b1ebdf0438bad1af17353f3a2b0: Log matching property violated. Preceding OpId in replica: term: 3 index: 3. Preceding OpId from leader: term: 4 index: 4. (index mismatch)
I20260710 13:16:42.817812  6237 consensus_queue.cc:1048] T 74e0b63c2ae04dd4903a0ae1635d46a3 P f20e7b1ebdf0438bad1af17353f3a2b0 [LEADER]: Connected to new peer: Peer: permanent_uuid: "e1e983ece271458b99f9ca341d08ca9c" member_type: VOTER last_known_addr { host: "127.5.165.65" port: 46455 }, Status: LMP_MISMATCH, Last received: 0.0, Next index: 4, Last known committed idx: 3, Time since last communication: 0.000s
I20260710 13:16:42.826094  6065 raft_consensus.cc:1275] T 74e0b63c2ae04dd4903a0ae1635d46a3 P 251d55a5fb054ddcb732fa97fdf6c7f6 [term 4 FOLLOWER]: Refusing update from remote peer f20e7b1ebdf0438bad1af17353f3a2b0: Log matching property violated. Preceding OpId in replica: term: 3 index: 3. Preceding OpId from leader: term: 4 index: 4. (index mismatch)
I20260710 13:16:42.827368  6237 consensus_queue.cc:1048] T 74e0b63c2ae04dd4903a0ae1635d46a3 P f20e7b1ebdf0438bad1af17353f3a2b0 [LEADER]: Connected to new peer: Peer: permanent_uuid: "251d55a5fb054ddcb732fa97fdf6c7f6" member_type: VOTER last_known_addr { host: "127.5.165.67" port: 38851 }, Status: LMP_MISMATCH, Last received: 0.0, Next index: 4, Last known committed idx: 3, Time since last communication: 0.000s
I20260710 13:16:42.851756  6065 raft_consensus.cc:1275] T 154d73e456bb4a70a5562a73bf3becfa P 251d55a5fb054ddcb732fa97fdf6c7f6 [term 3 FOLLOWER]: Refusing update from remote peer f20e7b1ebdf0438bad1af17353f3a2b0: Log matching property violated. Preceding OpId in replica: term: 2 index: 2. Preceding OpId from leader: term: 3 index: 3. (index mismatch)
I20260710 13:16:42.852795  6237 consensus_queue.cc:1048] T 154d73e456bb4a70a5562a73bf3becfa P f20e7b1ebdf0438bad1af17353f3a2b0 [LEADER]: Connected to new peer: Peer: permanent_uuid: "251d55a5fb054ddcb732fa97fdf6c7f6" member_type: VOTER last_known_addr { host: "127.5.165.67" port: 38851 }, Status: LMP_MISMATCH, Last received: 0.0, Next index: 3, Last known committed idx: 2, Time since last communication: 0.000s
I20260710 13:16:42.860448  5914 raft_consensus.cc:1275] T 154d73e456bb4a70a5562a73bf3becfa P e1e983ece271458b99f9ca341d08ca9c [term 3 FOLLOWER]: Refusing update from remote peer f20e7b1ebdf0438bad1af17353f3a2b0: Log matching property violated. Preceding OpId in replica: term: 2 index: 2. Preceding OpId from leader: term: 3 index: 3. (index mismatch)
I20260710 13:16:42.862046  6237 consensus_queue.cc:1048] T 154d73e456bb4a70a5562a73bf3becfa P f20e7b1ebdf0438bad1af17353f3a2b0 [LEADER]: Connected to new peer: Peer: permanent_uuid: "e1e983ece271458b99f9ca341d08ca9c" member_type: VOTER last_known_addr { host: "127.5.165.65" port: 46455 }, Status: LMP_MISMATCH, Last received: 0.0, Next index: 3, Last known committed idx: 2, Time since last communication: 0.000s
I20260710 13:16:44.957393  5781 auto_leader_rebalancer.cc:141] leader rebalance for table test-workload
I20260710 13:16:44.964354  5991 tablet_service.cc:2072] Received LeaderStepDown RPC: tablet_id: "3dd51585f8824c39b96ddc828fdb53fa"
dest_uuid: "f20e7b1ebdf0438bad1af17353f3a2b0"
mode: GRACEFUL
new_leader_uuid: "e1e983ece271458b99f9ca341d08ca9c"
 from {username='slave'} at 127.0.0.1:33554
I20260710 13:16:44.965047  5991 raft_consensus.cc:606] T 3dd51585f8824c39b96ddc828fdb53fa P f20e7b1ebdf0438bad1af17353f3a2b0 [term 3 LEADER]: Received request to transfer leadership to TS e1e983ece271458b99f9ca341d08ca9c
I20260710 13:16:44.967718  5991 tablet_service.cc:2072] Received LeaderStepDown RPC: tablet_id: "5e89144d0e0741fb8448c3d5c4df21c6"
dest_uuid: "f20e7b1ebdf0438bad1af17353f3a2b0"
mode: GRACEFUL
new_leader_uuid: "251d55a5fb054ddcb732fa97fdf6c7f6"
 from {username='slave'} at 127.0.0.1:33554
I20260710 13:16:44.968228  5991 raft_consensus.cc:606] T 5e89144d0e0741fb8448c3d5c4df21c6 P f20e7b1ebdf0438bad1af17353f3a2b0 [term 4 LEADER]: Received request to transfer leadership to TS 251d55a5fb054ddcb732fa97fdf6c7f6
I20260710 13:16:44.970295  5991 tablet_service.cc:2072] Received LeaderStepDown RPC: tablet_id: "a5f207a162914e3b8a12684a05bd0116"
dest_uuid: "f20e7b1ebdf0438bad1af17353f3a2b0"
mode: GRACEFUL
new_leader_uuid: "e1e983ece271458b99f9ca341d08ca9c"
 from {username='slave'} at 127.0.0.1:33554
I20260710 13:16:44.970690  5991 raft_consensus.cc:606] T a5f207a162914e3b8a12684a05bd0116 P f20e7b1ebdf0438bad1af17353f3a2b0 [term 2 LEADER]: Received request to transfer leadership to TS e1e983ece271458b99f9ca341d08ca9c
I20260710 13:16:44.972855  5991 tablet_service.cc:2072] Received LeaderStepDown RPC: tablet_id: "dea683bcece549b5bf1397569917e43a"
dest_uuid: "f20e7b1ebdf0438bad1af17353f3a2b0"
mode: GRACEFUL
new_leader_uuid: "e1e983ece271458b99f9ca341d08ca9c"
 from {username='slave'} at 127.0.0.1:33554
I20260710 13:16:44.973491  5991 raft_consensus.cc:606] T dea683bcece549b5bf1397569917e43a P f20e7b1ebdf0438bad1af17353f3a2b0 [term 1 LEADER]: Received request to transfer leadership to TS e1e983ece271458b99f9ca341d08ca9c
I20260710 13:16:44.975625  5991 tablet_service.cc:2072] Received LeaderStepDown RPC: tablet_id: "e30ed515b01942acad36bf92027c793a"
dest_uuid: "f20e7b1ebdf0438bad1af17353f3a2b0"
mode: GRACEFUL
new_leader_uuid: "251d55a5fb054ddcb732fa97fdf6c7f6"
 from {username='slave'} at 127.0.0.1:33554
I20260710 13:16:44.976025  5991 raft_consensus.cc:606] T e30ed515b01942acad36bf92027c793a P f20e7b1ebdf0438bad1af17353f3a2b0 [term 2 LEADER]: Received request to transfer leadership to TS 251d55a5fb054ddcb732fa97fdf6c7f6
I20260710 13:16:44.976954  5781 auto_leader_rebalancer.cc:479] table: test-workload, leader rebalance finish, leader transfer count: 5
I20260710 13:16:44.977384  5781 auto_leader_rebalancer.cc:554] All tables' leader rebalancing finished this round
I20260710 13:16:45.030541  6259 raft_consensus.cc:993] T 5e89144d0e0741fb8448c3d5c4df21c6 P f20e7b1ebdf0438bad1af17353f3a2b0: : Instructing follower 251d55a5fb054ddcb732fa97fdf6c7f6 to start an election
I20260710 13:16:45.031009  6259 raft_consensus.cc:1081] T 5e89144d0e0741fb8448c3d5c4df21c6 P f20e7b1ebdf0438bad1af17353f3a2b0 [term 4 LEADER]: Signalling peer 251d55a5fb054ddcb732fa97fdf6c7f6 to start an election
I20260710 13:16:45.032544  6065 tablet_service.cc:2044] Received Run Leader Election RPC: tablet_id: "5e89144d0e0741fb8448c3d5c4df21c6"
dest_uuid: "251d55a5fb054ddcb732fa97fdf6c7f6"
 from {username='slave'} at 127.0.0.1:41320
I20260710 13:16:45.033038  6065 raft_consensus.cc:493] T 5e89144d0e0741fb8448c3d5c4df21c6 P 251d55a5fb054ddcb732fa97fdf6c7f6 [term 4 FOLLOWER]: Starting forced leader election (received explicit request)
I20260710 13:16:45.033360  6065 raft_consensus.cc:3060] T 5e89144d0e0741fb8448c3d5c4df21c6 P 251d55a5fb054ddcb732fa97fdf6c7f6 [term 4 FOLLOWER]: Advancing to term 5
I20260710 13:16:45.038254  6065 raft_consensus.cc:515] T 5e89144d0e0741fb8448c3d5c4df21c6 P 251d55a5fb054ddcb732fa97fdf6c7f6 [term 5 FOLLOWER]: Starting forced leader election with config: opid_index: -1 OBSOLETE_local: false peers { permanent_uuid: "e1e983ece271458b99f9ca341d08ca9c" member_type: VOTER last_known_addr { host: "127.5.165.65" port: 46455 } } peers { permanent_uuid: "f20e7b1ebdf0438bad1af17353f3a2b0" member_type: VOTER last_known_addr { host: "127.5.165.66" port: 37157 } } peers { permanent_uuid: "251d55a5fb054ddcb732fa97fdf6c7f6" member_type: VOTER last_known_addr { host: "127.5.165.67" port: 38851 } }
I20260710 13:16:45.039889  6065 leader_election.cc:290] T 5e89144d0e0741fb8448c3d5c4df21c6 P 251d55a5fb054ddcb732fa97fdf6c7f6 [CANDIDATE]: Term 5 election: Requested vote from peers e1e983ece271458b99f9ca341d08ca9c (127.5.165.65:46455), f20e7b1ebdf0438bad1af17353f3a2b0 (127.5.165.66:37157)
I20260710 13:16:45.040913  5991 tablet_service.cc:1917] Received RequestConsensusVote() RPC: tablet_id: "5e89144d0e0741fb8448c3d5c4df21c6" candidate_uuid: "251d55a5fb054ddcb732fa97fdf6c7f6" candidate_term: 5 candidate_status { last_received { term: 4 index: 4 } } ignore_live_leader: true dest_uuid: "f20e7b1ebdf0438bad1af17353f3a2b0"
I20260710 13:16:45.040796  5914 tablet_service.cc:1917] Received RequestConsensusVote() RPC: tablet_id: "5e89144d0e0741fb8448c3d5c4df21c6" candidate_uuid: "251d55a5fb054ddcb732fa97fdf6c7f6" candidate_term: 5 candidate_status { last_received { term: 4 index: 4 } } ignore_live_leader: true dest_uuid: "e1e983ece271458b99f9ca341d08ca9c"
I20260710 13:16:45.041594  5991 raft_consensus.cc:3055] T 5e89144d0e0741fb8448c3d5c4df21c6 P f20e7b1ebdf0438bad1af17353f3a2b0 [term 4 LEADER]: Stepping down as leader of term 4
I20260710 13:16:45.041668  5914 raft_consensus.cc:3060] T 5e89144d0e0741fb8448c3d5c4df21c6 P e1e983ece271458b99f9ca341d08ca9c [term 4 FOLLOWER]: Advancing to term 5
I20260710 13:16:45.041868  5991 raft_consensus.cc:740] T 5e89144d0e0741fb8448c3d5c4df21c6 P f20e7b1ebdf0438bad1af17353f3a2b0 [term 4 LEADER]: Becoming Follower/Learner. State: Replica: f20e7b1ebdf0438bad1af17353f3a2b0, State: Running, Role: LEADER
I20260710 13:16:45.042649  5991 consensus_queue.cc:260] T 5e89144d0e0741fb8448c3d5c4df21c6 P f20e7b1ebdf0438bad1af17353f3a2b0 [NON_LEADER]: Queue going to NON_LEADER mode. State: All replicated index: 0, Majority replicated index: 4, Committed index: 4, Last appended: 4.4, Last appended by leader: 4, Current term: 4, Majority size: -1, State: 0, Mode: NON_LEADER, active raft config: opid_index: -1 OBSOLETE_local: false peers { permanent_uuid: "e1e983ece271458b99f9ca341d08ca9c" member_type: VOTER last_known_addr { host: "127.5.165.65" port: 46455 } } peers { permanent_uuid: "f20e7b1ebdf0438bad1af17353f3a2b0" member_type: VOTER last_known_addr { host: "127.5.165.66" port: 37157 } } peers { permanent_uuid: "251d55a5fb054ddcb732fa97fdf6c7f6" member_type: VOTER last_known_addr { host: "127.5.165.67" port: 38851 } }
I20260710 13:16:45.043586  5991 raft_consensus.cc:3060] T 5e89144d0e0741fb8448c3d5c4df21c6 P f20e7b1ebdf0438bad1af17353f3a2b0 [term 4 FOLLOWER]: Advancing to term 5
I20260710 13:16:45.046150  5914 raft_consensus.cc:2468] T 5e89144d0e0741fb8448c3d5c4df21c6 P e1e983ece271458b99f9ca341d08ca9c [term 5 FOLLOWER]: Leader election vote request: Granting yes vote for candidate 251d55a5fb054ddcb732fa97fdf6c7f6 in term 5.
I20260710 13:16:45.047254  6029 leader_election.cc:304] T 5e89144d0e0741fb8448c3d5c4df21c6 P 251d55a5fb054ddcb732fa97fdf6c7f6 [CANDIDATE]: Term 5 election: Election decided. Result: candidate won. Election summary: received 2 responses out of 3 voters: 2 yes votes; 0 no votes. yes voters: 251d55a5fb054ddcb732fa97fdf6c7f6, e1e983ece271458b99f9ca341d08ca9c; no voters: 
I20260710 13:16:45.048076  6221 raft_consensus.cc:2804] T 5e89144d0e0741fb8448c3d5c4df21c6 P 251d55a5fb054ddcb732fa97fdf6c7f6 [term 5 FOLLOWER]: Leader election won for term 5
I20260710 13:16:45.048017  5991 raft_consensus.cc:2468] T 5e89144d0e0741fb8448c3d5c4df21c6 P f20e7b1ebdf0438bad1af17353f3a2b0 [term 5 FOLLOWER]: Leader election vote request: Granting yes vote for candidate 251d55a5fb054ddcb732fa97fdf6c7f6 in term 5.
I20260710 13:16:45.049301  6221 raft_consensus.cc:697] T 5e89144d0e0741fb8448c3d5c4df21c6 P 251d55a5fb054ddcb732fa97fdf6c7f6 [term 5 LEADER]: Becoming Leader. State: Replica: 251d55a5fb054ddcb732fa97fdf6c7f6, State: Running, Role: LEADER
I20260710 13:16:45.050269  6221 consensus_queue.cc:237] T 5e89144d0e0741fb8448c3d5c4df21c6 P 251d55a5fb054ddcb732fa97fdf6c7f6 [LEADER]: Queue going to LEADER mode. State: All replicated index: 0, Majority replicated index: 4, Committed index: 4, Last appended: 4.4, Last appended by leader: 4, Current term: 5, Majority size: 2, State: 0, Mode: LEADER, active raft config: opid_index: -1 OBSOLETE_local: false peers { permanent_uuid: "e1e983ece271458b99f9ca341d08ca9c" member_type: VOTER last_known_addr { host: "127.5.165.65" port: 46455 } } peers { permanent_uuid: "f20e7b1ebdf0438bad1af17353f3a2b0" member_type: VOTER last_known_addr { host: "127.5.165.66" port: 37157 } } peers { permanent_uuid: "251d55a5fb054ddcb732fa97fdf6c7f6" member_type: VOTER last_known_addr { host: "127.5.165.67" port: 38851 } }
I20260710 13:16:45.057408  6237 raft_consensus.cc:993] T a5f207a162914e3b8a12684a05bd0116 P f20e7b1ebdf0438bad1af17353f3a2b0: : Instructing follower e1e983ece271458b99f9ca341d08ca9c to start an election
I20260710 13:16:45.058008  6259 raft_consensus.cc:1081] T a5f207a162914e3b8a12684a05bd0116 P f20e7b1ebdf0438bad1af17353f3a2b0 [term 2 LEADER]: Signalling peer e1e983ece271458b99f9ca341d08ca9c to start an election
I20260710 13:16:45.057327  5811 catalog_manager.cc:5697] T 5e89144d0e0741fb8448c3d5c4df21c6 P 251d55a5fb054ddcb732fa97fdf6c7f6 reported cstate change: term changed from 4 to 5, leader changed from f20e7b1ebdf0438bad1af17353f3a2b0 (127.5.165.66) to 251d55a5fb054ddcb732fa97fdf6c7f6 (127.5.165.67). New cstate: current_term: 5 leader_uuid: "251d55a5fb054ddcb732fa97fdf6c7f6" committed_config { opid_index: -1 OBSOLETE_local: false peers { permanent_uuid: "e1e983ece271458b99f9ca341d08ca9c" member_type: VOTER last_known_addr { host: "127.5.165.65" port: 46455 } health_report { overall_health: UNKNOWN } } peers { permanent_uuid: "f20e7b1ebdf0438bad1af17353f3a2b0" member_type: VOTER last_known_addr { host: "127.5.165.66" port: 37157 } health_report { overall_health: UNKNOWN } } peers { permanent_uuid: "251d55a5fb054ddcb732fa97fdf6c7f6" member_type: VOTER last_known_addr { host: "127.5.165.67" port: 38851 } health_report { overall_health: HEALTHY } } }
I20260710 13:16:45.059813  5914 tablet_service.cc:2044] Received Run Leader Election RPC: tablet_id: "a5f207a162914e3b8a12684a05bd0116"
dest_uuid: "e1e983ece271458b99f9ca341d08ca9c"
 from {username='slave'} at 127.0.0.1:57102
I20260710 13:16:45.060303  5914 raft_consensus.cc:493] T a5f207a162914e3b8a12684a05bd0116 P e1e983ece271458b99f9ca341d08ca9c [term 2 FOLLOWER]: Starting forced leader election (received explicit request)
I20260710 13:16:45.060721  5914 raft_consensus.cc:3060] T a5f207a162914e3b8a12684a05bd0116 P e1e983ece271458b99f9ca341d08ca9c [term 2 FOLLOWER]: Advancing to term 3
I20260710 13:16:45.065763  5914 raft_consensus.cc:515] T a5f207a162914e3b8a12684a05bd0116 P e1e983ece271458b99f9ca341d08ca9c [term 3 FOLLOWER]: Starting forced leader election with config: opid_index: -1 OBSOLETE_local: false peers { permanent_uuid: "e1e983ece271458b99f9ca341d08ca9c" member_type: VOTER last_known_addr { host: "127.5.165.65" port: 46455 } } peers { permanent_uuid: "f20e7b1ebdf0438bad1af17353f3a2b0" member_type: VOTER last_known_addr { host: "127.5.165.66" port: 37157 } } peers { permanent_uuid: "251d55a5fb054ddcb732fa97fdf6c7f6" member_type: VOTER last_known_addr { host: "127.5.165.67" port: 38851 } }
I20260710 13:16:45.068574  5914 leader_election.cc:290] T a5f207a162914e3b8a12684a05bd0116 P e1e983ece271458b99f9ca341d08ca9c [CANDIDATE]: Term 3 election: Requested vote from peers f20e7b1ebdf0438bad1af17353f3a2b0 (127.5.165.66:37157), 251d55a5fb054ddcb732fa97fdf6c7f6 (127.5.165.67:38851)
I20260710 13:16:45.068998  5991 tablet_service.cc:1917] Received RequestConsensusVote() RPC: tablet_id: "a5f207a162914e3b8a12684a05bd0116" candidate_uuid: "e1e983ece271458b99f9ca341d08ca9c" candidate_term: 3 candidate_status { last_received { term: 2 index: 2 } } ignore_live_leader: true dest_uuid: "f20e7b1ebdf0438bad1af17353f3a2b0"
I20260710 13:16:45.069217  6065 tablet_service.cc:1917] Received RequestConsensusVote() RPC: tablet_id: "a5f207a162914e3b8a12684a05bd0116" candidate_uuid: "e1e983ece271458b99f9ca341d08ca9c" candidate_term: 3 candidate_status { last_received { term: 2 index: 2 } } ignore_live_leader: true dest_uuid: "251d55a5fb054ddcb732fa97fdf6c7f6"
I20260710 13:16:45.069599  5991 raft_consensus.cc:3055] T a5f207a162914e3b8a12684a05bd0116 P f20e7b1ebdf0438bad1af17353f3a2b0 [term 2 LEADER]: Stepping down as leader of term 2
I20260710 13:16:45.069664  6065 raft_consensus.cc:3060] T a5f207a162914e3b8a12684a05bd0116 P 251d55a5fb054ddcb732fa97fdf6c7f6 [term 2 FOLLOWER]: Advancing to term 3
I20260710 13:16:45.070034  5991 raft_consensus.cc:740] T a5f207a162914e3b8a12684a05bd0116 P f20e7b1ebdf0438bad1af17353f3a2b0 [term 2 LEADER]: Becoming Follower/Learner. State: Replica: f20e7b1ebdf0438bad1af17353f3a2b0, State: Running, Role: LEADER
I20260710 13:16:45.070811  5991 consensus_queue.cc:260] T a5f207a162914e3b8a12684a05bd0116 P f20e7b1ebdf0438bad1af17353f3a2b0 [NON_LEADER]: Queue going to NON_LEADER mode. State: All replicated index: 0, Majority replicated index: 2, Committed index: 2, Last appended: 2.2, Last appended by leader: 2, Current term: 2, Majority size: -1, State: 0, Mode: NON_LEADER, active raft config: opid_index: -1 OBSOLETE_local: false peers { permanent_uuid: "e1e983ece271458b99f9ca341d08ca9c" member_type: VOTER last_known_addr { host: "127.5.165.65" port: 46455 } } peers { permanent_uuid: "f20e7b1ebdf0438bad1af17353f3a2b0" member_type: VOTER last_known_addr { host: "127.5.165.66" port: 37157 } } peers { permanent_uuid: "251d55a5fb054ddcb732fa97fdf6c7f6" member_type: VOTER last_known_addr { host: "127.5.165.67" port: 38851 } }
I20260710 13:16:45.071854  5991 raft_consensus.cc:3060] T a5f207a162914e3b8a12684a05bd0116 P f20e7b1ebdf0438bad1af17353f3a2b0 [term 2 FOLLOWER]: Advancing to term 3
I20260710 13:16:45.076560  5991 raft_consensus.cc:2468] T a5f207a162914e3b8a12684a05bd0116 P f20e7b1ebdf0438bad1af17353f3a2b0 [term 3 FOLLOWER]: Leader election vote request: Granting yes vote for candidate e1e983ece271458b99f9ca341d08ca9c in term 3.
I20260710 13:16:45.076638  6065 raft_consensus.cc:2468] T a5f207a162914e3b8a12684a05bd0116 P 251d55a5fb054ddcb732fa97fdf6c7f6 [term 3 FOLLOWER]: Leader election vote request: Granting yes vote for candidate e1e983ece271458b99f9ca341d08ca9c in term 3.
I20260710 13:16:45.077740  5881 leader_election.cc:304] T a5f207a162914e3b8a12684a05bd0116 P e1e983ece271458b99f9ca341d08ca9c [CANDIDATE]: Term 3 election: Election decided. Result: candidate won. Election summary: received 2 responses out of 3 voters: 2 yes votes; 0 no votes. yes voters: e1e983ece271458b99f9ca341d08ca9c, f20e7b1ebdf0438bad1af17353f3a2b0; no voters: 
I20260710 13:16:45.079684  6266 raft_consensus.cc:2804] T a5f207a162914e3b8a12684a05bd0116 P e1e983ece271458b99f9ca341d08ca9c [term 3 FOLLOWER]: Leader election won for term 3
I20260710 13:16:45.080947  6266 raft_consensus.cc:697] T a5f207a162914e3b8a12684a05bd0116 P e1e983ece271458b99f9ca341d08ca9c [term 3 LEADER]: Becoming Leader. State: Replica: e1e983ece271458b99f9ca341d08ca9c, State: Running, Role: LEADER
I20260710 13:16:45.081838  6266 consensus_queue.cc:237] T a5f207a162914e3b8a12684a05bd0116 P e1e983ece271458b99f9ca341d08ca9c [LEADER]: Queue going to LEADER mode. State: All replicated index: 0, Majority replicated index: 2, Committed index: 2, Last appended: 2.2, Last appended by leader: 2, Current term: 3, Majority size: 2, State: 0, Mode: LEADER, active raft config: opid_index: -1 OBSOLETE_local: false peers { permanent_uuid: "e1e983ece271458b99f9ca341d08ca9c" member_type: VOTER last_known_addr { host: "127.5.165.65" port: 46455 } } peers { permanent_uuid: "f20e7b1ebdf0438bad1af17353f3a2b0" member_type: VOTER last_known_addr { host: "127.5.165.66" port: 37157 } } peers { permanent_uuid: "251d55a5fb054ddcb732fa97fdf6c7f6" member_type: VOTER last_known_addr { host: "127.5.165.67" port: 38851 } }
I20260710 13:16:45.088697  5811 catalog_manager.cc:5697] T a5f207a162914e3b8a12684a05bd0116 P e1e983ece271458b99f9ca341d08ca9c reported cstate change: term changed from 2 to 3, leader changed from f20e7b1ebdf0438bad1af17353f3a2b0 (127.5.165.66) to e1e983ece271458b99f9ca341d08ca9c (127.5.165.65). New cstate: current_term: 3 leader_uuid: "e1e983ece271458b99f9ca341d08ca9c" committed_config { opid_index: -1 OBSOLETE_local: false peers { permanent_uuid: "e1e983ece271458b99f9ca341d08ca9c" member_type: VOTER last_known_addr { host: "127.5.165.65" port: 46455 } health_report { overall_health: HEALTHY } } peers { permanent_uuid: "f20e7b1ebdf0438bad1af17353f3a2b0" member_type: VOTER last_known_addr { host: "127.5.165.66" port: 37157 } health_report { overall_health: UNKNOWN } } peers { permanent_uuid: "251d55a5fb054ddcb732fa97fdf6c7f6" member_type: VOTER last_known_addr { host: "127.5.165.67" port: 38851 } health_report { overall_health: UNKNOWN } } }
I20260710 13:16:45.155189  6237 raft_consensus.cc:993] T e30ed515b01942acad36bf92027c793a P f20e7b1ebdf0438bad1af17353f3a2b0: : Instructing follower 251d55a5fb054ddcb732fa97fdf6c7f6 to start an election
I20260710 13:16:45.155593  6259 raft_consensus.cc:1081] T e30ed515b01942acad36bf92027c793a P f20e7b1ebdf0438bad1af17353f3a2b0 [term 2 LEADER]: Signalling peer 251d55a5fb054ddcb732fa97fdf6c7f6 to start an election
I20260710 13:16:45.157022  6065 tablet_service.cc:2044] Received Run Leader Election RPC: tablet_id: "e30ed515b01942acad36bf92027c793a"
dest_uuid: "251d55a5fb054ddcb732fa97fdf6c7f6"
 from {username='slave'} at 127.0.0.1:41320
I20260710 13:16:45.157454  6065 raft_consensus.cc:493] T e30ed515b01942acad36bf92027c793a P 251d55a5fb054ddcb732fa97fdf6c7f6 [term 2 FOLLOWER]: Starting forced leader election (received explicit request)
I20260710 13:16:45.157686  6065 raft_consensus.cc:3060] T e30ed515b01942acad36bf92027c793a P 251d55a5fb054ddcb732fa97fdf6c7f6 [term 2 FOLLOWER]: Advancing to term 3
I20260710 13:16:45.161571  6065 raft_consensus.cc:515] T e30ed515b01942acad36bf92027c793a P 251d55a5fb054ddcb732fa97fdf6c7f6 [term 3 FOLLOWER]: Starting forced leader election with config: opid_index: -1 OBSOLETE_local: false peers { permanent_uuid: "e1e983ece271458b99f9ca341d08ca9c" member_type: VOTER last_known_addr { host: "127.5.165.65" port: 46455 } } peers { permanent_uuid: "f20e7b1ebdf0438bad1af17353f3a2b0" member_type: VOTER last_known_addr { host: "127.5.165.66" port: 37157 } } peers { permanent_uuid: "251d55a5fb054ddcb732fa97fdf6c7f6" member_type: VOTER last_known_addr { host: "127.5.165.67" port: 38851 } }
I20260710 13:16:45.162902  6065 leader_election.cc:290] T e30ed515b01942acad36bf92027c793a P 251d55a5fb054ddcb732fa97fdf6c7f6 [CANDIDATE]: Term 3 election: Requested vote from peers e1e983ece271458b99f9ca341d08ca9c (127.5.165.65:46455), f20e7b1ebdf0438bad1af17353f3a2b0 (127.5.165.66:37157)
I20260710 13:16:45.163870  5914 tablet_service.cc:1917] Received RequestConsensusVote() RPC: tablet_id: "e30ed515b01942acad36bf92027c793a" candidate_uuid: "251d55a5fb054ddcb732fa97fdf6c7f6" candidate_term: 3 candidate_status { last_received { term: 2 index: 2 } } ignore_live_leader: true dest_uuid: "e1e983ece271458b99f9ca341d08ca9c"
I20260710 13:16:45.163967  5991 tablet_service.cc:1917] Received RequestConsensusVote() RPC: tablet_id: "e30ed515b01942acad36bf92027c793a" candidate_uuid: "251d55a5fb054ddcb732fa97fdf6c7f6" candidate_term: 3 candidate_status { last_received { term: 2 index: 2 } } ignore_live_leader: true dest_uuid: "f20e7b1ebdf0438bad1af17353f3a2b0"
I20260710 13:16:45.164464  5914 raft_consensus.cc:3060] T e30ed515b01942acad36bf92027c793a P e1e983ece271458b99f9ca341d08ca9c [term 2 FOLLOWER]: Advancing to term 3
I20260710 13:16:45.164498  5991 raft_consensus.cc:3055] T e30ed515b01942acad36bf92027c793a P f20e7b1ebdf0438bad1af17353f3a2b0 [term 2 LEADER]: Stepping down as leader of term 2
I20260710 13:16:45.164956  5991 raft_consensus.cc:740] T e30ed515b01942acad36bf92027c793a P f20e7b1ebdf0438bad1af17353f3a2b0 [term 2 LEADER]: Becoming Follower/Learner. State: Replica: f20e7b1ebdf0438bad1af17353f3a2b0, State: Running, Role: LEADER
I20260710 13:16:45.165551  5991 consensus_queue.cc:260] T e30ed515b01942acad36bf92027c793a P f20e7b1ebdf0438bad1af17353f3a2b0 [NON_LEADER]: Queue going to NON_LEADER mode. State: All replicated index: 0, Majority replicated index: 2, Committed index: 2, Last appended: 2.2, Last appended by leader: 2, Current term: 2, Majority size: -1, State: 0, Mode: NON_LEADER, active raft config: opid_index: -1 OBSOLETE_local: false peers { permanent_uuid: "e1e983ece271458b99f9ca341d08ca9c" member_type: VOTER last_known_addr { host: "127.5.165.65" port: 46455 } } peers { permanent_uuid: "f20e7b1ebdf0438bad1af17353f3a2b0" member_type: VOTER last_known_addr { host: "127.5.165.66" port: 37157 } } peers { permanent_uuid: "251d55a5fb054ddcb732fa97fdf6c7f6" member_type: VOTER last_known_addr { host: "127.5.165.67" port: 38851 } }
I20260710 13:16:45.166607  5991 raft_consensus.cc:3060] T e30ed515b01942acad36bf92027c793a P f20e7b1ebdf0438bad1af17353f3a2b0 [term 2 FOLLOWER]: Advancing to term 3
I20260710 13:16:45.170235  5914 raft_consensus.cc:2468] T e30ed515b01942acad36bf92027c793a P e1e983ece271458b99f9ca341d08ca9c [term 3 FOLLOWER]: Leader election vote request: Granting yes vote for candidate 251d55a5fb054ddcb732fa97fdf6c7f6 in term 3.
I20260710 13:16:45.171089  5991 raft_consensus.cc:2468] T e30ed515b01942acad36bf92027c793a P f20e7b1ebdf0438bad1af17353f3a2b0 [term 3 FOLLOWER]: Leader election vote request: Granting yes vote for candidate 251d55a5fb054ddcb732fa97fdf6c7f6 in term 3.
I20260710 13:16:45.171159  6029 leader_election.cc:304] T e30ed515b01942acad36bf92027c793a P 251d55a5fb054ddcb732fa97fdf6c7f6 [CANDIDATE]: Term 3 election: Election decided. Result: candidate won. Election summary: received 2 responses out of 3 voters: 2 yes votes; 0 no votes. yes voters: 251d55a5fb054ddcb732fa97fdf6c7f6, e1e983ece271458b99f9ca341d08ca9c; no voters: 
I20260710 13:16:45.172009  6221 raft_consensus.cc:2804] T e30ed515b01942acad36bf92027c793a P 251d55a5fb054ddcb732fa97fdf6c7f6 [term 3 FOLLOWER]: Leader election won for term 3
I20260710 13:16:45.172495  6221 raft_consensus.cc:697] T e30ed515b01942acad36bf92027c793a P 251d55a5fb054ddcb732fa97fdf6c7f6 [term 3 LEADER]: Becoming Leader. State: Replica: 251d55a5fb054ddcb732fa97fdf6c7f6, State: Running, Role: LEADER
I20260710 13:16:45.173159  6221 consensus_queue.cc:237] T e30ed515b01942acad36bf92027c793a P 251d55a5fb054ddcb732fa97fdf6c7f6 [LEADER]: Queue going to LEADER mode. State: All replicated index: 0, Majority replicated index: 2, Committed index: 2, Last appended: 2.2, Last appended by leader: 2, Current term: 3, Majority size: 2, State: 0, Mode: LEADER, active raft config: opid_index: -1 OBSOLETE_local: false peers { permanent_uuid: "e1e983ece271458b99f9ca341d08ca9c" member_type: VOTER last_known_addr { host: "127.5.165.65" port: 46455 } } peers { permanent_uuid: "f20e7b1ebdf0438bad1af17353f3a2b0" member_type: VOTER last_known_addr { host: "127.5.165.66" port: 37157 } } peers { permanent_uuid: "251d55a5fb054ddcb732fa97fdf6c7f6" member_type: VOTER last_known_addr { host: "127.5.165.67" port: 38851 } }
I20260710 13:16:45.179981  5811 catalog_manager.cc:5697] T e30ed515b01942acad36bf92027c793a P 251d55a5fb054ddcb732fa97fdf6c7f6 reported cstate change: term changed from 2 to 3, leader changed from f20e7b1ebdf0438bad1af17353f3a2b0 (127.5.165.66) to 251d55a5fb054ddcb732fa97fdf6c7f6 (127.5.165.67). New cstate: current_term: 3 leader_uuid: "251d55a5fb054ddcb732fa97fdf6c7f6" committed_config { opid_index: -1 OBSOLETE_local: false peers { permanent_uuid: "e1e983ece271458b99f9ca341d08ca9c" member_type: VOTER last_known_addr { host: "127.5.165.65" port: 46455 } health_report { overall_health: UNKNOWN } } peers { permanent_uuid: "f20e7b1ebdf0438bad1af17353f3a2b0" member_type: VOTER last_known_addr { host: "127.5.165.66" port: 37157 } health_report { overall_health: UNKNOWN } } peers { permanent_uuid: "251d55a5fb054ddcb732fa97fdf6c7f6" member_type: VOTER last_known_addr { host: "127.5.165.67" port: 38851 } health_report { overall_health: HEALTHY } } }
I20260710 13:16:45.272724  6237 raft_consensus.cc:993] T dea683bcece549b5bf1397569917e43a P f20e7b1ebdf0438bad1af17353f3a2b0: : Instructing follower e1e983ece271458b99f9ca341d08ca9c to start an election
I20260710 13:16:45.273124  6259 raft_consensus.cc:1081] T dea683bcece549b5bf1397569917e43a P f20e7b1ebdf0438bad1af17353f3a2b0 [term 1 LEADER]: Signalling peer e1e983ece271458b99f9ca341d08ca9c to start an election
I20260710 13:16:45.274405  5914 tablet_service.cc:2044] Received Run Leader Election RPC: tablet_id: "dea683bcece549b5bf1397569917e43a"
dest_uuid: "e1e983ece271458b99f9ca341d08ca9c"
 from {username='slave'} at 127.0.0.1:57102
I20260710 13:16:45.274824  5914 raft_consensus.cc:493] T dea683bcece549b5bf1397569917e43a P e1e983ece271458b99f9ca341d08ca9c [term 1 FOLLOWER]: Starting forced leader election (received explicit request)
I20260710 13:16:45.275074  5914 raft_consensus.cc:3060] T dea683bcece549b5bf1397569917e43a P e1e983ece271458b99f9ca341d08ca9c [term 1 FOLLOWER]: Advancing to term 2
I20260710 13:16:45.278920  5914 raft_consensus.cc:515] T dea683bcece549b5bf1397569917e43a P e1e983ece271458b99f9ca341d08ca9c [term 2 FOLLOWER]: Starting forced leader election with config: opid_index: -1 OBSOLETE_local: false peers { permanent_uuid: "e1e983ece271458b99f9ca341d08ca9c" member_type: VOTER last_known_addr { host: "127.5.165.65" port: 46455 } } peers { permanent_uuid: "f20e7b1ebdf0438bad1af17353f3a2b0" member_type: VOTER last_known_addr { host: "127.5.165.66" port: 37157 } } peers { permanent_uuid: "251d55a5fb054ddcb732fa97fdf6c7f6" member_type: VOTER last_known_addr { host: "127.5.165.67" port: 38851 } }
I20260710 13:16:45.280310  5914 leader_election.cc:290] T dea683bcece549b5bf1397569917e43a P e1e983ece271458b99f9ca341d08ca9c [CANDIDATE]: Term 2 election: Requested vote from peers f20e7b1ebdf0438bad1af17353f3a2b0 (127.5.165.66:37157), 251d55a5fb054ddcb732fa97fdf6c7f6 (127.5.165.67:38851)
I20260710 13:16:45.281157  5991 tablet_service.cc:1917] Received RequestConsensusVote() RPC: tablet_id: "dea683bcece549b5bf1397569917e43a" candidate_uuid: "e1e983ece271458b99f9ca341d08ca9c" candidate_term: 2 candidate_status { last_received { term: 1 index: 1 } } ignore_live_leader: true dest_uuid: "f20e7b1ebdf0438bad1af17353f3a2b0"
I20260710 13:16:45.281348  6065 tablet_service.cc:1917] Received RequestConsensusVote() RPC: tablet_id: "dea683bcece549b5bf1397569917e43a" candidate_uuid: "e1e983ece271458b99f9ca341d08ca9c" candidate_term: 2 candidate_status { last_received { term: 1 index: 1 } } ignore_live_leader: true dest_uuid: "251d55a5fb054ddcb732fa97fdf6c7f6"
I20260710 13:16:45.281698  5991 raft_consensus.cc:3055] T dea683bcece549b5bf1397569917e43a P f20e7b1ebdf0438bad1af17353f3a2b0 [term 1 LEADER]: Stepping down as leader of term 1
I20260710 13:16:45.281777  6065 raft_consensus.cc:3060] T dea683bcece549b5bf1397569917e43a P 251d55a5fb054ddcb732fa97fdf6c7f6 [term 1 FOLLOWER]: Advancing to term 2
I20260710 13:16:45.282032  5991 raft_consensus.cc:740] T dea683bcece549b5bf1397569917e43a P f20e7b1ebdf0438bad1af17353f3a2b0 [term 1 LEADER]: Becoming Follower/Learner. State: Replica: f20e7b1ebdf0438bad1af17353f3a2b0, State: Running, Role: LEADER
I20260710 13:16:45.282723  5991 consensus_queue.cc:260] T dea683bcece549b5bf1397569917e43a P f20e7b1ebdf0438bad1af17353f3a2b0 [NON_LEADER]: Queue going to NON_LEADER mode. State: All replicated index: 0, Majority replicated index: 1, Committed index: 1, Last appended: 1.1, Last appended by leader: 1, Current term: 1, Majority size: -1, State: 0, Mode: NON_LEADER, active raft config: opid_index: -1 OBSOLETE_local: false peers { permanent_uuid: "e1e983ece271458b99f9ca341d08ca9c" member_type: VOTER last_known_addr { host: "127.5.165.65" port: 46455 } } peers { permanent_uuid: "f20e7b1ebdf0438bad1af17353f3a2b0" member_type: VOTER last_known_addr { host: "127.5.165.66" port: 37157 } } peers { permanent_uuid: "251d55a5fb054ddcb732fa97fdf6c7f6" member_type: VOTER last_known_addr { host: "127.5.165.67" port: 38851 } }
I20260710 13:16:45.283825  5991 raft_consensus.cc:3060] T dea683bcece549b5bf1397569917e43a P f20e7b1ebdf0438bad1af17353f3a2b0 [term 1 FOLLOWER]: Advancing to term 2
I20260710 13:16:45.287807  6065 raft_consensus.cc:2468] T dea683bcece549b5bf1397569917e43a P 251d55a5fb054ddcb732fa97fdf6c7f6 [term 2 FOLLOWER]: Leader election vote request: Granting yes vote for candidate e1e983ece271458b99f9ca341d08ca9c in term 2.
I20260710 13:16:45.288909  5879 leader_election.cc:304] T dea683bcece549b5bf1397569917e43a P e1e983ece271458b99f9ca341d08ca9c [CANDIDATE]: Term 2 election: Election decided. Result: candidate won. Election summary: received 2 responses out of 3 voters: 2 yes votes; 0 no votes. yes voters: 251d55a5fb054ddcb732fa97fdf6c7f6, e1e983ece271458b99f9ca341d08ca9c; no voters: 
I20260710 13:16:45.289291  5991 raft_consensus.cc:2468] T dea683bcece549b5bf1397569917e43a P f20e7b1ebdf0438bad1af17353f3a2b0 [term 2 FOLLOWER]: Leader election vote request: Granting yes vote for candidate e1e983ece271458b99f9ca341d08ca9c in term 2.
I20260710 13:16:45.289644  6266 raft_consensus.cc:2804] T dea683bcece549b5bf1397569917e43a P e1e983ece271458b99f9ca341d08ca9c [term 2 FOLLOWER]: Leader election won for term 2
I20260710 13:16:45.290118  6266 raft_consensus.cc:697] T dea683bcece549b5bf1397569917e43a P e1e983ece271458b99f9ca341d08ca9c [term 2 LEADER]: Becoming Leader. State: Replica: e1e983ece271458b99f9ca341d08ca9c, State: Running, Role: LEADER
I20260710 13:16:45.290946  6266 consensus_queue.cc:237] T dea683bcece549b5bf1397569917e43a P e1e983ece271458b99f9ca341d08ca9c [LEADER]: Queue going to LEADER mode. State: All replicated index: 0, Majority replicated index: 1, Committed index: 1, Last appended: 1.1, Last appended by leader: 1, Current term: 2, Majority size: 2, State: 0, Mode: LEADER, active raft config: opid_index: -1 OBSOLETE_local: false peers { permanent_uuid: "e1e983ece271458b99f9ca341d08ca9c" member_type: VOTER last_known_addr { host: "127.5.165.65" port: 46455 } } peers { permanent_uuid: "f20e7b1ebdf0438bad1af17353f3a2b0" member_type: VOTER last_known_addr { host: "127.5.165.66" port: 37157 } } peers { permanent_uuid: "251d55a5fb054ddcb732fa97fdf6c7f6" member_type: VOTER last_known_addr { host: "127.5.165.67" port: 38851 } }
I20260710 13:16:45.297016  5811 catalog_manager.cc:5697] T dea683bcece549b5bf1397569917e43a P e1e983ece271458b99f9ca341d08ca9c reported cstate change: term changed from 1 to 2, leader changed from f20e7b1ebdf0438bad1af17353f3a2b0 (127.5.165.66) to e1e983ece271458b99f9ca341d08ca9c (127.5.165.65). New cstate: current_term: 2 leader_uuid: "e1e983ece271458b99f9ca341d08ca9c" committed_config { opid_index: -1 OBSOLETE_local: false peers { permanent_uuid: "e1e983ece271458b99f9ca341d08ca9c" member_type: VOTER last_known_addr { host: "127.5.165.65" port: 46455 } health_report { overall_health: HEALTHY } } peers { permanent_uuid: "f20e7b1ebdf0438bad1af17353f3a2b0" member_type: VOTER last_known_addr { host: "127.5.165.66" port: 37157 } health_report { overall_health: UNKNOWN } } peers { permanent_uuid: "251d55a5fb054ddcb732fa97fdf6c7f6" member_type: VOTER last_known_addr { host: "127.5.165.67" port: 38851 } health_report { overall_health: UNKNOWN } } }
I20260710 13:16:45.399444  6259 raft_consensus.cc:993] T 3dd51585f8824c39b96ddc828fdb53fa P f20e7b1ebdf0438bad1af17353f3a2b0: : Instructing follower e1e983ece271458b99f9ca341d08ca9c to start an election
I20260710 13:16:45.399945  6237 raft_consensus.cc:1081] T 3dd51585f8824c39b96ddc828fdb53fa P f20e7b1ebdf0438bad1af17353f3a2b0 [term 3 LEADER]: Signalling peer e1e983ece271458b99f9ca341d08ca9c to start an election
I20260710 13:16:45.401371  5914 tablet_service.cc:2044] Received Run Leader Election RPC: tablet_id: "3dd51585f8824c39b96ddc828fdb53fa"
dest_uuid: "e1e983ece271458b99f9ca341d08ca9c"
 from {username='slave'} at 127.0.0.1:57102
I20260710 13:16:45.401842  5914 raft_consensus.cc:493] T 3dd51585f8824c39b96ddc828fdb53fa P e1e983ece271458b99f9ca341d08ca9c [term 3 FOLLOWER]: Starting forced leader election (received explicit request)
I20260710 13:16:45.402160  5914 raft_consensus.cc:3060] T 3dd51585f8824c39b96ddc828fdb53fa P e1e983ece271458b99f9ca341d08ca9c [term 3 FOLLOWER]: Advancing to term 4
I20260710 13:16:45.406373  5914 raft_consensus.cc:515] T 3dd51585f8824c39b96ddc828fdb53fa P e1e983ece271458b99f9ca341d08ca9c [term 4 FOLLOWER]: Starting forced leader election with config: opid_index: -1 OBSOLETE_local: false peers { permanent_uuid: "e1e983ece271458b99f9ca341d08ca9c" member_type: VOTER last_known_addr { host: "127.5.165.65" port: 46455 } } peers { permanent_uuid: "f20e7b1ebdf0438bad1af17353f3a2b0" member_type: VOTER last_known_addr { host: "127.5.165.66" port: 37157 } } peers { permanent_uuid: "251d55a5fb054ddcb732fa97fdf6c7f6" member_type: VOTER last_known_addr { host: "127.5.165.67" port: 38851 } }
I20260710 13:16:45.407853  5914 leader_election.cc:290] T 3dd51585f8824c39b96ddc828fdb53fa P e1e983ece271458b99f9ca341d08ca9c [CANDIDATE]: Term 4 election: Requested vote from peers f20e7b1ebdf0438bad1af17353f3a2b0 (127.5.165.66:37157), 251d55a5fb054ddcb732fa97fdf6c7f6 (127.5.165.67:38851)
I20260710 13:16:45.408625  5991 tablet_service.cc:1917] Received RequestConsensusVote() RPC: tablet_id: "3dd51585f8824c39b96ddc828fdb53fa" candidate_uuid: "e1e983ece271458b99f9ca341d08ca9c" candidate_term: 4 candidate_status { last_received { term: 3 index: 3 } } ignore_live_leader: true dest_uuid: "f20e7b1ebdf0438bad1af17353f3a2b0"
I20260710 13:16:45.408797  6065 tablet_service.cc:1917] Received RequestConsensusVote() RPC: tablet_id: "3dd51585f8824c39b96ddc828fdb53fa" candidate_uuid: "e1e983ece271458b99f9ca341d08ca9c" candidate_term: 4 candidate_status { last_received { term: 3 index: 3 } } ignore_live_leader: true dest_uuid: "251d55a5fb054ddcb732fa97fdf6c7f6"
I20260710 13:16:45.409132  5991 raft_consensus.cc:3055] T 3dd51585f8824c39b96ddc828fdb53fa P f20e7b1ebdf0438bad1af17353f3a2b0 [term 3 LEADER]: Stepping down as leader of term 3
I20260710 13:16:45.409309  6065 raft_consensus.cc:3060] T 3dd51585f8824c39b96ddc828fdb53fa P 251d55a5fb054ddcb732fa97fdf6c7f6 [term 3 FOLLOWER]: Advancing to term 4
I20260710 13:16:45.409441  5991 raft_consensus.cc:740] T 3dd51585f8824c39b96ddc828fdb53fa P f20e7b1ebdf0438bad1af17353f3a2b0 [term 3 LEADER]: Becoming Follower/Learner. State: Replica: f20e7b1ebdf0438bad1af17353f3a2b0, State: Running, Role: LEADER
I20260710 13:16:45.410182  5991 consensus_queue.cc:260] T 3dd51585f8824c39b96ddc828fdb53fa P f20e7b1ebdf0438bad1af17353f3a2b0 [NON_LEADER]: Queue going to NON_LEADER mode. State: All replicated index: 0, Majority replicated index: 3, Committed index: 3, Last appended: 3.3, Last appended by leader: 3, Current term: 3, Majority size: -1, State: 0, Mode: NON_LEADER, active raft config: opid_index: -1 OBSOLETE_local: false peers { permanent_uuid: "e1e983ece271458b99f9ca341d08ca9c" member_type: VOTER last_known_addr { host: "127.5.165.65" port: 46455 } } peers { permanent_uuid: "f20e7b1ebdf0438bad1af17353f3a2b0" member_type: VOTER last_known_addr { host: "127.5.165.66" port: 37157 } } peers { permanent_uuid: "251d55a5fb054ddcb732fa97fdf6c7f6" member_type: VOTER last_known_addr { host: "127.5.165.67" port: 38851 } }
I20260710 13:16:45.411057  5991 raft_consensus.cc:3060] T 3dd51585f8824c39b96ddc828fdb53fa P f20e7b1ebdf0438bad1af17353f3a2b0 [term 3 FOLLOWER]: Advancing to term 4
I20260710 13:16:45.413622  6065 raft_consensus.cc:2468] T 3dd51585f8824c39b96ddc828fdb53fa P 251d55a5fb054ddcb732fa97fdf6c7f6 [term 4 FOLLOWER]: Leader election vote request: Granting yes vote for candidate e1e983ece271458b99f9ca341d08ca9c in term 4.
I20260710 13:16:45.414474  5879 leader_election.cc:304] T 3dd51585f8824c39b96ddc828fdb53fa P e1e983ece271458b99f9ca341d08ca9c [CANDIDATE]: Term 4 election: Election decided. Result: candidate won. Election summary: received 2 responses out of 3 voters: 2 yes votes; 0 no votes. yes voters: 251d55a5fb054ddcb732fa97fdf6c7f6, e1e983ece271458b99f9ca341d08ca9c; no voters: 
I20260710 13:16:45.415134  6266 raft_consensus.cc:2804] T 3dd51585f8824c39b96ddc828fdb53fa P e1e983ece271458b99f9ca341d08ca9c [term 4 FOLLOWER]: Leader election won for term 4
I20260710 13:16:45.415102  5991 raft_consensus.cc:2468] T 3dd51585f8824c39b96ddc828fdb53fa P f20e7b1ebdf0438bad1af17353f3a2b0 [term 4 FOLLOWER]: Leader election vote request: Granting yes vote for candidate e1e983ece271458b99f9ca341d08ca9c in term 4.
I20260710 13:16:45.415702  6266 raft_consensus.cc:697] T 3dd51585f8824c39b96ddc828fdb53fa P e1e983ece271458b99f9ca341d08ca9c [term 4 LEADER]: Becoming Leader. State: Replica: e1e983ece271458b99f9ca341d08ca9c, State: Running, Role: LEADER
I20260710 13:16:45.416538  6266 consensus_queue.cc:237] T 3dd51585f8824c39b96ddc828fdb53fa P e1e983ece271458b99f9ca341d08ca9c [LEADER]: Queue going to LEADER mode. State: All replicated index: 0, Majority replicated index: 3, Committed index: 3, Last appended: 3.3, Last appended by leader: 3, Current term: 4, Majority size: 2, State: 0, Mode: LEADER, active raft config: opid_index: -1 OBSOLETE_local: false peers { permanent_uuid: "e1e983ece271458b99f9ca341d08ca9c" member_type: VOTER last_known_addr { host: "127.5.165.65" port: 46455 } } peers { permanent_uuid: "f20e7b1ebdf0438bad1af17353f3a2b0" member_type: VOTER last_known_addr { host: "127.5.165.66" port: 37157 } } peers { permanent_uuid: "251d55a5fb054ddcb732fa97fdf6c7f6" member_type: VOTER last_known_addr { host: "127.5.165.67" port: 38851 } }
I20260710 13:16:45.422928  5811 catalog_manager.cc:5697] T 3dd51585f8824c39b96ddc828fdb53fa P e1e983ece271458b99f9ca341d08ca9c reported cstate change: term changed from 3 to 4, leader changed from f20e7b1ebdf0438bad1af17353f3a2b0 (127.5.165.66) to e1e983ece271458b99f9ca341d08ca9c (127.5.165.65). New cstate: current_term: 4 leader_uuid: "e1e983ece271458b99f9ca341d08ca9c" committed_config { opid_index: -1 OBSOLETE_local: false peers { permanent_uuid: "e1e983ece271458b99f9ca341d08ca9c" member_type: VOTER last_known_addr { host: "127.5.165.65" port: 46455 } health_report { overall_health: HEALTHY } } peers { permanent_uuid: "f20e7b1ebdf0438bad1af17353f3a2b0" member_type: VOTER last_known_addr { host: "127.5.165.66" port: 37157 } health_report { overall_health: UNKNOWN } } peers { permanent_uuid: "251d55a5fb054ddcb732fa97fdf6c7f6" member_type: VOTER last_known_addr { host: "127.5.165.67" port: 38851 } health_report { overall_health: UNKNOWN } } }
