I20260710 13:17:08.428918  7074 raft_consensus.cc:1275] T 08e4b952b60c41559ede755caaf69eeb P 60ca448cf11244f29c2d7100fdbd03fa [term 1 FOLLOWER]: Refusing update from remote peer e21bdd7aa0494d85944e9cf8028afe34: Log matching property violated. Preceding OpId in replica: term: 1 index: 1. Preceding OpId from leader: term: 1 index: 2. (index mismatch)
I20260710 13:17:08.428833  7147 raft_consensus.cc:1275] T 08e4b952b60c41559ede755caaf69eeb P d2d670bad5ca43c285de525b7c6a69be [term 1 FOLLOWER]: Refusing update from remote peer e21bdd7aa0494d85944e9cf8028afe34: Log matching property violated. Preceding OpId in replica: term: 1 index: 1. Preceding OpId from leader: term: 1 index: 2. (index mismatch)
I20260710 13:17:08.430626  7594 consensus_queue.cc:1048] T 08e4b952b60c41559ede755caaf69eeb P e21bdd7aa0494d85944e9cf8028afe34 [LEADER]: Connected to new peer: Peer: permanent_uuid: "60ca448cf11244f29c2d7100fdbd03fa" member_type: VOTER last_known_addr { host: "127.5.185.66" port: 46089 } attrs { replace: true }, Status: LMP_MISMATCH, Last received: 0.0, Next index: 2, Last known committed idx: 1, Time since last communication: 0.000s
I20260710 13:17:08.431528  7591 consensus_queue.cc:1048] T 08e4b952b60c41559ede755caaf69eeb P e21bdd7aa0494d85944e9cf8028afe34 [LEADER]: Connected to new peer: Peer: permanent_uuid: "d2d670bad5ca43c285de525b7c6a69be" member_type: VOTER last_known_addr { host: "127.5.185.67" port: 45609 }, Status: LMP_MISMATCH, Last received: 0.0, Next index: 2, Last known committed idx: 1, Time since last communication: 0.000s
I20260710 13:17:08.439680  7591 raft_consensus.cc:2955] T 08e4b952b60c41559ede755caaf69eeb P e21bdd7aa0494d85944e9cf8028afe34 [term 1 LEADER]: Committing config change with OpId 1.2: config changed from index -1 to 2, NON_VOTER 79716c204b934876be58e7dbb70b5842 (127.5.185.68) added. New config: { opid_index: 2 OBSOLETE_local: false peers { permanent_uuid: "e21bdd7aa0494d85944e9cf8028afe34" member_type: VOTER last_known_addr { host: "127.5.185.65" port: 33179 } } peers { permanent_uuid: "60ca448cf11244f29c2d7100fdbd03fa" member_type: VOTER last_known_addr { host: "127.5.185.66" port: 46089 } attrs { replace: true } } peers { permanent_uuid: "d2d670bad5ca43c285de525b7c6a69be" member_type: VOTER last_known_addr { host: "127.5.185.67" port: 45609 } } peers { permanent_uuid: "79716c204b934876be58e7dbb70b5842" member_type: NON_VOTER last_known_addr { host: "127.5.185.68" port: 37283 } attrs { promote: true } } }
I20260710 13:17:08.442195  7147 raft_consensus.cc:2955] T 08e4b952b60c41559ede755caaf69eeb P d2d670bad5ca43c285de525b7c6a69be [term 1 FOLLOWER]: Committing config change with OpId 1.2: config changed from index -1 to 2, NON_VOTER 79716c204b934876be58e7dbb70b5842 (127.5.185.68) added. New config: { opid_index: 2 OBSOLETE_local: false peers { permanent_uuid: "e21bdd7aa0494d85944e9cf8028afe34" member_type: VOTER last_known_addr { host: "127.5.185.65" port: 33179 } } peers { permanent_uuid: "60ca448cf11244f29c2d7100fdbd03fa" member_type: VOTER last_known_addr { host: "127.5.185.66" port: 46089 } attrs { replace: true } } peers { permanent_uuid: "d2d670bad5ca43c285de525b7c6a69be" member_type: VOTER last_known_addr { host: "127.5.185.67" port: 45609 } } peers { permanent_uuid: "79716c204b934876be58e7dbb70b5842" member_type: NON_VOTER last_known_addr { host: "127.5.185.68" port: 37283 } attrs { promote: true } } }
I20260710 13:17:08.443295  7074 raft_consensus.cc:2955] T 08e4b952b60c41559ede755caaf69eeb P 60ca448cf11244f29c2d7100fdbd03fa [term 1 FOLLOWER]: Committing config change with OpId 1.2: config changed from index -1 to 2, NON_VOTER 79716c204b934876be58e7dbb70b5842 (127.5.185.68) added. New config: { opid_index: 2 OBSOLETE_local: false peers { permanent_uuid: "e21bdd7aa0494d85944e9cf8028afe34" member_type: VOTER last_known_addr { host: "127.5.185.65" port: 33179 } } peers { permanent_uuid: "60ca448cf11244f29c2d7100fdbd03fa" member_type: VOTER last_known_addr { host: "127.5.185.66" port: 46089 } attrs { replace: true } } peers { permanent_uuid: "d2d670bad5ca43c285de525b7c6a69be" member_type: VOTER last_known_addr { host: "127.5.185.67" port: 45609 } } peers { permanent_uuid: "79716c204b934876be58e7dbb70b5842" member_type: NON_VOTER last_known_addr { host: "127.5.185.68" port: 37283 } attrs { promote: true } } }
I20260710 13:17:08.458920  6997 consensus_queue.cc:237] T 393a55e9d52f40f8a3b0e98f735b5e89 P e21bdd7aa0494d85944e9cf8028afe34 [LEADER]: Queue going to LEADER mode. State: All replicated index: 0, Majority replicated index: 1, Committed index: 1, Last appended: 1.1, Last appended by leader: 0, Current term: 1, Majority size: 2, State: 0, Mode: LEADER, active raft config: opid_index: 2 OBSOLETE_local: false peers { permanent_uuid: "e21bdd7aa0494d85944e9cf8028afe34" member_type: VOTER last_known_addr { host: "127.5.185.65" port: 33179 } } peers { permanent_uuid: "60ca448cf11244f29c2d7100fdbd03fa" member_type: VOTER last_known_addr { host: "127.5.185.66" port: 46089 } } peers { permanent_uuid: "d2d670bad5ca43c285de525b7c6a69be" member_type: VOTER last_known_addr { host: "127.5.185.67" port: 45609 } attrs { replace: true } } peers { permanent_uuid: "79716c204b934876be58e7dbb70b5842" member_type: NON_VOTER last_known_addr { host: "127.5.185.68" port: 37283 } attrs { promote: true } }
I20260710 13:17:08.460026  6896 catalog_manager.cc:5697] T 08e4b952b60c41559ede755caaf69eeb P e21bdd7aa0494d85944e9cf8028afe34 reported cstate change: config changed from index -1 to 2, NON_VOTER 79716c204b934876be58e7dbb70b5842 (127.5.185.68) added. New cstate: current_term: 1 leader_uuid: "e21bdd7aa0494d85944e9cf8028afe34" committed_config { opid_index: 2 OBSOLETE_local: false peers { permanent_uuid: "e21bdd7aa0494d85944e9cf8028afe34" member_type: VOTER last_known_addr { host: "127.5.185.65" port: 33179 } health_report { overall_health: HEALTHY } } peers { permanent_uuid: "60ca448cf11244f29c2d7100fdbd03fa" member_type: VOTER last_known_addr { host: "127.5.185.66" port: 46089 } attrs { replace: true } health_report { overall_health: HEALTHY } } peers { permanent_uuid: "d2d670bad5ca43c285de525b7c6a69be" member_type: VOTER last_known_addr { host: "127.5.185.67" port: 45609 } health_report { overall_health: HEALTHY } } peers { permanent_uuid: "79716c204b934876be58e7dbb70b5842" member_type: NON_VOTER last_known_addr { host: "127.5.185.68" port: 37283 } attrs { promote: true } health_report { overall_health: UNKNOWN } } }
I20260710 13:17:08.466176  7147 raft_consensus.cc:1275] T 393a55e9d52f40f8a3b0e98f735b5e89 P d2d670bad5ca43c285de525b7c6a69be [term 1 FOLLOWER]: Refusing update from remote peer e21bdd7aa0494d85944e9cf8028afe34: Log matching property violated. Preceding OpId in replica: term: 1 index: 1. Preceding OpId from leader: term: 1 index: 2. (index mismatch)
W20260710 13:17:08.468055  6962 consensus_peers.cc:597] T 393a55e9d52f40f8a3b0e98f735b5e89 P e21bdd7aa0494d85944e9cf8028afe34 -> Peer 79716c204b934876be58e7dbb70b5842 (127.5.185.68:37283): Couldn't send request to peer 79716c204b934876be58e7dbb70b5842. Error code: TABLET_NOT_FOUND (6). Status: Not found: Tablet not found: 393a55e9d52f40f8a3b0e98f735b5e89. This is attempt 1: this message will repeat every 5th retry.
I20260710 13:17:08.468683  7074 raft_consensus.cc:1275] T 393a55e9d52f40f8a3b0e98f735b5e89 P 60ca448cf11244f29c2d7100fdbd03fa [term 1 FOLLOWER]: Refusing update from remote peer e21bdd7aa0494d85944e9cf8028afe34: Log matching property violated. Preceding OpId in replica: term: 1 index: 1. Preceding OpId from leader: term: 1 index: 2. (index mismatch)
I20260710 13:17:08.468914  7594 consensus_queue.cc:1048] T 393a55e9d52f40f8a3b0e98f735b5e89 P e21bdd7aa0494d85944e9cf8028afe34 [LEADER]: Connected to new peer: Peer: permanent_uuid: "d2d670bad5ca43c285de525b7c6a69be" member_type: VOTER last_known_addr { host: "127.5.185.67" port: 45609 } attrs { replace: true }, Status: LMP_MISMATCH, Last received: 0.0, Next index: 2, Last known committed idx: 1, Time since last communication: 0.000s
I20260710 13:17:08.469925  7597 consensus_queue.cc:1048] T 393a55e9d52f40f8a3b0e98f735b5e89 P e21bdd7aa0494d85944e9cf8028afe34 [LEADER]: Connected to new peer: Peer: permanent_uuid: "60ca448cf11244f29c2d7100fdbd03fa" member_type: VOTER last_known_addr { host: "127.5.185.66" port: 46089 }, Status: LMP_MISMATCH, Last received: 0.0, Next index: 2, Last known committed idx: 1, Time since last communication: 0.000s
I20260710 13:17:08.481231  7597 raft_consensus.cc:2955] T 393a55e9d52f40f8a3b0e98f735b5e89 P e21bdd7aa0494d85944e9cf8028afe34 [term 1 LEADER]: Committing config change with OpId 1.2: config changed from index -1 to 2, NON_VOTER 79716c204b934876be58e7dbb70b5842 (127.5.185.68) added. New config: { opid_index: 2 OBSOLETE_local: false peers { permanent_uuid: "e21bdd7aa0494d85944e9cf8028afe34" member_type: VOTER last_known_addr { host: "127.5.185.65" port: 33179 } } peers { permanent_uuid: "60ca448cf11244f29c2d7100fdbd03fa" member_type: VOTER last_known_addr { host: "127.5.185.66" port: 46089 } } peers { permanent_uuid: "d2d670bad5ca43c285de525b7c6a69be" member_type: VOTER last_known_addr { host: "127.5.185.67" port: 45609 } attrs { replace: true } } peers { permanent_uuid: "79716c204b934876be58e7dbb70b5842" member_type: NON_VOTER last_known_addr { host: "127.5.185.68" port: 37283 } attrs { promote: true } } }
I20260710 13:17:08.484668  7147 raft_consensus.cc:2955] T 393a55e9d52f40f8a3b0e98f735b5e89 P d2d670bad5ca43c285de525b7c6a69be [term 1 FOLLOWER]: Committing config change with OpId 1.2: config changed from index -1 to 2, NON_VOTER 79716c204b934876be58e7dbb70b5842 (127.5.185.68) added. New config: { opid_index: 2 OBSOLETE_local: false peers { permanent_uuid: "e21bdd7aa0494d85944e9cf8028afe34" member_type: VOTER last_known_addr { host: "127.5.185.65" port: 33179 } } peers { permanent_uuid: "60ca448cf11244f29c2d7100fdbd03fa" member_type: VOTER last_known_addr { host: "127.5.185.66" port: 46089 } } peers { permanent_uuid: "d2d670bad5ca43c285de525b7c6a69be" member_type: VOTER last_known_addr { host: "127.5.185.67" port: 45609 } attrs { replace: true } } peers { permanent_uuid: "79716c204b934876be58e7dbb70b5842" member_type: NON_VOTER last_known_addr { host: "127.5.185.68" port: 37283 } attrs { promote: true } } }
I20260710 13:17:08.484385  7072 raft_consensus.cc:2955] T 393a55e9d52f40f8a3b0e98f735b5e89 P 60ca448cf11244f29c2d7100fdbd03fa [term 1 FOLLOWER]: Committing config change with OpId 1.2: config changed from index -1 to 2, NON_VOTER 79716c204b934876be58e7dbb70b5842 (127.5.185.68) added. New config: { opid_index: 2 OBSOLETE_local: false peers { permanent_uuid: "e21bdd7aa0494d85944e9cf8028afe34" member_type: VOTER last_known_addr { host: "127.5.185.65" port: 33179 } } peers { permanent_uuid: "60ca448cf11244f29c2d7100fdbd03fa" member_type: VOTER last_known_addr { host: "127.5.185.66" port: 46089 } } peers { permanent_uuid: "d2d670bad5ca43c285de525b7c6a69be" member_type: VOTER last_known_addr { host: "127.5.185.67" port: 45609 } attrs { replace: true } } peers { permanent_uuid: "79716c204b934876be58e7dbb70b5842" member_type: NON_VOTER last_known_addr { host: "127.5.185.68" port: 37283 } attrs { promote: true } } }
I20260710 13:17:08.498783  6997 consensus_queue.cc:237] T fbec1ecff88c452ba795e723f2c4949a P e21bdd7aa0494d85944e9cf8028afe34 [LEADER]: Queue going to LEADER mode. State: All replicated index: 0, Majority replicated index: 1, Committed index: 1, Last appended: 1.1, Last appended by leader: 0, Current term: 1, Majority size: 2, State: 0, Mode: LEADER, active raft config: opid_index: 2 OBSOLETE_local: false peers { permanent_uuid: "e21bdd7aa0494d85944e9cf8028afe34" member_type: VOTER last_known_addr { host: "127.5.185.65" port: 33179 } } peers { permanent_uuid: "60ca448cf11244f29c2d7100fdbd03fa" member_type: VOTER last_known_addr { host: "127.5.185.66" port: 46089 } attrs { replace: true } } peers { permanent_uuid: "d2d670bad5ca43c285de525b7c6a69be" member_type: VOTER last_known_addr { host: "127.5.185.67" port: 45609 } } peers { permanent_uuid: "79716c204b934876be58e7dbb70b5842" member_type: NON_VOTER last_known_addr { host: "127.5.185.68" port: 37283 } attrs { promote: true } }
I20260710 13:17:08.502023  6895 catalog_manager.cc:5697] T 393a55e9d52f40f8a3b0e98f735b5e89 P 60ca448cf11244f29c2d7100fdbd03fa reported cstate change: config changed from index -1 to 2, NON_VOTER 79716c204b934876be58e7dbb70b5842 (127.5.185.68) added. New cstate: current_term: 1 leader_uuid: "e21bdd7aa0494d85944e9cf8028afe34" committed_config { opid_index: 2 OBSOLETE_local: false peers { permanent_uuid: "e21bdd7aa0494d85944e9cf8028afe34" member_type: VOTER last_known_addr { host: "127.5.185.65" port: 33179 } } peers { permanent_uuid: "60ca448cf11244f29c2d7100fdbd03fa" member_type: VOTER last_known_addr { host: "127.5.185.66" port: 46089 } } peers { permanent_uuid: "d2d670bad5ca43c285de525b7c6a69be" member_type: VOTER last_known_addr { host: "127.5.185.67" port: 45609 } attrs { replace: true } } peers { permanent_uuid: "79716c204b934876be58e7dbb70b5842" member_type: NON_VOTER last_known_addr { host: "127.5.185.68" port: 37283 } attrs { promote: true } } }
I20260710 13:17:08.515412  7147 raft_consensus.cc:1275] T fbec1ecff88c452ba795e723f2c4949a P d2d670bad5ca43c285de525b7c6a69be [term 1 FOLLOWER]: Refusing update from remote peer e21bdd7aa0494d85944e9cf8028afe34: Log matching property violated. Preceding OpId in replica: term: 1 index: 1. Preceding OpId from leader: term: 1 index: 2. (index mismatch)
I20260710 13:17:08.515542  7072 raft_consensus.cc:1275] T fbec1ecff88c452ba795e723f2c4949a P 60ca448cf11244f29c2d7100fdbd03fa [term 1 FOLLOWER]: Refusing update from remote peer e21bdd7aa0494d85944e9cf8028afe34: Log matching property violated. Preceding OpId in replica: term: 1 index: 1. Preceding OpId from leader: term: 1 index: 2. (index mismatch)
I20260710 13:17:08.517238  7597 consensus_queue.cc:1048] T fbec1ecff88c452ba795e723f2c4949a P e21bdd7aa0494d85944e9cf8028afe34 [LEADER]: Connected to new peer: Peer: permanent_uuid: "d2d670bad5ca43c285de525b7c6a69be" member_type: VOTER last_known_addr { host: "127.5.185.67" port: 45609 }, Status: LMP_MISMATCH, Last received: 0.0, Next index: 2, Last known committed idx: 1, Time since last communication: 0.000s
I20260710 13:17:08.518661  7591 consensus_queue.cc:1048] T fbec1ecff88c452ba795e723f2c4949a P e21bdd7aa0494d85944e9cf8028afe34 [LEADER]: Connected to new peer: Peer: permanent_uuid: "60ca448cf11244f29c2d7100fdbd03fa" member_type: VOTER last_known_addr { host: "127.5.185.66" port: 46089 } attrs { replace: true }, Status: LMP_MISMATCH, Last received: 0.0, Next index: 2, Last known committed idx: 1, Time since last communication: 0.000s
W20260710 13:17:08.523195  6962 consensus_peers.cc:597] T fbec1ecff88c452ba795e723f2c4949a P e21bdd7aa0494d85944e9cf8028afe34 -> Peer 79716c204b934876be58e7dbb70b5842 (127.5.185.68:37283): Couldn't send request to peer 79716c204b934876be58e7dbb70b5842. Error code: TABLET_NOT_FOUND (6). Status: Not found: Tablet not found: fbec1ecff88c452ba795e723f2c4949a. This is attempt 1: this message will repeat every 5th retry.
I20260710 13:17:08.528594  7597 raft_consensus.cc:2955] T fbec1ecff88c452ba795e723f2c4949a P e21bdd7aa0494d85944e9cf8028afe34 [term 1 LEADER]: Committing config change with OpId 1.2: config changed from index -1 to 2, NON_VOTER 79716c204b934876be58e7dbb70b5842 (127.5.185.68) added. New config: { opid_index: 2 OBSOLETE_local: false peers { permanent_uuid: "e21bdd7aa0494d85944e9cf8028afe34" member_type: VOTER last_known_addr { host: "127.5.185.65" port: 33179 } } peers { permanent_uuid: "60ca448cf11244f29c2d7100fdbd03fa" member_type: VOTER last_known_addr { host: "127.5.185.66" port: 46089 } attrs { replace: true } } peers { permanent_uuid: "d2d670bad5ca43c285de525b7c6a69be" member_type: VOTER last_known_addr { host: "127.5.185.67" port: 45609 } } peers { permanent_uuid: "79716c204b934876be58e7dbb70b5842" member_type: NON_VOTER last_known_addr { host: "127.5.185.68" port: 37283 } attrs { promote: true } } }
I20260710 13:17:08.530519  7147 raft_consensus.cc:2955] T fbec1ecff88c452ba795e723f2c4949a P d2d670bad5ca43c285de525b7c6a69be [term 1 FOLLOWER]: Committing config change with OpId 1.2: config changed from index -1 to 2, NON_VOTER 79716c204b934876be58e7dbb70b5842 (127.5.185.68) added. New config: { opid_index: 2 OBSOLETE_local: false peers { permanent_uuid: "e21bdd7aa0494d85944e9cf8028afe34" member_type: VOTER last_known_addr { host: "127.5.185.65" port: 33179 } } peers { permanent_uuid: "60ca448cf11244f29c2d7100fdbd03fa" member_type: VOTER last_known_addr { host: "127.5.185.66" port: 46089 } attrs { replace: true } } peers { permanent_uuid: "d2d670bad5ca43c285de525b7c6a69be" member_type: VOTER last_known_addr { host: "127.5.185.67" port: 45609 } } peers { permanent_uuid: "79716c204b934876be58e7dbb70b5842" member_type: NON_VOTER last_known_addr { host: "127.5.185.68" port: 37283 } attrs { promote: true } } }
I20260710 13:17:08.531952  7074 raft_consensus.cc:2955] T fbec1ecff88c452ba795e723f2c4949a P 60ca448cf11244f29c2d7100fdbd03fa [term 1 FOLLOWER]: Committing config change with OpId 1.2: config changed from index -1 to 2, NON_VOTER 79716c204b934876be58e7dbb70b5842 (127.5.185.68) added. New config: { opid_index: 2 OBSOLETE_local: false peers { permanent_uuid: "e21bdd7aa0494d85944e9cf8028afe34" member_type: VOTER last_known_addr { host: "127.5.185.65" port: 33179 } } peers { permanent_uuid: "60ca448cf11244f29c2d7100fdbd03fa" member_type: VOTER last_known_addr { host: "127.5.185.66" port: 46089 } attrs { replace: true } } peers { permanent_uuid: "d2d670bad5ca43c285de525b7c6a69be" member_type: VOTER last_known_addr { host: "127.5.185.67" port: 45609 } } peers { permanent_uuid: "79716c204b934876be58e7dbb70b5842" member_type: NON_VOTER last_known_addr { host: "127.5.185.68" port: 37283 } attrs { promote: true } } }
I20260710 13:17:08.544409  6895 catalog_manager.cc:5697] T fbec1ecff88c452ba795e723f2c4949a P e21bdd7aa0494d85944e9cf8028afe34 reported cstate change: config changed from index -1 to 2, NON_VOTER 79716c204b934876be58e7dbb70b5842 (127.5.185.68) added. New cstate: current_term: 1 leader_uuid: "e21bdd7aa0494d85944e9cf8028afe34" committed_config { opid_index: 2 OBSOLETE_local: false peers { permanent_uuid: "e21bdd7aa0494d85944e9cf8028afe34" member_type: VOTER last_known_addr { host: "127.5.185.65" port: 33179 } health_report { overall_health: HEALTHY } } peers { permanent_uuid: "60ca448cf11244f29c2d7100fdbd03fa" member_type: VOTER last_known_addr { host: "127.5.185.66" port: 46089 } attrs { replace: true } health_report { overall_health: HEALTHY } } peers { permanent_uuid: "d2d670bad5ca43c285de525b7c6a69be" member_type: VOTER last_known_addr { host: "127.5.185.67" port: 45609 } health_report { overall_health: HEALTHY } } peers { permanent_uuid: "79716c204b934876be58e7dbb70b5842" member_type: NON_VOTER last_known_addr { host: "127.5.185.68" port: 37283 } attrs { promote: true } health_report { overall_health: UNKNOWN } } }
I20260710 13:17:08.549746  7147 consensus_queue.cc:237] T aa36d3efe3a244fdb971f3d7de98a7be P d2d670bad5ca43c285de525b7c6a69be [LEADER]: Queue going to LEADER mode. State: All replicated index: 0, Majority replicated index: 1, Committed index: 1, Last appended: 1.1, Last appended by leader: 0, Current term: 1, Majority size: 2, State: 0, Mode: LEADER, active raft config: opid_index: 2 OBSOLETE_local: false peers { permanent_uuid: "e21bdd7aa0494d85944e9cf8028afe34" member_type: VOTER last_known_addr { host: "127.5.185.65" port: 33179 } attrs { replace: true } } peers { permanent_uuid: "60ca448cf11244f29c2d7100fdbd03fa" member_type: VOTER last_known_addr { host: "127.5.185.66" port: 46089 } } peers { permanent_uuid: "d2d670bad5ca43c285de525b7c6a69be" member_type: VOTER last_known_addr { host: "127.5.185.67" port: 45609 } } peers { permanent_uuid: "79716c204b934876be58e7dbb70b5842" member_type: NON_VOTER last_known_addr { host: "127.5.185.68" port: 37283 } attrs { promote: true } }
W20260710 13:17:08.561362  7111 consensus_peers.cc:597] T aa36d3efe3a244fdb971f3d7de98a7be P d2d670bad5ca43c285de525b7c6a69be -> Peer 79716c204b934876be58e7dbb70b5842 (127.5.185.68:37283): Couldn't send request to peer 79716c204b934876be58e7dbb70b5842. Error code: TABLET_NOT_FOUND (6). Status: Not found: Tablet not found: aa36d3efe3a244fdb971f3d7de98a7be. This is attempt 1: this message will repeat every 5th retry.
I20260710 13:17:08.562392  7074 raft_consensus.cc:1275] T aa36d3efe3a244fdb971f3d7de98a7be P 60ca448cf11244f29c2d7100fdbd03fa [term 1 FOLLOWER]: Refusing update from remote peer d2d670bad5ca43c285de525b7c6a69be: Log matching property violated. Preceding OpId in replica: term: 1 index: 1. Preceding OpId from leader: term: 1 index: 2. (index mismatch)
I20260710 13:17:08.564109  7592 consensus_queue.cc:1048] T aa36d3efe3a244fdb971f3d7de98a7be P d2d670bad5ca43c285de525b7c6a69be [LEADER]: Connected to new peer: Peer: permanent_uuid: "60ca448cf11244f29c2d7100fdbd03fa" member_type: VOTER last_known_addr { host: "127.5.185.66" port: 46089 }, Status: LMP_MISMATCH, Last received: 0.0, Next index: 2, Last known committed idx: 1, Time since last communication: 0.000s
I20260710 13:17:08.565724  6997 raft_consensus.cc:1275] T aa36d3efe3a244fdb971f3d7de98a7be P e21bdd7aa0494d85944e9cf8028afe34 [term 1 FOLLOWER]: Refusing update from remote peer d2d670bad5ca43c285de525b7c6a69be: Log matching property violated. Preceding OpId in replica: term: 1 index: 1. Preceding OpId from leader: term: 1 index: 2. (index mismatch)
I20260710 13:17:08.567569  7592 consensus_queue.cc:1048] T aa36d3efe3a244fdb971f3d7de98a7be P d2d670bad5ca43c285de525b7c6a69be [LEADER]: Connected to new peer: Peer: permanent_uuid: "e21bdd7aa0494d85944e9cf8028afe34" member_type: VOTER last_known_addr { host: "127.5.185.65" port: 33179 } attrs { replace: true }, Status: LMP_MISMATCH, Last received: 0.0, Next index: 2, Last known committed idx: 1, Time since last communication: 0.000s
I20260710 13:17:08.574787  7516 raft_consensus.cc:2955] T aa36d3efe3a244fdb971f3d7de98a7be P d2d670bad5ca43c285de525b7c6a69be [term 1 LEADER]: Committing config change with OpId 1.2: config changed from index -1 to 2, NON_VOTER 79716c204b934876be58e7dbb70b5842 (127.5.185.68) added. New config: { opid_index: 2 OBSOLETE_local: false peers { permanent_uuid: "e21bdd7aa0494d85944e9cf8028afe34" member_type: VOTER last_known_addr { host: "127.5.185.65" port: 33179 } attrs { replace: true } } peers { permanent_uuid: "60ca448cf11244f29c2d7100fdbd03fa" member_type: VOTER last_known_addr { host: "127.5.185.66" port: 46089 } } peers { permanent_uuid: "d2d670bad5ca43c285de525b7c6a69be" member_type: VOTER last_known_addr { host: "127.5.185.67" port: 45609 } } peers { permanent_uuid: "79716c204b934876be58e7dbb70b5842" member_type: NON_VOTER last_known_addr { host: "127.5.185.68" port: 37283 } attrs { promote: true } } }
I20260710 13:17:08.576463  7074 raft_consensus.cc:2955] T aa36d3efe3a244fdb971f3d7de98a7be P 60ca448cf11244f29c2d7100fdbd03fa [term 1 FOLLOWER]: Committing config change with OpId 1.2: config changed from index -1 to 2, NON_VOTER 79716c204b934876be58e7dbb70b5842 (127.5.185.68) added. New config: { opid_index: 2 OBSOLETE_local: false peers { permanent_uuid: "e21bdd7aa0494d85944e9cf8028afe34" member_type: VOTER last_known_addr { host: "127.5.185.65" port: 33179 } attrs { replace: true } } peers { permanent_uuid: "60ca448cf11244f29c2d7100fdbd03fa" member_type: VOTER last_known_addr { host: "127.5.185.66" port: 46089 } } peers { permanent_uuid: "d2d670bad5ca43c285de525b7c6a69be" member_type: VOTER last_known_addr { host: "127.5.185.67" port: 45609 } } peers { permanent_uuid: "79716c204b934876be58e7dbb70b5842" member_type: NON_VOTER last_known_addr { host: "127.5.185.68" port: 37283 } attrs { promote: true } } }
I20260710 13:17:08.578625  6999 raft_consensus.cc:2955] T aa36d3efe3a244fdb971f3d7de98a7be P e21bdd7aa0494d85944e9cf8028afe34 [term 1 FOLLOWER]: Committing config change with OpId 1.2: config changed from index -1 to 2, NON_VOTER 79716c204b934876be58e7dbb70b5842 (127.5.185.68) added. New config: { opid_index: 2 OBSOLETE_local: false peers { permanent_uuid: "e21bdd7aa0494d85944e9cf8028afe34" member_type: VOTER last_known_addr { host: "127.5.185.65" port: 33179 } attrs { replace: true } } peers { permanent_uuid: "60ca448cf11244f29c2d7100fdbd03fa" member_type: VOTER last_known_addr { host: "127.5.185.66" port: 46089 } } peers { permanent_uuid: "d2d670bad5ca43c285de525b7c6a69be" member_type: VOTER last_known_addr { host: "127.5.185.67" port: 45609 } } peers { permanent_uuid: "79716c204b934876be58e7dbb70b5842" member_type: NON_VOTER last_known_addr { host: "127.5.185.68" port: 37283 } attrs { promote: true } } }
I20260710 13:17:08.593561  6896 catalog_manager.cc:5697] T aa36d3efe3a244fdb971f3d7de98a7be P 60ca448cf11244f29c2d7100fdbd03fa reported cstate change: config changed from index -1 to 2, NON_VOTER 79716c204b934876be58e7dbb70b5842 (127.5.185.68) added. New cstate: current_term: 1 leader_uuid: "d2d670bad5ca43c285de525b7c6a69be" committed_config { opid_index: 2 OBSOLETE_local: false peers { permanent_uuid: "e21bdd7aa0494d85944e9cf8028afe34" member_type: VOTER last_known_addr { host: "127.5.185.65" port: 33179 } attrs { replace: true } } peers { permanent_uuid: "60ca448cf11244f29c2d7100fdbd03fa" member_type: VOTER last_known_addr { host: "127.5.185.66" port: 46089 } } peers { permanent_uuid: "d2d670bad5ca43c285de525b7c6a69be" member_type: VOTER last_known_addr { host: "127.5.185.67" port: 45609 } } peers { permanent_uuid: "79716c204b934876be58e7dbb70b5842" member_type: NON_VOTER last_known_addr { host: "127.5.185.68" port: 37283 } attrs { promote: true } } }
I20260710 13:17:08.886718  7615 ts_tablet_manager.cc:933] T 393a55e9d52f40f8a3b0e98f735b5e89 P 79716c204b934876be58e7dbb70b5842: Initiating tablet copy from peer e21bdd7aa0494d85944e9cf8028afe34 (127.5.185.65:33179)
I20260710 13:17:08.888862  7615 tablet_copy_client.cc:323] T 393a55e9d52f40f8a3b0e98f735b5e89 P 79716c204b934876be58e7dbb70b5842: tablet copy: Beginning tablet copy session from remote peer at address 127.5.185.65:33179
I20260710 13:17:08.890829  7009 tablet_copy_service.cc:140] P e21bdd7aa0494d85944e9cf8028afe34: Received BeginTabletCopySession request for tablet 393a55e9d52f40f8a3b0e98f735b5e89 from peer 79716c204b934876be58e7dbb70b5842 ({username='slave'} at 127.0.0.1:50348)
I20260710 13:17:08.891469  7009 tablet_copy_service.cc:161] P e21bdd7aa0494d85944e9cf8028afe34: Beginning new tablet copy session on tablet 393a55e9d52f40f8a3b0e98f735b5e89 from peer 79716c204b934876be58e7dbb70b5842 at {username='slave'} at 127.0.0.1:50348: session id = 79716c204b934876be58e7dbb70b5842-393a55e9d52f40f8a3b0e98f735b5e89
I20260710 13:17:08.900321  7009 tablet_copy_source_session.cc:215] T 393a55e9d52f40f8a3b0e98f735b5e89 P e21bdd7aa0494d85944e9cf8028afe34: Tablet Copy: opened 0 blocks and 1 log segments
I20260710 13:17:08.903936  7615 data_dirs.cc:400] Could only allocate 1 dirs of requested 3 for tablet 393a55e9d52f40f8a3b0e98f735b5e89. 1 dirs total, 0 dirs full, 0 dirs failed
I20260710 13:17:08.921718  7615 tablet_copy_client.cc:806] T 393a55e9d52f40f8a3b0e98f735b5e89 P 79716c204b934876be58e7dbb70b5842: tablet copy: Starting download of 0 data blocks...
I20260710 13:17:08.922518  7615 tablet_copy_client.cc:670] T 393a55e9d52f40f8a3b0e98f735b5e89 P 79716c204b934876be58e7dbb70b5842: tablet copy: Starting download of 1 WAL segments...
I20260710 13:17:08.926810  7615 tablet_copy_client.cc:538] T 393a55e9d52f40f8a3b0e98f735b5e89 P 79716c204b934876be58e7dbb70b5842: tablet copy: Tablet Copy complete. Replacing tablet superblock.
I20260710 13:17:08.936568  7615 tablet_bootstrap.cc:492] T 393a55e9d52f40f8a3b0e98f735b5e89 P 79716c204b934876be58e7dbb70b5842: Bootstrap starting.
I20260710 13:17:08.953613  7615 tablet_bootstrap.cc:492] T 393a55e9d52f40f8a3b0e98f735b5e89 P 79716c204b934876be58e7dbb70b5842: Bootstrap replayed 1/1 log segments. Stats: ops{read=2 overwritten=0 applied=2 ignored=0} inserts{seen=0 ignored=0} mutations{seen=0 ignored=0} orphaned_commits=0. Pending: 0 replicates
I20260710 13:17:08.954898  7615 tablet_bootstrap.cc:492] T 393a55e9d52f40f8a3b0e98f735b5e89 P 79716c204b934876be58e7dbb70b5842: Bootstrap complete.
I20260710 13:17:08.955600  7615 ts_tablet_manager.cc:1403] T 393a55e9d52f40f8a3b0e98f735b5e89 P 79716c204b934876be58e7dbb70b5842: Time spent bootstrapping tablet: real 0.019s	user 0.014s	sys 0.004s
I20260710 13:17:08.958588  7615 raft_consensus.cc:359] T 393a55e9d52f40f8a3b0e98f735b5e89 P 79716c204b934876be58e7dbb70b5842 [term 1 LEARNER]: Replica starting. Triggering 0 pending ops. Active config: opid_index: 2 OBSOLETE_local: false peers { permanent_uuid: "e21bdd7aa0494d85944e9cf8028afe34" member_type: VOTER last_known_addr { host: "127.5.185.65" port: 33179 } } peers { permanent_uuid: "60ca448cf11244f29c2d7100fdbd03fa" member_type: VOTER last_known_addr { host: "127.5.185.66" port: 46089 } } peers { permanent_uuid: "d2d670bad5ca43c285de525b7c6a69be" member_type: VOTER last_known_addr { host: "127.5.185.67" port: 45609 } attrs { replace: true } } peers { permanent_uuid: "79716c204b934876be58e7dbb70b5842" member_type: NON_VOTER last_known_addr { host: "127.5.185.68" port: 37283 } attrs { promote: true } }
I20260710 13:17:08.959440  7615 raft_consensus.cc:740] T 393a55e9d52f40f8a3b0e98f735b5e89 P 79716c204b934876be58e7dbb70b5842 [term 1 LEARNER]: Becoming Follower/Learner. State: Replica: 79716c204b934876be58e7dbb70b5842, State: Initialized, Role: LEARNER
I20260710 13:17:08.960099  7615 consensus_queue.cc:260] T 393a55e9d52f40f8a3b0e98f735b5e89 P 79716c204b934876be58e7dbb70b5842 [NON_LEADER]: Queue going to NON_LEADER mode. State: All replicated index: 0, Majority replicated index: 0, Committed index: 2, Last appended: 1.2, Last appended by leader: 2, Current term: 0, Majority size: -1, State: 0, Mode: NON_LEADER, active raft config: opid_index: 2 OBSOLETE_local: false peers { permanent_uuid: "e21bdd7aa0494d85944e9cf8028afe34" member_type: VOTER last_known_addr { host: "127.5.185.65" port: 33179 } } peers { permanent_uuid: "60ca448cf11244f29c2d7100fdbd03fa" member_type: VOTER last_known_addr { host: "127.5.185.66" port: 46089 } } peers { permanent_uuid: "d2d670bad5ca43c285de525b7c6a69be" member_type: VOTER last_known_addr { host: "127.5.185.67" port: 45609 } attrs { replace: true } } peers { permanent_uuid: "79716c204b934876be58e7dbb70b5842" member_type: NON_VOTER last_known_addr { host: "127.5.185.68" port: 37283 } attrs { promote: true } }
I20260710 13:17:08.963130  7615 ts_tablet_manager.cc:1434] T 393a55e9d52f40f8a3b0e98f735b5e89 P 79716c204b934876be58e7dbb70b5842: Time spent starting tablet: real 0.007s	user 0.004s	sys 0.004s
I20260710 13:17:08.965253  7009 tablet_copy_service.cc:342] P e21bdd7aa0494d85944e9cf8028afe34: Request end of tablet copy session 79716c204b934876be58e7dbb70b5842-393a55e9d52f40f8a3b0e98f735b5e89 received from {username='slave'} at 127.0.0.1:50348
I20260710 13:17:08.965714  7009 tablet_copy_service.cc:434] P e21bdd7aa0494d85944e9cf8028afe34: ending tablet copy session 79716c204b934876be58e7dbb70b5842-393a55e9d52f40f8a3b0e98f735b5e89 on tablet 393a55e9d52f40f8a3b0e98f735b5e89 with peer 79716c204b934876be58e7dbb70b5842
I20260710 13:17:08.977366  7615 ts_tablet_manager.cc:933] T aa36d3efe3a244fdb971f3d7de98a7be P 79716c204b934876be58e7dbb70b5842: Initiating tablet copy from peer d2d670bad5ca43c285de525b7c6a69be (127.5.185.67:45609)
I20260710 13:17:08.979283  7615 tablet_copy_client.cc:323] T aa36d3efe3a244fdb971f3d7de98a7be P 79716c204b934876be58e7dbb70b5842: tablet copy: Beginning tablet copy session from remote peer at address 127.5.185.67:45609
I20260710 13:17:08.981019  7158 tablet_copy_service.cc:140] P d2d670bad5ca43c285de525b7c6a69be: Received BeginTabletCopySession request for tablet aa36d3efe3a244fdb971f3d7de98a7be from peer 79716c204b934876be58e7dbb70b5842 ({username='slave'} at 127.0.0.1:34982)
I20260710 13:17:08.981532  7158 tablet_copy_service.cc:161] P d2d670bad5ca43c285de525b7c6a69be: Beginning new tablet copy session on tablet aa36d3efe3a244fdb971f3d7de98a7be from peer 79716c204b934876be58e7dbb70b5842 at {username='slave'} at 127.0.0.1:34982: session id = 79716c204b934876be58e7dbb70b5842-aa36d3efe3a244fdb971f3d7de98a7be
I20260710 13:17:08.987653  7158 tablet_copy_source_session.cc:215] T aa36d3efe3a244fdb971f3d7de98a7be P d2d670bad5ca43c285de525b7c6a69be: Tablet Copy: opened 0 blocks and 1 log segments
I20260710 13:17:08.991156  7615 data_dirs.cc:400] Could only allocate 1 dirs of requested 3 for tablet aa36d3efe3a244fdb971f3d7de98a7be. 1 dirs total, 0 dirs full, 0 dirs failed
I20260710 13:17:09.007848  7615 tablet_copy_client.cc:806] T aa36d3efe3a244fdb971f3d7de98a7be P 79716c204b934876be58e7dbb70b5842: tablet copy: Starting download of 0 data blocks...
I20260710 13:17:09.008658  7615 tablet_copy_client.cc:670] T aa36d3efe3a244fdb971f3d7de98a7be P 79716c204b934876be58e7dbb70b5842: tablet copy: Starting download of 1 WAL segments...
I20260710 13:17:09.012938  7615 tablet_copy_client.cc:538] T aa36d3efe3a244fdb971f3d7de98a7be P 79716c204b934876be58e7dbb70b5842: tablet copy: Tablet Copy complete. Replacing tablet superblock.
I20260710 13:17:09.020764  7615 tablet_bootstrap.cc:492] T aa36d3efe3a244fdb971f3d7de98a7be P 79716c204b934876be58e7dbb70b5842: Bootstrap starting.
I20260710 13:17:09.036332  7621 ts_tablet_manager.cc:933] T fbec1ecff88c452ba795e723f2c4949a P 79716c204b934876be58e7dbb70b5842: Initiating tablet copy from peer e21bdd7aa0494d85944e9cf8028afe34 (127.5.185.65:33179)
I20260710 13:17:09.038789  7621 tablet_copy_client.cc:323] T fbec1ecff88c452ba795e723f2c4949a P 79716c204b934876be58e7dbb70b5842: tablet copy: Beginning tablet copy session from remote peer at address 127.5.185.65:33179
I20260710 13:17:09.040483  7009 tablet_copy_service.cc:140] P e21bdd7aa0494d85944e9cf8028afe34: Received BeginTabletCopySession request for tablet fbec1ecff88c452ba795e723f2c4949a from peer 79716c204b934876be58e7dbb70b5842 ({username='slave'} at 127.0.0.1:50348)
I20260710 13:17:09.040975  7009 tablet_copy_service.cc:161] P e21bdd7aa0494d85944e9cf8028afe34: Beginning new tablet copy session on tablet fbec1ecff88c452ba795e723f2c4949a from peer 79716c204b934876be58e7dbb70b5842 at {username='slave'} at 127.0.0.1:50348: session id = 79716c204b934876be58e7dbb70b5842-fbec1ecff88c452ba795e723f2c4949a
I20260710 13:17:09.043802  7615 tablet_bootstrap.cc:492] T aa36d3efe3a244fdb971f3d7de98a7be P 79716c204b934876be58e7dbb70b5842: Bootstrap replayed 1/1 log segments. Stats: ops{read=2 overwritten=0 applied=2 ignored=0} inserts{seen=0 ignored=0} mutations{seen=0 ignored=0} orphaned_commits=0. Pending: 0 replicates
I20260710 13:17:09.044836  7615 tablet_bootstrap.cc:492] T aa36d3efe3a244fdb971f3d7de98a7be P 79716c204b934876be58e7dbb70b5842: Bootstrap complete.
I20260710 13:17:09.045583  7615 ts_tablet_manager.cc:1403] T aa36d3efe3a244fdb971f3d7de98a7be P 79716c204b934876be58e7dbb70b5842: Time spent bootstrapping tablet: real 0.025s	user 0.022s	sys 0.000s
I20260710 13:17:09.047266  7009 tablet_copy_source_session.cc:215] T fbec1ecff88c452ba795e723f2c4949a P e21bdd7aa0494d85944e9cf8028afe34: Tablet Copy: opened 0 blocks and 1 log segments
I20260710 13:17:09.049196  7615 raft_consensus.cc:359] T aa36d3efe3a244fdb971f3d7de98a7be P 79716c204b934876be58e7dbb70b5842 [term 1 LEARNER]: Replica starting. Triggering 0 pending ops. Active config: opid_index: 2 OBSOLETE_local: false peers { permanent_uuid: "e21bdd7aa0494d85944e9cf8028afe34" member_type: VOTER last_known_addr { host: "127.5.185.65" port: 33179 } attrs { replace: true } } peers { permanent_uuid: "60ca448cf11244f29c2d7100fdbd03fa" member_type: VOTER last_known_addr { host: "127.5.185.66" port: 46089 } } peers { permanent_uuid: "d2d670bad5ca43c285de525b7c6a69be" member_type: VOTER last_known_addr { host: "127.5.185.67" port: 45609 } } peers { permanent_uuid: "79716c204b934876be58e7dbb70b5842" member_type: NON_VOTER last_known_addr { host: "127.5.185.68" port: 37283 } attrs { promote: true } }
I20260710 13:17:09.050218  7615 raft_consensus.cc:740] T aa36d3efe3a244fdb971f3d7de98a7be P 79716c204b934876be58e7dbb70b5842 [term 1 LEARNER]: Becoming Follower/Learner. State: Replica: 79716c204b934876be58e7dbb70b5842, State: Initialized, Role: LEARNER
I20260710 13:17:09.051188  7615 consensus_queue.cc:260] T aa36d3efe3a244fdb971f3d7de98a7be P 79716c204b934876be58e7dbb70b5842 [NON_LEADER]: Queue going to NON_LEADER mode. State: All replicated index: 0, Majority replicated index: 0, Committed index: 2, Last appended: 1.2, Last appended by leader: 2, Current term: 0, Majority size: -1, State: 0, Mode: NON_LEADER, active raft config: opid_index: 2 OBSOLETE_local: false peers { permanent_uuid: "e21bdd7aa0494d85944e9cf8028afe34" member_type: VOTER last_known_addr { host: "127.5.185.65" port: 33179 } attrs { replace: true } } peers { permanent_uuid: "60ca448cf11244f29c2d7100fdbd03fa" member_type: VOTER last_known_addr { host: "127.5.185.66" port: 46089 } } peers { permanent_uuid: "d2d670bad5ca43c285de525b7c6a69be" member_type: VOTER last_known_addr { host: "127.5.185.67" port: 45609 } } peers { permanent_uuid: "79716c204b934876be58e7dbb70b5842" member_type: NON_VOTER last_known_addr { host: "127.5.185.68" port: 37283 } attrs { promote: true } }
I20260710 13:17:09.054206  7615 ts_tablet_manager.cc:1434] T aa36d3efe3a244fdb971f3d7de98a7be P 79716c204b934876be58e7dbb70b5842: Time spent starting tablet: real 0.008s	user 0.010s	sys 0.002s
I20260710 13:17:09.056747  7623 ts_tablet_manager.cc:933] T 08e4b952b60c41559ede755caaf69eeb P 79716c204b934876be58e7dbb70b5842: Initiating tablet copy from peer e21bdd7aa0494d85944e9cf8028afe34 (127.5.185.65:33179)
I20260710 13:17:09.056849  7158 tablet_copy_service.cc:342] P d2d670bad5ca43c285de525b7c6a69be: Request end of tablet copy session 79716c204b934876be58e7dbb70b5842-aa36d3efe3a244fdb971f3d7de98a7be received from {username='slave'} at 127.0.0.1:34982
I20260710 13:17:09.057394  7158 tablet_copy_service.cc:434] P d2d670bad5ca43c285de525b7c6a69be: ending tablet copy session 79716c204b934876be58e7dbb70b5842-aa36d3efe3a244fdb971f3d7de98a7be on tablet aa36d3efe3a244fdb971f3d7de98a7be with peer 79716c204b934876be58e7dbb70b5842
I20260710 13:17:09.063239  7621 data_dirs.cc:400] Could only allocate 1 dirs of requested 3 for tablet fbec1ecff88c452ba795e723f2c4949a. 1 dirs total, 0 dirs full, 0 dirs failed
I20260710 13:17:09.072039  7623 tablet_copy_client.cc:323] T 08e4b952b60c41559ede755caaf69eeb P 79716c204b934876be58e7dbb70b5842: tablet copy: Beginning tablet copy session from remote peer at address 127.5.185.65:33179
I20260710 13:17:09.074213  7009 tablet_copy_service.cc:140] P e21bdd7aa0494d85944e9cf8028afe34: Received BeginTabletCopySession request for tablet 08e4b952b60c41559ede755caaf69eeb from peer 79716c204b934876be58e7dbb70b5842 ({username='slave'} at 127.0.0.1:50348)
I20260710 13:17:09.074846  7009 tablet_copy_service.cc:161] P e21bdd7aa0494d85944e9cf8028afe34: Beginning new tablet copy session on tablet 08e4b952b60c41559ede755caaf69eeb from peer 79716c204b934876be58e7dbb70b5842 at {username='slave'} at 127.0.0.1:50348: session id = 79716c204b934876be58e7dbb70b5842-08e4b952b60c41559ede755caaf69eeb
I20260710 13:17:09.082851  7009 tablet_copy_source_session.cc:215] T 08e4b952b60c41559ede755caaf69eeb P e21bdd7aa0494d85944e9cf8028afe34: Tablet Copy: opened 0 blocks and 1 log segments
I20260710 13:17:09.086320  7621 tablet_copy_client.cc:806] T fbec1ecff88c452ba795e723f2c4949a P 79716c204b934876be58e7dbb70b5842: tablet copy: Starting download of 0 data blocks...
I20260710 13:17:09.087023  7621 tablet_copy_client.cc:670] T fbec1ecff88c452ba795e723f2c4949a P 79716c204b934876be58e7dbb70b5842: tablet copy: Starting download of 1 WAL segments...
I20260710 13:17:09.088824  7623 data_dirs.cc:400] Could only allocate 1 dirs of requested 3 for tablet 08e4b952b60c41559ede755caaf69eeb. 1 dirs total, 0 dirs full, 0 dirs failed
I20260710 13:17:09.091127  7621 tablet_copy_client.cc:538] T fbec1ecff88c452ba795e723f2c4949a P 79716c204b934876be58e7dbb70b5842: tablet copy: Tablet Copy complete. Replacing tablet superblock.
I20260710 13:17:09.101395  7621 tablet_bootstrap.cc:492] T fbec1ecff88c452ba795e723f2c4949a P 79716c204b934876be58e7dbb70b5842: Bootstrap starting.
I20260710 13:17:09.123999  7621 tablet_bootstrap.cc:492] T fbec1ecff88c452ba795e723f2c4949a P 79716c204b934876be58e7dbb70b5842: Bootstrap replayed 1/1 log segments. Stats: ops{read=2 overwritten=0 applied=2 ignored=0} inserts{seen=0 ignored=0} mutations{seen=0 ignored=0} orphaned_commits=0. Pending: 0 replicates
I20260710 13:17:09.124912  7623 tablet_copy_client.cc:806] T 08e4b952b60c41559ede755caaf69eeb P 79716c204b934876be58e7dbb70b5842: tablet copy: Starting download of 0 data blocks...
I20260710 13:17:09.125031  7621 tablet_bootstrap.cc:492] T fbec1ecff88c452ba795e723f2c4949a P 79716c204b934876be58e7dbb70b5842: Bootstrap complete.
I20260710 13:17:09.125741  7623 tablet_copy_client.cc:670] T 08e4b952b60c41559ede755caaf69eeb P 79716c204b934876be58e7dbb70b5842: tablet copy: Starting download of 1 WAL segments...
I20260710 13:17:09.126025  7621 ts_tablet_manager.cc:1403] T fbec1ecff88c452ba795e723f2c4949a P 79716c204b934876be58e7dbb70b5842: Time spent bootstrapping tablet: real 0.025s	user 0.025s	sys 0.001s
I20260710 13:17:09.129654  7621 raft_consensus.cc:359] T fbec1ecff88c452ba795e723f2c4949a P 79716c204b934876be58e7dbb70b5842 [term 1 LEARNER]: Replica starting. Triggering 0 pending ops. Active config: opid_index: 2 OBSOLETE_local: false peers { permanent_uuid: "e21bdd7aa0494d85944e9cf8028afe34" member_type: VOTER last_known_addr { host: "127.5.185.65" port: 33179 } } peers { permanent_uuid: "60ca448cf11244f29c2d7100fdbd03fa" member_type: VOTER last_known_addr { host: "127.5.185.66" port: 46089 } attrs { replace: true } } peers { permanent_uuid: "d2d670bad5ca43c285de525b7c6a69be" member_type: VOTER last_known_addr { host: "127.5.185.67" port: 45609 } } peers { permanent_uuid: "79716c204b934876be58e7dbb70b5842" member_type: NON_VOTER last_known_addr { host: "127.5.185.68" port: 37283 } attrs { promote: true } }
I20260710 13:17:09.130618  7623 tablet_copy_client.cc:538] T 08e4b952b60c41559ede755caaf69eeb P 79716c204b934876be58e7dbb70b5842: tablet copy: Tablet Copy complete. Replacing tablet superblock.
I20260710 13:17:09.130545  7621 raft_consensus.cc:740] T fbec1ecff88c452ba795e723f2c4949a P 79716c204b934876be58e7dbb70b5842 [term 1 LEARNER]: Becoming Follower/Learner. State: Replica: 79716c204b934876be58e7dbb70b5842, State: Initialized, Role: LEARNER
I20260710 13:17:09.131502  7621 consensus_queue.cc:260] T fbec1ecff88c452ba795e723f2c4949a P 79716c204b934876be58e7dbb70b5842 [NON_LEADER]: Queue going to NON_LEADER mode. State: All replicated index: 0, Majority replicated index: 0, Committed index: 2, Last appended: 1.2, Last appended by leader: 2, Current term: 0, Majority size: -1, State: 0, Mode: NON_LEADER, active raft config: opid_index: 2 OBSOLETE_local: false peers { permanent_uuid: "e21bdd7aa0494d85944e9cf8028afe34" member_type: VOTER last_known_addr { host: "127.5.185.65" port: 33179 } } peers { permanent_uuid: "60ca448cf11244f29c2d7100fdbd03fa" member_type: VOTER last_known_addr { host: "127.5.185.66" port: 46089 } attrs { replace: true } } peers { permanent_uuid: "d2d670bad5ca43c285de525b7c6a69be" member_type: VOTER last_known_addr { host: "127.5.185.67" port: 45609 } } peers { permanent_uuid: "79716c204b934876be58e7dbb70b5842" member_type: NON_VOTER last_known_addr { host: "127.5.185.68" port: 37283 } attrs { promote: true } }
I20260710 13:17:09.136257  7621 ts_tablet_manager.cc:1434] T fbec1ecff88c452ba795e723f2c4949a P 79716c204b934876be58e7dbb70b5842: Time spent starting tablet: real 0.010s	user 0.007s	sys 0.000s
I20260710 13:17:09.138201  7009 tablet_copy_service.cc:342] P e21bdd7aa0494d85944e9cf8028afe34: Request end of tablet copy session 79716c204b934876be58e7dbb70b5842-fbec1ecff88c452ba795e723f2c4949a received from {username='slave'} at 127.0.0.1:50348
I20260710 13:17:09.138687  7009 tablet_copy_service.cc:434] P e21bdd7aa0494d85944e9cf8028afe34: ending tablet copy session 79716c204b934876be58e7dbb70b5842-fbec1ecff88c452ba795e723f2c4949a on tablet fbec1ecff88c452ba795e723f2c4949a with peer 79716c204b934876be58e7dbb70b5842
I20260710 13:17:09.144078  7623 tablet_bootstrap.cc:492] T 08e4b952b60c41559ede755caaf69eeb P 79716c204b934876be58e7dbb70b5842: Bootstrap starting.
I20260710 13:17:09.167486  7623 tablet_bootstrap.cc:492] T 08e4b952b60c41559ede755caaf69eeb P 79716c204b934876be58e7dbb70b5842: Bootstrap replayed 1/1 log segments. Stats: ops{read=2 overwritten=0 applied=2 ignored=0} inserts{seen=0 ignored=0} mutations{seen=0 ignored=0} orphaned_commits=0. Pending: 0 replicates
I20260710 13:17:09.168505  7623 tablet_bootstrap.cc:492] T 08e4b952b60c41559ede755caaf69eeb P 79716c204b934876be58e7dbb70b5842: Bootstrap complete.
I20260710 13:17:09.169337  7623 ts_tablet_manager.cc:1403] T 08e4b952b60c41559ede755caaf69eeb P 79716c204b934876be58e7dbb70b5842: Time spent bootstrapping tablet: real 0.025s	user 0.017s	sys 0.004s
I20260710 13:17:09.173004  7623 raft_consensus.cc:359] T 08e4b952b60c41559ede755caaf69eeb P 79716c204b934876be58e7dbb70b5842 [term 1 LEARNER]: Replica starting. Triggering 0 pending ops. Active config: opid_index: 2 OBSOLETE_local: false peers { permanent_uuid: "e21bdd7aa0494d85944e9cf8028afe34" member_type: VOTER last_known_addr { host: "127.5.185.65" port: 33179 } } peers { permanent_uuid: "60ca448cf11244f29c2d7100fdbd03fa" member_type: VOTER last_known_addr { host: "127.5.185.66" port: 46089 } attrs { replace: true } } peers { permanent_uuid: "d2d670bad5ca43c285de525b7c6a69be" member_type: VOTER last_known_addr { host: "127.5.185.67" port: 45609 } } peers { permanent_uuid: "79716c204b934876be58e7dbb70b5842" member_type: NON_VOTER last_known_addr { host: "127.5.185.68" port: 37283 } attrs { promote: true } }
I20260710 13:17:09.173983  7623 raft_consensus.cc:740] T 08e4b952b60c41559ede755caaf69eeb P 79716c204b934876be58e7dbb70b5842 [term 1 LEARNER]: Becoming Follower/Learner. State: Replica: 79716c204b934876be58e7dbb70b5842, State: Initialized, Role: LEARNER
I20260710 13:17:09.174736  7623 consensus_queue.cc:260] T 08e4b952b60c41559ede755caaf69eeb P 79716c204b934876be58e7dbb70b5842 [NON_LEADER]: Queue going to NON_LEADER mode. State: All replicated index: 0, Majority replicated index: 0, Committed index: 2, Last appended: 1.2, Last appended by leader: 2, Current term: 0, Majority size: -1, State: 0, Mode: NON_LEADER, active raft config: opid_index: 2 OBSOLETE_local: false peers { permanent_uuid: "e21bdd7aa0494d85944e9cf8028afe34" member_type: VOTER last_known_addr { host: "127.5.185.65" port: 33179 } } peers { permanent_uuid: "60ca448cf11244f29c2d7100fdbd03fa" member_type: VOTER last_known_addr { host: "127.5.185.66" port: 46089 } attrs { replace: true } } peers { permanent_uuid: "d2d670bad5ca43c285de525b7c6a69be" member_type: VOTER last_known_addr { host: "127.5.185.67" port: 45609 } } peers { permanent_uuid: "79716c204b934876be58e7dbb70b5842" member_type: NON_VOTER last_known_addr { host: "127.5.185.68" port: 37283 } attrs { promote: true } }
I20260710 13:17:09.177727  7623 ts_tablet_manager.cc:1434] T 08e4b952b60c41559ede755caaf69eeb P 79716c204b934876be58e7dbb70b5842: Time spent starting tablet: real 0.008s	user 0.003s	sys 0.004s
I20260710 13:17:09.179800  7009 tablet_copy_service.cc:342] P e21bdd7aa0494d85944e9cf8028afe34: Request end of tablet copy session 79716c204b934876be58e7dbb70b5842-08e4b952b60c41559ede755caaf69eeb received from {username='slave'} at 127.0.0.1:50348
I20260710 13:17:09.180248  7009 tablet_copy_service.cc:434] P e21bdd7aa0494d85944e9cf8028afe34: ending tablet copy session 79716c204b934876be58e7dbb70b5842-08e4b952b60c41559ede755caaf69eeb on tablet 08e4b952b60c41559ede755caaf69eeb with peer 79716c204b934876be58e7dbb70b5842
I20260710 13:17:09.392793  7411 raft_consensus.cc:1217] T 393a55e9d52f40f8a3b0e98f735b5e89 P 79716c204b934876be58e7dbb70b5842 [term 1 LEARNER]: Deduplicated request from leader. Original: 1.1->[1.2-1.2]   Dedup: 1.2->[]
I20260710 13:17:09.412032  7411 raft_consensus.cc:1217] T aa36d3efe3a244fdb971f3d7de98a7be P 79716c204b934876be58e7dbb70b5842 [term 1 LEARNER]: Deduplicated request from leader. Original: 1.1->[1.2-1.2]   Dedup: 1.2->[]
I20260710 13:17:09.498821  7411 raft_consensus.cc:1217] T 08e4b952b60c41559ede755caaf69eeb P 79716c204b934876be58e7dbb70b5842 [term 1 LEARNER]: Deduplicated request from leader. Original: 1.1->[1.2-1.2]   Dedup: 1.2->[]
I20260710 13:17:09.530227  7411 raft_consensus.cc:1217] T fbec1ecff88c452ba795e723f2c4949a P 79716c204b934876be58e7dbb70b5842 [term 1 LEARNER]: Deduplicated request from leader. Original: 1.1->[1.2-1.2]   Dedup: 1.2->[]
I20260710 13:17:09.844735  7627 raft_consensus.cc:1064] T 393a55e9d52f40f8a3b0e98f735b5e89 P e21bdd7aa0494d85944e9cf8028afe34: attempting to promote NON_VOTER 79716c204b934876be58e7dbb70b5842 to VOTER
