I20260710 13:17:56.283506  1597 raft_consensus.cc:2955] T c5d8d27930af4e329f6ff1fac75cb578 P 4bdfdfd1937d4daea344e569284a47b7 [term 1 FOLLOWER]: Committing config change with OpId 1.2: config changed from index -1 to 2, NON_VOTER c87903a926b347a69e99590ebe714be4 (127.0.107.196) added. New config: { opid_index: 2 OBSOLETE_local: false peers { permanent_uuid: "4bdfdfd1937d4daea344e569284a47b7" member_type: VOTER last_known_addr { host: "127.0.107.193" port: 36295 } attrs { replace: true } } peers { permanent_uuid: "48cc261f4ee042bdbc22e72ba78ba563" member_type: VOTER last_known_addr { host: "127.0.107.194" port: 35447 } } peers { permanent_uuid: "1fda1486d9674fdebf9aa9f4a4c0cb1c" member_type: VOTER last_known_addr { host: "127.0.107.195" port: 43607 } } peers { permanent_uuid: "c87903a926b347a69e99590ebe714be4" member_type: NON_VOTER last_known_addr { host: "127.0.107.196" port: 40399 } attrs { promote: true } } }
I20260710 13:17:56.296317  1495 catalog_manager.cc:5697] T c5d8d27930af4e329f6ff1fac75cb578 P 1fda1486d9674fdebf9aa9f4a4c0cb1c reported cstate change: config changed from index -1 to 2, NON_VOTER c87903a926b347a69e99590ebe714be4 (127.0.107.196) added. New cstate: current_term: 1 leader_uuid: "1fda1486d9674fdebf9aa9f4a4c0cb1c" committed_config { opid_index: 2 OBSOLETE_local: false peers { permanent_uuid: "4bdfdfd1937d4daea344e569284a47b7" member_type: VOTER last_known_addr { host: "127.0.107.193" port: 36295 } attrs { replace: true } health_report { overall_health: HEALTHY } } peers { permanent_uuid: "48cc261f4ee042bdbc22e72ba78ba563" member_type: VOTER last_known_addr { host: "127.0.107.194" port: 35447 } health_report { overall_health: HEALTHY } } peers { permanent_uuid: "1fda1486d9674fdebf9aa9f4a4c0cb1c" member_type: VOTER last_known_addr { host: "127.0.107.195" port: 43607 } health_report { overall_health: HEALTHY } } peers { permanent_uuid: "c87903a926b347a69e99590ebe714be4" member_type: NON_VOTER last_known_addr { host: "127.0.107.196" port: 40399 } attrs { promote: true } health_report { overall_health: UNKNOWN } } }
I20260710 13:17:56.297951  1597 consensus_queue.cc:237] T 54302b8b22cc4c958bc1a0c0c7ce77b0 P 4bdfdfd1937d4daea344e569284a47b7 [LEADER]: Queue going to LEADER mode. State: All replicated index: 0, Majority replicated index: 1, Committed index: 1, Last appended: 1.1, Last appended by leader: 0, Current term: 1, Majority size: 2, State: 0, Mode: LEADER, active raft config: opid_index: 2 OBSOLETE_local: false peers { permanent_uuid: "48cc261f4ee042bdbc22e72ba78ba563" member_type: VOTER last_known_addr { host: "127.0.107.194" port: 35447 } attrs { replace: true } } peers { permanent_uuid: "1fda1486d9674fdebf9aa9f4a4c0cb1c" member_type: VOTER last_known_addr { host: "127.0.107.195" port: 43607 } } peers { permanent_uuid: "4bdfdfd1937d4daea344e569284a47b7" member_type: VOTER last_known_addr { host: "127.0.107.193" port: 36295 } } peers { permanent_uuid: "c87903a926b347a69e99590ebe714be4" member_type: NON_VOTER last_known_addr { host: "127.0.107.196" port: 40399 } attrs { promote: true } }
I20260710 13:17:56.309801  1748 raft_consensus.cc:1275] T 54302b8b22cc4c958bc1a0c0c7ce77b0 P 1fda1486d9674fdebf9aa9f4a4c0cb1c [term 1 FOLLOWER]: Refusing update from remote peer 4bdfdfd1937d4daea344e569284a47b7: Log matching property violated. Preceding OpId in replica: term: 1 index: 1. Preceding OpId from leader: term: 1 index: 2. (index mismatch)
W20260710 13:17:56.310585  1562 consensus_peers.cc:597] T 54302b8b22cc4c958bc1a0c0c7ce77b0 P 4bdfdfd1937d4daea344e569284a47b7 -> Peer c87903a926b347a69e99590ebe714be4 (127.0.107.196:40399): Couldn't send request to peer c87903a926b347a69e99590ebe714be4. Error code: TABLET_NOT_FOUND (6). Status: Not found: Tablet not found: 54302b8b22cc4c958bc1a0c0c7ce77b0. This is attempt 1: this message will repeat every 5th retry.
I20260710 13:17:56.311311  2348 consensus_queue.cc:1048] T 54302b8b22cc4c958bc1a0c0c7ce77b0 P 4bdfdfd1937d4daea344e569284a47b7 [LEADER]: Connected to new peer: Peer: permanent_uuid: "1fda1486d9674fdebf9aa9f4a4c0cb1c" member_type: VOTER last_known_addr { host: "127.0.107.195" port: 43607 }, Status: LMP_MISMATCH, Last received: 0.0, Next index: 2, Last known committed idx: 1, Time since last communication: 0.000s
I20260710 13:17:56.313730  1674 raft_consensus.cc:1275] T 54302b8b22cc4c958bc1a0c0c7ce77b0 P 48cc261f4ee042bdbc22e72ba78ba563 [term 1 FOLLOWER]: Refusing update from remote peer 4bdfdfd1937d4daea344e569284a47b7: Log matching property violated. Preceding OpId in replica: term: 1 index: 1. Preceding OpId from leader: term: 1 index: 2. (index mismatch)
I20260710 13:17:56.314857  2348 consensus_queue.cc:1048] T 54302b8b22cc4c958bc1a0c0c7ce77b0 P 4bdfdfd1937d4daea344e569284a47b7 [LEADER]: Connected to new peer: Peer: permanent_uuid: "48cc261f4ee042bdbc22e72ba78ba563" member_type: VOTER last_known_addr { host: "127.0.107.194" port: 35447 } attrs { replace: true }, Status: LMP_MISMATCH, Last received: 0.0, Next index: 2, Last known committed idx: 1, Time since last communication: 0.000s
I20260710 13:17:56.338219  2353 raft_consensus.cc:2955] T 54302b8b22cc4c958bc1a0c0c7ce77b0 P 4bdfdfd1937d4daea344e569284a47b7 [term 1 LEADER]: Committing config change with OpId 1.2: config changed from index -1 to 2, NON_VOTER c87903a926b347a69e99590ebe714be4 (127.0.107.196) added. New config: { opid_index: 2 OBSOLETE_local: false peers { permanent_uuid: "48cc261f4ee042bdbc22e72ba78ba563" member_type: VOTER last_known_addr { host: "127.0.107.194" port: 35447 } attrs { replace: true } } peers { permanent_uuid: "1fda1486d9674fdebf9aa9f4a4c0cb1c" member_type: VOTER last_known_addr { host: "127.0.107.195" port: 43607 } } peers { permanent_uuid: "4bdfdfd1937d4daea344e569284a47b7" member_type: VOTER last_known_addr { host: "127.0.107.193" port: 36295 } } peers { permanent_uuid: "c87903a926b347a69e99590ebe714be4" member_type: NON_VOTER last_known_addr { host: "127.0.107.196" port: 40399 } attrs { promote: true } } }
I20260710 13:17:56.340245  1674 raft_consensus.cc:2955] T 54302b8b22cc4c958bc1a0c0c7ce77b0 P 48cc261f4ee042bdbc22e72ba78ba563 [term 1 FOLLOWER]: Committing config change with OpId 1.2: config changed from index -1 to 2, NON_VOTER c87903a926b347a69e99590ebe714be4 (127.0.107.196) added. New config: { opid_index: 2 OBSOLETE_local: false peers { permanent_uuid: "48cc261f4ee042bdbc22e72ba78ba563" member_type: VOTER last_known_addr { host: "127.0.107.194" port: 35447 } attrs { replace: true } } peers { permanent_uuid: "1fda1486d9674fdebf9aa9f4a4c0cb1c" member_type: VOTER last_known_addr { host: "127.0.107.195" port: 43607 } } peers { permanent_uuid: "4bdfdfd1937d4daea344e569284a47b7" member_type: VOTER last_known_addr { host: "127.0.107.193" port: 36295 } } peers { permanent_uuid: "c87903a926b347a69e99590ebe714be4" member_type: NON_VOTER last_known_addr { host: "127.0.107.196" port: 40399 } attrs { promote: true } } }
I20260710 13:17:56.340265  1748 raft_consensus.cc:2955] T 54302b8b22cc4c958bc1a0c0c7ce77b0 P 1fda1486d9674fdebf9aa9f4a4c0cb1c [term 1 FOLLOWER]: Committing config change with OpId 1.2: config changed from index -1 to 2, NON_VOTER c87903a926b347a69e99590ebe714be4 (127.0.107.196) added. New config: { opid_index: 2 OBSOLETE_local: false peers { permanent_uuid: "48cc261f4ee042bdbc22e72ba78ba563" member_type: VOTER last_known_addr { host: "127.0.107.194" port: 35447 } attrs { replace: true } } peers { permanent_uuid: "1fda1486d9674fdebf9aa9f4a4c0cb1c" member_type: VOTER last_known_addr { host: "127.0.107.195" port: 43607 } } peers { permanent_uuid: "4bdfdfd1937d4daea344e569284a47b7" member_type: VOTER last_known_addr { host: "127.0.107.193" port: 36295 } } peers { permanent_uuid: "c87903a926b347a69e99590ebe714be4" member_type: NON_VOTER last_known_addr { host: "127.0.107.196" port: 40399 } attrs { promote: true } } }
I20260710 13:17:56.354873  1496 catalog_manager.cc:5697] T 54302b8b22cc4c958bc1a0c0c7ce77b0 P 1fda1486d9674fdebf9aa9f4a4c0cb1c reported cstate change: config changed from index -1 to 2, NON_VOTER c87903a926b347a69e99590ebe714be4 (127.0.107.196) added. New cstate: current_term: 1 leader_uuid: "4bdfdfd1937d4daea344e569284a47b7" committed_config { opid_index: 2 OBSOLETE_local: false peers { permanent_uuid: "48cc261f4ee042bdbc22e72ba78ba563" member_type: VOTER last_known_addr { host: "127.0.107.194" port: 35447 } attrs { replace: true } } peers { permanent_uuid: "1fda1486d9674fdebf9aa9f4a4c0cb1c" member_type: VOTER last_known_addr { host: "127.0.107.195" port: 43607 } } peers { permanent_uuid: "4bdfdfd1937d4daea344e569284a47b7" member_type: VOTER last_known_addr { host: "127.0.107.193" port: 36295 } } peers { permanent_uuid: "c87903a926b347a69e99590ebe714be4" member_type: NON_VOTER last_known_addr { host: "127.0.107.196" port: 40399 } attrs { promote: true } } }
I20260710 13:17:56.743544  2357 ts_tablet_manager.cc:933] T c5d8d27930af4e329f6ff1fac75cb578 P c87903a926b347a69e99590ebe714be4: Initiating tablet copy from peer 1fda1486d9674fdebf9aa9f4a4c0cb1c (127.0.107.195:43607)
I20260710 13:17:56.745438  2357 tablet_copy_client.cc:323] T c5d8d27930af4e329f6ff1fac75cb578 P c87903a926b347a69e99590ebe714be4: tablet copy: Beginning tablet copy session from remote peer at address 127.0.107.195:43607
I20260710 13:17:56.747219  1758 tablet_copy_service.cc:140] P 1fda1486d9674fdebf9aa9f4a4c0cb1c: Received BeginTabletCopySession request for tablet c5d8d27930af4e329f6ff1fac75cb578 from peer c87903a926b347a69e99590ebe714be4 ({username='slave'} at 127.0.0.1:45972)
I20260710 13:17:56.747730  1758 tablet_copy_service.cc:161] P 1fda1486d9674fdebf9aa9f4a4c0cb1c: Beginning new tablet copy session on tablet c5d8d27930af4e329f6ff1fac75cb578 from peer c87903a926b347a69e99590ebe714be4 at {username='slave'} at 127.0.0.1:45972: session id = c87903a926b347a69e99590ebe714be4-c5d8d27930af4e329f6ff1fac75cb578
I20260710 13:17:56.754768  1758 tablet_copy_source_session.cc:215] T c5d8d27930af4e329f6ff1fac75cb578 P 1fda1486d9674fdebf9aa9f4a4c0cb1c: Tablet Copy: opened 0 blocks and 1 log segments
I20260710 13:17:56.757246  2357 data_dirs.cc:400] Could only allocate 1 dirs of requested 3 for tablet c5d8d27930af4e329f6ff1fac75cb578. 1 dirs total, 0 dirs full, 0 dirs failed
I20260710 13:17:56.769778  2357 tablet_copy_client.cc:806] T c5d8d27930af4e329f6ff1fac75cb578 P c87903a926b347a69e99590ebe714be4: tablet copy: Starting download of 0 data blocks...
I20260710 13:17:56.770370  2357 tablet_copy_client.cc:670] T c5d8d27930af4e329f6ff1fac75cb578 P c87903a926b347a69e99590ebe714be4: tablet copy: Starting download of 1 WAL segments...
I20260710 13:17:56.773689  2357 tablet_copy_client.cc:538] T c5d8d27930af4e329f6ff1fac75cb578 P c87903a926b347a69e99590ebe714be4: tablet copy: Tablet Copy complete. Replacing tablet superblock.
I20260710 13:17:56.781709  2357 tablet_bootstrap.cc:492] T c5d8d27930af4e329f6ff1fac75cb578 P c87903a926b347a69e99590ebe714be4: Bootstrap starting.
I20260710 13:17:56.801337  2357 tablet_bootstrap.cc:492] T c5d8d27930af4e329f6ff1fac75cb578 P c87903a926b347a69e99590ebe714be4: Bootstrap replayed 1/1 log segments. Stats: ops{read=2 overwritten=0 applied=2 ignored=0} inserts{seen=0 ignored=0} mutations{seen=0 ignored=0} orphaned_commits=0. Pending: 0 replicates
I20260710 13:17:56.802196  2357 tablet_bootstrap.cc:492] T c5d8d27930af4e329f6ff1fac75cb578 P c87903a926b347a69e99590ebe714be4: Bootstrap complete.
I20260710 13:17:56.802845  2357 ts_tablet_manager.cc:1403] T c5d8d27930af4e329f6ff1fac75cb578 P c87903a926b347a69e99590ebe714be4: Time spent bootstrapping tablet: real 0.021s	user 0.016s	sys 0.008s
I20260710 13:17:56.805786  2357 raft_consensus.cc:359] T c5d8d27930af4e329f6ff1fac75cb578 P c87903a926b347a69e99590ebe714be4 [term 1 LEARNER]: Replica starting. Triggering 0 pending ops. Active config: opid_index: 2 OBSOLETE_local: false peers { permanent_uuid: "4bdfdfd1937d4daea344e569284a47b7" member_type: VOTER last_known_addr { host: "127.0.107.193" port: 36295 } attrs { replace: true } } peers { permanent_uuid: "48cc261f4ee042bdbc22e72ba78ba563" member_type: VOTER last_known_addr { host: "127.0.107.194" port: 35447 } } peers { permanent_uuid: "1fda1486d9674fdebf9aa9f4a4c0cb1c" member_type: VOTER last_known_addr { host: "127.0.107.195" port: 43607 } } peers { permanent_uuid: "c87903a926b347a69e99590ebe714be4" member_type: NON_VOTER last_known_addr { host: "127.0.107.196" port: 40399 } attrs { promote: true } }
I20260710 13:17:56.806594  2357 raft_consensus.cc:740] T c5d8d27930af4e329f6ff1fac75cb578 P c87903a926b347a69e99590ebe714be4 [term 1 LEARNER]: Becoming Follower/Learner. State: Replica: c87903a926b347a69e99590ebe714be4, State: Initialized, Role: LEARNER
I20260710 13:17:56.807221  2357 consensus_queue.cc:260] T c5d8d27930af4e329f6ff1fac75cb578 P c87903a926b347a69e99590ebe714be4 [NON_LEADER]: Queue going to NON_LEADER mode. State: All replicated index: 0, Majority replicated index: 0, Committed index: 2, Last appended: 1.2, Last appended by leader: 2, Current term: 0, Majority size: -1, State: 0, Mode: NON_LEADER, active raft config: opid_index: 2 OBSOLETE_local: false peers { permanent_uuid: "4bdfdfd1937d4daea344e569284a47b7" member_type: VOTER last_known_addr { host: "127.0.107.193" port: 36295 } attrs { replace: true } } peers { permanent_uuid: "48cc261f4ee042bdbc22e72ba78ba563" member_type: VOTER last_known_addr { host: "127.0.107.194" port: 35447 } } peers { permanent_uuid: "1fda1486d9674fdebf9aa9f4a4c0cb1c" member_type: VOTER last_known_addr { host: "127.0.107.195" port: 43607 } } peers { permanent_uuid: "c87903a926b347a69e99590ebe714be4" member_type: NON_VOTER last_known_addr { host: "127.0.107.196" port: 40399 } attrs { promote: true } }
I20260710 13:17:56.810415  2357 ts_tablet_manager.cc:1434] T c5d8d27930af4e329f6ff1fac75cb578 P c87903a926b347a69e99590ebe714be4: Time spent starting tablet: real 0.007s	user 0.007s	sys 0.001s
I20260710 13:17:56.811919  1758 tablet_copy_service.cc:342] P 1fda1486d9674fdebf9aa9f4a4c0cb1c: Request end of tablet copy session c87903a926b347a69e99590ebe714be4-c5d8d27930af4e329f6ff1fac75cb578 received from {username='slave'} at 127.0.0.1:45972
I20260710 13:17:56.812407  1758 tablet_copy_service.cc:434] P 1fda1486d9674fdebf9aa9f4a4c0cb1c: ending tablet copy session c87903a926b347a69e99590ebe714be4-c5d8d27930af4e329f6ff1fac75cb578 on tablet c5d8d27930af4e329f6ff1fac75cb578 with peer c87903a926b347a69e99590ebe714be4
I20260710 13:17:56.822722  2357 ts_tablet_manager.cc:933] T 54302b8b22cc4c958bc1a0c0c7ce77b0 P c87903a926b347a69e99590ebe714be4: Initiating tablet copy from peer 4bdfdfd1937d4daea344e569284a47b7 (127.0.107.193:36295)
I20260710 13:17:56.824167  2357 tablet_copy_client.cc:323] T 54302b8b22cc4c958bc1a0c0c7ce77b0 P c87903a926b347a69e99590ebe714be4: tablet copy: Beginning tablet copy session from remote peer at address 127.0.107.193:36295
I20260710 13:17:56.825857  1609 tablet_copy_service.cc:140] P 4bdfdfd1937d4daea344e569284a47b7: Received BeginTabletCopySession request for tablet 54302b8b22cc4c958bc1a0c0c7ce77b0 from peer c87903a926b347a69e99590ebe714be4 ({username='slave'} at 127.0.0.1:55196)
I20260710 13:17:56.826285  1609 tablet_copy_service.cc:161] P 4bdfdfd1937d4daea344e569284a47b7: Beginning new tablet copy session on tablet 54302b8b22cc4c958bc1a0c0c7ce77b0 from peer c87903a926b347a69e99590ebe714be4 at {username='slave'} at 127.0.0.1:55196: session id = c87903a926b347a69e99590ebe714be4-54302b8b22cc4c958bc1a0c0c7ce77b0
I20260710 13:17:56.831086  1609 tablet_copy_source_session.cc:215] T 54302b8b22cc4c958bc1a0c0c7ce77b0 P 4bdfdfd1937d4daea344e569284a47b7: Tablet Copy: opened 0 blocks and 1 log segments
I20260710 13:17:56.833846  2357 data_dirs.cc:400] Could only allocate 1 dirs of requested 3 for tablet 54302b8b22cc4c958bc1a0c0c7ce77b0. 1 dirs total, 0 dirs full, 0 dirs failed
I20260710 13:17:56.848325  2357 tablet_copy_client.cc:806] T 54302b8b22cc4c958bc1a0c0c7ce77b0 P c87903a926b347a69e99590ebe714be4: tablet copy: Starting download of 0 data blocks...
I20260710 13:17:56.848834  2357 tablet_copy_client.cc:670] T 54302b8b22cc4c958bc1a0c0c7ce77b0 P c87903a926b347a69e99590ebe714be4: tablet copy: Starting download of 1 WAL segments...
I20260710 13:17:56.852304  2357 tablet_copy_client.cc:538] T 54302b8b22cc4c958bc1a0c0c7ce77b0 P c87903a926b347a69e99590ebe714be4: tablet copy: Tablet Copy complete. Replacing tablet superblock.
I20260710 13:17:56.860641  2357 tablet_bootstrap.cc:492] T 54302b8b22cc4c958bc1a0c0c7ce77b0 P c87903a926b347a69e99590ebe714be4: Bootstrap starting.
I20260710 13:17:56.880239  2357 tablet_bootstrap.cc:492] T 54302b8b22cc4c958bc1a0c0c7ce77b0 P c87903a926b347a69e99590ebe714be4: Bootstrap replayed 1/1 log segments. Stats: ops{read=2 overwritten=0 applied=2 ignored=0} inserts{seen=0 ignored=0} mutations{seen=0 ignored=0} orphaned_commits=0. Pending: 0 replicates
I20260710 13:17:56.881062  2357 tablet_bootstrap.cc:492] T 54302b8b22cc4c958bc1a0c0c7ce77b0 P c87903a926b347a69e99590ebe714be4: Bootstrap complete.
I20260710 13:17:56.881678  2357 ts_tablet_manager.cc:1403] T 54302b8b22cc4c958bc1a0c0c7ce77b0 P c87903a926b347a69e99590ebe714be4: Time spent bootstrapping tablet: real 0.021s	user 0.020s	sys 0.003s
I20260710 13:17:56.884366  2357 raft_consensus.cc:359] T 54302b8b22cc4c958bc1a0c0c7ce77b0 P c87903a926b347a69e99590ebe714be4 [term 1 LEARNER]: Replica starting. Triggering 0 pending ops. Active config: opid_index: 2 OBSOLETE_local: false peers { permanent_uuid: "48cc261f4ee042bdbc22e72ba78ba563" member_type: VOTER last_known_addr { host: "127.0.107.194" port: 35447 } attrs { replace: true } } peers { permanent_uuid: "1fda1486d9674fdebf9aa9f4a4c0cb1c" member_type: VOTER last_known_addr { host: "127.0.107.195" port: 43607 } } peers { permanent_uuid: "4bdfdfd1937d4daea344e569284a47b7" member_type: VOTER last_known_addr { host: "127.0.107.193" port: 36295 } } peers { permanent_uuid: "c87903a926b347a69e99590ebe714be4" member_type: NON_VOTER last_known_addr { host: "127.0.107.196" port: 40399 } attrs { promote: true } }
I20260710 13:17:56.885166  2357 raft_consensus.cc:740] T 54302b8b22cc4c958bc1a0c0c7ce77b0 P c87903a926b347a69e99590ebe714be4 [term 1 LEARNER]: Becoming Follower/Learner. State: Replica: c87903a926b347a69e99590ebe714be4, State: Initialized, Role: LEARNER
I20260710 13:17:56.885777  2357 consensus_queue.cc:260] T 54302b8b22cc4c958bc1a0c0c7ce77b0 P c87903a926b347a69e99590ebe714be4 [NON_LEADER]: Queue going to NON_LEADER mode. State: All replicated index: 0, Majority replicated index: 0, Committed index: 2, Last appended: 1.2, Last appended by leader: 2, Current term: 0, Majority size: -1, State: 0, Mode: NON_LEADER, active raft config: opid_index: 2 OBSOLETE_local: false peers { permanent_uuid: "48cc261f4ee042bdbc22e72ba78ba563" member_type: VOTER last_known_addr { host: "127.0.107.194" port: 35447 } attrs { replace: true } } peers { permanent_uuid: "1fda1486d9674fdebf9aa9f4a4c0cb1c" member_type: VOTER last_known_addr { host: "127.0.107.195" port: 43607 } } peers { permanent_uuid: "4bdfdfd1937d4daea344e569284a47b7" member_type: VOTER last_known_addr { host: "127.0.107.193" port: 36295 } } peers { permanent_uuid: "c87903a926b347a69e99590ebe714be4" member_type: NON_VOTER last_known_addr { host: "127.0.107.196" port: 40399 } attrs { promote: true } }
I20260710 13:17:56.889751  2357 ts_tablet_manager.cc:1434] T 54302b8b22cc4c958bc1a0c0c7ce77b0 P c87903a926b347a69e99590ebe714be4: Time spent starting tablet: real 0.008s	user 0.006s	sys 0.000s
I20260710 13:17:56.892930  1609 tablet_copy_service.cc:342] P 4bdfdfd1937d4daea344e569284a47b7: Request end of tablet copy session c87903a926b347a69e99590ebe714be4-54302b8b22cc4c958bc1a0c0c7ce77b0 received from {username='slave'} at 127.0.0.1:55196
I20260710 13:17:56.893343  1609 tablet_copy_service.cc:434] P 4bdfdfd1937d4daea344e569284a47b7: ending tablet copy session c87903a926b347a69e99590ebe714be4-54302b8b22cc4c958bc1a0c0c7ce77b0 on tablet 54302b8b22cc4c958bc1a0c0c7ce77b0 with peer c87903a926b347a69e99590ebe714be4
I20260710 13:17:57.252012  2027 raft_consensus.cc:1217] T c5d8d27930af4e329f6ff1fac75cb578 P c87903a926b347a69e99590ebe714be4 [term 1 LEARNER]: Deduplicated request from leader. Original: 1.1->[1.2-1.2]   Dedup: 1.2->[]
I20260710 13:17:57.361266  2027 raft_consensus.cc:1217] T 54302b8b22cc4c958bc1a0c0c7ce77b0 P c87903a926b347a69e99590ebe714be4 [term 1 LEARNER]: Deduplicated request from leader. Original: 1.1->[1.2-1.2]   Dedup: 1.2->[]
I20260710 13:17:57.871340  2365 raft_consensus.cc:1064] T c5d8d27930af4e329f6ff1fac75cb578 P 1fda1486d9674fdebf9aa9f4a4c0cb1c: attempting to promote NON_VOTER c87903a926b347a69e99590ebe714be4 to VOTER
I20260710 13:17:57.873867  2365 consensus_queue.cc:237] T c5d8d27930af4e329f6ff1fac75cb578 P 1fda1486d9674fdebf9aa9f4a4c0cb1c [LEADER]: Queue going to LEADER mode. State: All replicated index: 0, Majority replicated index: 2, Committed index: 2, Last appended: 1.2, Last appended by leader: 0, Current term: 1, Majority size: 3, State: 0, Mode: LEADER, active raft config: opid_index: 3 OBSOLETE_local: false peers { permanent_uuid: "4bdfdfd1937d4daea344e569284a47b7" member_type: VOTER last_known_addr { host: "127.0.107.193" port: 36295 } attrs { replace: true } } peers { permanent_uuid: "48cc261f4ee042bdbc22e72ba78ba563" member_type: VOTER last_known_addr { host: "127.0.107.194" port: 35447 } } peers { permanent_uuid: "1fda1486d9674fdebf9aa9f4a4c0cb1c" member_type: VOTER last_known_addr { host: "127.0.107.195" port: 43607 } } peers { permanent_uuid: "c87903a926b347a69e99590ebe714be4" member_type: VOTER last_known_addr { host: "127.0.107.196" port: 40399 } attrs { promote: false } }
I20260710 13:17:57.875300  2354 raft_consensus.cc:1064] T 54302b8b22cc4c958bc1a0c0c7ce77b0 P 4bdfdfd1937d4daea344e569284a47b7: attempting to promote NON_VOTER c87903a926b347a69e99590ebe714be4 to VOTER
I20260710 13:17:57.877806  2354 consensus_queue.cc:237] T 54302b8b22cc4c958bc1a0c0c7ce77b0 P 4bdfdfd1937d4daea344e569284a47b7 [LEADER]: Queue going to LEADER mode. State: All replicated index: 0, Majority replicated index: 2, Committed index: 2, Last appended: 1.2, Last appended by leader: 0, Current term: 1, Majority size: 3, State: 0, Mode: LEADER, active raft config: opid_index: 3 OBSOLETE_local: false peers { permanent_uuid: "48cc261f4ee042bdbc22e72ba78ba563" member_type: VOTER last_known_addr { host: "127.0.107.194" port: 35447 } attrs { replace: true } } peers { permanent_uuid: "1fda1486d9674fdebf9aa9f4a4c0cb1c" member_type: VOTER last_known_addr { host: "127.0.107.195" port: 43607 } } peers { permanent_uuid: "4bdfdfd1937d4daea344e569284a47b7" member_type: VOTER last_known_addr { host: "127.0.107.193" port: 36295 } } peers { permanent_uuid: "c87903a926b347a69e99590ebe714be4" member_type: VOTER last_known_addr { host: "127.0.107.196" port: 40399 } attrs { promote: false } }
I20260710 13:17:57.886052  2027 raft_consensus.cc:1275] T 54302b8b22cc4c958bc1a0c0c7ce77b0 P c87903a926b347a69e99590ebe714be4 [term 1 LEARNER]: Refusing update from remote peer 4bdfdfd1937d4daea344e569284a47b7: Log matching property violated. Preceding OpId in replica: term: 1 index: 2. Preceding OpId from leader: term: 1 index: 3. (index mismatch)
I20260710 13:17:57.887656  1748 raft_consensus.cc:1275] T 54302b8b22cc4c958bc1a0c0c7ce77b0 P 1fda1486d9674fdebf9aa9f4a4c0cb1c [term 1 FOLLOWER]: Refusing update from remote peer 4bdfdfd1937d4daea344e569284a47b7: Log matching property violated. Preceding OpId in replica: term: 1 index: 2. Preceding OpId from leader: term: 1 index: 3. (index mismatch)
I20260710 13:17:57.887404  2363 consensus_queue.cc:1048] T 54302b8b22cc4c958bc1a0c0c7ce77b0 P 4bdfdfd1937d4daea344e569284a47b7 [LEADER]: Connected to new peer: Peer: permanent_uuid: "c87903a926b347a69e99590ebe714be4" member_type: VOTER last_known_addr { host: "127.0.107.196" port: 40399 } attrs { promote: false }, Status: LMP_MISMATCH, Last received: 0.0, Next index: 3, Last known committed idx: 2, Time since last communication: 0.000s
I20260710 13:17:57.893994  2363 consensus_queue.cc:1048] T 54302b8b22cc4c958bc1a0c0c7ce77b0 P 4bdfdfd1937d4daea344e569284a47b7 [LEADER]: Connected to new peer: Peer: permanent_uuid: "1fda1486d9674fdebf9aa9f4a4c0cb1c" member_type: VOTER last_known_addr { host: "127.0.107.195" port: 43607 }, Status: LMP_MISMATCH, Last received: 0.0, Next index: 3, Last known committed idx: 2, Time since last communication: 0.001s
I20260710 13:17:57.894754  1674 raft_consensus.cc:1275] T c5d8d27930af4e329f6ff1fac75cb578 P 48cc261f4ee042bdbc22e72ba78ba563 [term 1 FOLLOWER]: Refusing update from remote peer 1fda1486d9674fdebf9aa9f4a4c0cb1c: Log matching property violated. Preceding OpId in replica: term: 1 index: 2. Preceding OpId from leader: term: 1 index: 3. (index mismatch)
I20260710 13:17:57.896828  1597 raft_consensus.cc:1275] T c5d8d27930af4e329f6ff1fac75cb578 P 4bdfdfd1937d4daea344e569284a47b7 [term 1 FOLLOWER]: Refusing update from remote peer 1fda1486d9674fdebf9aa9f4a4c0cb1c: Log matching property violated. Preceding OpId in replica: term: 1 index: 2. Preceding OpId from leader: term: 1 index: 3. (index mismatch)
I20260710 13:17:57.898247  2367 consensus_queue.cc:1048] T c5d8d27930af4e329f6ff1fac75cb578 P 1fda1486d9674fdebf9aa9f4a4c0cb1c [LEADER]: Connected to new peer: Peer: permanent_uuid: "4bdfdfd1937d4daea344e569284a47b7" member_type: VOTER last_known_addr { host: "127.0.107.193" port: 36295 } attrs { replace: true }, Status: LMP_MISMATCH, Last received: 0.0, Next index: 3, Last known committed idx: 2, Time since last communication: 0.000s
I20260710 13:17:57.900796  2028 raft_consensus.cc:1275] T c5d8d27930af4e329f6ff1fac75cb578 P c87903a926b347a69e99590ebe714be4 [term 1 LEARNER]: Refusing update from remote peer 1fda1486d9674fdebf9aa9f4a4c0cb1c: Log matching property violated. Preceding OpId in replica: term: 1 index: 2. Preceding OpId from leader: term: 1 index: 3. (index mismatch)
I20260710 13:17:57.900722  2367 consensus_queue.cc:1048] T c5d8d27930af4e329f6ff1fac75cb578 P 1fda1486d9674fdebf9aa9f4a4c0cb1c [LEADER]: Connected to new peer: Peer: permanent_uuid: "48cc261f4ee042bdbc22e72ba78ba563" member_type: VOTER last_known_addr { host: "127.0.107.194" port: 35447 }, Status: LMP_MISMATCH, Last received: 0.0, Next index: 3, Last known committed idx: 2, Time since last communication: 0.000s
I20260710 13:17:57.904377  1674 raft_consensus.cc:1275] T 54302b8b22cc4c958bc1a0c0c7ce77b0 P 48cc261f4ee042bdbc22e72ba78ba563 [term 1 FOLLOWER]: Refusing update from remote peer 4bdfdfd1937d4daea344e569284a47b7: Log matching property violated. Preceding OpId in replica: term: 1 index: 2. Preceding OpId from leader: term: 1 index: 3. (index mismatch)
I20260710 13:17:57.908833  2354 consensus_queue.cc:1048] T 54302b8b22cc4c958bc1a0c0c7ce77b0 P 4bdfdfd1937d4daea344e569284a47b7 [LEADER]: Connected to new peer: Peer: permanent_uuid: "48cc261f4ee042bdbc22e72ba78ba563" member_type: VOTER last_known_addr { host: "127.0.107.194" port: 35447 } attrs { replace: true }, Status: LMP_MISMATCH, Last received: 0.0, Next index: 3, Last known committed idx: 2, Time since last communication: 0.001s
I20260710 13:17:57.922605  2370 consensus_queue.cc:1048] T c5d8d27930af4e329f6ff1fac75cb578 P 1fda1486d9674fdebf9aa9f4a4c0cb1c [LEADER]: Connected to new peer: Peer: permanent_uuid: "c87903a926b347a69e99590ebe714be4" member_type: VOTER last_known_addr { host: "127.0.107.196" port: 40399 } attrs { promote: false }, Status: LMP_MISMATCH, Last received: 0.0, Next index: 3, Last known committed idx: 2, Time since last communication: 0.005s
I20260710 13:17:57.937436  2378 raft_consensus.cc:2955] T c5d8d27930af4e329f6ff1fac75cb578 P 1fda1486d9674fdebf9aa9f4a4c0cb1c [term 1 LEADER]: Committing config change with OpId 1.3: config changed from index 2 to 3, c87903a926b347a69e99590ebe714be4 (127.0.107.196) changed from NON_VOTER to VOTER. New config: { opid_index: 3 OBSOLETE_local: false peers { permanent_uuid: "4bdfdfd1937d4daea344e569284a47b7" member_type: VOTER last_known_addr { host: "127.0.107.193" port: 36295 } attrs { replace: true } } peers { permanent_uuid: "48cc261f4ee042bdbc22e72ba78ba563" member_type: VOTER last_known_addr { host: "127.0.107.194" port: 35447 } } peers { permanent_uuid: "1fda1486d9674fdebf9aa9f4a4c0cb1c" member_type: VOTER last_known_addr { host: "127.0.107.195" port: 43607 } } peers { permanent_uuid: "c87903a926b347a69e99590ebe714be4" member_type: VOTER last_known_addr { host: "127.0.107.196" port: 40399 } attrs { promote: false } } }
I20260710 13:17:57.947026  2028 raft_consensus.cc:2955] T c5d8d27930af4e329f6ff1fac75cb578 P c87903a926b347a69e99590ebe714be4 [term 1 FOLLOWER]: Committing config change with OpId 1.3: config changed from index 2 to 3, c87903a926b347a69e99590ebe714be4 (127.0.107.196) changed from NON_VOTER to VOTER. New config: { opid_index: 3 OBSOLETE_local: false peers { permanent_uuid: "4bdfdfd1937d4daea344e569284a47b7" member_type: VOTER last_known_addr { host: "127.0.107.193" port: 36295 } attrs { replace: true } } peers { permanent_uuid: "48cc261f4ee042bdbc22e72ba78ba563" member_type: VOTER last_known_addr { host: "127.0.107.194" port: 35447 } } peers { permanent_uuid: "1fda1486d9674fdebf9aa9f4a4c0cb1c" member_type: VOTER last_known_addr { host: "127.0.107.195" port: 43607 } } peers { permanent_uuid: "c87903a926b347a69e99590ebe714be4" member_type: VOTER last_known_addr { host: "127.0.107.196" port: 40399 } attrs { promote: false } } }
I20260710 13:17:57.947120  1599 raft_consensus.cc:2955] T c5d8d27930af4e329f6ff1fac75cb578 P 4bdfdfd1937d4daea344e569284a47b7 [term 1 FOLLOWER]: Committing config change with OpId 1.3: config changed from index 2 to 3, c87903a926b347a69e99590ebe714be4 (127.0.107.196) changed from NON_VOTER to VOTER. New config: { opid_index: 3 OBSOLETE_local: false peers { permanent_uuid: "4bdfdfd1937d4daea344e569284a47b7" member_type: VOTER last_known_addr { host: "127.0.107.193" port: 36295 } attrs { replace: true } } peers { permanent_uuid: "48cc261f4ee042bdbc22e72ba78ba563" member_type: VOTER last_known_addr { host: "127.0.107.194" port: 35447 } } peers { permanent_uuid: "1fda1486d9674fdebf9aa9f4a4c0cb1c" member_type: VOTER last_known_addr { host: "127.0.107.195" port: 43607 } } peers { permanent_uuid: "c87903a926b347a69e99590ebe714be4" member_type: VOTER last_known_addr { host: "127.0.107.196" port: 40399 } attrs { promote: false } } }
I20260710 13:17:57.961031  1494 catalog_manager.cc:5697] T c5d8d27930af4e329f6ff1fac75cb578 P 4bdfdfd1937d4daea344e569284a47b7 reported cstate change: config changed from index 2 to 3, c87903a926b347a69e99590ebe714be4 (127.0.107.196) changed from NON_VOTER to VOTER. New cstate: current_term: 1 leader_uuid: "1fda1486d9674fdebf9aa9f4a4c0cb1c" committed_config { opid_index: 3 OBSOLETE_local: false peers { permanent_uuid: "4bdfdfd1937d4daea344e569284a47b7" member_type: VOTER last_known_addr { host: "127.0.107.193" port: 36295 } attrs { replace: true } } peers { permanent_uuid: "48cc261f4ee042bdbc22e72ba78ba563" member_type: VOTER last_known_addr { host: "127.0.107.194" port: 35447 } } peers { permanent_uuid: "1fda1486d9674fdebf9aa9f4a4c0cb1c" member_type: VOTER last_known_addr { host: "127.0.107.195" port: 43607 } } peers { permanent_uuid: "c87903a926b347a69e99590ebe714be4" member_type: VOTER last_known_addr { host: "127.0.107.196" port: 40399 } attrs { promote: false } } }
I20260710 13:17:57.965214  1674 raft_consensus.cc:2955] T c5d8d27930af4e329f6ff1fac75cb578 P 48cc261f4ee042bdbc22e72ba78ba563 [term 1 FOLLOWER]: Committing config change with OpId 1.3: config changed from index 2 to 3, c87903a926b347a69e99590ebe714be4 (127.0.107.196) changed from NON_VOTER to VOTER. New config: { opid_index: 3 OBSOLETE_local: false peers { permanent_uuid: "4bdfdfd1937d4daea344e569284a47b7" member_type: VOTER last_known_addr { host: "127.0.107.193" port: 36295 } attrs { replace: true } } peers { permanent_uuid: "48cc261f4ee042bdbc22e72ba78ba563" member_type: VOTER last_known_addr { host: "127.0.107.194" port: 35447 } } peers { permanent_uuid: "1fda1486d9674fdebf9aa9f4a4c0cb1c" member_type: VOTER last_known_addr { host: "127.0.107.195" port: 43607 } } peers { permanent_uuid: "c87903a926b347a69e99590ebe714be4" member_type: VOTER last_known_addr { host: "127.0.107.196" port: 40399 } attrs { promote: false } } }
I20260710 13:17:57.969242  2363 raft_consensus.cc:2955] T 54302b8b22cc4c958bc1a0c0c7ce77b0 P 4bdfdfd1937d4daea344e569284a47b7 [term 1 LEADER]: Committing config change with OpId 1.3: config changed from index 2 to 3, c87903a926b347a69e99590ebe714be4 (127.0.107.196) changed from NON_VOTER to VOTER. New config: { opid_index: 3 OBSOLETE_local: false peers { permanent_uuid: "48cc261f4ee042bdbc22e72ba78ba563" member_type: VOTER last_known_addr { host: "127.0.107.194" port: 35447 } attrs { replace: true } } peers { permanent_uuid: "1fda1486d9674fdebf9aa9f4a4c0cb1c" member_type: VOTER last_known_addr { host: "127.0.107.195" port: 43607 } } peers { permanent_uuid: "4bdfdfd1937d4daea344e569284a47b7" member_type: VOTER last_known_addr { host: "127.0.107.193" port: 36295 } } peers { permanent_uuid: "c87903a926b347a69e99590ebe714be4" member_type: VOTER last_known_addr { host: "127.0.107.196" port: 40399 } attrs { promote: false } } }
I20260710 13:17:57.977365  1748 raft_consensus.cc:2955] T 54302b8b22cc4c958bc1a0c0c7ce77b0 P 1fda1486d9674fdebf9aa9f4a4c0cb1c [term 1 FOLLOWER]: Committing config change with OpId 1.3: config changed from index 2 to 3, c87903a926b347a69e99590ebe714be4 (127.0.107.196) changed from NON_VOTER to VOTER. New config: { opid_index: 3 OBSOLETE_local: false peers { permanent_uuid: "48cc261f4ee042bdbc22e72ba78ba563" member_type: VOTER last_known_addr { host: "127.0.107.194" port: 35447 } attrs { replace: true } } peers { permanent_uuid: "1fda1486d9674fdebf9aa9f4a4c0cb1c" member_type: VOTER last_known_addr { host: "127.0.107.195" port: 43607 } } peers { permanent_uuid: "4bdfdfd1937d4daea344e569284a47b7" member_type: VOTER last_known_addr { host: "127.0.107.193" port: 36295 } } peers { permanent_uuid: "c87903a926b347a69e99590ebe714be4" member_type: VOTER last_known_addr { host: "127.0.107.196" port: 40399 } attrs { promote: false } } }
I20260710 13:17:57.977005  2027 raft_consensus.cc:2955] T 54302b8b22cc4c958bc1a0c0c7ce77b0 P c87903a926b347a69e99590ebe714be4 [term 1 FOLLOWER]: Committing config change with OpId 1.3: config changed from index 2 to 3, c87903a926b347a69e99590ebe714be4 (127.0.107.196) changed from NON_VOTER to VOTER. New config: { opid_index: 3 OBSOLETE_local: false peers { permanent_uuid: "48cc261f4ee042bdbc22e72ba78ba563" member_type: VOTER last_known_addr { host: "127.0.107.194" port: 35447 } attrs { replace: true } } peers { permanent_uuid: "1fda1486d9674fdebf9aa9f4a4c0cb1c" member_type: VOTER last_known_addr { host: "127.0.107.195" port: 43607 } } peers { permanent_uuid: "4bdfdfd1937d4daea344e569284a47b7" member_type: VOTER last_known_addr { host: "127.0.107.193" port: 36295 } } peers { permanent_uuid: "c87903a926b347a69e99590ebe714be4" member_type: VOTER last_known_addr { host: "127.0.107.196" port: 40399 } attrs { promote: false } } }
I20260710 13:17:57.991969  1674 raft_consensus.cc:2955] T 54302b8b22cc4c958bc1a0c0c7ce77b0 P 48cc261f4ee042bdbc22e72ba78ba563 [term 1 FOLLOWER]: Committing config change with OpId 1.3: config changed from index 2 to 3, c87903a926b347a69e99590ebe714be4 (127.0.107.196) changed from NON_VOTER to VOTER. New config: { opid_index: 3 OBSOLETE_local: false peers { permanent_uuid: "48cc261f4ee042bdbc22e72ba78ba563" member_type: VOTER last_known_addr { host: "127.0.107.194" port: 35447 } attrs { replace: true } } peers { permanent_uuid: "1fda1486d9674fdebf9aa9f4a4c0cb1c" member_type: VOTER last_known_addr { host: "127.0.107.195" port: 43607 } } peers { permanent_uuid: "4bdfdfd1937d4daea344e569284a47b7" member_type: VOTER last_known_addr { host: "127.0.107.193" port: 36295 } } peers { permanent_uuid: "c87903a926b347a69e99590ebe714be4" member_type: VOTER last_known_addr { host: "127.0.107.196" port: 40399 } attrs { promote: false } } }
I20260710 13:17:58.002282  1748 consensus_queue.cc:237] T c5d8d27930af4e329f6ff1fac75cb578 P 1fda1486d9674fdebf9aa9f4a4c0cb1c [LEADER]: Queue going to LEADER mode. State: All replicated index: 0, Majority replicated index: 3, Committed index: 3, Last appended: 1.3, Last appended by leader: 0, Current term: 1, Majority size: 2, State: 0, Mode: LEADER, active raft config: opid_index: 4 OBSOLETE_local: false peers { permanent_uuid: "48cc261f4ee042bdbc22e72ba78ba563" member_type: VOTER last_known_addr { host: "127.0.107.194" port: 35447 } } peers { permanent_uuid: "1fda1486d9674fdebf9aa9f4a4c0cb1c" member_type: VOTER last_known_addr { host: "127.0.107.195" port: 43607 } } peers { permanent_uuid: "c87903a926b347a69e99590ebe714be4" member_type: VOTER last_known_addr { host: "127.0.107.196" port: 40399 } attrs { promote: false } }
I20260710 13:17:58.008132  1493 catalog_manager.cc:5697] T 54302b8b22cc4c958bc1a0c0c7ce77b0 P 4bdfdfd1937d4daea344e569284a47b7 reported cstate change: config changed from index 2 to 3, c87903a926b347a69e99590ebe714be4 (127.0.107.196) changed from NON_VOTER to VOTER. New cstate: current_term: 1 leader_uuid: "4bdfdfd1937d4daea344e569284a47b7" committed_config { opid_index: 3 OBSOLETE_local: false peers { permanent_uuid: "48cc261f4ee042bdbc22e72ba78ba563" member_type: VOTER last_known_addr { host: "127.0.107.194" port: 35447 } attrs { replace: true } health_report { overall_health: HEALTHY } } peers { permanent_uuid: "1fda1486d9674fdebf9aa9f4a4c0cb1c" member_type: VOTER last_known_addr { host: "127.0.107.195" port: 43607 } health_report { overall_health: HEALTHY } } peers { permanent_uuid: "4bdfdfd1937d4daea344e569284a47b7" member_type: VOTER last_known_addr { host: "127.0.107.193" port: 36295 } health_report { overall_health: HEALTHY } } peers { permanent_uuid: "c87903a926b347a69e99590ebe714be4" member_type: VOTER last_known_addr { host: "127.0.107.196" port: 40399 } attrs { promote: false } health_report { overall_health: HEALTHY } } }
I20260710 13:17:58.020290  2027 raft_consensus.cc:1275] T c5d8d27930af4e329f6ff1fac75cb578 P c87903a926b347a69e99590ebe714be4 [term 1 FOLLOWER]: Refusing update from remote peer 1fda1486d9674fdebf9aa9f4a4c0cb1c: Log matching property violated. Preceding OpId in replica: term: 1 index: 3. Preceding OpId from leader: term: 1 index: 4. (index mismatch)
I20260710 13:17:58.021574  1674 raft_consensus.cc:1275] T c5d8d27930af4e329f6ff1fac75cb578 P 48cc261f4ee042bdbc22e72ba78ba563 [term 1 FOLLOWER]: Refusing update from remote peer 1fda1486d9674fdebf9aa9f4a4c0cb1c: Log matching property violated. Preceding OpId in replica: term: 1 index: 3. Preceding OpId from leader: term: 1 index: 4. (index mismatch)
I20260710 13:17:58.021725  2371 consensus_queue.cc:1048] T c5d8d27930af4e329f6ff1fac75cb578 P 1fda1486d9674fdebf9aa9f4a4c0cb1c [LEADER]: Connected to new peer: Peer: permanent_uuid: "c87903a926b347a69e99590ebe714be4" member_type: VOTER last_known_addr { host: "127.0.107.196" port: 40399 } attrs { promote: false }, Status: LMP_MISMATCH, Last received: 0.0, Next index: 4, Last known committed idx: 3, Time since last communication: 0.000s
I20260710 13:17:58.022781  2378 consensus_queue.cc:1048] T c5d8d27930af4e329f6ff1fac75cb578 P 1fda1486d9674fdebf9aa9f4a4c0cb1c [LEADER]: Connected to new peer: Peer: permanent_uuid: "48cc261f4ee042bdbc22e72ba78ba563" member_type: VOTER last_known_addr { host: "127.0.107.194" port: 35447 }, Status: LMP_MISMATCH, Last received: 0.0, Next index: 4, Last known committed idx: 3, Time since last communication: 0.000s
I20260710 13:17:58.029186  1597 consensus_queue.cc:237] T 54302b8b22cc4c958bc1a0c0c7ce77b0 P 4bdfdfd1937d4daea344e569284a47b7 [LEADER]: Queue going to LEADER mode. State: All replicated index: 0, Majority replicated index: 3, Committed index: 3, Last appended: 1.3, Last appended by leader: 0, Current term: 1, Majority size: 2, State: 0, Mode: LEADER, active raft config: opid_index: 4 OBSOLETE_local: false peers { permanent_uuid: "1fda1486d9674fdebf9aa9f4a4c0cb1c" member_type: VOTER last_known_addr { host: "127.0.107.195" port: 43607 } } peers { permanent_uuid: "4bdfdfd1937d4daea344e569284a47b7" member_type: VOTER last_known_addr { host: "127.0.107.193" port: 36295 } } peers { permanent_uuid: "c87903a926b347a69e99590ebe714be4" member_type: VOTER last_known_addr { host: "127.0.107.196" port: 40399 } attrs { promote: false } }
I20260710 13:17:58.030028  2378 raft_consensus.cc:2955] T c5d8d27930af4e329f6ff1fac75cb578 P 1fda1486d9674fdebf9aa9f4a4c0cb1c [term 1 LEADER]: Committing config change with OpId 1.4: config changed from index 3 to 4, VOTER 4bdfdfd1937d4daea344e569284a47b7 (127.0.107.193) evicted. New config: { opid_index: 4 OBSOLETE_local: false peers { permanent_uuid: "48cc261f4ee042bdbc22e72ba78ba563" member_type: VOTER last_known_addr { host: "127.0.107.194" port: 35447 } } peers { permanent_uuid: "1fda1486d9674fdebf9aa9f4a4c0cb1c" member_type: VOTER last_known_addr { host: "127.0.107.195" port: 43607 } } peers { permanent_uuid: "c87903a926b347a69e99590ebe714be4" member_type: VOTER last_known_addr { host: "127.0.107.196" port: 40399 } attrs { promote: false } } }
I20260710 13:17:58.034665  2028 raft_consensus.cc:1275] T 54302b8b22cc4c958bc1a0c0c7ce77b0 P c87903a926b347a69e99590ebe714be4 [term 1 FOLLOWER]: Refusing update from remote peer 4bdfdfd1937d4daea344e569284a47b7: Log matching property violated. Preceding OpId in replica: term: 1 index: 3. Preceding OpId from leader: term: 1 index: 4. (index mismatch)
I20260710 13:17:58.034051  2027 raft_consensus.cc:2955] T c5d8d27930af4e329f6ff1fac75cb578 P c87903a926b347a69e99590ebe714be4 [term 1 FOLLOWER]: Committing config change with OpId 1.4: config changed from index 3 to 4, VOTER 4bdfdfd1937d4daea344e569284a47b7 (127.0.107.193) evicted. New config: { opid_index: 4 OBSOLETE_local: false peers { permanent_uuid: "48cc261f4ee042bdbc22e72ba78ba563" member_type: VOTER last_known_addr { host: "127.0.107.194" port: 35447 } } peers { permanent_uuid: "1fda1486d9674fdebf9aa9f4a4c0cb1c" member_type: VOTER last_known_addr { host: "127.0.107.195" port: 43607 } } peers { permanent_uuid: "c87903a926b347a69e99590ebe714be4" member_type: VOTER last_known_addr { host: "127.0.107.196" port: 40399 } attrs { promote: false } } }
I20260710 13:17:58.036010  1748 raft_consensus.cc:1275] T 54302b8b22cc4c958bc1a0c0c7ce77b0 P 1fda1486d9674fdebf9aa9f4a4c0cb1c [term 1 FOLLOWER]: Refusing update from remote peer 4bdfdfd1937d4daea344e569284a47b7: Log matching property violated. Preceding OpId in replica: term: 1 index: 3. Preceding OpId from leader: term: 1 index: 4. (index mismatch)
I20260710 13:17:58.036089  2354 consensus_queue.cc:1048] T 54302b8b22cc4c958bc1a0c0c7ce77b0 P 4bdfdfd1937d4daea344e569284a47b7 [LEADER]: Connected to new peer: Peer: permanent_uuid: "c87903a926b347a69e99590ebe714be4" member_type: VOTER last_known_addr { host: "127.0.107.196" port: 40399 } attrs { promote: false }, Status: LMP_MISMATCH, Last received: 0.0, Next index: 4, Last known committed idx: 3, Time since last communication: 0.001s
I20260710 13:17:58.032495  1674 raft_consensus.cc:2955] T c5d8d27930af4e329f6ff1fac75cb578 P 48cc261f4ee042bdbc22e72ba78ba563 [term 1 FOLLOWER]: Committing config change with OpId 1.4: config changed from index 3 to 4, VOTER 4bdfdfd1937d4daea344e569284a47b7 (127.0.107.193) evicted. New config: { opid_index: 4 OBSOLETE_local: false peers { permanent_uuid: "48cc261f4ee042bdbc22e72ba78ba563" member_type: VOTER last_known_addr { host: "127.0.107.194" port: 35447 } } peers { permanent_uuid: "1fda1486d9674fdebf9aa9f4a4c0cb1c" member_type: VOTER last_known_addr { host: "127.0.107.195" port: 43607 } } peers { permanent_uuid: "c87903a926b347a69e99590ebe714be4" member_type: VOTER last_known_addr { host: "127.0.107.196" port: 40399 } attrs { promote: false } } }
I20260710 13:17:58.041985  2363 consensus_queue.cc:1048] T 54302b8b22cc4c958bc1a0c0c7ce77b0 P 4bdfdfd1937d4daea344e569284a47b7 [LEADER]: Connected to new peer: Peer: permanent_uuid: "1fda1486d9674fdebf9aa9f4a4c0cb1c" member_type: VOTER last_known_addr { host: "127.0.107.195" port: 43607 }, Status: LMP_MISMATCH, Last received: 0.0, Next index: 4, Last known committed idx: 3, Time since last communication: 0.000s
I20260710 13:17:58.045683  1483 catalog_manager.cc:5210] ChangeConfig:REMOVE_PEER RPC for tablet c5d8d27930af4e329f6ff1fac75cb578 with cas_config_opid_index 3: ChangeConfig:REMOVE_PEER succeeded (attempt 1)
I20260710 13:17:58.049774  1494 catalog_manager.cc:5697] T c5d8d27930af4e329f6ff1fac75cb578 P 1fda1486d9674fdebf9aa9f4a4c0cb1c reported cstate change: config changed from index 3 to 4, VOTER 4bdfdfd1937d4daea344e569284a47b7 (127.0.107.193) evicted. New cstate: current_term: 1 leader_uuid: "1fda1486d9674fdebf9aa9f4a4c0cb1c" committed_config { opid_index: 4 OBSOLETE_local: false peers { permanent_uuid: "48cc261f4ee042bdbc22e72ba78ba563" member_type: VOTER last_known_addr { host: "127.0.107.194" port: 35447 } health_report { overall_health: HEALTHY } } peers { permanent_uuid: "1fda1486d9674fdebf9aa9f4a4c0cb1c" member_type: VOTER last_known_addr { host: "127.0.107.195" port: 43607 } health_report { overall_health: HEALTHY } } peers { permanent_uuid: "c87903a926b347a69e99590ebe714be4" member_type: VOTER last_known_addr { host: "127.0.107.196" port: 40399 } attrs { promote: false } health_report { overall_health: HEALTHY } } }
I20260710 13:17:58.054482  2363 raft_consensus.cc:2955] T 54302b8b22cc4c958bc1a0c0c7ce77b0 P 4bdfdfd1937d4daea344e569284a47b7 [term 1 LEADER]: Committing config change with OpId 1.4: config changed from index 3 to 4, VOTER 48cc261f4ee042bdbc22e72ba78ba563 (127.0.107.194) evicted. New config: { opid_index: 4 OBSOLETE_local: false peers { permanent_uuid: "1fda1486d9674fdebf9aa9f4a4c0cb1c" member_type: VOTER last_known_addr { host: "127.0.107.195" port: 43607 } } peers { permanent_uuid: "4bdfdfd1937d4daea344e569284a47b7" member_type: VOTER last_known_addr { host: "127.0.107.193" port: 36295 } } peers { permanent_uuid: "c87903a926b347a69e99590ebe714be4" member_type: VOTER last_known_addr { host: "127.0.107.196" port: 40399 } attrs { promote: false } } }
I20260710 13:17:58.059478  2027 raft_consensus.cc:2955] T 54302b8b22cc4c958bc1a0c0c7ce77b0 P c87903a926b347a69e99590ebe714be4 [term 1 FOLLOWER]: Committing config change with OpId 1.4: config changed from index 3 to 4, VOTER 48cc261f4ee042bdbc22e72ba78ba563 (127.0.107.194) evicted. New config: { opid_index: 4 OBSOLETE_local: false peers { permanent_uuid: "1fda1486d9674fdebf9aa9f4a4c0cb1c" member_type: VOTER last_known_addr { host: "127.0.107.195" port: 43607 } } peers { permanent_uuid: "4bdfdfd1937d4daea344e569284a47b7" member_type: VOTER last_known_addr { host: "127.0.107.193" port: 36295 } } peers { permanent_uuid: "c87903a926b347a69e99590ebe714be4" member_type: VOTER last_known_addr { host: "127.0.107.196" port: 40399 } attrs { promote: false } } }
I20260710 13:17:58.059842  1744 raft_consensus.cc:2955] T 54302b8b22cc4c958bc1a0c0c7ce77b0 P 1fda1486d9674fdebf9aa9f4a4c0cb1c [term 1 FOLLOWER]: Committing config change with OpId 1.4: config changed from index 3 to 4, VOTER 48cc261f4ee042bdbc22e72ba78ba563 (127.0.107.194) evicted. New config: { opid_index: 4 OBSOLETE_local: false peers { permanent_uuid: "1fda1486d9674fdebf9aa9f4a4c0cb1c" member_type: VOTER last_known_addr { host: "127.0.107.195" port: 43607 } } peers { permanent_uuid: "4bdfdfd1937d4daea344e569284a47b7" member_type: VOTER last_known_addr { host: "127.0.107.193" port: 36295 } } peers { permanent_uuid: "c87903a926b347a69e99590ebe714be4" member_type: VOTER last_known_addr { host: "127.0.107.196" port: 40399 } attrs { promote: false } } }
I20260710 13:17:58.070125  1483 catalog_manager.cc:5210] ChangeConfig:REMOVE_PEER RPC for tablet 54302b8b22cc4c958bc1a0c0c7ce77b0 with cas_config_opid_index 3: ChangeConfig:REMOVE_PEER succeeded (attempt 1)
I20260710 13:17:58.073189  1585 tablet_service.cc:1558] Processing DeleteTablet for tablet c5d8d27930af4e329f6ff1fac75cb578 with delete_type TABLET_DATA_TOMBSTONED (TS 4bdfdfd1937d4daea344e569284a47b7 not found in new config with opid_index 4) from {username='slave'} at 127.0.0.1:56292
I20260710 13:17:58.075079  2387 tablet_replica.cc:333] T c5d8d27930af4e329f6ff1fac75cb578 P 4bdfdfd1937d4daea344e569284a47b7: stopping tablet replica
I20260710 13:17:58.076027  2387 raft_consensus.cc:2243] T c5d8d27930af4e329f6ff1fac75cb578 P 4bdfdfd1937d4daea344e569284a47b7 [term 1 FOLLOWER]: Raft consensus shutting down.
I20260710 13:17:58.076638  2387 raft_consensus.cc:2272] T c5d8d27930af4e329f6ff1fac75cb578 P 4bdfdfd1937d4daea344e569284a47b7 [term 1 FOLLOWER]: Raft consensus is shut down!
I20260710 13:17:58.076783  1496 catalog_manager.cc:5697] T 54302b8b22cc4c958bc1a0c0c7ce77b0 P 4bdfdfd1937d4daea344e569284a47b7 reported cstate change: config changed from index 3 to 4, VOTER 48cc261f4ee042bdbc22e72ba78ba563 (127.0.107.194) evicted. New cstate: current_term: 1 leader_uuid: "4bdfdfd1937d4daea344e569284a47b7" committed_config { opid_index: 4 OBSOLETE_local: false peers { permanent_uuid: "1fda1486d9674fdebf9aa9f4a4c0cb1c" member_type: VOTER last_known_addr { host: "127.0.107.195" port: 43607 } health_report { overall_health: HEALTHY } } peers { permanent_uuid: "4bdfdfd1937d4daea344e569284a47b7" member_type: VOTER last_known_addr { host: "127.0.107.193" port: 36295 } health_report { overall_health: HEALTHY } } peers { permanent_uuid: "c87903a926b347a69e99590ebe714be4" member_type: VOTER last_known_addr { host: "127.0.107.196" port: 40399 } attrs { promote: false } health_report { overall_health: HEALTHY } } }
I20260710 13:17:58.079965  2387 ts_tablet_manager.cc:1916] T c5d8d27930af4e329f6ff1fac75cb578 P 4bdfdfd1937d4daea344e569284a47b7: Deleting tablet data with delete state TABLET_DATA_TOMBSTONED
