I20260710 13:16:55.430274  7009 raft_consensus.cc:2955] T 67d96cb4840144c0be1a02a1a6635d83 P d4914cad1687460eb97bd86665806aa8 [term 1 FOLLOWER]: Committing config change with OpId 1.4: config changed from index 3 to 4, VOTER 8f10d8ceb3914bafa9af3dfe4adaec96 (127.5.164.65) evicted. New config: { opid_index: 4 OBSOLETE_local: false peers { permanent_uuid: "11a5985666ea4d8996e04165fff7b5c2" member_type: VOTER last_known_addr { host: "127.5.164.66" port: 37857 } } peers { permanent_uuid: "d4914cad1687460eb97bd86665806aa8" member_type: VOTER last_known_addr { host: "127.5.164.67" port: 42245 } } peers { permanent_uuid: "3b04abeffed74848b3d73be1e7383dac" member_type: VOTER last_known_addr { host: "127.5.164.68" port: 38821 } attrs { promote: false } } }
I20260710 13:16:55.437575  7285 raft_consensus.cc:2955] T 67d96cb4840144c0be1a02a1a6635d83 P 3b04abeffed74848b3d73be1e7383dac [term 1 FOLLOWER]: Committing config change with OpId 1.4: config changed from index 3 to 4, VOTER 8f10d8ceb3914bafa9af3dfe4adaec96 (127.5.164.65) evicted. New config: { opid_index: 4 OBSOLETE_local: false peers { permanent_uuid: "11a5985666ea4d8996e04165fff7b5c2" member_type: VOTER last_known_addr { host: "127.5.164.66" port: 37857 } } peers { permanent_uuid: "d4914cad1687460eb97bd86665806aa8" member_type: VOTER last_known_addr { host: "127.5.164.67" port: 42245 } } peers { permanent_uuid: "3b04abeffed74848b3d73be1e7383dac" member_type: VOTER last_known_addr { host: "127.5.164.68" port: 38821 } attrs { promote: false } } }
I20260710 13:16:55.442417  6748 catalog_manager.cc:5210] ChangeConfig:REMOVE_PEER RPC for tablet 67d96cb4840144c0be1a02a1a6635d83 with cas_config_opid_index 3: ChangeConfig:REMOVE_PEER succeeded (attempt 1)
I20260710 13:16:55.448863  6759 catalog_manager.cc:5697] T 67d96cb4840144c0be1a02a1a6635d83 P 11a5985666ea4d8996e04165fff7b5c2 reported cstate change: config changed from index 3 to 4, VOTER 8f10d8ceb3914bafa9af3dfe4adaec96 (127.5.164.65) evicted. New cstate: current_term: 1 leader_uuid: "11a5985666ea4d8996e04165fff7b5c2" committed_config { opid_index: 4 OBSOLETE_local: false peers { permanent_uuid: "11a5985666ea4d8996e04165fff7b5c2" member_type: VOTER last_known_addr { host: "127.5.164.66" port: 37857 } health_report { overall_health: HEALTHY } } peers { permanent_uuid: "d4914cad1687460eb97bd86665806aa8" member_type: VOTER last_known_addr { host: "127.5.164.67" port: 42245 } health_report { overall_health: HEALTHY } } peers { permanent_uuid: "3b04abeffed74848b3d73be1e7383dac" member_type: VOTER last_known_addr { host: "127.5.164.68" port: 38821 } attrs { promote: false } health_report { overall_health: HEALTHY } } }
I20260710 13:16:55.459870  6850 tablet_service.cc:1558] Processing DeleteTablet for tablet 67d96cb4840144c0be1a02a1a6635d83 with delete_type TABLET_DATA_TOMBSTONED (TS 8f10d8ceb3914bafa9af3dfe4adaec96 not found in new config with opid_index 4) from {username='slave'} at 127.0.0.1:42874
I20260710 13:16:55.460866  7376 tablet_replica.cc:333] T 67d96cb4840144c0be1a02a1a6635d83 P 8f10d8ceb3914bafa9af3dfe4adaec96: stopping tablet replica
I20260710 13:16:55.461835  7376 raft_consensus.cc:2243] T 67d96cb4840144c0be1a02a1a6635d83 P 8f10d8ceb3914bafa9af3dfe4adaec96 [term 1 FOLLOWER]: Raft consensus shutting down.
I20260710 13:16:55.462472  7376 raft_consensus.cc:2272] T 67d96cb4840144c0be1a02a1a6635d83 P 8f10d8ceb3914bafa9af3dfe4adaec96 [term 1 FOLLOWER]: Raft consensus is shut down!
I20260710 13:16:55.465323  7376 ts_tablet_manager.cc:1916] T 67d96cb4840144c0be1a02a1a6635d83 P 8f10d8ceb3914bafa9af3dfe4adaec96: Deleting tablet data with delete state TABLET_DATA_TOMBSTONED
I20260710 13:16:55.475179  7376 ts_tablet_manager.cc:1929] T 67d96cb4840144c0be1a02a1a6635d83 P 8f10d8ceb3914bafa9af3dfe4adaec96: tablet deleted with delete type TABLET_DATA_TOMBSTONED: last-logged OpId 1.3
I20260710 13:16:55.475457  7376 log.cc:1199] T 67d96cb4840144c0be1a02a1a6635d83 P 8f10d8ceb3914bafa9af3dfe4adaec96: Deleting WAL directory at /tmp/dist-test-taskCNxePj/test-tmp/auto_leader_rebalancer-test.0.LeaderRebalancerTest.AddTserver.1783689385609774-5777-0/minicluster-data/ts-0-root/wals/67d96cb4840144c0be1a02a1a6635d83
I20260710 13:16:55.477064  6750 catalog_manager.cc:5028] TS 8f10d8ceb3914bafa9af3dfe4adaec96 (127.5.164.65:38927): tablet 67d96cb4840144c0be1a02a1a6635d83 (table test-workload [id=5ad8ec059f134dddb7e70202c84c3279]) successfully deleted
I20260710 13:16:56.494160  7011 consensus_queue.cc:237] T be4ad55e42b440c6a8a49dcf21189d9c P d4914cad1687460eb97bd86665806aa8 [LEADER]: Queue going to LEADER mode. State: All replicated index: 0, Majority replicated index: 1, Committed index: 1, Last appended: 1.1, Last appended by leader: 0, Current term: 1, Majority size: 2, State: 0, Mode: LEADER, active raft config: opid_index: 2 OBSOLETE_local: false peers { permanent_uuid: "8f10d8ceb3914bafa9af3dfe4adaec96" member_type: VOTER last_known_addr { host: "127.5.164.65" port: 38927 } } peers { permanent_uuid: "11a5985666ea4d8996e04165fff7b5c2" member_type: VOTER last_known_addr { host: "127.5.164.66" port: 37857 } attrs { replace: true } } peers { permanent_uuid: "d4914cad1687460eb97bd86665806aa8" member_type: VOTER last_known_addr { host: "127.5.164.67" port: 42245 } } peers { permanent_uuid: "3b04abeffed74848b3d73be1e7383dac" member_type: NON_VOTER last_known_addr { host: "127.5.164.68" port: 38821 } attrs { promote: true } }
I20260710 13:16:56.501274  6936 raft_consensus.cc:1275] T be4ad55e42b440c6a8a49dcf21189d9c P 11a5985666ea4d8996e04165fff7b5c2 [term 1 FOLLOWER]: Refusing update from remote peer d4914cad1687460eb97bd86665806aa8: Log matching property violated. Preceding OpId in replica: term: 1 index: 1. Preceding OpId from leader: term: 1 index: 2. (index mismatch)
I20260710 13:16:56.502666  6865 raft_consensus.cc:1275] T be4ad55e42b440c6a8a49dcf21189d9c P 8f10d8ceb3914bafa9af3dfe4adaec96 [term 1 FOLLOWER]: Refusing update from remote peer d4914cad1687460eb97bd86665806aa8: Log matching property violated. Preceding OpId in replica: term: 1 index: 1. Preceding OpId from leader: term: 1 index: 2. (index mismatch)
W20260710 13:16:56.502550  6978 consensus_peers.cc:597] T be4ad55e42b440c6a8a49dcf21189d9c P d4914cad1687460eb97bd86665806aa8 -> Peer 3b04abeffed74848b3d73be1e7383dac (127.5.164.68:38821): Couldn't send request to peer 3b04abeffed74848b3d73be1e7383dac. Error code: TABLET_NOT_FOUND (6). Status: Not found: Tablet not found: be4ad55e42b440c6a8a49dcf21189d9c. This is attempt 1: this message will repeat every 5th retry.
I20260710 13:16:56.504264  7397 consensus_queue.cc:1048] T be4ad55e42b440c6a8a49dcf21189d9c P d4914cad1687460eb97bd86665806aa8 [LEADER]: Connected to new peer: Peer: permanent_uuid: "8f10d8ceb3914bafa9af3dfe4adaec96" member_type: VOTER last_known_addr { host: "127.5.164.65" port: 38927 }, Status: LMP_MISMATCH, Last received: 0.0, Next index: 2, Last known committed idx: 1, Time since last communication: 0.001s
I20260710 13:16:56.505127  7396 consensus_queue.cc:1048] T be4ad55e42b440c6a8a49dcf21189d9c P d4914cad1687460eb97bd86665806aa8 [LEADER]: Connected to new peer: Peer: permanent_uuid: "11a5985666ea4d8996e04165fff7b5c2" member_type: VOTER last_known_addr { host: "127.5.164.66" port: 37857 } attrs { replace: true }, Status: LMP_MISMATCH, Last received: 0.0, Next index: 2, Last known committed idx: 1, Time since last communication: 0.000s
I20260710 13:16:56.513150  7362 raft_consensus.cc:2955] T be4ad55e42b440c6a8a49dcf21189d9c P d4914cad1687460eb97bd86665806aa8 [term 1 LEADER]: Committing config change with OpId 1.2: config changed from index -1 to 2, NON_VOTER 3b04abeffed74848b3d73be1e7383dac (127.5.164.68) added. New config: { opid_index: 2 OBSOLETE_local: false peers { permanent_uuid: "8f10d8ceb3914bafa9af3dfe4adaec96" member_type: VOTER last_known_addr { host: "127.5.164.65" port: 38927 } } peers { permanent_uuid: "11a5985666ea4d8996e04165fff7b5c2" member_type: VOTER last_known_addr { host: "127.5.164.66" port: 37857 } attrs { replace: true } } peers { permanent_uuid: "d4914cad1687460eb97bd86665806aa8" member_type: VOTER last_known_addr { host: "127.5.164.67" port: 42245 } } peers { permanent_uuid: "3b04abeffed74848b3d73be1e7383dac" member_type: NON_VOTER last_known_addr { host: "127.5.164.68" port: 38821 } attrs { promote: true } } }
I20260710 13:16:56.514570  6936 raft_consensus.cc:2955] T be4ad55e42b440c6a8a49dcf21189d9c P 11a5985666ea4d8996e04165fff7b5c2 [term 1 FOLLOWER]: Committing config change with OpId 1.2: config changed from index -1 to 2, NON_VOTER 3b04abeffed74848b3d73be1e7383dac (127.5.164.68) added. New config: { opid_index: 2 OBSOLETE_local: false peers { permanent_uuid: "8f10d8ceb3914bafa9af3dfe4adaec96" member_type: VOTER last_known_addr { host: "127.5.164.65" port: 38927 } } peers { permanent_uuid: "11a5985666ea4d8996e04165fff7b5c2" member_type: VOTER last_known_addr { host: "127.5.164.66" port: 37857 } attrs { replace: true } } peers { permanent_uuid: "d4914cad1687460eb97bd86665806aa8" member_type: VOTER last_known_addr { host: "127.5.164.67" port: 42245 } } peers { permanent_uuid: "3b04abeffed74848b3d73be1e7383dac" member_type: NON_VOTER last_known_addr { host: "127.5.164.68" port: 38821 } attrs { promote: true } } }
I20260710 13:16:56.514683  6865 raft_consensus.cc:2955] T be4ad55e42b440c6a8a49dcf21189d9c P 8f10d8ceb3914bafa9af3dfe4adaec96 [term 1 FOLLOWER]: Committing config change with OpId 1.2: config changed from index -1 to 2, NON_VOTER 3b04abeffed74848b3d73be1e7383dac (127.5.164.68) added. New config: { opid_index: 2 OBSOLETE_local: false peers { permanent_uuid: "8f10d8ceb3914bafa9af3dfe4adaec96" member_type: VOTER last_known_addr { host: "127.5.164.65" port: 38927 } } peers { permanent_uuid: "11a5985666ea4d8996e04165fff7b5c2" member_type: VOTER last_known_addr { host: "127.5.164.66" port: 37857 } attrs { replace: true } } peers { permanent_uuid: "d4914cad1687460eb97bd86665806aa8" member_type: VOTER last_known_addr { host: "127.5.164.67" port: 42245 } } peers { permanent_uuid: "3b04abeffed74848b3d73be1e7383dac" member_type: NON_VOTER last_known_addr { host: "127.5.164.68" port: 38821 } attrs { promote: true } } }
I20260710 13:16:56.532601  6763 catalog_manager.cc:5697] T be4ad55e42b440c6a8a49dcf21189d9c P 11a5985666ea4d8996e04165fff7b5c2 reported cstate change: config changed from index -1 to 2, NON_VOTER 3b04abeffed74848b3d73be1e7383dac (127.5.164.68) added. New cstate: current_term: 1 leader_uuid: "d4914cad1687460eb97bd86665806aa8" committed_config { opid_index: 2 OBSOLETE_local: false peers { permanent_uuid: "8f10d8ceb3914bafa9af3dfe4adaec96" member_type: VOTER last_known_addr { host: "127.5.164.65" port: 38927 } } peers { permanent_uuid: "11a5985666ea4d8996e04165fff7b5c2" member_type: VOTER last_known_addr { host: "127.5.164.66" port: 37857 } attrs { replace: true } } peers { permanent_uuid: "d4914cad1687460eb97bd86665806aa8" member_type: VOTER last_known_addr { host: "127.5.164.67" port: 42245 } } peers { permanent_uuid: "3b04abeffed74848b3d73be1e7383dac" member_type: NON_VOTER last_known_addr { host: "127.5.164.68" port: 38821 } attrs { promote: true } } }
I20260710 13:16:56.550309  6865 consensus_queue.cc:237] T bd9de27077f2437da427472112574ce1 P 8f10d8ceb3914bafa9af3dfe4adaec96 [LEADER]: Queue going to LEADER mode. State: All replicated index: 0, Majority replicated index: 1, Committed index: 1, Last appended: 1.1, Last appended by leader: 0, Current term: 1, Majority size: 2, State: 0, Mode: LEADER, active raft config: opid_index: 2 OBSOLETE_local: false peers { permanent_uuid: "8f10d8ceb3914bafa9af3dfe4adaec96" member_type: VOTER last_known_addr { host: "127.5.164.65" port: 38927 } } peers { permanent_uuid: "11a5985666ea4d8996e04165fff7b5c2" member_type: VOTER last_known_addr { host: "127.5.164.66" port: 37857 } } peers { permanent_uuid: "d4914cad1687460eb97bd86665806aa8" member_type: VOTER last_known_addr { host: "127.5.164.67" port: 42245 } attrs { replace: true } } peers { permanent_uuid: "3b04abeffed74848b3d73be1e7383dac" member_type: NON_VOTER last_known_addr { host: "127.5.164.68" port: 38821 } attrs { promote: true } }
I20260710 13:16:56.561563  7011 raft_consensus.cc:1275] T bd9de27077f2437da427472112574ce1 P d4914cad1687460eb97bd86665806aa8 [term 1 FOLLOWER]: Refusing update from remote peer 8f10d8ceb3914bafa9af3dfe4adaec96: Log matching property violated. Preceding OpId in replica: term: 1 index: 1. Preceding OpId from leader: term: 1 index: 2. (index mismatch)
I20260710 13:16:56.562922  6936 raft_consensus.cc:1275] T bd9de27077f2437da427472112574ce1 P 11a5985666ea4d8996e04165fff7b5c2 [term 1 FOLLOWER]: Refusing update from remote peer 8f10d8ceb3914bafa9af3dfe4adaec96: Log matching property violated. Preceding OpId in replica: term: 1 index: 1. Preceding OpId from leader: term: 1 index: 2. (index mismatch)
I20260710 13:16:56.562986  7394 consensus_queue.cc:1048] T bd9de27077f2437da427472112574ce1 P 8f10d8ceb3914bafa9af3dfe4adaec96 [LEADER]: Connected to new peer: Peer: permanent_uuid: "d4914cad1687460eb97bd86665806aa8" member_type: VOTER last_known_addr { host: "127.5.164.67" port: 42245 } attrs { replace: true }, Status: LMP_MISMATCH, Last received: 0.0, Next index: 2, Last known committed idx: 1, Time since last communication: 0.000s
I20260710 13:16:56.564502  7393 consensus_queue.cc:1048] T bd9de27077f2437da427472112574ce1 P 8f10d8ceb3914bafa9af3dfe4adaec96 [LEADER]: Connected to new peer: Peer: permanent_uuid: "11a5985666ea4d8996e04165fff7b5c2" member_type: VOTER last_known_addr { host: "127.5.164.66" port: 37857 }, Status: LMP_MISMATCH, Last received: 0.0, Next index: 2, Last known committed idx: 1, Time since last communication: 0.001s
I20260710 13:16:56.571724  7394 raft_consensus.cc:2955] T bd9de27077f2437da427472112574ce1 P 8f10d8ceb3914bafa9af3dfe4adaec96 [term 1 LEADER]: Committing config change with OpId 1.2: config changed from index -1 to 2, NON_VOTER 3b04abeffed74848b3d73be1e7383dac (127.5.164.68) added. New config: { opid_index: 2 OBSOLETE_local: false peers { permanent_uuid: "8f10d8ceb3914bafa9af3dfe4adaec96" member_type: VOTER last_known_addr { host: "127.5.164.65" port: 38927 } } peers { permanent_uuid: "11a5985666ea4d8996e04165fff7b5c2" member_type: VOTER last_known_addr { host: "127.5.164.66" port: 37857 } } peers { permanent_uuid: "d4914cad1687460eb97bd86665806aa8" member_type: VOTER last_known_addr { host: "127.5.164.67" port: 42245 } attrs { replace: true } } peers { permanent_uuid: "3b04abeffed74848b3d73be1e7383dac" member_type: NON_VOTER last_known_addr { host: "127.5.164.68" port: 38821 } attrs { promote: true } } }
I20260710 13:16:56.573489  7011 raft_consensus.cc:2955] T bd9de27077f2437da427472112574ce1 P d4914cad1687460eb97bd86665806aa8 [term 1 FOLLOWER]: Committing config change with OpId 1.2: config changed from index -1 to 2, NON_VOTER 3b04abeffed74848b3d73be1e7383dac (127.5.164.68) added. New config: { opid_index: 2 OBSOLETE_local: false peers { permanent_uuid: "8f10d8ceb3914bafa9af3dfe4adaec96" member_type: VOTER last_known_addr { host: "127.5.164.65" port: 38927 } } peers { permanent_uuid: "11a5985666ea4d8996e04165fff7b5c2" member_type: VOTER last_known_addr { host: "127.5.164.66" port: 37857 } } peers { permanent_uuid: "d4914cad1687460eb97bd86665806aa8" member_type: VOTER last_known_addr { host: "127.5.164.67" port: 42245 } attrs { replace: true } } peers { permanent_uuid: "3b04abeffed74848b3d73be1e7383dac" member_type: NON_VOTER last_known_addr { host: "127.5.164.68" port: 38821 } attrs { promote: true } } }
W20260710 13:16:56.578145  6829 consensus_peers.cc:597] T bd9de27077f2437da427472112574ce1 P 8f10d8ceb3914bafa9af3dfe4adaec96 -> Peer 3b04abeffed74848b3d73be1e7383dac (127.5.164.68:38821): Couldn't send request to peer 3b04abeffed74848b3d73be1e7383dac. Error code: TABLET_NOT_FOUND (6). Status: Not found: Tablet not found: bd9de27077f2437da427472112574ce1. This is attempt 1: this message will repeat every 5th retry.
I20260710 13:16:56.579905  6936 raft_consensus.cc:2955] T bd9de27077f2437da427472112574ce1 P 11a5985666ea4d8996e04165fff7b5c2 [term 1 FOLLOWER]: Committing config change with OpId 1.2: config changed from index -1 to 2, NON_VOTER 3b04abeffed74848b3d73be1e7383dac (127.5.164.68) added. New config: { opid_index: 2 OBSOLETE_local: false peers { permanent_uuid: "8f10d8ceb3914bafa9af3dfe4adaec96" member_type: VOTER last_known_addr { host: "127.5.164.65" port: 38927 } } peers { permanent_uuid: "11a5985666ea4d8996e04165fff7b5c2" member_type: VOTER last_known_addr { host: "127.5.164.66" port: 37857 } } peers { permanent_uuid: "d4914cad1687460eb97bd86665806aa8" member_type: VOTER last_known_addr { host: "127.5.164.67" port: 42245 } attrs { replace: true } } peers { permanent_uuid: "3b04abeffed74848b3d73be1e7383dac" member_type: NON_VOTER last_known_addr { host: "127.5.164.68" port: 38821 } attrs { promote: true } } }
I20260710 13:16:56.585620  7011 consensus_queue.cc:237] T ec26b49107294503a34b5050206f4c3d P d4914cad1687460eb97bd86665806aa8 [LEADER]: Queue going to LEADER mode. State: All replicated index: 0, Majority replicated index: 1, Committed index: 1, Last appended: 1.1, Last appended by leader: 0, Current term: 1, Majority size: 2, State: 0, Mode: LEADER, active raft config: opid_index: 2 OBSOLETE_local: false peers { permanent_uuid: "8f10d8ceb3914bafa9af3dfe4adaec96" member_type: VOTER last_known_addr { host: "127.5.164.65" port: 38927 } } peers { permanent_uuid: "11a5985666ea4d8996e04165fff7b5c2" member_type: VOTER last_known_addr { host: "127.5.164.66" port: 37857 } attrs { replace: true } } peers { permanent_uuid: "d4914cad1687460eb97bd86665806aa8" member_type: VOTER last_known_addr { host: "127.5.164.67" port: 42245 } } peers { permanent_uuid: "3b04abeffed74848b3d73be1e7383dac" member_type: NON_VOTER last_known_addr { host: "127.5.164.68" port: 38821 } attrs { promote: true } }
I20260710 13:16:56.588205  6759 catalog_manager.cc:5697] T bd9de27077f2437da427472112574ce1 P d4914cad1687460eb97bd86665806aa8 reported cstate change: config changed from index -1 to 2, NON_VOTER 3b04abeffed74848b3d73be1e7383dac (127.5.164.68) added. New cstate: current_term: 1 leader_uuid: "8f10d8ceb3914bafa9af3dfe4adaec96" committed_config { opid_index: 2 OBSOLETE_local: false peers { permanent_uuid: "8f10d8ceb3914bafa9af3dfe4adaec96" member_type: VOTER last_known_addr { host: "127.5.164.65" port: 38927 } } peers { permanent_uuid: "11a5985666ea4d8996e04165fff7b5c2" member_type: VOTER last_known_addr { host: "127.5.164.66" port: 37857 } } peers { permanent_uuid: "d4914cad1687460eb97bd86665806aa8" member_type: VOTER last_known_addr { host: "127.5.164.67" port: 42245 } attrs { replace: true } } peers { permanent_uuid: "3b04abeffed74848b3d73be1e7383dac" member_type: NON_VOTER last_known_addr { host: "127.5.164.68" port: 38821 } attrs { promote: true } } }
I20260710 13:16:56.592664  6938 raft_consensus.cc:1275] T ec26b49107294503a34b5050206f4c3d P 11a5985666ea4d8996e04165fff7b5c2 [term 1 FOLLOWER]: Refusing update from remote peer d4914cad1687460eb97bd86665806aa8: Log matching property violated. Preceding OpId in replica: term: 1 index: 1. Preceding OpId from leader: term: 1 index: 2. (index mismatch)
I20260710 13:16:56.592782  6865 raft_consensus.cc:1275] T ec26b49107294503a34b5050206f4c3d P 8f10d8ceb3914bafa9af3dfe4adaec96 [term 1 FOLLOWER]: Refusing update from remote peer d4914cad1687460eb97bd86665806aa8: Log matching property violated. Preceding OpId in replica: term: 1 index: 1. Preceding OpId from leader: term: 1 index: 2. (index mismatch)
I20260710 13:16:56.594316  7396 consensus_queue.cc:1048] T ec26b49107294503a34b5050206f4c3d P d4914cad1687460eb97bd86665806aa8 [LEADER]: Connected to new peer: Peer: permanent_uuid: "8f10d8ceb3914bafa9af3dfe4adaec96" member_type: VOTER last_known_addr { host: "127.5.164.65" port: 38927 }, Status: LMP_MISMATCH, Last received: 0.0, Next index: 2, Last known committed idx: 1, Time since last communication: 0.000s
W20260710 13:16:56.597064  6978 consensus_peers.cc:597] T ec26b49107294503a34b5050206f4c3d P d4914cad1687460eb97bd86665806aa8 -> Peer 3b04abeffed74848b3d73be1e7383dac (127.5.164.68:38821): Couldn't send request to peer 3b04abeffed74848b3d73be1e7383dac. Error code: TABLET_NOT_FOUND (6). Status: Not found: Tablet not found: ec26b49107294503a34b5050206f4c3d. This is attempt 1: this message will repeat every 5th retry.
I20260710 13:16:56.597939  7396 consensus_queue.cc:1048] T ec26b49107294503a34b5050206f4c3d P d4914cad1687460eb97bd86665806aa8 [LEADER]: Connected to new peer: Peer: permanent_uuid: "11a5985666ea4d8996e04165fff7b5c2" member_type: VOTER last_known_addr { host: "127.5.164.66" port: 37857 } attrs { replace: true }, Status: LMP_MISMATCH, Last received: 0.0, Next index: 2, Last known committed idx: 1, Time since last communication: 0.000s
I20260710 13:16:56.608392  7362 raft_consensus.cc:2955] T ec26b49107294503a34b5050206f4c3d P d4914cad1687460eb97bd86665806aa8 [term 1 LEADER]: Committing config change with OpId 1.2: config changed from index -1 to 2, NON_VOTER 3b04abeffed74848b3d73be1e7383dac (127.5.164.68) added. New config: { opid_index: 2 OBSOLETE_local: false peers { permanent_uuid: "8f10d8ceb3914bafa9af3dfe4adaec96" member_type: VOTER last_known_addr { host: "127.5.164.65" port: 38927 } } peers { permanent_uuid: "11a5985666ea4d8996e04165fff7b5c2" member_type: VOTER last_known_addr { host: "127.5.164.66" port: 37857 } attrs { replace: true } } peers { permanent_uuid: "d4914cad1687460eb97bd86665806aa8" member_type: VOTER last_known_addr { host: "127.5.164.67" port: 42245 } } peers { permanent_uuid: "3b04abeffed74848b3d73be1e7383dac" member_type: NON_VOTER last_known_addr { host: "127.5.164.68" port: 38821 } attrs { promote: true } } }
I20260710 13:16:56.611325  6865 raft_consensus.cc:2955] T ec26b49107294503a34b5050206f4c3d P 8f10d8ceb3914bafa9af3dfe4adaec96 [term 1 FOLLOWER]: Committing config change with OpId 1.2: config changed from index -1 to 2, NON_VOTER 3b04abeffed74848b3d73be1e7383dac (127.5.164.68) added. New config: { opid_index: 2 OBSOLETE_local: false peers { permanent_uuid: "8f10d8ceb3914bafa9af3dfe4adaec96" member_type: VOTER last_known_addr { host: "127.5.164.65" port: 38927 } } peers { permanent_uuid: "11a5985666ea4d8996e04165fff7b5c2" member_type: VOTER last_known_addr { host: "127.5.164.66" port: 37857 } attrs { replace: true } } peers { permanent_uuid: "d4914cad1687460eb97bd86665806aa8" member_type: VOTER last_known_addr { host: "127.5.164.67" port: 42245 } } peers { permanent_uuid: "3b04abeffed74848b3d73be1e7383dac" member_type: NON_VOTER last_known_addr { host: "127.5.164.68" port: 38821 } attrs { promote: true } } }
I20260710 13:16:56.612273  6938 raft_consensus.cc:2955] T ec26b49107294503a34b5050206f4c3d P 11a5985666ea4d8996e04165fff7b5c2 [term 1 FOLLOWER]: Committing config change with OpId 1.2: config changed from index -1 to 2, NON_VOTER 3b04abeffed74848b3d73be1e7383dac (127.5.164.68) added. New config: { opid_index: 2 OBSOLETE_local: false peers { permanent_uuid: "8f10d8ceb3914bafa9af3dfe4adaec96" member_type: VOTER last_known_addr { host: "127.5.164.65" port: 38927 } } peers { permanent_uuid: "11a5985666ea4d8996e04165fff7b5c2" member_type: VOTER last_known_addr { host: "127.5.164.66" port: 37857 } attrs { replace: true } } peers { permanent_uuid: "d4914cad1687460eb97bd86665806aa8" member_type: VOTER last_known_addr { host: "127.5.164.67" port: 42245 } } peers { permanent_uuid: "3b04abeffed74848b3d73be1e7383dac" member_type: NON_VOTER last_known_addr { host: "127.5.164.68" port: 38821 } attrs { promote: true } } }
I20260710 13:16:56.623399  6938 consensus_queue.cc:237] T 74b272c6473d4507abfb12edc97c4e01 P 11a5985666ea4d8996e04165fff7b5c2 [LEADER]: Queue going to LEADER mode. State: All replicated index: 0, Majority replicated index: 1, Committed index: 1, Last appended: 1.1, Last appended by leader: 0, Current term: 1, Majority size: 2, State: 0, Mode: LEADER, active raft config: opid_index: 2 OBSOLETE_local: false peers { permanent_uuid: "8f10d8ceb3914bafa9af3dfe4adaec96" member_type: VOTER last_known_addr { host: "127.5.164.65" port: 38927 } } peers { permanent_uuid: "11a5985666ea4d8996e04165fff7b5c2" member_type: VOTER last_known_addr { host: "127.5.164.66" port: 37857 } } peers { permanent_uuid: "d4914cad1687460eb97bd86665806aa8" member_type: VOTER last_known_addr { host: "127.5.164.67" port: 42245 } attrs { replace: true } } peers { permanent_uuid: "3b04abeffed74848b3d73be1e7383dac" member_type: NON_VOTER last_known_addr { host: "127.5.164.68" port: 38821 } attrs { promote: true } }
I20260710 13:16:56.625427  6759 catalog_manager.cc:5697] T ec26b49107294503a34b5050206f4c3d P 11a5985666ea4d8996e04165fff7b5c2 reported cstate change: config changed from index -1 to 2, NON_VOTER 3b04abeffed74848b3d73be1e7383dac (127.5.164.68) added. New cstate: current_term: 1 leader_uuid: "d4914cad1687460eb97bd86665806aa8" committed_config { opid_index: 2 OBSOLETE_local: false peers { permanent_uuid: "8f10d8ceb3914bafa9af3dfe4adaec96" member_type: VOTER last_known_addr { host: "127.5.164.65" port: 38927 } } peers { permanent_uuid: "11a5985666ea4d8996e04165fff7b5c2" member_type: VOTER last_known_addr { host: "127.5.164.66" port: 37857 } attrs { replace: true } } peers { permanent_uuid: "d4914cad1687460eb97bd86665806aa8" member_type: VOTER last_known_addr { host: "127.5.164.67" port: 42245 } } peers { permanent_uuid: "3b04abeffed74848b3d73be1e7383dac" member_type: NON_VOTER last_known_addr { host: "127.5.164.68" port: 38821 } attrs { promote: true } } }
W20260710 13:16:56.632645  6904 consensus_peers.cc:597] T 74b272c6473d4507abfb12edc97c4e01 P 11a5985666ea4d8996e04165fff7b5c2 -> Peer 3b04abeffed74848b3d73be1e7383dac (127.5.164.68:38821): Couldn't send request to peer 3b04abeffed74848b3d73be1e7383dac. Error code: TABLET_NOT_FOUND (6). Status: Not found: Tablet not found: 74b272c6473d4507abfb12edc97c4e01. This is attempt 1: this message will repeat every 5th retry.
I20260710 13:16:56.633476  7011 raft_consensus.cc:1275] T 74b272c6473d4507abfb12edc97c4e01 P d4914cad1687460eb97bd86665806aa8 [term 1 FOLLOWER]: Refusing update from remote peer 11a5985666ea4d8996e04165fff7b5c2: Log matching property violated. Preceding OpId in replica: term: 1 index: 1. Preceding OpId from leader: term: 1 index: 2. (index mismatch)
I20260710 13:16:56.634856  7366 consensus_queue.cc:1048] T 74b272c6473d4507abfb12edc97c4e01 P 11a5985666ea4d8996e04165fff7b5c2 [LEADER]: Connected to new peer: Peer: permanent_uuid: "d4914cad1687460eb97bd86665806aa8" member_type: VOTER last_known_addr { host: "127.5.164.67" port: 42245 } attrs { replace: true }, Status: LMP_MISMATCH, Last received: 0.0, Next index: 2, Last known committed idx: 1, Time since last communication: 0.001s
I20260710 13:16:56.642870  6865 raft_consensus.cc:1275] T 74b272c6473d4507abfb12edc97c4e01 P 8f10d8ceb3914bafa9af3dfe4adaec96 [term 1 FOLLOWER]: Refusing update from remote peer 11a5985666ea4d8996e04165fff7b5c2: Log matching property violated. Preceding OpId in replica: term: 1 index: 1. Preceding OpId from leader: term: 1 index: 2. (index mismatch)
I20260710 13:16:56.644722  7415 consensus_queue.cc:1048] T 74b272c6473d4507abfb12edc97c4e01 P 11a5985666ea4d8996e04165fff7b5c2 [LEADER]: Connected to new peer: Peer: permanent_uuid: "8f10d8ceb3914bafa9af3dfe4adaec96" member_type: VOTER last_known_addr { host: "127.5.164.65" port: 38927 }, Status: LMP_MISMATCH, Last received: 0.0, Next index: 2, Last known committed idx: 1, Time since last communication: 0.001s
I20260710 13:16:56.646656  7415 raft_consensus.cc:2955] T 74b272c6473d4507abfb12edc97c4e01 P 11a5985666ea4d8996e04165fff7b5c2 [term 1 LEADER]: Committing config change with OpId 1.2: config changed from index -1 to 2, NON_VOTER 3b04abeffed74848b3d73be1e7383dac (127.5.164.68) added. New config: { opid_index: 2 OBSOLETE_local: false peers { permanent_uuid: "8f10d8ceb3914bafa9af3dfe4adaec96" member_type: VOTER last_known_addr { host: "127.5.164.65" port: 38927 } } peers { permanent_uuid: "11a5985666ea4d8996e04165fff7b5c2" member_type: VOTER last_known_addr { host: "127.5.164.66" port: 37857 } } peers { permanent_uuid: "d4914cad1687460eb97bd86665806aa8" member_type: VOTER last_known_addr { host: "127.5.164.67" port: 42245 } attrs { replace: true } } peers { permanent_uuid: "3b04abeffed74848b3d73be1e7383dac" member_type: NON_VOTER last_known_addr { host: "127.5.164.68" port: 38821 } attrs { promote: true } } }
I20260710 13:16:56.648922  7011 raft_consensus.cc:2955] T 74b272c6473d4507abfb12edc97c4e01 P d4914cad1687460eb97bd86665806aa8 [term 1 FOLLOWER]: Committing config change with OpId 1.2: config changed from index -1 to 2, NON_VOTER 3b04abeffed74848b3d73be1e7383dac (127.5.164.68) added. New config: { opid_index: 2 OBSOLETE_local: false peers { permanent_uuid: "8f10d8ceb3914bafa9af3dfe4adaec96" member_type: VOTER last_known_addr { host: "127.5.164.65" port: 38927 } } peers { permanent_uuid: "11a5985666ea4d8996e04165fff7b5c2" member_type: VOTER last_known_addr { host: "127.5.164.66" port: 37857 } } peers { permanent_uuid: "d4914cad1687460eb97bd86665806aa8" member_type: VOTER last_known_addr { host: "127.5.164.67" port: 42245 } attrs { replace: true } } peers { permanent_uuid: "3b04abeffed74848b3d73be1e7383dac" member_type: NON_VOTER last_known_addr { host: "127.5.164.68" port: 38821 } attrs { promote: true } } }
I20260710 13:16:56.654430  6865 raft_consensus.cc:2955] T 74b272c6473d4507abfb12edc97c4e01 P 8f10d8ceb3914bafa9af3dfe4adaec96 [term 1 FOLLOWER]: Committing config change with OpId 1.2: config changed from index -1 to 2, NON_VOTER 3b04abeffed74848b3d73be1e7383dac (127.5.164.68) added. New config: { opid_index: 2 OBSOLETE_local: false peers { permanent_uuid: "8f10d8ceb3914bafa9af3dfe4adaec96" member_type: VOTER last_known_addr { host: "127.5.164.65" port: 38927 } } peers { permanent_uuid: "11a5985666ea4d8996e04165fff7b5c2" member_type: VOTER last_known_addr { host: "127.5.164.66" port: 37857 } } peers { permanent_uuid: "d4914cad1687460eb97bd86665806aa8" member_type: VOTER last_known_addr { host: "127.5.164.67" port: 42245 } attrs { replace: true } } peers { permanent_uuid: "3b04abeffed74848b3d73be1e7383dac" member_type: NON_VOTER last_known_addr { host: "127.5.164.68" port: 38821 } attrs { promote: true } } }
I20260710 13:16:56.661389  6762 catalog_manager.cc:5697] T 74b272c6473d4507abfb12edc97c4e01 P d4914cad1687460eb97bd86665806aa8 reported cstate change: config changed from index -1 to 2, NON_VOTER 3b04abeffed74848b3d73be1e7383dac (127.5.164.68) added. New cstate: current_term: 1 leader_uuid: "11a5985666ea4d8996e04165fff7b5c2" committed_config { opid_index: 2 OBSOLETE_local: false peers { permanent_uuid: "8f10d8ceb3914bafa9af3dfe4adaec96" member_type: VOTER last_known_addr { host: "127.5.164.65" port: 38927 } } peers { permanent_uuid: "11a5985666ea4d8996e04165fff7b5c2" member_type: VOTER last_known_addr { host: "127.5.164.66" port: 37857 } } peers { permanent_uuid: "d4914cad1687460eb97bd86665806aa8" member_type: VOTER last_known_addr { host: "127.5.164.67" port: 42245 } attrs { replace: true } } peers { permanent_uuid: "3b04abeffed74848b3d73be1e7383dac" member_type: NON_VOTER last_known_addr { host: "127.5.164.68" port: 38821 } attrs { promote: true } } }
I20260710 13:16:56.975840  7419 ts_tablet_manager.cc:933] T bd9de27077f2437da427472112574ce1 P 3b04abeffed74848b3d73be1e7383dac: Initiating tablet copy from peer 8f10d8ceb3914bafa9af3dfe4adaec96 (127.5.164.65:38927)
I20260710 13:16:56.978278  7419 tablet_copy_client.cc:323] T bd9de27077f2437da427472112574ce1 P 3b04abeffed74848b3d73be1e7383dac: tablet copy: Beginning tablet copy session from remote peer at address 127.5.164.65:38927
I20260710 13:16:56.990279  6875 tablet_copy_service.cc:140] P 8f10d8ceb3914bafa9af3dfe4adaec96: Received BeginTabletCopySession request for tablet bd9de27077f2437da427472112574ce1 from peer 3b04abeffed74848b3d73be1e7383dac ({username='slave'} at 127.0.0.1:56510)
I20260710 13:16:56.990921  6875 tablet_copy_service.cc:161] P 8f10d8ceb3914bafa9af3dfe4adaec96: Beginning new tablet copy session on tablet bd9de27077f2437da427472112574ce1 from peer 3b04abeffed74848b3d73be1e7383dac at {username='slave'} at 127.0.0.1:56510: session id = 3b04abeffed74848b3d73be1e7383dac-bd9de27077f2437da427472112574ce1
I20260710 13:16:56.999354  6875 tablet_copy_source_session.cc:215] T bd9de27077f2437da427472112574ce1 P 8f10d8ceb3914bafa9af3dfe4adaec96: Tablet Copy: opened 0 blocks and 1 log segments
I20260710 13:16:57.003005  7419 data_dirs.cc:400] Could only allocate 1 dirs of requested 3 for tablet bd9de27077f2437da427472112574ce1. 1 dirs total, 0 dirs full, 0 dirs failed
I20260710 13:16:57.016662  7419 tablet_copy_client.cc:806] T bd9de27077f2437da427472112574ce1 P 3b04abeffed74848b3d73be1e7383dac: tablet copy: Starting download of 0 data blocks...
I20260710 13:16:57.017355  7419 tablet_copy_client.cc:670] T bd9de27077f2437da427472112574ce1 P 3b04abeffed74848b3d73be1e7383dac: tablet copy: Starting download of 1 WAL segments...
I20260710 13:16:57.021833  7419 tablet_copy_client.cc:538] T bd9de27077f2437da427472112574ce1 P 3b04abeffed74848b3d73be1e7383dac: tablet copy: Tablet Copy complete. Replacing tablet superblock.
I20260710 13:16:57.029083  7419 tablet_bootstrap.cc:492] T bd9de27077f2437da427472112574ce1 P 3b04abeffed74848b3d73be1e7383dac: Bootstrap starting.
I20260710 13:16:57.045292  7423 ts_tablet_manager.cc:933] T 74b272c6473d4507abfb12edc97c4e01 P 3b04abeffed74848b3d73be1e7383dac: Initiating tablet copy from peer 11a5985666ea4d8996e04165fff7b5c2 (127.5.164.66:37857)
I20260710 13:16:57.049540  7423 tablet_copy_client.cc:323] T 74b272c6473d4507abfb12edc97c4e01 P 3b04abeffed74848b3d73be1e7383dac: tablet copy: Beginning tablet copy session from remote peer at address 127.5.164.66:37857
I20260710 13:16:57.050320  7419 tablet_bootstrap.cc:492] T bd9de27077f2437da427472112574ce1 P 3b04abeffed74848b3d73be1e7383dac: Bootstrap replayed 1/1 log segments. Stats: ops{read=2 overwritten=0 applied=2 ignored=0} inserts{seen=0 ignored=0} mutations{seen=0 ignored=0} orphaned_commits=0. Pending: 0 replicates
I20260710 13:16:57.051254  7419 tablet_bootstrap.cc:492] T bd9de27077f2437da427472112574ce1 P 3b04abeffed74848b3d73be1e7383dac: Bootstrap complete.
I20260710 13:16:57.051564  6950 tablet_copy_service.cc:140] P 11a5985666ea4d8996e04165fff7b5c2: Received BeginTabletCopySession request for tablet 74b272c6473d4507abfb12edc97c4e01 from peer 3b04abeffed74848b3d73be1e7383dac ({username='slave'} at 127.0.0.1:56288)
I20260710 13:16:57.051975  7419 ts_tablet_manager.cc:1403] T bd9de27077f2437da427472112574ce1 P 3b04abeffed74848b3d73be1e7383dac: Time spent bootstrapping tablet: real 0.023s	user 0.016s	sys 0.004s
I20260710 13:16:57.052167  6950 tablet_copy_service.cc:161] P 11a5985666ea4d8996e04165fff7b5c2: Beginning new tablet copy session on tablet 74b272c6473d4507abfb12edc97c4e01 from peer 3b04abeffed74848b3d73be1e7383dac at {username='slave'} at 127.0.0.1:56288: session id = 3b04abeffed74848b3d73be1e7383dac-74b272c6473d4507abfb12edc97c4e01
I20260710 13:16:57.055095  7419 raft_consensus.cc:359] T bd9de27077f2437da427472112574ce1 P 3b04abeffed74848b3d73be1e7383dac [term 1 LEARNER]: Replica starting. Triggering 0 pending ops. Active config: opid_index: 2 OBSOLETE_local: false peers { permanent_uuid: "8f10d8ceb3914bafa9af3dfe4adaec96" member_type: VOTER last_known_addr { host: "127.5.164.65" port: 38927 } } peers { permanent_uuid: "11a5985666ea4d8996e04165fff7b5c2" member_type: VOTER last_known_addr { host: "127.5.164.66" port: 37857 } } peers { permanent_uuid: "d4914cad1687460eb97bd86665806aa8" member_type: VOTER last_known_addr { host: "127.5.164.67" port: 42245 } attrs { replace: true } } peers { permanent_uuid: "3b04abeffed74848b3d73be1e7383dac" member_type: NON_VOTER last_known_addr { host: "127.5.164.68" port: 38821 } attrs { promote: true } }
I20260710 13:16:57.055960  7419 raft_consensus.cc:740] T bd9de27077f2437da427472112574ce1 P 3b04abeffed74848b3d73be1e7383dac [term 1 LEARNER]: Becoming Follower/Learner. State: Replica: 3b04abeffed74848b3d73be1e7383dac, State: Initialized, Role: LEARNER
I20260710 13:16:57.056689  7419 consensus_queue.cc:260] T bd9de27077f2437da427472112574ce1 P 3b04abeffed74848b3d73be1e7383dac [NON_LEADER]: Queue going to NON_LEADER mode. State: All replicated index: 0, Majority replicated index: 0, Committed index: 2, Last appended: 1.2, Last appended by leader: 2, Current term: 0, Majority size: -1, State: 0, Mode: NON_LEADER, active raft config: opid_index: 2 OBSOLETE_local: false peers { permanent_uuid: "8f10d8ceb3914bafa9af3dfe4adaec96" member_type: VOTER last_known_addr { host: "127.5.164.65" port: 38927 } } peers { permanent_uuid: "11a5985666ea4d8996e04165fff7b5c2" member_type: VOTER last_known_addr { host: "127.5.164.66" port: 37857 } } peers { permanent_uuid: "d4914cad1687460eb97bd86665806aa8" member_type: VOTER last_known_addr { host: "127.5.164.67" port: 42245 } attrs { replace: true } } peers { permanent_uuid: "3b04abeffed74848b3d73be1e7383dac" member_type: NON_VOTER last_known_addr { host: "127.5.164.68" port: 38821 } attrs { promote: true } }
I20260710 13:16:57.060285  6950 tablet_copy_source_session.cc:215] T 74b272c6473d4507abfb12edc97c4e01 P 11a5985666ea4d8996e04165fff7b5c2: Tablet Copy: opened 0 blocks and 1 log segments
I20260710 13:16:57.061474  7419 ts_tablet_manager.cc:1434] T bd9de27077f2437da427472112574ce1 P 3b04abeffed74848b3d73be1e7383dac: Time spent starting tablet: real 0.009s	user 0.007s	sys 0.000s
I20260710 13:16:57.063192  6875 tablet_copy_service.cc:342] P 8f10d8ceb3914bafa9af3dfe4adaec96: Request end of tablet copy session 3b04abeffed74848b3d73be1e7383dac-bd9de27077f2437da427472112574ce1 received from {username='slave'} at 127.0.0.1:56510
I20260710 13:16:57.063686  6875 tablet_copy_service.cc:434] P 8f10d8ceb3914bafa9af3dfe4adaec96: ending tablet copy session 3b04abeffed74848b3d73be1e7383dac-bd9de27077f2437da427472112574ce1 on tablet bd9de27077f2437da427472112574ce1 with peer 3b04abeffed74848b3d73be1e7383dac
I20260710 13:16:57.065325  7423 data_dirs.cc:400] Could only allocate 1 dirs of requested 3 for tablet 74b272c6473d4507abfb12edc97c4e01. 1 dirs total, 0 dirs full, 0 dirs failed
I20260710 13:16:57.080183  7423 tablet_copy_client.cc:806] T 74b272c6473d4507abfb12edc97c4e01 P 3b04abeffed74848b3d73be1e7383dac: tablet copy: Starting download of 0 data blocks...
I20260710 13:16:57.080710  7423 tablet_copy_client.cc:670] T 74b272c6473d4507abfb12edc97c4e01 P 3b04abeffed74848b3d73be1e7383dac: tablet copy: Starting download of 1 WAL segments...
I20260710 13:16:57.084239  7423 tablet_copy_client.cc:538] T 74b272c6473d4507abfb12edc97c4e01 P 3b04abeffed74848b3d73be1e7383dac: tablet copy: Tablet Copy complete. Replacing tablet superblock.
I20260710 13:16:57.090323  7423 tablet_bootstrap.cc:492] T 74b272c6473d4507abfb12edc97c4e01 P 3b04abeffed74848b3d73be1e7383dac: Bootstrap starting.
I20260710 13:16:57.105973  7423 tablet_bootstrap.cc:492] T 74b272c6473d4507abfb12edc97c4e01 P 3b04abeffed74848b3d73be1e7383dac: Bootstrap replayed 1/1 log segments. Stats: ops{read=2 overwritten=0 applied=2 ignored=0} inserts{seen=0 ignored=0} mutations{seen=0 ignored=0} orphaned_commits=0. Pending: 0 replicates
I20260710 13:16:57.106894  7423 tablet_bootstrap.cc:492] T 74b272c6473d4507abfb12edc97c4e01 P 3b04abeffed74848b3d73be1e7383dac: Bootstrap complete.
I20260710 13:16:57.107864  7423 ts_tablet_manager.cc:1403] T 74b272c6473d4507abfb12edc97c4e01 P 3b04abeffed74848b3d73be1e7383dac: Time spent bootstrapping tablet: real 0.018s	user 0.014s	sys 0.005s
I20260710 13:16:57.108202  7419 ts_tablet_manager.cc:933] T be4ad55e42b440c6a8a49dcf21189d9c P 3b04abeffed74848b3d73be1e7383dac: Initiating tablet copy from peer d4914cad1687460eb97bd86665806aa8 (127.5.164.67:42245)
I20260710 13:16:57.109890  7419 tablet_copy_client.cc:323] T be4ad55e42b440c6a8a49dcf21189d9c P 3b04abeffed74848b3d73be1e7383dac: tablet copy: Beginning tablet copy session from remote peer at address 127.5.164.67:42245
I20260710 13:16:57.111008  7423 raft_consensus.cc:359] T 74b272c6473d4507abfb12edc97c4e01 P 3b04abeffed74848b3d73be1e7383dac [term 1 LEARNER]: Replica starting. Triggering 0 pending ops. Active config: opid_index: 2 OBSOLETE_local: false peers { permanent_uuid: "8f10d8ceb3914bafa9af3dfe4adaec96" member_type: VOTER last_known_addr { host: "127.5.164.65" port: 38927 } } peers { permanent_uuid: "11a5985666ea4d8996e04165fff7b5c2" member_type: VOTER last_known_addr { host: "127.5.164.66" port: 37857 } } peers { permanent_uuid: "d4914cad1687460eb97bd86665806aa8" member_type: VOTER last_known_addr { host: "127.5.164.67" port: 42245 } attrs { replace: true } } peers { permanent_uuid: "3b04abeffed74848b3d73be1e7383dac" member_type: NON_VOTER last_known_addr { host: "127.5.164.68" port: 38821 } attrs { promote: true } }
I20260710 13:16:57.111901  7423 raft_consensus.cc:740] T 74b272c6473d4507abfb12edc97c4e01 P 3b04abeffed74848b3d73be1e7383dac [term 1 LEARNER]: Becoming Follower/Learner. State: Replica: 3b04abeffed74848b3d73be1e7383dac, State: Initialized, Role: LEARNER
I20260710 13:16:57.111938  7024 tablet_copy_service.cc:140] P d4914cad1687460eb97bd86665806aa8: Received BeginTabletCopySession request for tablet be4ad55e42b440c6a8a49dcf21189d9c from peer 3b04abeffed74848b3d73be1e7383dac ({username='slave'} at 127.0.0.1:40982)
I20260710 13:16:57.112543  7024 tablet_copy_service.cc:161] P d4914cad1687460eb97bd86665806aa8: Beginning new tablet copy session on tablet be4ad55e42b440c6a8a49dcf21189d9c from peer 3b04abeffed74848b3d73be1e7383dac at {username='slave'} at 127.0.0.1:40982: session id = 3b04abeffed74848b3d73be1e7383dac-be4ad55e42b440c6a8a49dcf21189d9c
I20260710 13:16:57.112596  7423 consensus_queue.cc:260] T 74b272c6473d4507abfb12edc97c4e01 P 3b04abeffed74848b3d73be1e7383dac [NON_LEADER]: Queue going to NON_LEADER mode. State: All replicated index: 0, Majority replicated index: 0, Committed index: 2, Last appended: 1.2, Last appended by leader: 2, Current term: 0, Majority size: -1, State: 0, Mode: NON_LEADER, active raft config: opid_index: 2 OBSOLETE_local: false peers { permanent_uuid: "8f10d8ceb3914bafa9af3dfe4adaec96" member_type: VOTER last_known_addr { host: "127.5.164.65" port: 38927 } } peers { permanent_uuid: "11a5985666ea4d8996e04165fff7b5c2" member_type: VOTER last_known_addr { host: "127.5.164.66" port: 37857 } } peers { permanent_uuid: "d4914cad1687460eb97bd86665806aa8" member_type: VOTER last_known_addr { host: "127.5.164.67" port: 42245 } attrs { replace: true } } peers { permanent_uuid: "3b04abeffed74848b3d73be1e7383dac" member_type: NON_VOTER last_known_addr { host: "127.5.164.68" port: 38821 } attrs { promote: true } }
I20260710 13:16:57.122485  7423 ts_tablet_manager.cc:1434] T 74b272c6473d4507abfb12edc97c4e01 P 3b04abeffed74848b3d73be1e7383dac: Time spent starting tablet: real 0.014s	user 0.010s	sys 0.003s
I20260710 13:16:57.124712  6950 tablet_copy_service.cc:342] P 11a5985666ea4d8996e04165fff7b5c2: Request end of tablet copy session 3b04abeffed74848b3d73be1e7383dac-74b272c6473d4507abfb12edc97c4e01 received from {username='slave'} at 127.0.0.1:56288
I20260710 13:16:57.125159  6950 tablet_copy_service.cc:434] P 11a5985666ea4d8996e04165fff7b5c2: ending tablet copy session 3b04abeffed74848b3d73be1e7383dac-74b272c6473d4507abfb12edc97c4e01 on tablet 74b272c6473d4507abfb12edc97c4e01 with peer 3b04abeffed74848b3d73be1e7383dac
I20260710 13:16:57.129563  7024 tablet_copy_source_session.cc:215] T be4ad55e42b440c6a8a49dcf21189d9c P d4914cad1687460eb97bd86665806aa8: Tablet Copy: opened 0 blocks and 1 log segments
I20260710 13:16:57.132763  7419 data_dirs.cc:400] Could only allocate 1 dirs of requested 3 for tablet be4ad55e42b440c6a8a49dcf21189d9c. 1 dirs total, 0 dirs full, 0 dirs failed
I20260710 13:16:57.138146  7423 ts_tablet_manager.cc:933] T ec26b49107294503a34b5050206f4c3d P 3b04abeffed74848b3d73be1e7383dac: Initiating tablet copy from peer d4914cad1687460eb97bd86665806aa8 (127.5.164.67:42245)
I20260710 13:16:57.139761  7423 tablet_copy_client.cc:323] T ec26b49107294503a34b5050206f4c3d P 3b04abeffed74848b3d73be1e7383dac: tablet copy: Beginning tablet copy session from remote peer at address 127.5.164.67:42245
I20260710 13:16:57.141168  7024 tablet_copy_service.cc:140] P d4914cad1687460eb97bd86665806aa8: Received BeginTabletCopySession request for tablet ec26b49107294503a34b5050206f4c3d from peer 3b04abeffed74848b3d73be1e7383dac ({username='slave'} at 127.0.0.1:40982)
I20260710 13:16:57.141652  7024 tablet_copy_service.cc:161] P d4914cad1687460eb97bd86665806aa8: Beginning new tablet copy session on tablet ec26b49107294503a34b5050206f4c3d from peer 3b04abeffed74848b3d73be1e7383dac at {username='slave'} at 127.0.0.1:40982: session id = 3b04abeffed74848b3d73be1e7383dac-ec26b49107294503a34b5050206f4c3d
I20260710 13:16:57.148176  7419 tablet_copy_client.cc:806] T be4ad55e42b440c6a8a49dcf21189d9c P 3b04abeffed74848b3d73be1e7383dac: tablet copy: Starting download of 0 data blocks...
I20260710 13:16:57.148785  7419 tablet_copy_client.cc:670] T be4ad55e42b440c6a8a49dcf21189d9c P 3b04abeffed74848b3d73be1e7383dac: tablet copy: Starting download of 1 WAL segments...
I20260710 13:16:57.152678  7024 tablet_copy_source_session.cc:215] T ec26b49107294503a34b5050206f4c3d P d4914cad1687460eb97bd86665806aa8: Tablet Copy: opened 0 blocks and 1 log segments
I20260710 13:16:57.152949  7419 tablet_copy_client.cc:538] T be4ad55e42b440c6a8a49dcf21189d9c P 3b04abeffed74848b3d73be1e7383dac: tablet copy: Tablet Copy complete. Replacing tablet superblock.
I20260710 13:16:57.155215  7423 data_dirs.cc:400] Could only allocate 1 dirs of requested 3 for tablet ec26b49107294503a34b5050206f4c3d. 1 dirs total, 0 dirs full, 0 dirs failed
I20260710 13:16:57.161671  7419 tablet_bootstrap.cc:492] T be4ad55e42b440c6a8a49dcf21189d9c P 3b04abeffed74848b3d73be1e7383dac: Bootstrap starting.
I20260710 13:16:57.168610  7423 tablet_copy_client.cc:806] T ec26b49107294503a34b5050206f4c3d P 3b04abeffed74848b3d73be1e7383dac: tablet copy: Starting download of 0 data blocks...
I20260710 13:16:57.169210  7423 tablet_copy_client.cc:670] T ec26b49107294503a34b5050206f4c3d P 3b04abeffed74848b3d73be1e7383dac: tablet copy: Starting download of 1 WAL segments...
I20260710 13:16:57.173941  7423 tablet_copy_client.cc:538] T ec26b49107294503a34b5050206f4c3d P 3b04abeffed74848b3d73be1e7383dac: tablet copy: Tablet Copy complete. Replacing tablet superblock.
I20260710 13:16:57.186769  7423 tablet_bootstrap.cc:492] T ec26b49107294503a34b5050206f4c3d P 3b04abeffed74848b3d73be1e7383dac: Bootstrap starting.
I20260710 13:16:57.189476  7419 tablet_bootstrap.cc:492] T be4ad55e42b440c6a8a49dcf21189d9c P 3b04abeffed74848b3d73be1e7383dac: Bootstrap replayed 1/1 log segments. Stats: ops{read=2 overwritten=0 applied=2 ignored=0} inserts{seen=0 ignored=0} mutations{seen=0 ignored=0} orphaned_commits=0. Pending: 0 replicates
I20260710 13:16:57.190465  7419 tablet_bootstrap.cc:492] T be4ad55e42b440c6a8a49dcf21189d9c P 3b04abeffed74848b3d73be1e7383dac: Bootstrap complete.
I20260710 13:16:57.191129  7419 ts_tablet_manager.cc:1403] T be4ad55e42b440c6a8a49dcf21189d9c P 3b04abeffed74848b3d73be1e7383dac: Time spent bootstrapping tablet: real 0.030s	user 0.013s	sys 0.012s
I20260710 13:16:57.194247  7419 raft_consensus.cc:359] T be4ad55e42b440c6a8a49dcf21189d9c P 3b04abeffed74848b3d73be1e7383dac [term 1 LEARNER]: Replica starting. Triggering 0 pending ops. Active config: opid_index: 2 OBSOLETE_local: false peers { permanent_uuid: "8f10d8ceb3914bafa9af3dfe4adaec96" member_type: VOTER last_known_addr { host: "127.5.164.65" port: 38927 } } peers { permanent_uuid: "11a5985666ea4d8996e04165fff7b5c2" member_type: VOTER last_known_addr { host: "127.5.164.66" port: 37857 } attrs { replace: true } } peers { permanent_uuid: "d4914cad1687460eb97bd86665806aa8" member_type: VOTER last_known_addr { host: "127.5.164.67" port: 42245 } } peers { permanent_uuid: "3b04abeffed74848b3d73be1e7383dac" member_type: NON_VOTER last_known_addr { host: "127.5.164.68" port: 38821 } attrs { promote: true } }
I20260710 13:16:57.195053  7419 raft_consensus.cc:740] T be4ad55e42b440c6a8a49dcf21189d9c P 3b04abeffed74848b3d73be1e7383dac [term 1 LEARNER]: Becoming Follower/Learner. State: Replica: 3b04abeffed74848b3d73be1e7383dac, State: Initialized, Role: LEARNER
I20260710 13:16:57.195696  7419 consensus_queue.cc:260] T be4ad55e42b440c6a8a49dcf21189d9c P 3b04abeffed74848b3d73be1e7383dac [NON_LEADER]: Queue going to NON_LEADER mode. State: All replicated index: 0, Majority replicated index: 0, Committed index: 2, Last appended: 1.2, Last appended by leader: 2, Current term: 0, Majority size: -1, State: 0, Mode: NON_LEADER, active raft config: opid_index: 2 OBSOLETE_local: false peers { permanent_uuid: "8f10d8ceb3914bafa9af3dfe4adaec96" member_type: VOTER last_known_addr { host: "127.5.164.65" port: 38927 } } peers { permanent_uuid: "11a5985666ea4d8996e04165fff7b5c2" member_type: VOTER last_known_addr { host: "127.5.164.66" port: 37857 } attrs { replace: true } } peers { permanent_uuid: "d4914cad1687460eb97bd86665806aa8" member_type: VOTER last_known_addr { host: "127.5.164.67" port: 42245 } } peers { permanent_uuid: "3b04abeffed74848b3d73be1e7383dac" member_type: NON_VOTER last_known_addr { host: "127.5.164.68" port: 38821 } attrs { promote: true } }
I20260710 13:16:57.198046  7419 ts_tablet_manager.cc:1434] T be4ad55e42b440c6a8a49dcf21189d9c P 3b04abeffed74848b3d73be1e7383dac: Time spent starting tablet: real 0.007s	user 0.005s	sys 0.003s
I20260710 13:16:57.199927  7024 tablet_copy_service.cc:342] P d4914cad1687460eb97bd86665806aa8: Request end of tablet copy session 3b04abeffed74848b3d73be1e7383dac-be4ad55e42b440c6a8a49dcf21189d9c received from {username='slave'} at 127.0.0.1:40982
I20260710 13:16:57.200531  7024 tablet_copy_service.cc:434] P d4914cad1687460eb97bd86665806aa8: ending tablet copy session 3b04abeffed74848b3d73be1e7383dac-be4ad55e42b440c6a8a49dcf21189d9c on tablet be4ad55e42b440c6a8a49dcf21189d9c with peer 3b04abeffed74848b3d73be1e7383dac
