W20260710 13:16:51.249698  6873 leader_election.cc:343] T f24cb8fe118849a7a817536d7579a025 P aece353ef072421c903e4c8c51144cf9 [CANDIDATE]: Term 1 election: Tablet error from VoteRequest() call to peer f6845035af1847e39c4c603e808c36c2 (127.5.143.1:42251): Illegal state: must be running to vote when last-logged opid is not known
I20260710 13:16:51.251080  7021 tablet_bootstrap.cc:492] T f24cb8fe118849a7a817536d7579a025 P f6845035af1847e39c4c603e808c36c2: No bootstrap required, opened a new log
I20260710 13:16:51.251566  7021 ts_tablet_manager.cc:1403] T f24cb8fe118849a7a817536d7579a025 P f6845035af1847e39c4c603e808c36c2: Time spent bootstrapping tablet: real 0.073s	user 0.009s	sys 0.004s
I20260710 13:16:51.251899  6981 tablet_service.cc:1917] Received RequestConsensusVote() RPC: tablet_id: "f24cb8fe118849a7a817536d7579a025" candidate_uuid: "aece353ef072421c903e4c8c51144cf9" candidate_term: 1 candidate_status { last_received { term: 0 index: 0 } } ignore_live_leader: false dest_uuid: "7cfba0f196b84249971056b6f81478dc"
I20260710 13:16:51.252357  6981 raft_consensus.cc:3060] T f24cb8fe118849a7a817536d7579a025 P 7cfba0f196b84249971056b6f81478dc [term 0 FOLLOWER]: Advancing to term 1
I20260710 13:16:51.253707  7020 tablet_bootstrap.cc:654] T 11fd5ee7038e49459d29e8a3d2ab2a3d P aece353ef072421c903e4c8c51144cf9: Neither blocks nor log segments found. Creating new log.
I20260710 13:16:51.254017  7021 raft_consensus.cc:359] T f24cb8fe118849a7a817536d7579a025 P f6845035af1847e39c4c603e808c36c2 [term 0 FOLLOWER]: Replica starting. Triggering 0 pending ops. Active config: opid_index: -1 OBSOLETE_local: false peers { permanent_uuid: "f6845035af1847e39c4c603e808c36c2" member_type: VOTER last_known_addr { host: "127.5.143.1" port: 42251 } } peers { permanent_uuid: "aece353ef072421c903e4c8c51144cf9" member_type: VOTER last_known_addr { host: "127.5.143.2" port: 46095 } } peers { permanent_uuid: "7cfba0f196b84249971056b6f81478dc" member_type: VOTER last_known_addr { host: "127.5.143.3" port: 39273 } }
I20260710 13:16:51.254629  7021 raft_consensus.cc:385] T f24cb8fe118849a7a817536d7579a025 P f6845035af1847e39c4c603e808c36c2 [term 0 FOLLOWER]: Consensus starting up: Expiring failure detector timer to make a prompt election more likely
I20260710 13:16:51.254875  7021 raft_consensus.cc:740] T f24cb8fe118849a7a817536d7579a025 P f6845035af1847e39c4c603e808c36c2 [term 0 FOLLOWER]: Becoming Follower/Learner. State: Replica: f6845035af1847e39c4c603e808c36c2, State: Initialized, Role: FOLLOWER
I20260710 13:16:51.255563  7021 consensus_queue.cc:260] T f24cb8fe118849a7a817536d7579a025 P f6845035af1847e39c4c603e808c36c2 [NON_LEADER]: Queue going to NON_LEADER mode. State: All replicated index: 0, Majority replicated index: 0, Committed index: 0, Last appended: 0.0, Last appended by leader: 0, Current term: 0, Majority size: -1, State: 0, Mode: NON_LEADER, active raft config: opid_index: -1 OBSOLETE_local: false peers { permanent_uuid: "f6845035af1847e39c4c603e808c36c2" member_type: VOTER last_known_addr { host: "127.5.143.1" port: 42251 } } peers { permanent_uuid: "aece353ef072421c903e4c8c51144cf9" member_type: VOTER last_known_addr { host: "127.5.143.2" port: 46095 } } peers { permanent_uuid: "7cfba0f196b84249971056b6f81478dc" member_type: VOTER last_known_addr { host: "127.5.143.3" port: 39273 } }
I20260710 13:16:51.257753  7021 ts_tablet_manager.cc:1434] T f24cb8fe118849a7a817536d7579a025 P f6845035af1847e39c4c603e808c36c2: Time spent starting tablet: real 0.006s	user 0.005s	sys 0.000s
I20260710 13:16:51.258621  7021 tablet_bootstrap.cc:492] T 11fd5ee7038e49459d29e8a3d2ab2a3d P f6845035af1847e39c4c603e808c36c2: Bootstrap starting.
I20260710 13:16:51.263458  6981 raft_consensus.cc:2468] T f24cb8fe118849a7a817536d7579a025 P 7cfba0f196b84249971056b6f81478dc [term 1 FOLLOWER]: Leader election vote request: Granting yes vote for candidate aece353ef072421c903e4c8c51144cf9 in term 1.
I20260710 13:16:51.263824  7021 tablet_bootstrap.cc:654] T 11fd5ee7038e49459d29e8a3d2ab2a3d P f6845035af1847e39c4c603e808c36c2: Neither blocks nor log segments found. Creating new log.
I20260710 13:16:51.264536  6873 leader_election.cc:304] T f24cb8fe118849a7a817536d7579a025 P aece353ef072421c903e4c8c51144cf9 [CANDIDATE]: Term 1 election: Election decided. Result: candidate won. Election summary: received 3 responses out of 3 voters: 2 yes votes; 1 no votes. yes voters: 7cfba0f196b84249971056b6f81478dc, aece353ef072421c903e4c8c51144cf9; no voters: f6845035af1847e39c4c603e808c36c2
I20260710 13:16:51.267611  7067 raft_consensus.cc:2804] T f24cb8fe118849a7a817536d7579a025 P aece353ef072421c903e4c8c51144cf9 [term 1 FOLLOWER]: Leader election won for term 1
I20260710 13:16:51.267835  7020 tablet_bootstrap.cc:492] T 11fd5ee7038e49459d29e8a3d2ab2a3d P aece353ef072421c903e4c8c51144cf9: No bootstrap required, opened a new log
I20260710 13:16:51.267997  7067 raft_consensus.cc:697] T f24cb8fe118849a7a817536d7579a025 P aece353ef072421c903e4c8c51144cf9 [term 1 LEADER]: Becoming Leader. State: Replica: aece353ef072421c903e4c8c51144cf9, State: Running, Role: LEADER
I20260710 13:16:51.268744  7020 ts_tablet_manager.cc:1403] T 11fd5ee7038e49459d29e8a3d2ab2a3d P aece353ef072421c903e4c8c51144cf9: Time spent bootstrapping tablet: real 0.021s	user 0.008s	sys 0.007s
I20260710 13:16:51.268689  7067 consensus_queue.cc:237] T f24cb8fe118849a7a817536d7579a025 P aece353ef072421c903e4c8c51144cf9 [LEADER]: Queue going to LEADER mode. State: All replicated index: 0, Majority replicated index: 0, Committed index: 0, Last appended: 0.0, Last appended by leader: 0, Current term: 1, Majority size: 2, State: 0, Mode: LEADER, active raft config: opid_index: -1 OBSOLETE_local: false peers { permanent_uuid: "f6845035af1847e39c4c603e808c36c2" member_type: VOTER last_known_addr { host: "127.5.143.1" port: 42251 } } peers { permanent_uuid: "aece353ef072421c903e4c8c51144cf9" member_type: VOTER last_known_addr { host: "127.5.143.2" port: 46095 } } peers { permanent_uuid: "7cfba0f196b84249971056b6f81478dc" member_type: VOTER last_known_addr { host: "127.5.143.3" port: 39273 } }
I20260710 13:16:51.271517  7020 raft_consensus.cc:359] T 11fd5ee7038e49459d29e8a3d2ab2a3d P aece353ef072421c903e4c8c51144cf9 [term 0 FOLLOWER]: Replica starting. Triggering 0 pending ops. Active config: opid_index: -1 OBSOLETE_local: false peers { permanent_uuid: "f6845035af1847e39c4c603e808c36c2" member_type: VOTER last_known_addr { host: "127.5.143.1" port: 42251 } } peers { permanent_uuid: "aece353ef072421c903e4c8c51144cf9" member_type: VOTER last_known_addr { host: "127.5.143.2" port: 46095 } } peers { permanent_uuid: "7cfba0f196b84249971056b6f81478dc" member_type: VOTER last_known_addr { host: "127.5.143.3" port: 39273 } }
I20260710 13:16:51.272243  7020 raft_consensus.cc:385] T 11fd5ee7038e49459d29e8a3d2ab2a3d P aece353ef072421c903e4c8c51144cf9 [term 0 FOLLOWER]: Consensus starting up: Expiring failure detector timer to make a prompt election more likely
I20260710 13:16:51.272495  7020 raft_consensus.cc:740] T 11fd5ee7038e49459d29e8a3d2ab2a3d P aece353ef072421c903e4c8c51144cf9 [term 0 FOLLOWER]: Becoming Follower/Learner. State: Replica: aece353ef072421c903e4c8c51144cf9, State: Initialized, Role: FOLLOWER
I20260710 13:16:51.273089  7020 consensus_queue.cc:260] T 11fd5ee7038e49459d29e8a3d2ab2a3d P aece353ef072421c903e4c8c51144cf9 [NON_LEADER]: Queue going to NON_LEADER mode. State: All replicated index: 0, Majority replicated index: 0, Committed index: 0, Last appended: 0.0, Last appended by leader: 0, Current term: 0, Majority size: -1, State: 0, Mode: NON_LEADER, active raft config: opid_index: -1 OBSOLETE_local: false peers { permanent_uuid: "f6845035af1847e39c4c603e808c36c2" member_type: VOTER last_known_addr { host: "127.5.143.1" port: 42251 } } peers { permanent_uuid: "aece353ef072421c903e4c8c51144cf9" member_type: VOTER last_known_addr { host: "127.5.143.2" port: 46095 } } peers { permanent_uuid: "7cfba0f196b84249971056b6f81478dc" member_type: VOTER last_known_addr { host: "127.5.143.3" port: 39273 } }
I20260710 13:16:51.275098  7020 ts_tablet_manager.cc:1434] T 11fd5ee7038e49459d29e8a3d2ab2a3d P aece353ef072421c903e4c8c51144cf9: Time spent starting tablet: real 0.006s	user 0.005s	sys 0.000s
I20260710 13:16:51.275995  7020 tablet_bootstrap.cc:492] T 9241a76f35b64e5dad9d484c4279e87e P aece353ef072421c903e4c8c51144cf9: Bootstrap starting.
I20260710 13:16:51.279953  7021 tablet_bootstrap.cc:492] T 11fd5ee7038e49459d29e8a3d2ab2a3d P f6845035af1847e39c4c603e808c36c2: No bootstrap required, opened a new log
I20260710 13:16:51.280362  7021 ts_tablet_manager.cc:1403] T 11fd5ee7038e49459d29e8a3d2ab2a3d P f6845035af1847e39c4c603e808c36c2: Time spent bootstrapping tablet: real 0.022s	user 0.013s	sys 0.008s
I20260710 13:16:51.281535  7020 tablet_bootstrap.cc:654] T 9241a76f35b64e5dad9d484c4279e87e P aece353ef072421c903e4c8c51144cf9: Neither blocks nor log segments found. Creating new log.
I20260710 13:16:51.281396  6727 catalog_manager.cc:5697] T f24cb8fe118849a7a817536d7579a025 P aece353ef072421c903e4c8c51144cf9 reported cstate change: term changed from 0 to 1, leader changed from <none> to aece353ef072421c903e4c8c51144cf9 (127.5.143.2). New cstate: current_term: 1 leader_uuid: "aece353ef072421c903e4c8c51144cf9" committed_config { opid_index: -1 OBSOLETE_local: false peers { permanent_uuid: "f6845035af1847e39c4c603e808c36c2" member_type: VOTER last_known_addr { host: "127.5.143.1" port: 42251 } health_report { overall_health: UNKNOWN } } peers { permanent_uuid: "aece353ef072421c903e4c8c51144cf9" member_type: VOTER last_known_addr { host: "127.5.143.2" port: 46095 } health_report { overall_health: HEALTHY } } peers { permanent_uuid: "7cfba0f196b84249971056b6f81478dc" member_type: VOTER last_known_addr { host: "127.5.143.3" port: 39273 } health_report { overall_health: UNKNOWN } } }
I20260710 13:16:51.282776  7021 raft_consensus.cc:359] T 11fd5ee7038e49459d29e8a3d2ab2a3d P f6845035af1847e39c4c603e808c36c2 [term 0 FOLLOWER]: Replica starting. Triggering 0 pending ops. Active config: opid_index: -1 OBSOLETE_local: false peers { permanent_uuid: "f6845035af1847e39c4c603e808c36c2" member_type: VOTER last_known_addr { host: "127.5.143.1" port: 42251 } } peers { permanent_uuid: "aece353ef072421c903e4c8c51144cf9" member_type: VOTER last_known_addr { host: "127.5.143.2" port: 46095 } } peers { permanent_uuid: "7cfba0f196b84249971056b6f81478dc" member_type: VOTER last_known_addr { host: "127.5.143.3" port: 39273 } }
I20260710 13:16:51.283392  7021 raft_consensus.cc:385] T 11fd5ee7038e49459d29e8a3d2ab2a3d P f6845035af1847e39c4c603e808c36c2 [term 0 FOLLOWER]: Consensus starting up: Expiring failure detector timer to make a prompt election more likely
I20260710 13:16:51.283639  7021 raft_consensus.cc:740] T 11fd5ee7038e49459d29e8a3d2ab2a3d P f6845035af1847e39c4c603e808c36c2 [term 0 FOLLOWER]: Becoming Follower/Learner. State: Replica: f6845035af1847e39c4c603e808c36c2, State: Initialized, Role: FOLLOWER
I20260710 13:16:51.284785  7021 consensus_queue.cc:260] T 11fd5ee7038e49459d29e8a3d2ab2a3d P f6845035af1847e39c4c603e808c36c2 [NON_LEADER]: Queue going to NON_LEADER mode. State: All replicated index: 0, Majority replicated index: 0, Committed index: 0, Last appended: 0.0, Last appended by leader: 0, Current term: 0, Majority size: -1, State: 0, Mode: NON_LEADER, active raft config: opid_index: -1 OBSOLETE_local: false peers { permanent_uuid: "f6845035af1847e39c4c603e808c36c2" member_type: VOTER last_known_addr { host: "127.5.143.1" port: 42251 } } peers { permanent_uuid: "aece353ef072421c903e4c8c51144cf9" member_type: VOTER last_known_addr { host: "127.5.143.2" port: 46095 } } peers { permanent_uuid: "7cfba0f196b84249971056b6f81478dc" member_type: VOTER last_known_addr { host: "127.5.143.3" port: 39273 } }
I20260710 13:16:51.289764  7021 ts_tablet_manager.cc:1434] T 11fd5ee7038e49459d29e8a3d2ab2a3d P f6845035af1847e39c4c603e808c36c2: Time spent starting tablet: real 0.009s	user 0.006s	sys 0.000s
I20260710 13:16:51.291543  7020 tablet_bootstrap.cc:492] T 9241a76f35b64e5dad9d484c4279e87e P aece353ef072421c903e4c8c51144cf9: No bootstrap required, opened a new log
I20260710 13:16:51.291921  7020 ts_tablet_manager.cc:1403] T 9241a76f35b64e5dad9d484c4279e87e P aece353ef072421c903e4c8c51144cf9: Time spent bootstrapping tablet: real 0.016s	user 0.009s	sys 0.005s
I20260710 13:16:51.293762  7020 raft_consensus.cc:359] T 9241a76f35b64e5dad9d484c4279e87e P aece353ef072421c903e4c8c51144cf9 [term 0 FOLLOWER]: Replica starting. Triggering 0 pending ops. Active config: opid_index: -1 OBSOLETE_local: false peers { permanent_uuid: "f6845035af1847e39c4c603e808c36c2" member_type: VOTER last_known_addr { host: "127.5.143.1" port: 42251 } } peers { permanent_uuid: "aece353ef072421c903e4c8c51144cf9" member_type: VOTER last_known_addr { host: "127.5.143.2" port: 46095 } } peers { permanent_uuid: "7cfba0f196b84249971056b6f81478dc" member_type: VOTER last_known_addr { host: "127.5.143.3" port: 39273 } }
I20260710 13:16:51.294173  7020 raft_consensus.cc:385] T 9241a76f35b64e5dad9d484c4279e87e P aece353ef072421c903e4c8c51144cf9 [term 0 FOLLOWER]: Consensus starting up: Expiring failure detector timer to make a prompt election more likely
I20260710 13:16:51.294358  7020 raft_consensus.cc:740] T 9241a76f35b64e5dad9d484c4279e87e P aece353ef072421c903e4c8c51144cf9 [term 0 FOLLOWER]: Becoming Follower/Learner. State: Replica: aece353ef072421c903e4c8c51144cf9, State: Initialized, Role: FOLLOWER
I20260710 13:16:51.294839  7020 consensus_queue.cc:260] T 9241a76f35b64e5dad9d484c4279e87e P aece353ef072421c903e4c8c51144cf9 [NON_LEADER]: Queue going to NON_LEADER mode. State: All replicated index: 0, Majority replicated index: 0, Committed index: 0, Last appended: 0.0, Last appended by leader: 0, Current term: 0, Majority size: -1, State: 0, Mode: NON_LEADER, active raft config: opid_index: -1 OBSOLETE_local: false peers { permanent_uuid: "f6845035af1847e39c4c603e808c36c2" member_type: VOTER last_known_addr { host: "127.5.143.1" port: 42251 } } peers { permanent_uuid: "aece353ef072421c903e4c8c51144cf9" member_type: VOTER last_known_addr { host: "127.5.143.2" port: 46095 } } peers { permanent_uuid: "7cfba0f196b84249971056b6f81478dc" member_type: VOTER last_known_addr { host: "127.5.143.3" port: 39273 } }
I20260710 13:16:51.296715  7020 ts_tablet_manager.cc:1434] T 9241a76f35b64e5dad9d484c4279e87e P aece353ef072421c903e4c8c51144cf9: Time spent starting tablet: real 0.005s	user 0.004s	sys 0.000s
I20260710 13:16:51.299970  7158 raft_consensus.cc:493] T 11fd5ee7038e49459d29e8a3d2ab2a3d P f6845035af1847e39c4c603e808c36c2 [term 0 FOLLOWER]: Starting pre-election (no leader contacted us within the election timeout)
I20260710 13:16:51.300321  7158 raft_consensus.cc:515] T 11fd5ee7038e49459d29e8a3d2ab2a3d P f6845035af1847e39c4c603e808c36c2 [term 0 FOLLOWER]: Starting pre-election with config: opid_index: -1 OBSOLETE_local: false peers { permanent_uuid: "f6845035af1847e39c4c603e808c36c2" member_type: VOTER last_known_addr { host: "127.5.143.1" port: 42251 } } peers { permanent_uuid: "aece353ef072421c903e4c8c51144cf9" member_type: VOTER last_known_addr { host: "127.5.143.2" port: 46095 } } peers { permanent_uuid: "7cfba0f196b84249971056b6f81478dc" member_type: VOTER last_known_addr { host: "127.5.143.3" port: 39273 } }
I20260710 13:16:51.302143  7158 leader_election.cc:290] T 11fd5ee7038e49459d29e8a3d2ab2a3d P f6845035af1847e39c4c603e808c36c2 [CANDIDATE]: Term 1 pre-election: Requested pre-vote from peers aece353ef072421c903e4c8c51144cf9 (127.5.143.2:46095), 7cfba0f196b84249971056b6f81478dc (127.5.143.3:39273)
I20260710 13:16:51.302676  6904 tablet_service.cc:1917] Received RequestConsensusVote() RPC: tablet_id: "11fd5ee7038e49459d29e8a3d2ab2a3d" candidate_uuid: "f6845035af1847e39c4c603e808c36c2" candidate_term: 1 candidate_status { last_received { term: 0 index: 0 } } ignore_live_leader: false dest_uuid: "aece353ef072421c903e4c8c51144cf9" is_pre_election: true
I20260710 13:16:51.303110  6981 tablet_service.cc:1917] Received RequestConsensusVote() RPC: tablet_id: "11fd5ee7038e49459d29e8a3d2ab2a3d" candidate_uuid: "f6845035af1847e39c4c603e808c36c2" candidate_term: 1 candidate_status { last_received { term: 0 index: 0 } } ignore_live_leader: false dest_uuid: "7cfba0f196b84249971056b6f81478dc" is_pre_election: true
I20260710 13:16:51.303234  6904 raft_consensus.cc:2468] T 11fd5ee7038e49459d29e8a3d2ab2a3d P aece353ef072421c903e4c8c51144cf9 [term 0 FOLLOWER]: Leader pre-election vote request: Granting yes vote for candidate f6845035af1847e39c4c603e808c36c2 in term 0.
I20260710 13:16:51.303709  6981 raft_consensus.cc:2468] T 11fd5ee7038e49459d29e8a3d2ab2a3d P 7cfba0f196b84249971056b6f81478dc [term 0 FOLLOWER]: Leader pre-election vote request: Granting yes vote for candidate f6845035af1847e39c4c603e808c36c2 in term 0.
I20260710 13:16:51.304242  6798 leader_election.cc:304] T 11fd5ee7038e49459d29e8a3d2ab2a3d P f6845035af1847e39c4c603e808c36c2 [CANDIDATE]: Term 1 pre-election: Election decided. Result: candidate won. Election summary: received 2 responses out of 3 voters: 2 yes votes; 0 no votes. yes voters: aece353ef072421c903e4c8c51144cf9, f6845035af1847e39c4c603e808c36c2; no voters: 
I20260710 13:16:51.304955  7158 raft_consensus.cc:2804] T 11fd5ee7038e49459d29e8a3d2ab2a3d P f6845035af1847e39c4c603e808c36c2 [term 0 FOLLOWER]: Leader pre-election won for term 1
I20260710 13:16:51.305289  7158 raft_consensus.cc:493] T 11fd5ee7038e49459d29e8a3d2ab2a3d P f6845035af1847e39c4c603e808c36c2 [term 0 FOLLOWER]: Starting leader election (no leader contacted us within the election timeout)
I20260710 13:16:51.305550  7158 raft_consensus.cc:3060] T 11fd5ee7038e49459d29e8a3d2ab2a3d P f6845035af1847e39c4c603e808c36c2 [term 0 FOLLOWER]: Advancing to term 1
I20260710 13:16:51.309518  7158 raft_consensus.cc:515] T 11fd5ee7038e49459d29e8a3d2ab2a3d P f6845035af1847e39c4c603e808c36c2 [term 1 FOLLOWER]: Starting leader election with config: opid_index: -1 OBSOLETE_local: false peers { permanent_uuid: "f6845035af1847e39c4c603e808c36c2" member_type: VOTER last_known_addr { host: "127.5.143.1" port: 42251 } } peers { permanent_uuid: "aece353ef072421c903e4c8c51144cf9" member_type: VOTER last_known_addr { host: "127.5.143.2" port: 46095 } } peers { permanent_uuid: "7cfba0f196b84249971056b6f81478dc" member_type: VOTER last_known_addr { host: "127.5.143.3" port: 39273 } }
I20260710 13:16:51.311045  7158 leader_election.cc:290] T 11fd5ee7038e49459d29e8a3d2ab2a3d P f6845035af1847e39c4c603e808c36c2 [CANDIDATE]: Term 1 election: Requested vote from peers aece353ef072421c903e4c8c51144cf9 (127.5.143.2:46095), 7cfba0f196b84249971056b6f81478dc (127.5.143.3:39273)
I20260710 13:16:51.311528  6904 tablet_service.cc:1917] Received RequestConsensusVote() RPC: tablet_id: "11fd5ee7038e49459d29e8a3d2ab2a3d" candidate_uuid: "f6845035af1847e39c4c603e808c36c2" candidate_term: 1 candidate_status { last_received { term: 0 index: 0 } } ignore_live_leader: false dest_uuid: "aece353ef072421c903e4c8c51144cf9"
I20260710 13:16:51.311996  6904 raft_consensus.cc:3060] T 11fd5ee7038e49459d29e8a3d2ab2a3d P aece353ef072421c903e4c8c51144cf9 [term 0 FOLLOWER]: Advancing to term 1
I20260710 13:16:51.311976  6981 tablet_service.cc:1917] Received RequestConsensusVote() RPC: tablet_id: "11fd5ee7038e49459d29e8a3d2ab2a3d" candidate_uuid: "f6845035af1847e39c4c603e808c36c2" candidate_term: 1 candidate_status { last_received { term: 0 index: 0 } } ignore_live_leader: false dest_uuid: "7cfba0f196b84249971056b6f81478dc"
I20260710 13:16:51.312584  6981 raft_consensus.cc:3060] T 11fd5ee7038e49459d29e8a3d2ab2a3d P 7cfba0f196b84249971056b6f81478dc [term 0 FOLLOWER]: Advancing to term 1
I20260710 13:16:51.318112  6904 raft_consensus.cc:2468] T 11fd5ee7038e49459d29e8a3d2ab2a3d P aece353ef072421c903e4c8c51144cf9 [term 1 FOLLOWER]: Leader election vote request: Granting yes vote for candidate f6845035af1847e39c4c603e808c36c2 in term 1.
I20260710 13:16:51.318341  6981 raft_consensus.cc:2468] T 11fd5ee7038e49459d29e8a3d2ab2a3d P 7cfba0f196b84249971056b6f81478dc [term 1 FOLLOWER]: Leader election vote request: Granting yes vote for candidate f6845035af1847e39c4c603e808c36c2 in term 1.
I20260710 13:16:51.319078  6798 leader_election.cc:304] T 11fd5ee7038e49459d29e8a3d2ab2a3d P f6845035af1847e39c4c603e808c36c2 [CANDIDATE]: Term 1 election: Election decided. Result: candidate won. Election summary: received 2 responses out of 3 voters: 2 yes votes; 0 no votes. yes voters: aece353ef072421c903e4c8c51144cf9, f6845035af1847e39c4c603e808c36c2; no voters: 
I20260710 13:16:51.319835  7158 raft_consensus.cc:2804] T 11fd5ee7038e49459d29e8a3d2ab2a3d P f6845035af1847e39c4c603e808c36c2 [term 1 FOLLOWER]: Leader election won for term 1
I20260710 13:16:51.320634  7158 raft_consensus.cc:697] T 11fd5ee7038e49459d29e8a3d2ab2a3d P f6845035af1847e39c4c603e808c36c2 [term 1 LEADER]: Becoming Leader. State: Replica: f6845035af1847e39c4c603e808c36c2, State: Running, Role: LEADER
I20260710 13:16:51.321410  7158 consensus_queue.cc:237] T 11fd5ee7038e49459d29e8a3d2ab2a3d P f6845035af1847e39c4c603e808c36c2 [LEADER]: Queue going to LEADER mode. State: All replicated index: 0, Majority replicated index: 0, Committed index: 0, Last appended: 0.0, Last appended by leader: 0, Current term: 1, Majority size: 2, State: 0, Mode: LEADER, active raft config: opid_index: -1 OBSOLETE_local: false peers { permanent_uuid: "f6845035af1847e39c4c603e808c36c2" member_type: VOTER last_known_addr { host: "127.5.143.1" port: 42251 } } peers { permanent_uuid: "aece353ef072421c903e4c8c51144cf9" member_type: VOTER last_known_addr { host: "127.5.143.2" port: 46095 } } peers { permanent_uuid: "7cfba0f196b84249971056b6f81478dc" member_type: VOTER last_known_addr { host: "127.5.143.3" port: 39273 } }
I20260710 13:16:51.328615  6728 catalog_manager.cc:5697] T 11fd5ee7038e49459d29e8a3d2ab2a3d P f6845035af1847e39c4c603e808c36c2 reported cstate change: term changed from 0 to 1, leader changed from <none> to f6845035af1847e39c4c603e808c36c2 (127.5.143.1). New cstate: current_term: 1 leader_uuid: "f6845035af1847e39c4c603e808c36c2" committed_config { opid_index: -1 OBSOLETE_local: false peers { permanent_uuid: "f6845035af1847e39c4c603e808c36c2" member_type: VOTER last_known_addr { host: "127.5.143.1" port: 42251 } health_report { overall_health: HEALTHY } } peers { permanent_uuid: "aece353ef072421c903e4c8c51144cf9" member_type: VOTER last_known_addr { host: "127.5.143.2" port: 46095 } health_report { overall_health: UNKNOWN } } peers { permanent_uuid: "7cfba0f196b84249971056b6f81478dc" member_type: VOTER last_known_addr { host: "127.5.143.3" port: 39273 } health_report { overall_health: UNKNOWN } } }
I20260710 13:16:51.374246  7154 consensus_queue.cc:1048] T ec207f9744ec4be4b640c8800402005a P 7cfba0f196b84249971056b6f81478dc [LEADER]: Connected to new peer: Peer: permanent_uuid: "f6845035af1847e39c4c603e808c36c2" member_type: VOTER last_known_addr { host: "127.5.143.1" port: 42251 }, Status: LMP_MISMATCH, Last received: 0.0, Next index: 1, Last known committed idx: 0, Time since last communication: 0.000s
I20260710 13:16:51.389933  7154 consensus_queue.cc:1048] T ec207f9744ec4be4b640c8800402005a P 7cfba0f196b84249971056b6f81478dc [LEADER]: Connected to new peer: Peer: permanent_uuid: "aece353ef072421c903e4c8c51144cf9" member_type: VOTER last_known_addr { host: "127.5.143.2" port: 46095 }, Status: LMP_MISMATCH, Last received: 0.0, Next index: 1, Last known committed idx: 0, Time since last communication: 0.000s
I20260710 13:16:51.435397  7158 consensus_queue.cc:1048] T 10523ba157444a7385dff42b082197e0 P f6845035af1847e39c4c603e808c36c2 [LEADER]: Connected to new peer: Peer: permanent_uuid: "7cfba0f196b84249971056b6f81478dc" member_type: VOTER last_known_addr { host: "127.5.143.3" port: 39273 }, Status: LMP_MISMATCH, Last received: 0.0, Next index: 1, Last known committed idx: 0, Time since last communication: 0.000s
I20260710 13:16:51.445592  7075 consensus_queue.cc:1048] T 10523ba157444a7385dff42b082197e0 P f6845035af1847e39c4c603e808c36c2 [LEADER]: Connected to new peer: Peer: permanent_uuid: "aece353ef072421c903e4c8c51144cf9" member_type: VOTER last_known_addr { host: "127.5.143.2" port: 46095 }, Status: LMP_MISMATCH, Last received: 0.0, Next index: 1, Last known committed idx: 0, Time since last communication: 0.000s
I20260710 13:16:51.456621  6904 raft_consensus.cc:3060] T 9241a76f35b64e5dad9d484c4279e87e P aece353ef072421c903e4c8c51144cf9 [term 0 FOLLOWER]: Advancing to term 1
I20260710 13:16:51.463537  7154 consensus_queue.cc:1048] T 9241a76f35b64e5dad9d484c4279e87e P 7cfba0f196b84249971056b6f81478dc [LEADER]: Connected to new peer: Peer: permanent_uuid: "aece353ef072421c903e4c8c51144cf9" member_type: VOTER last_known_addr { host: "127.5.143.2" port: 46095 }, Status: LMP_MISMATCH, Last received: 0.0, Next index: 1, Last known committed idx: 0, Time since last communication: 0.000s
I20260710 13:16:51.472664  7154 consensus_queue.cc:1048] T 9241a76f35b64e5dad9d484c4279e87e P 7cfba0f196b84249971056b6f81478dc [LEADER]: Connected to new peer: Peer: permanent_uuid: "f6845035af1847e39c4c603e808c36c2" member_type: VOTER last_known_addr { host: "127.5.143.1" port: 42251 }, Status: LMP_MISMATCH, Last received: 0.0, Next index: 1, Last known committed idx: 0, Time since last communication: 0.000s
I20260710 13:16:51.473626  7158 consensus_queue.cc:1048] T b09b3227b1ba4af69cd607f327843f59 P f6845035af1847e39c4c603e808c36c2 [LEADER]: Connected to new peer: Peer: permanent_uuid: "aece353ef072421c903e4c8c51144cf9" member_type: VOTER last_known_addr { host: "127.5.143.2" port: 46095 }, Status: LMP_MISMATCH, Last received: 0.0, Next index: 1, Last known committed idx: 0, Time since last communication: 0.000s
I20260710 13:16:51.485342  7158 consensus_queue.cc:1048] T b09b3227b1ba4af69cd607f327843f59 P f6845035af1847e39c4c603e808c36c2 [LEADER]: Connected to new peer: Peer: permanent_uuid: "7cfba0f196b84249971056b6f81478dc" member_type: VOTER last_known_addr { host: "127.5.143.3" port: 39273 }, Status: LMP_MISMATCH, Last received: 0.0, Next index: 1, Last known committed idx: 0, Time since last communication: 0.000s
I20260710 13:16:51.554600  7109 consensus_queue.cc:1048] T ff3b40d4350c4b1392afbe2d3aaab012 P f6845035af1847e39c4c603e808c36c2 [LEADER]: Connected to new peer: Peer: permanent_uuid: "7cfba0f196b84249971056b6f81478dc" member_type: VOTER last_known_addr { host: "127.5.143.3" port: 39273 }, Status: LMP_MISMATCH, Last received: 0.0, Next index: 1, Last known committed idx: 0, Time since last communication: 0.000s
I20260710 13:16:51.563663  6905 raft_consensus.cc:3060] T ff3b40d4350c4b1392afbe2d3aaab012 P aece353ef072421c903e4c8c51144cf9 [term 0 FOLLOWER]: Advancing to term 1
I20260710 13:16:51.570394  7075 consensus_queue.cc:1048] T ff3b40d4350c4b1392afbe2d3aaab012 P f6845035af1847e39c4c603e808c36c2 [LEADER]: Connected to new peer: Peer: permanent_uuid: "aece353ef072421c903e4c8c51144cf9" member_type: VOTER last_known_addr { host: "127.5.143.2" port: 46095 }, Status: LMP_MISMATCH, Last received: 0.0, Next index: 1, Last known committed idx: 0, Time since last communication: 0.000s
I20260710 13:16:51.597960  7075 consensus_queue.cc:1048] T 36ae5153c20d440a9e255439e8924604 P f6845035af1847e39c4c603e808c36c2 [LEADER]: Connected to new peer: Peer: permanent_uuid: "aece353ef072421c903e4c8c51144cf9" member_type: VOTER last_known_addr { host: "127.5.143.2" port: 46095 }, Status: LMP_MISMATCH, Last received: 0.0, Next index: 1, Last known committed idx: 0, Time since last communication: 0.000s
I20260710 13:16:51.605741  7158 consensus_queue.cc:1048] T 2ea01e7622904adf851261cb9054f5c6 P f6845035af1847e39c4c603e808c36c2 [LEADER]: Connected to new peer: Peer: permanent_uuid: "7cfba0f196b84249971056b6f81478dc" member_type: VOTER last_known_addr { host: "127.5.143.3" port: 39273 }, Status: LMP_MISMATCH, Last received: 0.0, Next index: 1, Last known committed idx: 0, Time since last communication: 0.000s
I20260710 13:16:51.608186  7075 consensus_queue.cc:1048] T 36ae5153c20d440a9e255439e8924604 P f6845035af1847e39c4c603e808c36c2 [LEADER]: Connected to new peer: Peer: permanent_uuid: "7cfba0f196b84249971056b6f81478dc" member_type: VOTER last_known_addr { host: "127.5.143.3" port: 39273 }, Status: LMP_MISMATCH, Last received: 0.0, Next index: 1, Last known committed idx: 0, Time since last communication: 0.001s
I20260710 13:16:51.625203  7075 consensus_queue.cc:1048] T 2ea01e7622904adf851261cb9054f5c6 P f6845035af1847e39c4c603e808c36c2 [LEADER]: Connected to new peer: Peer: permanent_uuid: "aece353ef072421c903e4c8c51144cf9" member_type: VOTER last_known_addr { host: "127.5.143.2" port: 46095 }, Status: LMP_MISMATCH, Last received: 0.0, Next index: 1, Last known committed idx: 0, Time since last communication: 0.000s
I20260710 13:16:51.675921  7024 consensus_queue.cc:1048] T ffd33aaaff7e4a089ccf1c7526363c49 P aece353ef072421c903e4c8c51144cf9 [LEADER]: Connected to new peer: Peer: permanent_uuid: "7cfba0f196b84249971056b6f81478dc" member_type: VOTER last_known_addr { host: "127.5.143.3" port: 39273 }, Status: LMP_MISMATCH, Last received: 0.0, Next index: 1, Last known committed idx: 0, Time since last communication: 0.000s
I20260710 13:16:51.685341  7067 consensus_queue.cc:1048] T ffd33aaaff7e4a089ccf1c7526363c49 P aece353ef072421c903e4c8c51144cf9 [LEADER]: Connected to new peer: Peer: permanent_uuid: "f6845035af1847e39c4c603e808c36c2" member_type: VOTER last_known_addr { host: "127.5.143.1" port: 42251 }, Status: LMP_MISMATCH, Last received: 0.0, Next index: 1, Last known committed idx: 0, Time since last communication: 0.000s
I20260710 13:16:51.707580  5692 file_cache.cc:504] Constructed file cache file cache with capacity 419430
W20260710 13:16:51.712833  7195 instance_detector.cc:116] could not retrieve AWS instance metadata: Network error: curl error: HTTP response code said error: The requested URL returned error: 404
W20260710 13:16:51.713685  7196 instance_detector.cc:116] could not retrieve Azure instance metadata: Network error: curl error: HTTP response code said error: The requested URL returned error: 404
W20260710 13:16:51.715087  7198 instance_detector.cc:116] could not retrieve OpenStack instance metadata: Network error: curl error: HTTP response code said error: The requested URL returned error: 404
I20260710 13:16:51.716387  5692 server_base.cc:1061] running on GCE node
I20260710 13:16:51.717150  5692 hybrid_clock.cc:584] initializing the hybrid clock with 'system_unsync' time source
W20260710 13:16:51.717350  5692 system_unsync_time.cc:38] NTP support is disabled. Clock error bounds will not be accurate. This configuration is not suitable for distributed clusters.
I20260710 13:16:51.717525  5692 hybrid_clock.cc:648] HybridClock initialized: now 1783689411717500 us; error 0 us; skew 500 ppm
I20260710 13:16:51.718014  5692 server_base.cc:861] Flag tcmalloc_max_total_thread_cache_bytes is not working since tcmalloc is not enabled.
I20260710 13:16:51.720491  5692 webserver.cc:533] Webserver started at http://127.5.143.4:42633/ using document root <none> and password file <none>
I20260710 13:16:51.720935  5692 fs_manager.cc:362] Metadata directory not provided
I20260710 13:16:51.721141  5692 fs_manager.cc:368] Using write-ahead log directory (fs_wal_dir) as metadata directory
I20260710 13:16:51.721385  5692 server_base.cc:909] This appears to be a new deployment of Kudu; creating new FS layout
I20260710 13:16:51.722342  5692 fs_manager.cc:1068] Generated new instance metadata in path /tmp/dist-test-taskCsBLJG/test-tmp/auto_leader_rebalancer-test.0.LeaderRebalancerTest.AddTserver.1783689384254919-5692-0/minicluster-data/ts-3-root/instance:
uuid: "790ac64b305a4ac9951c4e1208a87536"
format_stamp: "Formatted at 2026-07-10 13:16:51 on dist-test-slave-rpkl"
I20260710 13:16:51.724004  7075 raft_consensus.cc:493] T f24cb8fe118849a7a817536d7579a025 P f6845035af1847e39c4c603e808c36c2 [term 0 FOLLOWER]: Starting pre-election (no leader contacted us within the election timeout)
I20260710 13:16:51.724471  7075 raft_consensus.cc:515] T f24cb8fe118849a7a817536d7579a025 P f6845035af1847e39c4c603e808c36c2 [term 0 FOLLOWER]: Starting pre-election with config: opid_index: -1 OBSOLETE_local: false peers { permanent_uuid: "f6845035af1847e39c4c603e808c36c2" member_type: VOTER last_known_addr { host: "127.5.143.1" port: 42251 } } peers { permanent_uuid: "aece353ef072421c903e4c8c51144cf9" member_type: VOTER last_known_addr { host: "127.5.143.2" port: 46095 } } peers { permanent_uuid: "7cfba0f196b84249971056b6f81478dc" member_type: VOTER last_known_addr { host: "127.5.143.3" port: 39273 } }
I20260710 13:16:51.726368  7075 leader_election.cc:290] T f24cb8fe118849a7a817536d7579a025 P f6845035af1847e39c4c603e808c36c2 [CANDIDATE]: Term 1 pre-election: Requested pre-vote from peers aece353ef072421c903e4c8c51144cf9 (127.5.143.2:46095), 7cfba0f196b84249971056b6f81478dc (127.5.143.3:39273)
I20260710 13:16:51.727250  6980 tablet_service.cc:1917] Received RequestConsensusVote() RPC: tablet_id: "f24cb8fe118849a7a817536d7579a025" candidate_uuid: "f6845035af1847e39c4c603e808c36c2" candidate_term: 1 candidate_status { last_received { term: 0 index: 0 } } ignore_live_leader: false dest_uuid: "7cfba0f196b84249971056b6f81478dc" is_pre_election: true
I20260710 13:16:51.727285  6905 tablet_service.cc:1917] Received RequestConsensusVote() RPC: tablet_id: "f24cb8fe118849a7a817536d7579a025" candidate_uuid: "f6845035af1847e39c4c603e808c36c2" candidate_term: 1 candidate_status { last_received { term: 0 index: 0 } } ignore_live_leader: false dest_uuid: "aece353ef072421c903e4c8c51144cf9" is_pre_election: true
I20260710 13:16:51.727831  5692 fs_manager.cc:696] Time spent creating directory manager: real 0.005s	user 0.002s	sys 0.004s
I20260710 13:16:51.728217  6980 raft_consensus.cc:2393] T f24cb8fe118849a7a817536d7579a025 P 7cfba0f196b84249971056b6f81478dc [term 1 FOLLOWER]: Leader pre-election vote request: Denying vote to candidate f6845035af1847e39c4c603e808c36c2 in current term 1: Already voted for candidate aece353ef072421c903e4c8c51144cf9 in this term.
I20260710 13:16:51.729154  6798 leader_election.cc:304] T f24cb8fe118849a7a817536d7579a025 P f6845035af1847e39c4c603e808c36c2 [CANDIDATE]: Term 1 pre-election: Election decided. Result: candidate lost. Election summary: received 3 responses out of 3 voters: 1 yes votes; 2 no votes. yes voters: f6845035af1847e39c4c603e808c36c2; no voters: 7cfba0f196b84249971056b6f81478dc, aece353ef072421c903e4c8c51144cf9
I20260710 13:16:51.729714  7075 raft_consensus.cc:3060] T f24cb8fe118849a7a817536d7579a025 P f6845035af1847e39c4c603e808c36c2 [term 0 FOLLOWER]: Advancing to term 1
I20260710 13:16:51.731747  7203 log_block_manager.cc:4127] Time spent loading block containers with low live blocks: real 0.000s	user 0.000s	sys 0.000s
I20260710 13:16:51.732570  5692 fs_manager.cc:730] Time spent opening block manager: real 0.003s	user 0.002s	sys 0.001s
I20260710 13:16:51.732843  5692 fs_manager.cc:647] Opened local filesystem: /tmp/dist-test-taskCsBLJG/test-tmp/auto_leader_rebalancer-test.0.LeaderRebalancerTest.AddTserver.1783689384254919-5692-0/minicluster-data/ts-3-root
uuid: "790ac64b305a4ac9951c4e1208a87536"
format_stamp: "Formatted at 2026-07-10 13:16:51 on dist-test-slave-rpkl"
I20260710 13:16:51.733112  5692 fs_report.cc:389] FS layout report
--------------------
wal directory: /tmp/dist-test-taskCsBLJG/test-tmp/auto_leader_rebalancer-test.0.LeaderRebalancerTest.AddTserver.1783689384254919-5692-0/minicluster-data/ts-3-root
metadata directory: /tmp/dist-test-taskCsBLJG/test-tmp/auto_leader_rebalancer-test.0.LeaderRebalancerTest.AddTserver.1783689384254919-5692-0/minicluster-data/ts-3-root
1 data directories: /tmp/dist-test-taskCsBLJG/test-tmp/auto_leader_rebalancer-test.0.LeaderRebalancerTest.AddTserver.1783689384254919-5692-0/minicluster-data/ts-3-root/data
Total live blocks: 0
Total live bytes: 0
Total live bytes (after alignment): 0
Total number of LBM containers: 0 (0 full)
Did not check for missing blocks
Did not check for orphaned blocks
Total full LBM containers with extra space: 0 (0 repaired)
Total full LBM container extra space in bytes: 0 (0 repaired)
Total incomplete LBM containers: 0 (0 repaired)
Total LBM partial records: 0 (0 repaired)
Total corrupted LBM metadata records in RocksDB: 0 (0 repaired)
I20260710 13:16:51.734861  7075 raft_consensus.cc:2749] T f24cb8fe118849a7a817536d7579a025 P f6845035af1847e39c4c603e808c36c2 [term 1 FOLLOWER]: Leader pre-election lost for term 1. Reason: could not achieve majority
I20260710 13:16:51.738823  7075 consensus_queue.cc:1048] T 11fd5ee7038e49459d29e8a3d2ab2a3d P f6845035af1847e39c4c603e808c36c2 [LEADER]: Connected to new peer: Peer: permanent_uuid: "aece353ef072421c903e4c8c51144cf9" member_type: VOTER last_known_addr { host: "127.5.143.2" port: 46095 }, Status: LMP_MISMATCH, Last received: 0.0, Next index: 1, Last known committed idx: 0, Time since last communication: 0.000s
I20260710 13:16:51.747493  7075 consensus_queue.cc:1048] T 11fd5ee7038e49459d29e8a3d2ab2a3d P f6845035af1847e39c4c603e808c36c2 [LEADER]: Connected to new peer: Peer: permanent_uuid: "7cfba0f196b84249971056b6f81478dc" member_type: VOTER last_known_addr { host: "127.5.143.3" port: 39273 }, Status: LMP_MISMATCH, Last received: 0.0, Next index: 1, Last known committed idx: 0, Time since last communication: 0.000s
I20260710 13:16:51.764500  5692 rpc_server.cc:225] running with OpenSSL 1.1.1  11 Sep 2018
I20260710 13:16:51.766106  5692 kserver.cc:163] Server-wide thread pool size limit: 3276
I20260710 13:16:51.767676  5692 txn_system_client.cc:432] TxnSystemClient initialization is disabled...
I20260710 13:16:51.770252  5692 ts_tablet_manager.cc:585] Loaded tablet metadata (0 total tablets, 0 live tablets)
I20260710 13:16:51.770442  5692 ts_tablet_manager.cc:531] Time spent load tablet metadata: real 0.000s	user 0.000s	sys 0.000s
I20260710 13:16:51.770684  5692 ts_tablet_manager.cc:616] Registered 0 tablets
I20260710 13:16:51.770840  5692 ts_tablet_manager.cc:595] Time spent register tablets: real 0.000s	user 0.000s	sys 0.000s
I20260710 13:16:51.805544  7067 consensus_queue.cc:1048] T f24cb8fe118849a7a817536d7579a025 P aece353ef072421c903e4c8c51144cf9 [LEADER]: Connected to new peer: Peer: permanent_uuid: "f6845035af1847e39c4c603e808c36c2" member_type: VOTER last_known_addr { host: "127.5.143.1" port: 42251 }, Status: LMP_MISMATCH, Last received: 0.0, Next index: 1, Last known committed idx: 0, Time since last communication: 0.000s
I20260710 13:16:51.818506  7067 consensus_queue.cc:1048] T f24cb8fe118849a7a817536d7579a025 P aece353ef072421c903e4c8c51144cf9 [LEADER]: Connected to new peer: Peer: permanent_uuid: "7cfba0f196b84249971056b6f81478dc" member_type: VOTER last_known_addr { host: "127.5.143.3" port: 39273 }, Status: LMP_MISMATCH, Last received: 0.0, Next index: 1, Last known committed idx: 0, Time since last communication: 0.000s
I20260710 13:16:51.868925  5692 rpc_server.cc:307] RPC server started. Bound to: 127.5.143.4:33447
I20260710 13:16:51.869127  7269 acceptor_pool.cc:272] collecting diagnostics on the listening RPC socket 127.5.143.4:33447 every 8 connection(s)
I20260710 13:16:51.873272  5692 auto_leader_rebalancer-test.cc:388] add a tserver: 790ac64b305a4ac9951c4e1208a87536
I20260710 13:16:51.883559  7270 heartbeater.cc:344] Connected to a master server at 127.5.143.62:37351
I20260710 13:16:51.883903  7270 heartbeater.cc:461] Registering TS with master...
I20260710 13:16:51.884546  7270 heartbeater.cc:507] Master 127.5.143.62:37351 requested a full tablet report, sending...
I20260710 13:16:51.886166  6728 ts_manager.cc:194] Registered new tserver with Master: 790ac64b305a4ac9951c4e1208a87536 (127.5.143.4:33447)
I20260710 13:16:51.887266  6728 master_service.cc:502] Signed X509 certificate for tserver {username='slave'} at 127.0.0.1:43844
I20260710 13:16:52.446689  6981 consensus_queue.cc:237] T 017c01fc38f948028692e58cb7d1c1fc P 7cfba0f196b84249971056b6f81478dc [LEADER]: Queue going to LEADER mode. State: All replicated index: 0, Majority replicated index: 1, Committed index: 1, Last appended: 1.1, Last appended by leader: 0, Current term: 1, Majority size: 2, State: 0, Mode: LEADER, active raft config: opid_index: 2 OBSOLETE_local: false peers { permanent_uuid: "f6845035af1847e39c4c603e808c36c2" member_type: VOTER last_known_addr { host: "127.5.143.1" port: 42251 } } peers { permanent_uuid: "aece353ef072421c903e4c8c51144cf9" member_type: VOTER last_known_addr { host: "127.5.143.2" port: 46095 } attrs { replace: true } } peers { permanent_uuid: "7cfba0f196b84249971056b6f81478dc" member_type: VOTER last_known_addr { host: "127.5.143.3" port: 39273 } } peers { permanent_uuid: "790ac64b305a4ac9951c4e1208a87536" member_type: NON_VOTER last_known_addr { host: "127.5.143.4" port: 33447 } attrs { promote: true } }
I20260710 13:16:52.452700  6905 raft_consensus.cc:1275] T 017c01fc38f948028692e58cb7d1c1fc P aece353ef072421c903e4c8c51144cf9 [term 1 FOLLOWER]: Refusing update from remote peer 7cfba0f196b84249971056b6f81478dc: Log matching property violated. Preceding OpId in replica: term: 1 index: 1. Preceding OpId from leader: term: 1 index: 2. (index mismatch)
I20260710 13:16:52.452948  6831 raft_consensus.cc:1275] T 017c01fc38f948028692e58cb7d1c1fc P f6845035af1847e39c4c603e808c36c2 [term 1 FOLLOWER]: Refusing update from remote peer 7cfba0f196b84249971056b6f81478dc: Log matching property violated. Preceding OpId in replica: term: 1 index: 1. Preceding OpId from leader: term: 1 index: 2. (index mismatch)
I20260710 13:16:52.454326  7029 consensus_queue.cc:1048] T 017c01fc38f948028692e58cb7d1c1fc P 7cfba0f196b84249971056b6f81478dc [LEADER]: Connected to new peer: Peer: permanent_uuid: "aece353ef072421c903e4c8c51144cf9" member_type: VOTER last_known_addr { host: "127.5.143.2" port: 46095 } attrs { replace: true }, Status: LMP_MISMATCH, Last received: 0.0, Next index: 2, Last known committed idx: 1, Time since last communication: 0.000s
I20260710 13:16:52.455544  7093 consensus_queue.cc:1048] T 017c01fc38f948028692e58cb7d1c1fc P 7cfba0f196b84249971056b6f81478dc [LEADER]: Connected to new peer: Peer: permanent_uuid: "f6845035af1847e39c4c603e808c36c2" member_type: VOTER last_known_addr { host: "127.5.143.1" port: 42251 }, Status: LMP_MISMATCH, Last received: 0.0, Next index: 2, Last known committed idx: 1, Time since last communication: 0.000s
I20260710 13:16:52.463959  7154 raft_consensus.cc:2955] T 017c01fc38f948028692e58cb7d1c1fc P 7cfba0f196b84249971056b6f81478dc [term 1 LEADER]: Committing config change with OpId 1.2: config changed from index -1 to 2, NON_VOTER 790ac64b305a4ac9951c4e1208a87536 (127.5.143.4) added. New config: { opid_index: 2 OBSOLETE_local: false peers { permanent_uuid: "f6845035af1847e39c4c603e808c36c2" member_type: VOTER last_known_addr { host: "127.5.143.1" port: 42251 } } peers { permanent_uuid: "aece353ef072421c903e4c8c51144cf9" member_type: VOTER last_known_addr { host: "127.5.143.2" port: 46095 } attrs { replace: true } } peers { permanent_uuid: "7cfba0f196b84249971056b6f81478dc" member_type: VOTER last_known_addr { host: "127.5.143.3" port: 39273 } } peers { permanent_uuid: "790ac64b305a4ac9951c4e1208a87536" member_type: NON_VOTER last_known_addr { host: "127.5.143.4" port: 33447 } attrs { promote: true } } }
W20260710 13:16:52.465664  6944 consensus_peers.cc:597] T 017c01fc38f948028692e58cb7d1c1fc P 7cfba0f196b84249971056b6f81478dc -> Peer 790ac64b305a4ac9951c4e1208a87536 (127.5.143.4:33447): Couldn't send request to peer 790ac64b305a4ac9951c4e1208a87536. Error code: TABLET_NOT_FOUND (6). Status: Not found: Tablet not found: 017c01fc38f948028692e58cb7d1c1fc. This is attempt 1: this message will repeat every 5th retry.
I20260710 13:16:52.465759  6831 raft_consensus.cc:2955] T 017c01fc38f948028692e58cb7d1c1fc P f6845035af1847e39c4c603e808c36c2 [term 1 FOLLOWER]: Committing config change with OpId 1.2: config changed from index -1 to 2, NON_VOTER 790ac64b305a4ac9951c4e1208a87536 (127.5.143.4) added. New config: { opid_index: 2 OBSOLETE_local: false peers { permanent_uuid: "f6845035af1847e39c4c603e808c36c2" member_type: VOTER last_known_addr { host: "127.5.143.1" port: 42251 } } peers { permanent_uuid: "aece353ef072421c903e4c8c51144cf9" member_type: VOTER last_known_addr { host: "127.5.143.2" port: 46095 } attrs { replace: true } } peers { permanent_uuid: "7cfba0f196b84249971056b6f81478dc" member_type: VOTER last_known_addr { host: "127.5.143.3" port: 39273 } } peers { permanent_uuid: "790ac64b305a4ac9951c4e1208a87536" member_type: NON_VOTER last_known_addr { host: "127.5.143.4" port: 33447 } attrs { promote: true } } }
I20260710 13:16:52.465929  6905 raft_consensus.cc:2955] T 017c01fc38f948028692e58cb7d1c1fc P aece353ef072421c903e4c8c51144cf9 [term 1 FOLLOWER]: Committing config change with OpId 1.2: config changed from index -1 to 2, NON_VOTER 790ac64b305a4ac9951c4e1208a87536 (127.5.143.4) added. New config: { opid_index: 2 OBSOLETE_local: false peers { permanent_uuid: "f6845035af1847e39c4c603e808c36c2" member_type: VOTER last_known_addr { host: "127.5.143.1" port: 42251 } } peers { permanent_uuid: "aece353ef072421c903e4c8c51144cf9" member_type: VOTER last_known_addr { host: "127.5.143.2" port: 46095 } attrs { replace: true } } peers { permanent_uuid: "7cfba0f196b84249971056b6f81478dc" member_type: VOTER last_known_addr { host: "127.5.143.3" port: 39273 } } peers { permanent_uuid: "790ac64b305a4ac9951c4e1208a87536" member_type: NON_VOTER last_known_addr { host: "127.5.143.4" port: 33447 } attrs { promote: true } } }
I20260710 13:16:52.479403  6728 catalog_manager.cc:5697] T 017c01fc38f948028692e58cb7d1c1fc P f6845035af1847e39c4c603e808c36c2 reported cstate change: config changed from index -1 to 2, NON_VOTER 790ac64b305a4ac9951c4e1208a87536 (127.5.143.4) added. New cstate: current_term: 1 leader_uuid: "7cfba0f196b84249971056b6f81478dc" committed_config { opid_index: 2 OBSOLETE_local: false peers { permanent_uuid: "f6845035af1847e39c4c603e808c36c2" member_type: VOTER last_known_addr { host: "127.5.143.1" port: 42251 } } peers { permanent_uuid: "aece353ef072421c903e4c8c51144cf9" member_type: VOTER last_known_addr { host: "127.5.143.2" port: 46095 } attrs { replace: true } } peers { permanent_uuid: "7cfba0f196b84249971056b6f81478dc" member_type: VOTER last_known_addr { host: "127.5.143.3" port: 39273 } } peers { permanent_uuid: "790ac64b305a4ac9951c4e1208a87536" member_type: NON_VOTER last_known_addr { host: "127.5.143.4" port: 33447 } attrs { promote: true } } }
I20260710 13:16:52.494199  6905 consensus_queue.cc:237] T d44b925b660940bbb682458e4d3ed941 P aece353ef072421c903e4c8c51144cf9 [LEADER]: Queue going to LEADER mode. State: All replicated index: 0, Majority replicated index: 1, Committed index: 1, Last appended: 1.1, Last appended by leader: 0, Current term: 1, Majority size: 2, State: 0, Mode: LEADER, active raft config: opid_index: 2 OBSOLETE_local: false peers { permanent_uuid: "f6845035af1847e39c4c603e808c36c2" member_type: VOTER last_known_addr { host: "127.5.143.1" port: 42251 } attrs { replace: true } } peers { permanent_uuid: "aece353ef072421c903e4c8c51144cf9" member_type: VOTER last_known_addr { host: "127.5.143.2" port: 46095 } } peers { permanent_uuid: "7cfba0f196b84249971056b6f81478dc" member_type: VOTER last_known_addr { host: "127.5.143.3" port: 39273 } } peers { permanent_uuid: "790ac64b305a4ac9951c4e1208a87536" member_type: NON_VOTER last_known_addr { host: "127.5.143.4" port: 33447 } attrs { promote: true } }
I20260710 13:16:52.502880  6981 raft_consensus.cc:1275] T d44b925b660940bbb682458e4d3ed941 P 7cfba0f196b84249971056b6f81478dc [term 1 FOLLOWER]: Refusing update from remote peer aece353ef072421c903e4c8c51144cf9: Log matching property violated. Preceding OpId in replica: term: 1 index: 1. Preceding OpId from leader: term: 1 index: 2. (index mismatch)
I20260710 13:16:52.503118  6831 raft_consensus.cc:1275] T d44b925b660940bbb682458e4d3ed941 P f6845035af1847e39c4c603e808c36c2 [term 1 FOLLOWER]: Refusing update from remote peer aece353ef072421c903e4c8c51144cf9: Log matching property violated. Preceding OpId in replica: term: 1 index: 1. Preceding OpId from leader: term: 1 index: 2. (index mismatch)
I20260710 13:16:52.504938  7024 consensus_queue.cc:1048] T d44b925b660940bbb682458e4d3ed941 P aece353ef072421c903e4c8c51144cf9 [LEADER]: Connected to new peer: Peer: permanent_uuid: "7cfba0f196b84249971056b6f81478dc" member_type: VOTER last_known_addr { host: "127.5.143.3" port: 39273 }, Status: LMP_MISMATCH, Last received: 0.0, Next index: 2, Last known committed idx: 1, Time since last communication: 0.000s
I20260710 13:16:52.505714  7067 consensus_queue.cc:1048] T d44b925b660940bbb682458e4d3ed941 P aece353ef072421c903e4c8c51144cf9 [LEADER]: Connected to new peer: Peer: permanent_uuid: "f6845035af1847e39c4c603e808c36c2" member_type: VOTER last_known_addr { host: "127.5.143.1" port: 42251 } attrs { replace: true }, Status: LMP_MISMATCH, Last received: 0.0, Next index: 2, Last known committed idx: 1, Time since last communication: 0.000s
