I20260710 13:16:39.682348  6596 raft_consensus.cc:1275] T 682f15463ba848068fa9cd1acf542366 P f7140ba3812040d0abcd7bfd2b33df91 [term 2 FOLLOWER]: Refusing update from remote peer 49ec225771a4453ebd10d6bc9e293cc3: Log matching property violated. Preceding OpId in replica: term: 1 index: 1. Preceding OpId from leader: term: 2 index: 2. (index mismatch)
I20260710 13:16:39.684414  6801 consensus_queue.cc:1048] T 682f15463ba848068fa9cd1acf542366 P 49ec225771a4453ebd10d6bc9e293cc3 [LEADER]: Connected to new peer: Peer: permanent_uuid: "f7140ba3812040d0abcd7bfd2b33df91" member_type: VOTER last_known_addr { host: "127.5.186.194" port: 44459 }, Status: LMP_MISMATCH, Last received: 0.0, Next index: 2, Last known committed idx: 1, Time since last communication: 0.000s
I20260710 13:16:39.695804  6672 raft_consensus.cc:3060] T 8ca99c2c453f4b859095fa1a59d5862d P c6c8bbacb11d43d4b8e0c346f0c90a48 [term 1 FOLLOWER]: Advancing to term 2
I20260710 13:16:39.702684  6672 raft_consensus.cc:1275] T 8ca99c2c453f4b859095fa1a59d5862d P c6c8bbacb11d43d4b8e0c346f0c90a48 [term 2 FOLLOWER]: Refusing update from remote peer 49ec225771a4453ebd10d6bc9e293cc3: Log matching property violated. Preceding OpId in replica: term: 1 index: 1. Preceding OpId from leader: term: 2 index: 2. (index mismatch)
I20260710 13:16:39.704731  6801 consensus_queue.cc:1048] T 8ca99c2c453f4b859095fa1a59d5862d P 49ec225771a4453ebd10d6bc9e293cc3 [LEADER]: Connected to new peer: Peer: permanent_uuid: "c6c8bbacb11d43d4b8e0c346f0c90a48" member_type: VOTER last_known_addr { host: "127.5.186.195" port: 33231 }, Status: LMP_MISMATCH, Last received: 0.0, Next index: 2, Last known committed idx: 1, Time since last communication: 0.001s
I20260710 13:16:39.780233  6525 raft_consensus.cc:1275] T 68c8c7181e064c289553dafc0d27fbe7 P 49ec225771a4453ebd10d6bc9e293cc3 [term 2 FOLLOWER]: Refusing update from remote peer f7140ba3812040d0abcd7bfd2b33df91: Log matching property violated. Preceding OpId in replica: term: 1 index: 1. Preceding OpId from leader: term: 2 index: 2. (index mismatch)
I20260710 13:16:39.781409  6761 consensus_queue.cc:1048] T 68c8c7181e064c289553dafc0d27fbe7 P f7140ba3812040d0abcd7bfd2b33df91 [LEADER]: Connected to new peer: Peer: permanent_uuid: "49ec225771a4453ebd10d6bc9e293cc3" member_type: VOTER last_known_addr { host: "127.5.186.193" port: 33397 }, Status: LMP_MISMATCH, Last received: 0.0, Next index: 2, Last known committed idx: 1, Time since last communication: 0.000s
I20260710 13:16:39.789357  6672 raft_consensus.cc:1275] T 68c8c7181e064c289553dafc0d27fbe7 P c6c8bbacb11d43d4b8e0c346f0c90a48 [term 2 FOLLOWER]: Refusing update from remote peer f7140ba3812040d0abcd7bfd2b33df91: Log matching property violated. Preceding OpId in replica: term: 1 index: 1. Preceding OpId from leader: term: 2 index: 2. (index mismatch)
I20260710 13:16:39.790809  6723 consensus_queue.cc:1048] T 68c8c7181e064c289553dafc0d27fbe7 P f7140ba3812040d0abcd7bfd2b33df91 [LEADER]: Connected to new peer: Peer: permanent_uuid: "c6c8bbacb11d43d4b8e0c346f0c90a48" member_type: VOTER last_known_addr { host: "127.5.186.195" port: 33231 }, Status: LMP_MISMATCH, Last received: 0.0, Next index: 2, Last known committed idx: 1, Time since last communication: 0.000s
I20260710 13:16:39.793623  6674 raft_consensus.cc:1275] T 9158e079a27240f488b15fcb92f90edb P c6c8bbacb11d43d4b8e0c346f0c90a48 [term 2 FOLLOWER]: Refusing update from remote peer 49ec225771a4453ebd10d6bc9e293cc3: Log matching property violated. Preceding OpId in replica: term: 1 index: 1. Preceding OpId from leader: term: 2 index: 2. (index mismatch)
I20260710 13:16:39.795245  6801 consensus_queue.cc:1048] T 9158e079a27240f488b15fcb92f90edb P 49ec225771a4453ebd10d6bc9e293cc3 [LEADER]: Connected to new peer: Peer: permanent_uuid: "c6c8bbacb11d43d4b8e0c346f0c90a48" member_type: VOTER last_known_addr { host: "127.5.186.195" port: 33231 }, Status: LMP_MISMATCH, Last received: 0.0, Next index: 2, Last known committed idx: 1, Time since last communication: 0.000s
I20260710 13:16:39.804143  6596 raft_consensus.cc:1275] T 9158e079a27240f488b15fcb92f90edb P f7140ba3812040d0abcd7bfd2b33df91 [term 2 FOLLOWER]: Refusing update from remote peer 49ec225771a4453ebd10d6bc9e293cc3: Log matching property violated. Preceding OpId in replica: term: 1 index: 1. Preceding OpId from leader: term: 2 index: 2. (index mismatch)
I20260710 13:16:39.806576  6720 consensus_queue.cc:1048] T 9158e079a27240f488b15fcb92f90edb P 49ec225771a4453ebd10d6bc9e293cc3 [LEADER]: Connected to new peer: Peer: permanent_uuid: "f7140ba3812040d0abcd7bfd2b33df91" member_type: VOTER last_known_addr { host: "127.5.186.194" port: 44459 }, Status: LMP_MISMATCH, Last received: 0.0, Next index: 2, Last known committed idx: 1, Time since last communication: 0.000s
I20260710 13:16:39.837867  6525 raft_consensus.cc:1275] T 0f62262067514fcdbc52eac1ac3e11be P 49ec225771a4453ebd10d6bc9e293cc3 [term 2 FOLLOWER]: Refusing update from remote peer c6c8bbacb11d43d4b8e0c346f0c90a48: Log matching property violated. Preceding OpId in replica: term: 1 index: 1. Preceding OpId from leader: term: 2 index: 2. (index mismatch)
I20260710 13:16:39.839258  6724 consensus_queue.cc:1048] T 0f62262067514fcdbc52eac1ac3e11be P c6c8bbacb11d43d4b8e0c346f0c90a48 [LEADER]: Connected to new peer: Peer: permanent_uuid: "49ec225771a4453ebd10d6bc9e293cc3" member_type: VOTER last_known_addr { host: "127.5.186.193" port: 33397 }, Status: LMP_MISMATCH, Last received: 0.0, Next index: 2, Last known committed idx: 1, Time since last communication: 0.000s
I20260710 13:16:39.841746  6672 raft_consensus.cc:1275] T c7f9447cc59d4c8cbcf232fa9e496679 P c6c8bbacb11d43d4b8e0c346f0c90a48 [term 2 FOLLOWER]: Refusing update from remote peer 49ec225771a4453ebd10d6bc9e293cc3: Log matching property violated. Preceding OpId in replica: term: 1 index: 1. Preceding OpId from leader: term: 2 index: 2. (index mismatch)
I20260710 13:16:39.843142  6720 consensus_queue.cc:1048] T c7f9447cc59d4c8cbcf232fa9e496679 P 49ec225771a4453ebd10d6bc9e293cc3 [LEADER]: Connected to new peer: Peer: permanent_uuid: "c6c8bbacb11d43d4b8e0c346f0c90a48" member_type: VOTER last_known_addr { host: "127.5.186.195" port: 33231 }, Status: LMP_MISMATCH, Last received: 0.0, Next index: 2, Last known committed idx: 1, Time since last communication: 0.000s
I20260710 13:16:39.847257  6596 raft_consensus.cc:1275] T 0f62262067514fcdbc52eac1ac3e11be P f7140ba3812040d0abcd7bfd2b33df91 [term 2 FOLLOWER]: Refusing update from remote peer c6c8bbacb11d43d4b8e0c346f0c90a48: Log matching property violated. Preceding OpId in replica: term: 1 index: 1. Preceding OpId from leader: term: 2 index: 2. (index mismatch)
I20260710 13:16:39.848889  6525 raft_consensus.cc:1275] T 3f15746d46b24e5aa3623edf4d4a0cd4 P 49ec225771a4453ebd10d6bc9e293cc3 [term 2 FOLLOWER]: Refusing update from remote peer f7140ba3812040d0abcd7bfd2b33df91: Log matching property violated. Preceding OpId in replica: term: 1 index: 1. Preceding OpId from leader: term: 2 index: 2. (index mismatch)
I20260710 13:16:39.849283  6747 consensus_queue.cc:1048] T 0f62262067514fcdbc52eac1ac3e11be P c6c8bbacb11d43d4b8e0c346f0c90a48 [LEADER]: Connected to new peer: Peer: permanent_uuid: "f7140ba3812040d0abcd7bfd2b33df91" member_type: VOTER last_known_addr { host: "127.5.186.194" port: 44459 }, Status: LMP_MISMATCH, Last received: 0.0, Next index: 2, Last known committed idx: 1, Time since last communication: 0.000s
I20260710 13:16:39.850479  6723 consensus_queue.cc:1048] T 3f15746d46b24e5aa3623edf4d4a0cd4 P f7140ba3812040d0abcd7bfd2b33df91 [LEADER]: Connected to new peer: Peer: permanent_uuid: "49ec225771a4453ebd10d6bc9e293cc3" member_type: VOTER last_known_addr { host: "127.5.186.193" port: 33397 }, Status: LMP_MISMATCH, Last received: 0.0, Next index: 2, Last known committed idx: 1, Time since last communication: 0.000s
I20260710 13:16:39.856458  6524 raft_consensus.cc:1275] T e15f01a85b3848d1a2b389ecdcf009f5 P 49ec225771a4453ebd10d6bc9e293cc3 [term 2 FOLLOWER]: Refusing update from remote peer f7140ba3812040d0abcd7bfd2b33df91: Log matching property violated. Preceding OpId in replica: term: 1 index: 1. Preceding OpId from leader: term: 2 index: 2. (index mismatch)
I20260710 13:16:39.859588  6596 raft_consensus.cc:1275] T c7f9447cc59d4c8cbcf232fa9e496679 P f7140ba3812040d0abcd7bfd2b33df91 [term 2 FOLLOWER]: Refusing update from remote peer 49ec225771a4453ebd10d6bc9e293cc3: Log matching property violated. Preceding OpId in replica: term: 1 index: 1. Preceding OpId from leader: term: 2 index: 2. (index mismatch)
I20260710 13:16:39.859642  6723 consensus_queue.cc:1048] T e15f01a85b3848d1a2b389ecdcf009f5 P f7140ba3812040d0abcd7bfd2b33df91 [LEADER]: Connected to new peer: Peer: permanent_uuid: "49ec225771a4453ebd10d6bc9e293cc3" member_type: VOTER last_known_addr { host: "127.5.186.193" port: 33397 }, Status: LMP_MISMATCH, Last received: 0.0, Next index: 2, Last known committed idx: 1, Time since last communication: 0.000s
I20260710 13:16:39.862358  6720 consensus_queue.cc:1048] T c7f9447cc59d4c8cbcf232fa9e496679 P 49ec225771a4453ebd10d6bc9e293cc3 [LEADER]: Connected to new peer: Peer: permanent_uuid: "f7140ba3812040d0abcd7bfd2b33df91" member_type: VOTER last_known_addr { host: "127.5.186.194" port: 44459 }, Status: LMP_MISMATCH, Last received: 0.0, Next index: 2, Last known committed idx: 1, Time since last communication: 0.001s
I20260710 13:16:39.871258  6672 raft_consensus.cc:1275] T 3f15746d46b24e5aa3623edf4d4a0cd4 P c6c8bbacb11d43d4b8e0c346f0c90a48 [term 2 FOLLOWER]: Refusing update from remote peer f7140ba3812040d0abcd7bfd2b33df91: Log matching property violated. Preceding OpId in replica: term: 1 index: 1. Preceding OpId from leader: term: 2 index: 2. (index mismatch)
I20260710 13:16:39.872905  6764 consensus_queue.cc:1048] T 3f15746d46b24e5aa3623edf4d4a0cd4 P f7140ba3812040d0abcd7bfd2b33df91 [LEADER]: Connected to new peer: Peer: permanent_uuid: "c6c8bbacb11d43d4b8e0c346f0c90a48" member_type: VOTER last_known_addr { host: "127.5.186.195" port: 33231 }, Status: LMP_MISMATCH, Last received: 0.0, Next index: 2, Last known committed idx: 1, Time since last communication: 0.000s
I20260710 13:16:39.883975  6674 raft_consensus.cc:1275] T e15f01a85b3848d1a2b389ecdcf009f5 P c6c8bbacb11d43d4b8e0c346f0c90a48 [term 2 FOLLOWER]: Refusing update from remote peer f7140ba3812040d0abcd7bfd2b33df91: Log matching property violated. Preceding OpId in replica: term: 0 index: 0. Preceding OpId from leader: term: 2 index: 2. (index mismatch)
I20260710 13:16:39.885743  6761 consensus_queue.cc:1048] T e15f01a85b3848d1a2b389ecdcf009f5 P f7140ba3812040d0abcd7bfd2b33df91 [LEADER]: Connected to new peer: Peer: permanent_uuid: "c6c8bbacb11d43d4b8e0c346f0c90a48" member_type: VOTER last_known_addr { host: "127.5.186.195" port: 33231 }, Status: LMP_MISMATCH, Last received: 0.0, Next index: 2, Last known committed idx: 0, Time since last communication: 0.000s
I20260710 13:16:40.119247  6672 raft_consensus.cc:1275] T 9b17499c8a87478f8fbd2448a7ef785d P c6c8bbacb11d43d4b8e0c346f0c90a48 [term 2 FOLLOWER]: Refusing update from remote peer f7140ba3812040d0abcd7bfd2b33df91: Log matching property violated. Preceding OpId in replica: term: 1 index: 1. Preceding OpId from leader: term: 2 index: 2. (index mismatch)
I20260710 13:16:40.121019  6761 consensus_queue.cc:1048] T 9b17499c8a87478f8fbd2448a7ef785d P f7140ba3812040d0abcd7bfd2b33df91 [LEADER]: Connected to new peer: Peer: permanent_uuid: "c6c8bbacb11d43d4b8e0c346f0c90a48" member_type: VOTER last_known_addr { host: "127.5.186.195" port: 33231 }, Status: LMP_MISMATCH, Last received: 0.0, Next index: 2, Last known committed idx: 1, Time since last communication: 0.000s
I20260710 13:16:40.131088  6525 raft_consensus.cc:1275] T 9b17499c8a87478f8fbd2448a7ef785d P 49ec225771a4453ebd10d6bc9e293cc3 [term 2 FOLLOWER]: Refusing update from remote peer f7140ba3812040d0abcd7bfd2b33df91: Log matching property violated. Preceding OpId in replica: term: 1 index: 1. Preceding OpId from leader: term: 2 index: 2. (index mismatch)
I20260710 13:16:40.132843  6723 consensus_queue.cc:1048] T 9b17499c8a87478f8fbd2448a7ef785d P f7140ba3812040d0abcd7bfd2b33df91 [LEADER]: Connected to new peer: Peer: permanent_uuid: "49ec225771a4453ebd10d6bc9e293cc3" member_type: VOTER last_known_addr { host: "127.5.186.193" port: 33397 }, Status: LMP_MISMATCH, Last received: 0.0, Next index: 2, Last known committed idx: 1, Time since last communication: 0.001s
I20260710 13:16:42.414686  5867 auto_leader_rebalancer-test.cc:348] The leader distribution is 
I20260710 13:16:42.415413  5867 auto_leader_rebalancer.cc:141] leader rebalance for table test-workload
I20260710 13:16:42.438499  6525 tablet_service.cc:2072] Received LeaderStepDown RPC: tablet_id: "682f15463ba848068fa9cd1acf542366"
dest_uuid: "49ec225771a4453ebd10d6bc9e293cc3"
mode: GRACEFUL
new_leader_uuid: "c6c8bbacb11d43d4b8e0c346f0c90a48"
 from {username='slave'} at 127.0.0.1:51144
I20260710 13:16:42.439313  6525 raft_consensus.cc:606] T 682f15463ba848068fa9cd1acf542366 P 49ec225771a4453ebd10d6bc9e293cc3 [term 2 LEADER]: Received request to transfer leadership to TS c6c8bbacb11d43d4b8e0c346f0c90a48
I20260710 13:16:42.442507  6525 tablet_service.cc:2072] Received LeaderStepDown RPC: tablet_id: "8ca99c2c453f4b859095fa1a59d5862d"
dest_uuid: "49ec225771a4453ebd10d6bc9e293cc3"
mode: GRACEFUL
new_leader_uuid: "c6c8bbacb11d43d4b8e0c346f0c90a48"
 from {username='slave'} at 127.0.0.1:51144
I20260710 13:16:42.443228  6525 raft_consensus.cc:606] T 8ca99c2c453f4b859095fa1a59d5862d P 49ec225771a4453ebd10d6bc9e293cc3 [term 2 LEADER]: Received request to transfer leadership to TS c6c8bbacb11d43d4b8e0c346f0c90a48
I20260710 13:16:42.444331  5867 auto_leader_rebalancer.cc:479] table: test-workload, leader rebalance finish, leader transfer count: 2
I20260710 13:16:42.444792  5867 auto_leader_rebalancer.cc:554] All tables' leader rebalancing finished this round
I20260710 13:16:42.509061  6813 raft_consensus.cc:993] T 682f15463ba848068fa9cd1acf542366 P 49ec225771a4453ebd10d6bc9e293cc3: : Instructing follower c6c8bbacb11d43d4b8e0c346f0c90a48 to start an election
I20260710 13:16:42.509687  6772 raft_consensus.cc:1081] T 682f15463ba848068fa9cd1acf542366 P 49ec225771a4453ebd10d6bc9e293cc3 [term 2 LEADER]: Signalling peer c6c8bbacb11d43d4b8e0c346f0c90a48 to start an election
I20260710 13:16:42.511261  6672 tablet_service.cc:2044] Received Run Leader Election RPC: tablet_id: "682f15463ba848068fa9cd1acf542366"
dest_uuid: "c6c8bbacb11d43d4b8e0c346f0c90a48"
 from {username='slave'} at 127.0.0.1:41488
I20260710 13:16:42.511747  6672 raft_consensus.cc:493] T 682f15463ba848068fa9cd1acf542366 P c6c8bbacb11d43d4b8e0c346f0c90a48 [term 2 FOLLOWER]: Starting forced leader election (received explicit request)
I20260710 13:16:42.511997  6672 raft_consensus.cc:3060] T 682f15463ba848068fa9cd1acf542366 P c6c8bbacb11d43d4b8e0c346f0c90a48 [term 2 FOLLOWER]: Advancing to term 3
I20260710 13:16:42.516489  6672 raft_consensus.cc:515] T 682f15463ba848068fa9cd1acf542366 P c6c8bbacb11d43d4b8e0c346f0c90a48 [term 3 FOLLOWER]: Starting forced leader election with config: opid_index: -1 OBSOLETE_local: false peers { permanent_uuid: "49ec225771a4453ebd10d6bc9e293cc3" member_type: VOTER last_known_addr { host: "127.5.186.193" port: 33397 } } peers { permanent_uuid: "f7140ba3812040d0abcd7bfd2b33df91" member_type: VOTER last_known_addr { host: "127.5.186.194" port: 44459 } } peers { permanent_uuid: "c6c8bbacb11d43d4b8e0c346f0c90a48" member_type: VOTER last_known_addr { host: "127.5.186.195" port: 33231 } }
I20260710 13:16:42.518186  6672 leader_election.cc:290] T 682f15463ba848068fa9cd1acf542366 P c6c8bbacb11d43d4b8e0c346f0c90a48 [CANDIDATE]: Term 3 election: Requested vote from peers 49ec225771a4453ebd10d6bc9e293cc3 (127.5.186.193:33397), f7140ba3812040d0abcd7bfd2b33df91 (127.5.186.194:44459)
I20260710 13:16:42.518960  6525 tablet_service.cc:1917] Received RequestConsensusVote() RPC: tablet_id: "682f15463ba848068fa9cd1acf542366" candidate_uuid: "c6c8bbacb11d43d4b8e0c346f0c90a48" candidate_term: 3 candidate_status { last_received { term: 2 index: 2 } } ignore_live_leader: true dest_uuid: "49ec225771a4453ebd10d6bc9e293cc3"
I20260710 13:16:42.519258  6596 tablet_service.cc:1917] Received RequestConsensusVote() RPC: tablet_id: "682f15463ba848068fa9cd1acf542366" candidate_uuid: "c6c8bbacb11d43d4b8e0c346f0c90a48" candidate_term: 3 candidate_status { last_received { term: 2 index: 2 } } ignore_live_leader: true dest_uuid: "f7140ba3812040d0abcd7bfd2b33df91"
I20260710 13:16:42.519565  6525 raft_consensus.cc:3055] T 682f15463ba848068fa9cd1acf542366 P 49ec225771a4453ebd10d6bc9e293cc3 [term 2 LEADER]: Stepping down as leader of term 2
I20260710 13:16:42.520077  6596 raft_consensus.cc:3060] T 682f15463ba848068fa9cd1acf542366 P f7140ba3812040d0abcd7bfd2b33df91 [term 2 FOLLOWER]: Advancing to term 3
I20260710 13:16:42.520105  6525 raft_consensus.cc:740] T 682f15463ba848068fa9cd1acf542366 P 49ec225771a4453ebd10d6bc9e293cc3 [term 2 LEADER]: Becoming Follower/Learner. State: Replica: 49ec225771a4453ebd10d6bc9e293cc3, State: Running, Role: LEADER
I20260710 13:16:42.521200  6525 consensus_queue.cc:260] T 682f15463ba848068fa9cd1acf542366 P 49ec225771a4453ebd10d6bc9e293cc3 [NON_LEADER]: Queue going to NON_LEADER mode. State: All replicated index: 0, Majority replicated index: 2, Committed index: 2, Last appended: 2.2, Last appended by leader: 2, Current term: 2, Majority size: -1, State: 0, Mode: NON_LEADER, active raft config: opid_index: -1 OBSOLETE_local: false peers { permanent_uuid: "49ec225771a4453ebd10d6bc9e293cc3" member_type: VOTER last_known_addr { host: "127.5.186.193" port: 33397 } } peers { permanent_uuid: "f7140ba3812040d0abcd7bfd2b33df91" member_type: VOTER last_known_addr { host: "127.5.186.194" port: 44459 } } peers { permanent_uuid: "c6c8bbacb11d43d4b8e0c346f0c90a48" member_type: VOTER last_known_addr { host: "127.5.186.195" port: 33231 } }
I20260710 13:16:42.522555  6525 raft_consensus.cc:3060] T 682f15463ba848068fa9cd1acf542366 P 49ec225771a4453ebd10d6bc9e293cc3 [term 2 FOLLOWER]: Advancing to term 3
I20260710 13:16:42.528650  6596 raft_consensus.cc:2468] T 682f15463ba848068fa9cd1acf542366 P f7140ba3812040d0abcd7bfd2b33df91 [term 3 FOLLOWER]: Leader election vote request: Granting yes vote for candidate c6c8bbacb11d43d4b8e0c346f0c90a48 in term 3.
I20260710 13:16:42.530077  6525 raft_consensus.cc:2468] T 682f15463ba848068fa9cd1acf542366 P 49ec225771a4453ebd10d6bc9e293cc3 [term 3 FOLLOWER]: Leader election vote request: Granting yes vote for candidate c6c8bbacb11d43d4b8e0c346f0c90a48 in term 3.
I20260710 13:16:42.530174  6639 leader_election.cc:304] T 682f15463ba848068fa9cd1acf542366 P c6c8bbacb11d43d4b8e0c346f0c90a48 [CANDIDATE]: Term 3 election: Election decided. Result: candidate won. Election summary: received 2 responses out of 3 voters: 2 yes votes; 0 no votes. yes voters: c6c8bbacb11d43d4b8e0c346f0c90a48, f7140ba3812040d0abcd7bfd2b33df91; no voters: 
I20260710 13:16:42.531176  6810 raft_consensus.cc:2804] T 682f15463ba848068fa9cd1acf542366 P c6c8bbacb11d43d4b8e0c346f0c90a48 [term 3 FOLLOWER]: Leader election won for term 3
I20260710 13:16:42.532207  6810 raft_consensus.cc:697] T 682f15463ba848068fa9cd1acf542366 P c6c8bbacb11d43d4b8e0c346f0c90a48 [term 3 LEADER]: Becoming Leader. State: Replica: c6c8bbacb11d43d4b8e0c346f0c90a48, State: Running, Role: LEADER
I20260710 13:16:42.533237  6810 consensus_queue.cc:237] T 682f15463ba848068fa9cd1acf542366 P c6c8bbacb11d43d4b8e0c346f0c90a48 [LEADER]: Queue going to LEADER mode. State: All replicated index: 0, Majority replicated index: 2, Committed index: 2, Last appended: 2.2, Last appended by leader: 2, Current term: 3, Majority size: 2, State: 0, Mode: LEADER, active raft config: opid_index: -1 OBSOLETE_local: false peers { permanent_uuid: "49ec225771a4453ebd10d6bc9e293cc3" member_type: VOTER last_known_addr { host: "127.5.186.193" port: 33397 } } peers { permanent_uuid: "f7140ba3812040d0abcd7bfd2b33df91" member_type: VOTER last_known_addr { host: "127.5.186.194" port: 44459 } } peers { permanent_uuid: "c6c8bbacb11d43d4b8e0c346f0c90a48" member_type: VOTER last_known_addr { host: "127.5.186.195" port: 33231 } }
I20260710 13:16:42.544894  6421 catalog_manager.cc:5697] T 682f15463ba848068fa9cd1acf542366 P c6c8bbacb11d43d4b8e0c346f0c90a48 reported cstate change: term changed from 2 to 3, leader changed from 49ec225771a4453ebd10d6bc9e293cc3 (127.5.186.193) to c6c8bbacb11d43d4b8e0c346f0c90a48 (127.5.186.195). New cstate: current_term: 3 leader_uuid: "c6c8bbacb11d43d4b8e0c346f0c90a48" committed_config { opid_index: -1 OBSOLETE_local: false peers { permanent_uuid: "49ec225771a4453ebd10d6bc9e293cc3" member_type: VOTER last_known_addr { host: "127.5.186.193" port: 33397 } health_report { overall_health: UNKNOWN } } peers { permanent_uuid: "f7140ba3812040d0abcd7bfd2b33df91" member_type: VOTER last_known_addr { host: "127.5.186.194" port: 44459 } health_report { overall_health: UNKNOWN } } peers { permanent_uuid: "c6c8bbacb11d43d4b8e0c346f0c90a48" member_type: VOTER last_known_addr { host: "127.5.186.195" port: 33231 } health_report { overall_health: HEALTHY } } }
I20260710 13:16:42.721029  6813 raft_consensus.cc:993] T 8ca99c2c453f4b859095fa1a59d5862d P 49ec225771a4453ebd10d6bc9e293cc3: : Instructing follower c6c8bbacb11d43d4b8e0c346f0c90a48 to start an election
I20260710 13:16:42.721979  6772 raft_consensus.cc:1081] T 8ca99c2c453f4b859095fa1a59d5862d P 49ec225771a4453ebd10d6bc9e293cc3 [term 2 LEADER]: Signalling peer c6c8bbacb11d43d4b8e0c346f0c90a48 to start an election
I20260710 13:16:42.723950  6672 tablet_service.cc:2044] Received Run Leader Election RPC: tablet_id: "8ca99c2c453f4b859095fa1a59d5862d"
dest_uuid: "c6c8bbacb11d43d4b8e0c346f0c90a48"
 from {username='slave'} at 127.0.0.1:41488
I20260710 13:16:42.724575  6672 raft_consensus.cc:493] T 8ca99c2c453f4b859095fa1a59d5862d P c6c8bbacb11d43d4b8e0c346f0c90a48 [term 2 FOLLOWER]: Starting forced leader election (received explicit request)
I20260710 13:16:42.724879  6672 raft_consensus.cc:3060] T 8ca99c2c453f4b859095fa1a59d5862d P c6c8bbacb11d43d4b8e0c346f0c90a48 [term 2 FOLLOWER]: Advancing to term 3
I20260710 13:16:42.732528  6672 raft_consensus.cc:515] T 8ca99c2c453f4b859095fa1a59d5862d P c6c8bbacb11d43d4b8e0c346f0c90a48 [term 3 FOLLOWER]: Starting forced leader election with config: opid_index: -1 OBSOLETE_local: false peers { permanent_uuid: "f7140ba3812040d0abcd7bfd2b33df91" member_type: VOTER last_known_addr { host: "127.5.186.194" port: 44459 } } peers { permanent_uuid: "49ec225771a4453ebd10d6bc9e293cc3" member_type: VOTER last_known_addr { host: "127.5.186.193" port: 33397 } } peers { permanent_uuid: "c6c8bbacb11d43d4b8e0c346f0c90a48" member_type: VOTER last_known_addr { host: "127.5.186.195" port: 33231 } }
I20260710 13:16:42.734647  6672 leader_election.cc:290] T 8ca99c2c453f4b859095fa1a59d5862d P c6c8bbacb11d43d4b8e0c346f0c90a48 [CANDIDATE]: Term 3 election: Requested vote from peers f7140ba3812040d0abcd7bfd2b33df91 (127.5.186.194:44459), 49ec225771a4453ebd10d6bc9e293cc3 (127.5.186.193:33397)
I20260710 13:16:42.737196  6596 tablet_service.cc:1917] Received RequestConsensusVote() RPC: tablet_id: "8ca99c2c453f4b859095fa1a59d5862d" candidate_uuid: "c6c8bbacb11d43d4b8e0c346f0c90a48" candidate_term: 3 candidate_status { last_received { term: 2 index: 2 } } ignore_live_leader: true dest_uuid: "f7140ba3812040d0abcd7bfd2b33df91"
I20260710 13:16:42.737197  6525 tablet_service.cc:1917] Received RequestConsensusVote() RPC: tablet_id: "8ca99c2c453f4b859095fa1a59d5862d" candidate_uuid: "c6c8bbacb11d43d4b8e0c346f0c90a48" candidate_term: 3 candidate_status { last_received { term: 2 index: 2 } } ignore_live_leader: true dest_uuid: "49ec225771a4453ebd10d6bc9e293cc3"
I20260710 13:16:42.738354  6596 raft_consensus.cc:3060] T 8ca99c2c453f4b859095fa1a59d5862d P f7140ba3812040d0abcd7bfd2b33df91 [term 2 FOLLOWER]: Advancing to term 3
I20260710 13:16:42.738298  6525 raft_consensus.cc:3055] T 8ca99c2c453f4b859095fa1a59d5862d P 49ec225771a4453ebd10d6bc9e293cc3 [term 2 LEADER]: Stepping down as leader of term 2
I20260710 13:16:42.738806  6525 raft_consensus.cc:740] T 8ca99c2c453f4b859095fa1a59d5862d P 49ec225771a4453ebd10d6bc9e293cc3 [term 2 LEADER]: Becoming Follower/Learner. State: Replica: 49ec225771a4453ebd10d6bc9e293cc3, State: Running, Role: LEADER
I20260710 13:16:42.739866  6525 consensus_queue.cc:260] T 8ca99c2c453f4b859095fa1a59d5862d P 49ec225771a4453ebd10d6bc9e293cc3 [NON_LEADER]: Queue going to NON_LEADER mode. State: All replicated index: 0, Majority replicated index: 2, Committed index: 2, Last appended: 2.2, Last appended by leader: 2, Current term: 2, Majority size: -1, State: 0, Mode: NON_LEADER, active raft config: opid_index: -1 OBSOLETE_local: false peers { permanent_uuid: "f7140ba3812040d0abcd7bfd2b33df91" member_type: VOTER last_known_addr { host: "127.5.186.194" port: 44459 } } peers { permanent_uuid: "49ec225771a4453ebd10d6bc9e293cc3" member_type: VOTER last_known_addr { host: "127.5.186.193" port: 33397 } } peers { permanent_uuid: "c6c8bbacb11d43d4b8e0c346f0c90a48" member_type: VOTER last_known_addr { host: "127.5.186.195" port: 33231 } }
I20260710 13:16:42.741923  6525 raft_consensus.cc:3060] T 8ca99c2c453f4b859095fa1a59d5862d P 49ec225771a4453ebd10d6bc9e293cc3 [term 2 FOLLOWER]: Advancing to term 3
I20260710 13:16:42.750226  6596 raft_consensus.cc:2468] T 8ca99c2c453f4b859095fa1a59d5862d P f7140ba3812040d0abcd7bfd2b33df91 [term 3 FOLLOWER]: Leader election vote request: Granting yes vote for candidate c6c8bbacb11d43d4b8e0c346f0c90a48 in term 3.
I20260710 13:16:42.756728  6639 leader_election.cc:304] T 8ca99c2c453f4b859095fa1a59d5862d P c6c8bbacb11d43d4b8e0c346f0c90a48 [CANDIDATE]: Term 3 election: Election decided. Result: candidate won. Election summary: received 2 responses out of 3 voters: 2 yes votes; 0 no votes. yes voters: c6c8bbacb11d43d4b8e0c346f0c90a48, f7140ba3812040d0abcd7bfd2b33df91; no voters: 
I20260710 13:16:42.758184  6810 raft_consensus.cc:2804] T 8ca99c2c453f4b859095fa1a59d5862d P c6c8bbacb11d43d4b8e0c346f0c90a48 [term 3 FOLLOWER]: Leader election won for term 3
I20260710 13:16:42.758780  6810 raft_consensus.cc:697] T 8ca99c2c453f4b859095fa1a59d5862d P c6c8bbacb11d43d4b8e0c346f0c90a48 [term 3 LEADER]: Becoming Leader. State: Replica: c6c8bbacb11d43d4b8e0c346f0c90a48, State: Running, Role: LEADER
I20260710 13:16:42.760316  6810 consensus_queue.cc:237] T 8ca99c2c453f4b859095fa1a59d5862d P c6c8bbacb11d43d4b8e0c346f0c90a48 [LEADER]: Queue going to LEADER mode. State: All replicated index: 0, Majority replicated index: 2, Committed index: 2, Last appended: 2.2, Last appended by leader: 2, Current term: 3, Majority size: 2, State: 0, Mode: LEADER, active raft config: opid_index: -1 OBSOLETE_local: false peers { permanent_uuid: "f7140ba3812040d0abcd7bfd2b33df91" member_type: VOTER last_known_addr { host: "127.5.186.194" port: 44459 } } peers { permanent_uuid: "49ec225771a4453ebd10d6bc9e293cc3" member_type: VOTER last_known_addr { host: "127.5.186.193" port: 33397 } } peers { permanent_uuid: "c6c8bbacb11d43d4b8e0c346f0c90a48" member_type: VOTER last_known_addr { host: "127.5.186.195" port: 33231 } }
I20260710 13:16:42.762533  6525 raft_consensus.cc:2468] T 8ca99c2c453f4b859095fa1a59d5862d P 49ec225771a4453ebd10d6bc9e293cc3 [term 3 FOLLOWER]: Leader election vote request: Granting yes vote for candidate c6c8bbacb11d43d4b8e0c346f0c90a48 in term 3.
I20260710 13:16:42.773588  6421 catalog_manager.cc:5697] T 8ca99c2c453f4b859095fa1a59d5862d P c6c8bbacb11d43d4b8e0c346f0c90a48 reported cstate change: term changed from 2 to 3, leader changed from 49ec225771a4453ebd10d6bc9e293cc3 (127.5.186.193) to c6c8bbacb11d43d4b8e0c346f0c90a48 (127.5.186.195). New cstate: current_term: 3 leader_uuid: "c6c8bbacb11d43d4b8e0c346f0c90a48" committed_config { opid_index: -1 OBSOLETE_local: false peers { permanent_uuid: "f7140ba3812040d0abcd7bfd2b33df91" member_type: VOTER last_known_addr { host: "127.5.186.194" port: 44459 } health_report { overall_health: UNKNOWN } } peers { permanent_uuid: "49ec225771a4453ebd10d6bc9e293cc3" member_type: VOTER last_known_addr { host: "127.5.186.193" port: 33397 } health_report { overall_health: UNKNOWN } } peers { permanent_uuid: "c6c8bbacb11d43d4b8e0c346f0c90a48" member_type: VOTER last_known_addr { host: "127.5.186.195" port: 33231 } health_report { overall_health: HEALTHY } } }
W20260710 13:16:42.825166  6547 debug-util.cc:398] Leaking SignalData structure 0x7b0800190de0 after lost signal to thread 5870
W20260710 13:16:42.826429  6547 debug-util.cc:398] Leaking SignalData structure 0x7b0800154b60 after lost signal to thread 6458
W20260710 13:16:42.828624  6547 debug-util.cc:398] Leaking SignalData structure 0x7b0800170e60 after lost signal to thread 6625
W20260710 13:16:42.829890  6547 debug-util.cc:398] Leaking SignalData structure 0x7b0800058aa0 after lost signal to thread 6699
I20260710 13:16:42.925022  6596 raft_consensus.cc:1275] T 682f15463ba848068fa9cd1acf542366 P f7140ba3812040d0abcd7bfd2b33df91 [term 3 FOLLOWER]: Refusing update from remote peer c6c8bbacb11d43d4b8e0c346f0c90a48: Log matching property violated. Preceding OpId in replica: term: 2 index: 2. Preceding OpId from leader: term: 3 index: 3. (index mismatch)
I20260710 13:16:42.926671  6810 consensus_queue.cc:1048] T 682f15463ba848068fa9cd1acf542366 P c6c8bbacb11d43d4b8e0c346f0c90a48 [LEADER]: Connected to new peer: Peer: permanent_uuid: "f7140ba3812040d0abcd7bfd2b33df91" member_type: VOTER last_known_addr { host: "127.5.186.194" port: 44459 }, Status: LMP_MISMATCH, Last received: 0.0, Next index: 3, Last known committed idx: 2, Time since last communication: 0.000s
I20260710 13:16:42.956463  6525 raft_consensus.cc:1275] T 682f15463ba848068fa9cd1acf542366 P 49ec225771a4453ebd10d6bc9e293cc3 [term 3 FOLLOWER]: Refusing update from remote peer c6c8bbacb11d43d4b8e0c346f0c90a48: Log matching property violated. Preceding OpId in replica: term: 2 index: 2. Preceding OpId from leader: term: 3 index: 3. (index mismatch)
I20260710 13:16:42.957988  6828 consensus_queue.cc:1048] T 682f15463ba848068fa9cd1acf542366 P c6c8bbacb11d43d4b8e0c346f0c90a48 [LEADER]: Connected to new peer: Peer: permanent_uuid: "49ec225771a4453ebd10d6bc9e293cc3" member_type: VOTER last_known_addr { host: "127.5.186.193" port: 33397 }, Status: LMP_MISMATCH, Last received: 0.0, Next index: 3, Last known committed idx: 2, Time since last communication: 0.001s
I20260710 13:16:43.171833  6525 raft_consensus.cc:1275] T 8ca99c2c453f4b859095fa1a59d5862d P 49ec225771a4453ebd10d6bc9e293cc3 [term 3 FOLLOWER]: Refusing update from remote peer c6c8bbacb11d43d4b8e0c346f0c90a48: Log matching property violated. Preceding OpId in replica: term: 2 index: 2. Preceding OpId from leader: term: 3 index: 3. (index mismatch)
I20260710 13:16:43.173204  6828 consensus_queue.cc:1048] T 8ca99c2c453f4b859095fa1a59d5862d P c6c8bbacb11d43d4b8e0c346f0c90a48 [LEADER]: Connected to new peer: Peer: permanent_uuid: "49ec225771a4453ebd10d6bc9e293cc3" member_type: VOTER last_known_addr { host: "127.5.186.193" port: 33397 }, Status: LMP_MISMATCH, Last received: 0.0, Next index: 3, Last known committed idx: 2, Time since last communication: 0.000s
I20260710 13:16:43.182578  6596 raft_consensus.cc:1275] T 8ca99c2c453f4b859095fa1a59d5862d P f7140ba3812040d0abcd7bfd2b33df91 [term 3 FOLLOWER]: Refusing update from remote peer c6c8bbacb11d43d4b8e0c346f0c90a48: Log matching property violated. Preceding OpId in replica: term: 2 index: 2. Preceding OpId from leader: term: 3 index: 3. (index mismatch)
I20260710 13:16:43.187105  6810 consensus_queue.cc:1048] T 8ca99c2c453f4b859095fa1a59d5862d P c6c8bbacb11d43d4b8e0c346f0c90a48 [LEADER]: Connected to new peer: Peer: permanent_uuid: "f7140ba3812040d0abcd7bfd2b33df91" member_type: VOTER last_known_addr { host: "127.5.186.194" port: 44459 }, Status: LMP_MISMATCH, Last received: 0.0, Next index: 3, Last known committed idx: 2, Time since last communication: 0.000s
I20260710 13:16:43.445828  5867 auto_leader_rebalancer.cc:141] leader rebalance for table test-workload
I20260710 13:16:43.457876  6672 tablet_service.cc:2072] Received LeaderStepDown RPC: tablet_id: "8ca99c2c453f4b859095fa1a59d5862d"
dest_uuid: "c6c8bbacb11d43d4b8e0c346f0c90a48"
mode: GRACEFUL
new_leader_uuid: "49ec225771a4453ebd10d6bc9e293cc3"
 from {username='slave'} at 127.0.0.1:42658
I20260710 13:16:43.458458  6672 raft_consensus.cc:606] T 8ca99c2c453f4b859095fa1a59d5862d P c6c8bbacb11d43d4b8e0c346f0c90a48 [term 3 LEADER]: Received request to transfer leadership to TS 49ec225771a4453ebd10d6bc9e293cc3
I20260710 13:16:43.466060  6672 tablet_service.cc:2072] Received LeaderStepDown RPC: tablet_id: "682f15463ba848068fa9cd1acf542366"
dest_uuid: "c6c8bbacb11d43d4b8e0c346f0c90a48"
mode: GRACEFUL
new_leader_uuid: "49ec225771a4453ebd10d6bc9e293cc3"
 from {username='slave'} at 127.0.0.1:42658
I20260710 13:16:43.466668  6672 raft_consensus.cc:606] T 682f15463ba848068fa9cd1acf542366 P c6c8bbacb11d43d4b8e0c346f0c90a48 [term 3 LEADER]: Received request to transfer leadership to TS 49ec225771a4453ebd10d6bc9e293cc3
I20260710 13:16:43.477833  6596 tablet_service.cc:2072] Received LeaderStepDown RPC: tablet_id: "9b17499c8a87478f8fbd2448a7ef785d"
dest_uuid: "f7140ba3812040d0abcd7bfd2b33df91"
mode: GRACEFUL
new_leader_uuid: "49ec225771a4453ebd10d6bc9e293cc3"
 from {username='slave'} at 127.0.0.1:41626
I20260710 13:16:43.478365  6596 raft_consensus.cc:606] T 9b17499c8a87478f8fbd2448a7ef785d P f7140ba3812040d0abcd7bfd2b33df91 [term 2 LEADER]: Received request to transfer leadership to TS 49ec225771a4453ebd10d6bc9e293cc3
I20260710 13:16:43.483150  6596 tablet_service.cc:2072] Received LeaderStepDown RPC: tablet_id: "68c8c7181e064c289553dafc0d27fbe7"
dest_uuid: "f7140ba3812040d0abcd7bfd2b33df91"
mode: GRACEFUL
new_leader_uuid: "49ec225771a4453ebd10d6bc9e293cc3"
 from {username='slave'} at 127.0.0.1:41626
I20260710 13:16:43.483623  6596 raft_consensus.cc:606] T 68c8c7181e064c289553dafc0d27fbe7 P f7140ba3812040d0abcd7bfd2b33df91 [term 2 LEADER]: Received request to transfer leadership to TS 49ec225771a4453ebd10d6bc9e293cc3
I20260710 13:16:43.488919  6596 tablet_service.cc:2072] Received LeaderStepDown RPC: tablet_id: "e15f01a85b3848d1a2b389ecdcf009f5"
dest_uuid: "f7140ba3812040d0abcd7bfd2b33df91"
mode: GRACEFUL
new_leader_uuid: "49ec225771a4453ebd10d6bc9e293cc3"
 from {username='slave'} at 127.0.0.1:41626
I20260710 13:16:43.489506  6596 raft_consensus.cc:606] T e15f01a85b3848d1a2b389ecdcf009f5 P f7140ba3812040d0abcd7bfd2b33df91 [term 2 LEADER]: Received request to transfer leadership to TS 49ec225771a4453ebd10d6bc9e293cc3
I20260710 13:16:43.525815  6833 raft_consensus.cc:993] T e15f01a85b3848d1a2b389ecdcf009f5 P f7140ba3812040d0abcd7bfd2b33df91: : Instructing follower 49ec225771a4453ebd10d6bc9e293cc3 to start an election
I20260710 13:16:43.526358  6812 raft_consensus.cc:1081] T e15f01a85b3848d1a2b389ecdcf009f5 P f7140ba3812040d0abcd7bfd2b33df91 [term 2 LEADER]: Signalling peer 49ec225771a4453ebd10d6bc9e293cc3 to start an election
I20260710 13:16:43.527809  6525 tablet_service.cc:2044] Received Run Leader Election RPC: tablet_id: "e15f01a85b3848d1a2b389ecdcf009f5"
dest_uuid: "49ec225771a4453ebd10d6bc9e293cc3"
 from {username='slave'} at 127.0.0.1:51132
I20260710 13:16:43.528221  6525 raft_consensus.cc:493] T e15f01a85b3848d1a2b389ecdcf009f5 P 49ec225771a4453ebd10d6bc9e293cc3 [term 2 FOLLOWER]: Starting forced leader election (received explicit request)
I20260710 13:16:43.528467  6525 raft_consensus.cc:3060] T e15f01a85b3848d1a2b389ecdcf009f5 P 49ec225771a4453ebd10d6bc9e293cc3 [term 2 FOLLOWER]: Advancing to term 3
I20260710 13:16:43.532600  6525 raft_consensus.cc:515] T e15f01a85b3848d1a2b389ecdcf009f5 P 49ec225771a4453ebd10d6bc9e293cc3 [term 3 FOLLOWER]: Starting forced leader election with config: opid_index: -1 OBSOLETE_local: false peers { permanent_uuid: "49ec225771a4453ebd10d6bc9e293cc3" member_type: VOTER last_known_addr { host: "127.5.186.193" port: 33397 } } peers { permanent_uuid: "f7140ba3812040d0abcd7bfd2b33df91" member_type: VOTER last_known_addr { host: "127.5.186.194" port: 44459 } } peers { permanent_uuid: "c6c8bbacb11d43d4b8e0c346f0c90a48" member_type: VOTER last_known_addr { host: "127.5.186.195" port: 33231 } }
I20260710 13:16:43.534264  6525 leader_election.cc:290] T e15f01a85b3848d1a2b389ecdcf009f5 P 49ec225771a4453ebd10d6bc9e293cc3 [CANDIDATE]: Term 3 election: Requested vote from peers f7140ba3812040d0abcd7bfd2b33df91 (127.5.186.194:44459), c6c8bbacb11d43d4b8e0c346f0c90a48 (127.5.186.195:33231)
I20260710 13:16:43.535102  6596 tablet_service.cc:1917] Received RequestConsensusVote() RPC: tablet_id: "e15f01a85b3848d1a2b389ecdcf009f5" candidate_uuid: "49ec225771a4453ebd10d6bc9e293cc3" candidate_term: 3 candidate_status { last_received { term: 2 index: 2 } } ignore_live_leader: true dest_uuid: "f7140ba3812040d0abcd7bfd2b33df91"
I20260710 13:16:43.535681  6596 raft_consensus.cc:3055] T e15f01a85b3848d1a2b389ecdcf009f5 P f7140ba3812040d0abcd7bfd2b33df91 [term 2 LEADER]: Stepping down as leader of term 2
I20260710 13:16:43.535517  6672 tablet_service.cc:1917] Received RequestConsensusVote() RPC: tablet_id: "e15f01a85b3848d1a2b389ecdcf009f5" candidate_uuid: "49ec225771a4453ebd10d6bc9e293cc3" candidate_term: 3 candidate_status { last_received { term: 2 index: 2 } } ignore_live_leader: true dest_uuid: "c6c8bbacb11d43d4b8e0c346f0c90a48"
I20260710 13:16:43.535998  6596 raft_consensus.cc:740] T e15f01a85b3848d1a2b389ecdcf009f5 P f7140ba3812040d0abcd7bfd2b33df91 [term 2 LEADER]: Becoming Follower/Learner. State: Replica: f7140ba3812040d0abcd7bfd2b33df91, State: Running, Role: LEADER
I20260710 13:16:43.536224  6672 raft_consensus.cc:3060] T e15f01a85b3848d1a2b389ecdcf009f5 P c6c8bbacb11d43d4b8e0c346f0c90a48 [term 2 FOLLOWER]: Advancing to term 3
I20260710 13:16:43.536839  6596 consensus_queue.cc:260] T e15f01a85b3848d1a2b389ecdcf009f5 P f7140ba3812040d0abcd7bfd2b33df91 [NON_LEADER]: Queue going to NON_LEADER mode. State: All replicated index: 0, Majority replicated index: 2, Committed index: 2, Last appended: 2.2, Last appended by leader: 2, Current term: 2, Majority size: -1, State: 0, Mode: NON_LEADER, active raft config: opid_index: -1 OBSOLETE_local: false peers { permanent_uuid: "49ec225771a4453ebd10d6bc9e293cc3" member_type: VOTER last_known_addr { host: "127.5.186.193" port: 33397 } } peers { permanent_uuid: "f7140ba3812040d0abcd7bfd2b33df91" member_type: VOTER last_known_addr { host: "127.5.186.194" port: 44459 } } peers { permanent_uuid: "c6c8bbacb11d43d4b8e0c346f0c90a48" member_type: VOTER last_known_addr { host: "127.5.186.195" port: 33231 } }
I20260710 13:16:43.538230  6596 raft_consensus.cc:3060] T e15f01a85b3848d1a2b389ecdcf009f5 P f7140ba3812040d0abcd7bfd2b33df91 [term 2 FOLLOWER]: Advancing to term 3
I20260710 13:16:43.544552  6672 raft_consensus.cc:2468] T e15f01a85b3848d1a2b389ecdcf009f5 P c6c8bbacb11d43d4b8e0c346f0c90a48 [term 3 FOLLOWER]: Leader election vote request: Granting yes vote for candidate 49ec225771a4453ebd10d6bc9e293cc3 in term 3.
I20260710 13:16:43.545234  6596 raft_consensus.cc:2468] T e15f01a85b3848d1a2b389ecdcf009f5 P f7140ba3812040d0abcd7bfd2b33df91 [term 3 FOLLOWER]: Leader election vote request: Granting yes vote for candidate 49ec225771a4453ebd10d6bc9e293cc3 in term 3.
I20260710 13:16:43.546157  6492 leader_election.cc:304] T e15f01a85b3848d1a2b389ecdcf009f5 P 49ec225771a4453ebd10d6bc9e293cc3 [CANDIDATE]: Term 3 election: Election decided. Result: candidate won. Election summary: received 2 responses out of 3 voters: 2 yes votes; 0 no votes. yes voters: 49ec225771a4453ebd10d6bc9e293cc3, c6c8bbacb11d43d4b8e0c346f0c90a48; no voters: 
I20260710 13:16:43.547021  6772 raft_consensus.cc:2804] T e15f01a85b3848d1a2b389ecdcf009f5 P 49ec225771a4453ebd10d6bc9e293cc3 [term 3 FOLLOWER]: Leader election won for term 3
I20260710 13:16:43.548089  6772 raft_consensus.cc:697] T e15f01a85b3848d1a2b389ecdcf009f5 P 49ec225771a4453ebd10d6bc9e293cc3 [term 3 LEADER]: Becoming Leader. State: Replica: 49ec225771a4453ebd10d6bc9e293cc3, State: Running, Role: LEADER
I20260710 13:16:43.549012  6772 consensus_queue.cc:237] T e15f01a85b3848d1a2b389ecdcf009f5 P 49ec225771a4453ebd10d6bc9e293cc3 [LEADER]: Queue going to LEADER mode. State: All replicated index: 0, Majority replicated index: 2, Committed index: 2, Last appended: 2.2, Last appended by leader: 2, Current term: 3, Majority size: 2, State: 0, Mode: LEADER, active raft config: opid_index: -1 OBSOLETE_local: false peers { permanent_uuid: "49ec225771a4453ebd10d6bc9e293cc3" member_type: VOTER last_known_addr { host: "127.5.186.193" port: 33397 } } peers { permanent_uuid: "f7140ba3812040d0abcd7bfd2b33df91" member_type: VOTER last_known_addr { host: "127.5.186.194" port: 44459 } } peers { permanent_uuid: "c6c8bbacb11d43d4b8e0c346f0c90a48" member_type: VOTER last_known_addr { host: "127.5.186.195" port: 33231 } }
I20260710 13:16:43.557099  6421 catalog_manager.cc:5697] T e15f01a85b3848d1a2b389ecdcf009f5 P 49ec225771a4453ebd10d6bc9e293cc3 reported cstate change: term changed from 2 to 3, leader changed from f7140ba3812040d0abcd7bfd2b33df91 (127.5.186.194) to 49ec225771a4453ebd10d6bc9e293cc3 (127.5.186.193). New cstate: current_term: 3 leader_uuid: "49ec225771a4453ebd10d6bc9e293cc3" committed_config { opid_index: -1 OBSOLETE_local: false peers { permanent_uuid: "49ec225771a4453ebd10d6bc9e293cc3" member_type: VOTER last_known_addr { host: "127.5.186.193" port: 33397 } health_report { overall_health: HEALTHY } } peers { permanent_uuid: "f7140ba3812040d0abcd7bfd2b33df91" member_type: VOTER last_known_addr { host: "127.5.186.194" port: 44459 } health_report { overall_health: UNKNOWN } } peers { permanent_uuid: "c6c8bbacb11d43d4b8e0c346f0c90a48" member_type: VOTER last_known_addr { host: "127.5.186.195" port: 33231 } health_report { overall_health: UNKNOWN } } }
I20260710 13:16:43.707449  6833 raft_consensus.cc:993] T 68c8c7181e064c289553dafc0d27fbe7 P f7140ba3812040d0abcd7bfd2b33df91: : Instructing follower 49ec225771a4453ebd10d6bc9e293cc3 to start an election
I20260710 13:16:43.707898  6812 raft_consensus.cc:1081] T 68c8c7181e064c289553dafc0d27fbe7 P f7140ba3812040d0abcd7bfd2b33df91 [term 2 LEADER]: Signalling peer 49ec225771a4453ebd10d6bc9e293cc3 to start an election
I20260710 13:16:43.709519  6525 tablet_service.cc:2044] Received Run Leader Election RPC: tablet_id: "68c8c7181e064c289553dafc0d27fbe7"
dest_uuid: "49ec225771a4453ebd10d6bc9e293cc3"
 from {username='slave'} at 127.0.0.1:51132
I20260710 13:16:43.709972  6525 raft_consensus.cc:493] T 68c8c7181e064c289553dafc0d27fbe7 P 49ec225771a4453ebd10d6bc9e293cc3 [term 2 FOLLOWER]: Starting forced leader election (received explicit request)
I20260710 13:16:43.710325  6525 raft_consensus.cc:3060] T 68c8c7181e064c289553dafc0d27fbe7 P 49ec225771a4453ebd10d6bc9e293cc3 [term 2 FOLLOWER]: Advancing to term 3
I20260710 13:16:43.714349  6525 raft_consensus.cc:515] T 68c8c7181e064c289553dafc0d27fbe7 P 49ec225771a4453ebd10d6bc9e293cc3 [term 3 FOLLOWER]: Starting forced leader election with config: opid_index: -1 OBSOLETE_local: false peers { permanent_uuid: "49ec225771a4453ebd10d6bc9e293cc3" member_type: VOTER last_known_addr { host: "127.5.186.193" port: 33397 } } peers { permanent_uuid: "f7140ba3812040d0abcd7bfd2b33df91" member_type: VOTER last_known_addr { host: "127.5.186.194" port: 44459 } } peers { permanent_uuid: "c6c8bbacb11d43d4b8e0c346f0c90a48" member_type: VOTER last_known_addr { host: "127.5.186.195" port: 33231 } }
I20260710 13:16:43.715860  6525 leader_election.cc:290] T 68c8c7181e064c289553dafc0d27fbe7 P 49ec225771a4453ebd10d6bc9e293cc3 [CANDIDATE]: Term 3 election: Requested vote from peers f7140ba3812040d0abcd7bfd2b33df91 (127.5.186.194:44459), c6c8bbacb11d43d4b8e0c346f0c90a48 (127.5.186.195:33231)
I20260710 13:16:43.716603  6596 tablet_service.cc:1917] Received RequestConsensusVote() RPC: tablet_id: "68c8c7181e064c289553dafc0d27fbe7" candidate_uuid: "49ec225771a4453ebd10d6bc9e293cc3" candidate_term: 3 candidate_status { last_received { term: 2 index: 2 } } ignore_live_leader: true dest_uuid: "f7140ba3812040d0abcd7bfd2b33df91"
I20260710 13:16:43.716939  6672 tablet_service.cc:1917] Received RequestConsensusVote() RPC: tablet_id: "68c8c7181e064c289553dafc0d27fbe7" candidate_uuid: "49ec225771a4453ebd10d6bc9e293cc3" candidate_term: 3 candidate_status { last_received { term: 2 index: 2 } } ignore_live_leader: true dest_uuid: "c6c8bbacb11d43d4b8e0c346f0c90a48"
I20260710 13:16:43.717214  6596 raft_consensus.cc:3055] T 68c8c7181e064c289553dafc0d27fbe7 P f7140ba3812040d0abcd7bfd2b33df91 [term 2 LEADER]: Stepping down as leader of term 2
I20260710 13:16:43.717484  6672 raft_consensus.cc:3060] T 68c8c7181e064c289553dafc0d27fbe7 P c6c8bbacb11d43d4b8e0c346f0c90a48 [term 2 FOLLOWER]: Advancing to term 3
I20260710 13:16:43.717645  6596 raft_consensus.cc:740] T 68c8c7181e064c289553dafc0d27fbe7 P f7140ba3812040d0abcd7bfd2b33df91 [term 2 LEADER]: Becoming Follower/Learner. State: Replica: f7140ba3812040d0abcd7bfd2b33df91, State: Running, Role: LEADER
I20260710 13:16:43.718570  6596 consensus_queue.cc:260] T 68c8c7181e064c289553dafc0d27fbe7 P f7140ba3812040d0abcd7bfd2b33df91 [NON_LEADER]: Queue going to NON_LEADER mode. State: All replicated index: 0, Majority replicated index: 2, Committed index: 2, Last appended: 2.2, Last appended by leader: 2, Current term: 2, Majority size: -1, State: 0, Mode: NON_LEADER, active raft config: opid_index: -1 OBSOLETE_local: false peers { permanent_uuid: "49ec225771a4453ebd10d6bc9e293cc3" member_type: VOTER last_known_addr { host: "127.5.186.193" port: 33397 } } peers { permanent_uuid: "f7140ba3812040d0abcd7bfd2b33df91" member_type: VOTER last_known_addr { host: "127.5.186.194" port: 44459 } } peers { permanent_uuid: "c6c8bbacb11d43d4b8e0c346f0c90a48" member_type: VOTER last_known_addr { host: "127.5.186.195" port: 33231 } }
I20260710 13:16:43.719899  6596 raft_consensus.cc:3060] T 68c8c7181e064c289553dafc0d27fbe7 P f7140ba3812040d0abcd7bfd2b33df91 [term 2 FOLLOWER]: Advancing to term 3
I20260710 13:16:43.721123  6833 raft_consensus.cc:993] T 9b17499c8a87478f8fbd2448a7ef785d P f7140ba3812040d0abcd7bfd2b33df91: : Instructing follower 49ec225771a4453ebd10d6bc9e293cc3 to start an election
I20260710 13:16:43.721582  6833 raft_consensus.cc:1081] T 9b17499c8a87478f8fbd2448a7ef785d P f7140ba3812040d0abcd7bfd2b33df91 [term 2 LEADER]: Signalling peer 49ec225771a4453ebd10d6bc9e293cc3 to start an election
I20260710 13:16:43.723217  6525 tablet_service.cc:2044] Received Run Leader Election RPC: tablet_id: "9b17499c8a87478f8fbd2448a7ef785d"
dest_uuid: "49ec225771a4453ebd10d6bc9e293cc3"
 from {username='slave'} at 127.0.0.1:51132
I20260710 13:16:43.723680  6525 raft_consensus.cc:493] T 9b17499c8a87478f8fbd2448a7ef785d P 49ec225771a4453ebd10d6bc9e293cc3 [term 2 FOLLOWER]: Starting forced leader election (received explicit request)
I20260710 13:16:43.723987  6525 raft_consensus.cc:3060] T 9b17499c8a87478f8fbd2448a7ef785d P 49ec225771a4453ebd10d6bc9e293cc3 [term 2 FOLLOWER]: Advancing to term 3
I20260710 13:16:43.728174  6817 raft_consensus.cc:993] T 8ca99c2c453f4b859095fa1a59d5862d P c6c8bbacb11d43d4b8e0c346f0c90a48: : Instructing follower 49ec225771a4453ebd10d6bc9e293cc3 to start an election
I20260710 13:16:43.728603  6817 raft_consensus.cc:1081] T 8ca99c2c453f4b859095fa1a59d5862d P c6c8bbacb11d43d4b8e0c346f0c90a48 [term 3 LEADER]: Signalling peer 49ec225771a4453ebd10d6bc9e293cc3 to start an election
I20260710 13:16:43.730211  6596 raft_consensus.cc:2468] T 68c8c7181e064c289553dafc0d27fbe7 P f7140ba3812040d0abcd7bfd2b33df91 [term 3 FOLLOWER]: Leader election vote request: Granting yes vote for candidate 49ec225771a4453ebd10d6bc9e293cc3 in term 3.
I20260710 13:16:43.730363  6523 tablet_service.cc:2044] Received Run Leader Election RPC: tablet_id: "8ca99c2c453f4b859095fa1a59d5862d"
dest_uuid: "49ec225771a4453ebd10d6bc9e293cc3"
 from {username='slave'} at 127.0.0.1:58978
I20260710 13:16:43.730947  6523 raft_consensus.cc:493] T 8ca99c2c453f4b859095fa1a59d5862d P 49ec225771a4453ebd10d6bc9e293cc3 [term 3 FOLLOWER]: Starting forced leader election (received explicit request)
I20260710 13:16:43.731316  6523 raft_consensus.cc:3060] T 8ca99c2c453f4b859095fa1a59d5862d P 49ec225771a4453ebd10d6bc9e293cc3 [term 3 FOLLOWER]: Advancing to term 4
I20260710 13:16:43.731487  6490 leader_election.cc:304] T 68c8c7181e064c289553dafc0d27fbe7 P 49ec225771a4453ebd10d6bc9e293cc3 [CANDIDATE]: Term 3 election: Election decided. Result: candidate won. Election summary: received 2 responses out of 3 voters: 2 yes votes; 0 no votes. yes voters: 49ec225771a4453ebd10d6bc9e293cc3, f7140ba3812040d0abcd7bfd2b33df91; no voters: 
I20260710 13:16:43.731626  6525 raft_consensus.cc:515] T 9b17499c8a87478f8fbd2448a7ef785d P 49ec225771a4453ebd10d6bc9e293cc3 [term 3 FOLLOWER]: Starting forced leader election with config: opid_index: -1 OBSOLETE_local: false peers { permanent_uuid: "49ec225771a4453ebd10d6bc9e293cc3" member_type: VOTER last_known_addr { host: "127.5.186.193" port: 33397 } } peers { permanent_uuid: "f7140ba3812040d0abcd7bfd2b33df91" member_type: VOTER last_known_addr { host: "127.5.186.194" port: 44459 } } peers { permanent_uuid: "c6c8bbacb11d43d4b8e0c346f0c90a48" member_type: VOTER last_known_addr { host: "127.5.186.195" port: 33231 } }
I20260710 13:16:43.732421  6772 raft_consensus.cc:2804] T 68c8c7181e064c289553dafc0d27fbe7 P 49ec225771a4453ebd10d6bc9e293cc3 [term 3 FOLLOWER]: Leader election won for term 3
I20260710 13:16:43.732913  6772 raft_consensus.cc:697] T 68c8c7181e064c289553dafc0d27fbe7 P 49ec225771a4453ebd10d6bc9e293cc3 [term 3 LEADER]: Becoming Leader. State: Replica: 49ec225771a4453ebd10d6bc9e293cc3, State: Running, Role: LEADER
