I20260710 13:17:14.753541   761 raft_consensus.cc:385] T 398d61553be64e10929bc5d406b1a80c P c3f9ab10254146bc80ebc50ee2c802ed [term 0 FOLLOWER]: Consensus starting up: Expiring failure detector timer to make a prompt election more likely
I20260710 13:17:14.753935   761 raft_consensus.cc:740] T 398d61553be64e10929bc5d406b1a80c P c3f9ab10254146bc80ebc50ee2c802ed [term 0 FOLLOWER]: Becoming Follower/Learner. State: Replica: c3f9ab10254146bc80ebc50ee2c802ed, State: Initialized, Role: FOLLOWER
I20260710 13:17:14.754691   761 consensus_queue.cc:260] T 398d61553be64e10929bc5d406b1a80c P c3f9ab10254146bc80ebc50ee2c802ed [NON_LEADER]: Queue going to NON_LEADER mode. State: All replicated index: 0, Majority replicated index: 0, Committed index: 0, Last appended: 0.0, Last appended by leader: 0, Current term: 0, Majority size: -1, State: 0, Mode: NON_LEADER, active raft config: opid_index: -1 OBSOLETE_local: false peers { permanent_uuid: "c3f9ab10254146bc80ebc50ee2c802ed" member_type: VOTER last_known_addr { host: "127.0.107.193" port: 35803 } } peers { permanent_uuid: "db497ea53c564c8f9370d3877719359c" member_type: VOTER last_known_addr { host: "127.0.107.194" port: 44269 } } peers { permanent_uuid: "786b85385ac048758493082f6016e535" member_type: VOTER last_known_addr { host: "127.0.107.195" port: 39951 } }
I20260710 13:17:14.755395   757 tablet_bootstrap.cc:492] T f0f050392acb48b991eed85074e01100 P db497ea53c564c8f9370d3877719359c: No bootstrap required, opened a new log
I20260710 13:17:14.756428   757 ts_tablet_manager.cc:1403] T f0f050392acb48b991eed85074e01100 P db497ea53c564c8f9370d3877719359c: Time spent bootstrapping tablet: real 0.050s	user 0.013s	sys 0.023s
I20260710 13:17:14.757893   761 ts_tablet_manager.cc:1434] T 398d61553be64e10929bc5d406b1a80c P c3f9ab10254146bc80ebc50ee2c802ed: Time spent starting tablet: real 0.008s	user 0.007s	sys 0.001s
I20260710 13:17:14.758904   761 tablet_bootstrap.cc:492] T f0f050392acb48b991eed85074e01100 P c3f9ab10254146bc80ebc50ee2c802ed: Bootstrap starting.
I20260710 13:17:14.759439   757 raft_consensus.cc:359] T f0f050392acb48b991eed85074e01100 P db497ea53c564c8f9370d3877719359c [term 0 FOLLOWER]: Replica starting. Triggering 0 pending ops. Active config: opid_index: -1 OBSOLETE_local: false peers { permanent_uuid: "c3f9ab10254146bc80ebc50ee2c802ed" member_type: VOTER last_known_addr { host: "127.0.107.193" port: 35803 } } peers { permanent_uuid: "db497ea53c564c8f9370d3877719359c" member_type: VOTER last_known_addr { host: "127.0.107.194" port: 44269 } } peers { permanent_uuid: "786b85385ac048758493082f6016e535" member_type: VOTER last_known_addr { host: "127.0.107.195" port: 39951 } }
I20260710 13:17:14.760677   757 raft_consensus.cc:385] T f0f050392acb48b991eed85074e01100 P db497ea53c564c8f9370d3877719359c [term 0 FOLLOWER]: Consensus starting up: Expiring failure detector timer to make a prompt election more likely
I20260710 13:17:14.761014   757 raft_consensus.cc:740] T f0f050392acb48b991eed85074e01100 P db497ea53c564c8f9370d3877719359c [term 0 FOLLOWER]: Becoming Follower/Learner. State: Replica: db497ea53c564c8f9370d3877719359c, State: Initialized, Role: FOLLOWER
I20260710 13:17:14.761855   757 consensus_queue.cc:260] T f0f050392acb48b991eed85074e01100 P db497ea53c564c8f9370d3877719359c [NON_LEADER]: Queue going to NON_LEADER mode. State: All replicated index: 0, Majority replicated index: 0, Committed index: 0, Last appended: 0.0, Last appended by leader: 0, Current term: 0, Majority size: -1, State: 0, Mode: NON_LEADER, active raft config: opid_index: -1 OBSOLETE_local: false peers { permanent_uuid: "c3f9ab10254146bc80ebc50ee2c802ed" member_type: VOTER last_known_addr { host: "127.0.107.193" port: 35803 } } peers { permanent_uuid: "db497ea53c564c8f9370d3877719359c" member_type: VOTER last_known_addr { host: "127.0.107.194" port: 44269 } } peers { permanent_uuid: "786b85385ac048758493082f6016e535" member_type: VOTER last_known_addr { host: "127.0.107.195" port: 39951 } }
I20260710 13:17:14.765005   757 ts_tablet_manager.cc:1434] T f0f050392acb48b991eed85074e01100 P db497ea53c564c8f9370d3877719359c: Time spent starting tablet: real 0.008s	user 0.003s	sys 0.003s
I20260710 13:17:14.766083   757 tablet_bootstrap.cc:492] T 6d9ab7b99d57403bbcacb9c9e1056c29 P db497ea53c564c8f9370d3877719359c: Bootstrap starting.
I20260710 13:17:14.766495   761 tablet_bootstrap.cc:654] T f0f050392acb48b991eed85074e01100 P c3f9ab10254146bc80ebc50ee2c802ed: Neither blocks nor log segments found. Creating new log.
I20260710 13:17:14.774065   768 raft_consensus.cc:493] T 6d9ab7b99d57403bbcacb9c9e1056c29 P c3f9ab10254146bc80ebc50ee2c802ed [term 0 FOLLOWER]: Starting pre-election (no leader contacted us within the election timeout)
I20260710 13:17:14.774629   768 raft_consensus.cc:515] T 6d9ab7b99d57403bbcacb9c9e1056c29 P c3f9ab10254146bc80ebc50ee2c802ed [term 0 FOLLOWER]: Starting pre-election with config: opid_index: -1 OBSOLETE_local: false peers { permanent_uuid: "c3f9ab10254146bc80ebc50ee2c802ed" member_type: VOTER last_known_addr { host: "127.0.107.193" port: 35803 } } peers { permanent_uuid: "db497ea53c564c8f9370d3877719359c" member_type: VOTER last_known_addr { host: "127.0.107.194" port: 44269 } } peers { permanent_uuid: "786b85385ac048758493082f6016e535" member_type: VOTER last_known_addr { host: "127.0.107.195" port: 39951 } }
I20260710 13:17:14.785672   768 leader_election.cc:290] T 6d9ab7b99d57403bbcacb9c9e1056c29 P c3f9ab10254146bc80ebc50ee2c802ed [CANDIDATE]: Term 1 pre-election: Requested pre-vote from peers db497ea53c564c8f9370d3877719359c (127.0.107.194:44269), 786b85385ac048758493082f6016e535 (127.0.107.195:39951)
I20260710 13:17:14.795288   768 raft_consensus.cc:493] T 398d61553be64e10929bc5d406b1a80c P c3f9ab10254146bc80ebc50ee2c802ed [term 0 FOLLOWER]: Starting pre-election (no leader contacted us within the election timeout)
I20260710 13:17:14.796474   768 raft_consensus.cc:515] T 398d61553be64e10929bc5d406b1a80c P c3f9ab10254146bc80ebc50ee2c802ed [term 0 FOLLOWER]: Starting pre-election with config: opid_index: -1 OBSOLETE_local: false peers { permanent_uuid: "c3f9ab10254146bc80ebc50ee2c802ed" member_type: VOTER last_known_addr { host: "127.0.107.193" port: 35803 } } peers { permanent_uuid: "db497ea53c564c8f9370d3877719359c" member_type: VOTER last_known_addr { host: "127.0.107.194" port: 44269 } } peers { permanent_uuid: "786b85385ac048758493082f6016e535" member_type: VOTER last_known_addr { host: "127.0.107.195" port: 39951 } }
I20260710 13:17:14.802033   768 leader_election.cc:290] T 398d61553be64e10929bc5d406b1a80c P c3f9ab10254146bc80ebc50ee2c802ed [CANDIDATE]: Term 1 pre-election: Requested pre-vote from peers db497ea53c564c8f9370d3877719359c (127.0.107.194:44269), 786b85385ac048758493082f6016e535 (127.0.107.195:39951)
I20260710 13:17:14.803651   757 tablet_bootstrap.cc:654] T 6d9ab7b99d57403bbcacb9c9e1056c29 P db497ea53c564c8f9370d3877719359c: Neither blocks nor log segments found. Creating new log.
I20260710 13:17:14.814505   761 tablet_bootstrap.cc:492] T f0f050392acb48b991eed85074e01100 P c3f9ab10254146bc80ebc50ee2c802ed: No bootstrap required, opened a new log
I20260710 13:17:14.816207   761 ts_tablet_manager.cc:1403] T f0f050392acb48b991eed85074e01100 P c3f9ab10254146bc80ebc50ee2c802ed: Time spent bootstrapping tablet: real 0.057s	user 0.031s	sys 0.008s
I20260710 13:17:14.821455   758 tablet_bootstrap.cc:492] T f0f050392acb48b991eed85074e01100 P 786b85385ac048758493082f6016e535: No bootstrap required, opened a new log
I20260710 13:17:14.822962   758 ts_tablet_manager.cc:1403] T f0f050392acb48b991eed85074e01100 P 786b85385ac048758493082f6016e535: Time spent bootstrapping tablet: real 0.082s	user 0.017s	sys 0.008s
I20260710 13:17:14.827607   761 raft_consensus.cc:359] T f0f050392acb48b991eed85074e01100 P c3f9ab10254146bc80ebc50ee2c802ed [term 0 FOLLOWER]: Replica starting. Triggering 0 pending ops. Active config: opid_index: -1 OBSOLETE_local: false peers { permanent_uuid: "c3f9ab10254146bc80ebc50ee2c802ed" member_type: VOTER last_known_addr { host: "127.0.107.193" port: 35803 } } peers { permanent_uuid: "db497ea53c564c8f9370d3877719359c" member_type: VOTER last_known_addr { host: "127.0.107.194" port: 44269 } } peers { permanent_uuid: "786b85385ac048758493082f6016e535" member_type: VOTER last_known_addr { host: "127.0.107.195" port: 39951 } }
I20260710 13:17:14.828572   761 raft_consensus.cc:385] T f0f050392acb48b991eed85074e01100 P c3f9ab10254146bc80ebc50ee2c802ed [term 0 FOLLOWER]: Consensus starting up: Expiring failure detector timer to make a prompt election more likely
I20260710 13:17:14.828992   761 raft_consensus.cc:740] T f0f050392acb48b991eed85074e01100 P c3f9ab10254146bc80ebc50ee2c802ed [term 0 FOLLOWER]: Becoming Follower/Learner. State: Replica: c3f9ab10254146bc80ebc50ee2c802ed, State: Initialized, Role: FOLLOWER
I20260710 13:17:14.830031   761 consensus_queue.cc:260] T f0f050392acb48b991eed85074e01100 P c3f9ab10254146bc80ebc50ee2c802ed [NON_LEADER]: Queue going to NON_LEADER mode. State: All replicated index: 0, Majority replicated index: 0, Committed index: 0, Last appended: 0.0, Last appended by leader: 0, Current term: 0, Majority size: -1, State: 0, Mode: NON_LEADER, active raft config: opid_index: -1 OBSOLETE_local: false peers { permanent_uuid: "c3f9ab10254146bc80ebc50ee2c802ed" member_type: VOTER last_known_addr { host: "127.0.107.193" port: 35803 } } peers { permanent_uuid: "db497ea53c564c8f9370d3877719359c" member_type: VOTER last_known_addr { host: "127.0.107.194" port: 44269 } } peers { permanent_uuid: "786b85385ac048758493082f6016e535" member_type: VOTER last_known_addr { host: "127.0.107.195" port: 39951 } }
I20260710 13:17:14.832247   761 ts_tablet_manager.cc:1434] T f0f050392acb48b991eed85074e01100 P c3f9ab10254146bc80ebc50ee2c802ed: Time spent starting tablet: real 0.014s	user 0.005s	sys 0.000s
I20260710 13:17:14.833132   757 tablet_bootstrap.cc:492] T 6d9ab7b99d57403bbcacb9c9e1056c29 P db497ea53c564c8f9370d3877719359c: No bootstrap required, opened a new log
I20260710 13:17:14.833362   761 tablet_bootstrap.cc:492] T e02e372627734a929df01180199ab1e7 P c3f9ab10254146bc80ebc50ee2c802ed: Bootstrap starting.
I20260710 13:17:14.833638   757 ts_tablet_manager.cc:1403] T 6d9ab7b99d57403bbcacb9c9e1056c29 P db497ea53c564c8f9370d3877719359c: Time spent bootstrapping tablet: real 0.068s	user 0.003s	sys 0.015s
I20260710 13:17:14.838790   758 raft_consensus.cc:359] T f0f050392acb48b991eed85074e01100 P 786b85385ac048758493082f6016e535 [term 0 FOLLOWER]: Replica starting. Triggering 0 pending ops. Active config: opid_index: -1 OBSOLETE_local: false peers { permanent_uuid: "c3f9ab10254146bc80ebc50ee2c802ed" member_type: VOTER last_known_addr { host: "127.0.107.193" port: 35803 } } peers { permanent_uuid: "db497ea53c564c8f9370d3877719359c" member_type: VOTER last_known_addr { host: "127.0.107.194" port: 44269 } } peers { permanent_uuid: "786b85385ac048758493082f6016e535" member_type: VOTER last_known_addr { host: "127.0.107.195" port: 39951 } }
I20260710 13:17:14.841356   758 raft_consensus.cc:385] T f0f050392acb48b991eed85074e01100 P 786b85385ac048758493082f6016e535 [term 0 FOLLOWER]: Consensus starting up: Expiring failure detector timer to make a prompt election more likely
I20260710 13:17:14.841751   758 raft_consensus.cc:740] T f0f050392acb48b991eed85074e01100 P 786b85385ac048758493082f6016e535 [term 0 FOLLOWER]: Becoming Follower/Learner. State: Replica: 786b85385ac048758493082f6016e535, State: Initialized, Role: FOLLOWER
I20260710 13:17:14.843155   758 consensus_queue.cc:260] T f0f050392acb48b991eed85074e01100 P 786b85385ac048758493082f6016e535 [NON_LEADER]: Queue going to NON_LEADER mode. State: All replicated index: 0, Majority replicated index: 0, Committed index: 0, Last appended: 0.0, Last appended by leader: 0, Current term: 0, Majority size: -1, State: 0, Mode: NON_LEADER, active raft config: opid_index: -1 OBSOLETE_local: false peers { permanent_uuid: "c3f9ab10254146bc80ebc50ee2c802ed" member_type: VOTER last_known_addr { host: "127.0.107.193" port: 35803 } } peers { permanent_uuid: "db497ea53c564c8f9370d3877719359c" member_type: VOTER last_known_addr { host: "127.0.107.194" port: 44269 } } peers { permanent_uuid: "786b85385ac048758493082f6016e535" member_type: VOTER last_known_addr { host: "127.0.107.195" port: 39951 } }
I20260710 13:17:14.851624   757 raft_consensus.cc:359] T 6d9ab7b99d57403bbcacb9c9e1056c29 P db497ea53c564c8f9370d3877719359c [term 0 FOLLOWER]: Replica starting. Triggering 0 pending ops. Active config: opid_index: -1 OBSOLETE_local: false peers { permanent_uuid: "c3f9ab10254146bc80ebc50ee2c802ed" member_type: VOTER last_known_addr { host: "127.0.107.193" port: 35803 } } peers { permanent_uuid: "db497ea53c564c8f9370d3877719359c" member_type: VOTER last_known_addr { host: "127.0.107.194" port: 44269 } } peers { permanent_uuid: "786b85385ac048758493082f6016e535" member_type: VOTER last_known_addr { host: "127.0.107.195" port: 39951 } }
I20260710 13:17:14.852581   764 raft_consensus.cc:493] T 877bc19f3dfd4a87b4ab29912cfc3929 P 786b85385ac048758493082f6016e535 [term 0 FOLLOWER]: Starting pre-election (no leader contacted us within the election timeout)
I20260710 13:17:14.852921   757 raft_consensus.cc:385] T 6d9ab7b99d57403bbcacb9c9e1056c29 P db497ea53c564c8f9370d3877719359c [term 0 FOLLOWER]: Consensus starting up: Expiring failure detector timer to make a prompt election more likely
I20260710 13:17:14.853926   757 raft_consensus.cc:740] T 6d9ab7b99d57403bbcacb9c9e1056c29 P db497ea53c564c8f9370d3877719359c [term 0 FOLLOWER]: Becoming Follower/Learner. State: Replica: db497ea53c564c8f9370d3877719359c, State: Initialized, Role: FOLLOWER
I20260710 13:17:14.851287   640 tablet_service.cc:1917] Received RequestConsensusVote() RPC: tablet_id: "398d61553be64e10929bc5d406b1a80c" candidate_uuid: "c3f9ab10254146bc80ebc50ee2c802ed" candidate_term: 1 candidate_status { last_received { term: 0 index: 0 } } ignore_live_leader: false dest_uuid: "db497ea53c564c8f9370d3877719359c" is_pre_election: true
I20260710 13:17:14.852003   758 ts_tablet_manager.cc:1434] T f0f050392acb48b991eed85074e01100 P 786b85385ac048758493082f6016e535: Time spent starting tablet: real 0.027s	user 0.007s	sys 0.003s
I20260710 13:17:14.853456   761 tablet_bootstrap.cc:654] T e02e372627734a929df01180199ab1e7 P c3f9ab10254146bc80ebc50ee2c802ed: Neither blocks nor log segments found. Creating new log.
I20260710 13:17:14.853690   764 raft_consensus.cc:515] T 877bc19f3dfd4a87b4ab29912cfc3929 P 786b85385ac048758493082f6016e535 [term 0 FOLLOWER]: Starting pre-election with config: opid_index: -1 OBSOLETE_local: false peers { permanent_uuid: "c3f9ab10254146bc80ebc50ee2c802ed" member_type: VOTER last_known_addr { host: "127.0.107.193" port: 35803 } } peers { permanent_uuid: "db497ea53c564c8f9370d3877719359c" member_type: VOTER last_known_addr { host: "127.0.107.194" port: 44269 } } peers { permanent_uuid: "786b85385ac048758493082f6016e535" member_type: VOTER last_known_addr { host: "127.0.107.195" port: 39951 } }
I20260710 13:17:14.850888   641 tablet_service.cc:1917] Received RequestConsensusVote() RPC: tablet_id: "6d9ab7b99d57403bbcacb9c9e1056c29" candidate_uuid: "c3f9ab10254146bc80ebc50ee2c802ed" candidate_term: 1 candidate_status { last_received { term: 0 index: 0 } } ignore_live_leader: false dest_uuid: "db497ea53c564c8f9370d3877719359c" is_pre_election: true
I20260710 13:17:14.857198   640 raft_consensus.cc:2468] T 398d61553be64e10929bc5d406b1a80c P db497ea53c564c8f9370d3877719359c [term 0 FOLLOWER]: Leader pre-election vote request: Granting yes vote for candidate c3f9ab10254146bc80ebc50ee2c802ed in term 0.
I20260710 13:17:14.857059   757 consensus_queue.cc:260] T 6d9ab7b99d57403bbcacb9c9e1056c29 P db497ea53c564c8f9370d3877719359c [NON_LEADER]: Queue going to NON_LEADER mode. State: All replicated index: 0, Majority replicated index: 0, Committed index: 0, Last appended: 0.0, Last appended by leader: 0, Current term: 0, Majority size: -1, State: 0, Mode: NON_LEADER, active raft config: opid_index: -1 OBSOLETE_local: false peers { permanent_uuid: "c3f9ab10254146bc80ebc50ee2c802ed" member_type: VOTER last_known_addr { host: "127.0.107.193" port: 35803 } } peers { permanent_uuid: "db497ea53c564c8f9370d3877719359c" member_type: VOTER last_known_addr { host: "127.0.107.194" port: 44269 } } peers { permanent_uuid: "786b85385ac048758493082f6016e535" member_type: VOTER last_known_addr { host: "127.0.107.195" port: 39951 } }
I20260710 13:17:14.859750   758 tablet_bootstrap.cc:492] T 398d61553be64e10929bc5d406b1a80c P 786b85385ac048758493082f6016e535: Bootstrap starting.
I20260710 13:17:14.859375   641 raft_consensus.cc:2468] T 6d9ab7b99d57403bbcacb9c9e1056c29 P db497ea53c564c8f9370d3877719359c [term 0 FOLLOWER]: Leader pre-election vote request: Granting yes vote for candidate c3f9ab10254146bc80ebc50ee2c802ed in term 0.
I20260710 13:17:14.860590   529 leader_election.cc:304] T 398d61553be64e10929bc5d406b1a80c P c3f9ab10254146bc80ebc50ee2c802ed [CANDIDATE]: Term 1 pre-election: Election decided. Result: candidate won. Election summary: received 2 responses out of 3 voters: 2 yes votes; 0 no votes. yes voters: c3f9ab10254146bc80ebc50ee2c802ed, db497ea53c564c8f9370d3877719359c; no voters: 
I20260710 13:17:14.862733   764 leader_election.cc:290] T 877bc19f3dfd4a87b4ab29912cfc3929 P 786b85385ac048758493082f6016e535 [CANDIDATE]: Term 1 pre-election: Requested pre-vote from peers c3f9ab10254146bc80ebc50ee2c802ed (127.0.107.193:35803), db497ea53c564c8f9370d3877719359c (127.0.107.194:44269)
I20260710 13:17:14.865490   768 raft_consensus.cc:2804] T 398d61553be64e10929bc5d406b1a80c P c3f9ab10254146bc80ebc50ee2c802ed [term 0 FOLLOWER]: Leader pre-election won for term 1
I20260710 13:17:14.865913   768 raft_consensus.cc:493] T 398d61553be64e10929bc5d406b1a80c P c3f9ab10254146bc80ebc50ee2c802ed [term 0 FOLLOWER]: Starting leader election (no leader contacted us within the election timeout)
I20260710 13:17:14.866252   768 raft_consensus.cc:3060] T 398d61553be64e10929bc5d406b1a80c P c3f9ab10254146bc80ebc50ee2c802ed [term 0 FOLLOWER]: Advancing to term 1
I20260710 13:17:14.866480   715 tablet_service.cc:1917] Received RequestConsensusVote() RPC: tablet_id: "6d9ab7b99d57403bbcacb9c9e1056c29" candidate_uuid: "c3f9ab10254146bc80ebc50ee2c802ed" candidate_term: 1 candidate_status { last_received { term: 0 index: 0 } } ignore_live_leader: false dest_uuid: "786b85385ac048758493082f6016e535" is_pre_election: true
I20260710 13:17:14.868206   715 raft_consensus.cc:2468] T 6d9ab7b99d57403bbcacb9c9e1056c29 P 786b85385ac048758493082f6016e535 [term 0 FOLLOWER]: Leader pre-election vote request: Granting yes vote for candidate c3f9ab10254146bc80ebc50ee2c802ed in term 0.
I20260710 13:17:14.869715   714 tablet_service.cc:1917] Received RequestConsensusVote() RPC: tablet_id: "398d61553be64e10929bc5d406b1a80c" candidate_uuid: "c3f9ab10254146bc80ebc50ee2c802ed" candidate_term: 1 candidate_status { last_received { term: 0 index: 0 } } ignore_live_leader: false dest_uuid: "786b85385ac048758493082f6016e535" is_pre_election: true
I20260710 13:17:14.872439   529 leader_election.cc:304] T 6d9ab7b99d57403bbcacb9c9e1056c29 P c3f9ab10254146bc80ebc50ee2c802ed [CANDIDATE]: Term 1 pre-election: Election decided. Result: candidate won. Election summary: received 2 responses out of 3 voters: 2 yes votes; 0 no votes. yes voters: 786b85385ac048758493082f6016e535, c3f9ab10254146bc80ebc50ee2c802ed; no voters: 
I20260710 13:17:14.876988   757 ts_tablet_manager.cc:1434] T 6d9ab7b99d57403bbcacb9c9e1056c29 P db497ea53c564c8f9370d3877719359c: Time spent starting tablet: real 0.039s	user 0.002s	sys 0.009s
I20260710 13:17:14.879841   757 tablet_bootstrap.cc:492] T efa2bb1ce3844e14baa6c5403c603f78 P db497ea53c564c8f9370d3877719359c: Bootstrap starting.
W20260710 13:17:14.892567   529 leader_election.cc:343] T 398d61553be64e10929bc5d406b1a80c P c3f9ab10254146bc80ebc50ee2c802ed [CANDIDATE]: Term 1 pre-election: Tablet error from VoteRequest() call to peer 786b85385ac048758493082f6016e535 (127.0.107.195:39951): Illegal state: must be running to vote when last-logged opid is not known
I20260710 13:17:14.899971   758 tablet_bootstrap.cc:654] T 398d61553be64e10929bc5d406b1a80c P 786b85385ac048758493082f6016e535: Neither blocks nor log segments found. Creating new log.
I20260710 13:17:14.908751   795 raft_consensus.cc:2804] T 6d9ab7b99d57403bbcacb9c9e1056c29 P c3f9ab10254146bc80ebc50ee2c802ed [term 0 FOLLOWER]: Leader pre-election won for term 1
I20260710 13:17:14.913769   795 raft_consensus.cc:493] T 6d9ab7b99d57403bbcacb9c9e1056c29 P c3f9ab10254146bc80ebc50ee2c802ed [term 0 FOLLOWER]: Starting leader election (no leader contacted us within the election timeout)
I20260710 13:17:14.917893   795 raft_consensus.cc:3060] T 6d9ab7b99d57403bbcacb9c9e1056c29 P c3f9ab10254146bc80ebc50ee2c802ed [term 0 FOLLOWER]: Advancing to term 1
I20260710 13:17:14.916388   768 raft_consensus.cc:515] T 398d61553be64e10929bc5d406b1a80c P c3f9ab10254146bc80ebc50ee2c802ed [term 1 FOLLOWER]: Starting leader election with config: opid_index: -1 OBSOLETE_local: false peers { permanent_uuid: "c3f9ab10254146bc80ebc50ee2c802ed" member_type: VOTER last_known_addr { host: "127.0.107.193" port: 35803 } } peers { permanent_uuid: "db497ea53c564c8f9370d3877719359c" member_type: VOTER last_known_addr { host: "127.0.107.194" port: 44269 } } peers { permanent_uuid: "786b85385ac048758493082f6016e535" member_type: VOTER last_known_addr { host: "127.0.107.195" port: 39951 } }
I20260710 13:17:14.926913   761 tablet_bootstrap.cc:492] T e02e372627734a929df01180199ab1e7 P c3f9ab10254146bc80ebc50ee2c802ed: No bootstrap required, opened a new log
I20260710 13:17:14.928952   761 ts_tablet_manager.cc:1403] T e02e372627734a929df01180199ab1e7 P c3f9ab10254146bc80ebc50ee2c802ed: Time spent bootstrapping tablet: real 0.096s	user 0.026s	sys 0.010s
I20260710 13:17:14.928226   566 tablet_service.cc:1917] Received RequestConsensusVote() RPC: tablet_id: "877bc19f3dfd4a87b4ab29912cfc3929" candidate_uuid: "786b85385ac048758493082f6016e535" candidate_term: 1 candidate_status { last_received { term: 0 index: 0 } } ignore_live_leader: false dest_uuid: "c3f9ab10254146bc80ebc50ee2c802ed" is_pre_election: true
I20260710 13:17:14.930797   566 raft_consensus.cc:2468] T 877bc19f3dfd4a87b4ab29912cfc3929 P c3f9ab10254146bc80ebc50ee2c802ed [term 0 FOLLOWER]: Leader pre-election vote request: Granting yes vote for candidate 786b85385ac048758493082f6016e535 in term 0.
I20260710 13:17:14.933171   641 tablet_service.cc:1917] Received RequestConsensusVote() RPC: tablet_id: "398d61553be64e10929bc5d406b1a80c" candidate_uuid: "c3f9ab10254146bc80ebc50ee2c802ed" candidate_term: 1 candidate_status { last_received { term: 0 index: 0 } } ignore_live_leader: false dest_uuid: "db497ea53c564c8f9370d3877719359c"
I20260710 13:17:14.933863   757 tablet_bootstrap.cc:654] T efa2bb1ce3844e14baa6c5403c603f78 P db497ea53c564c8f9370d3877719359c: Neither blocks nor log segments found. Creating new log.
I20260710 13:17:14.933809   641 raft_consensus.cc:3060] T 398d61553be64e10929bc5d406b1a80c P db497ea53c564c8f9370d3877719359c [term 0 FOLLOWER]: Advancing to term 1
I20260710 13:17:14.937209   678 leader_election.cc:304] T 877bc19f3dfd4a87b4ab29912cfc3929 P 786b85385ac048758493082f6016e535 [CANDIDATE]: Term 1 pre-election: Election decided. Result: candidate won. Election summary: received 2 responses out of 3 voters: 2 yes votes; 0 no votes. yes voters: 786b85385ac048758493082f6016e535, c3f9ab10254146bc80ebc50ee2c802ed; no voters: 
I20260710 13:17:14.938496   768 leader_election.cc:290] T 398d61553be64e10929bc5d406b1a80c P c3f9ab10254146bc80ebc50ee2c802ed [CANDIDATE]: Term 1 election: Requested vote from peers db497ea53c564c8f9370d3877719359c (127.0.107.194:44269), 786b85385ac048758493082f6016e535 (127.0.107.195:39951)
I20260710 13:17:14.940824   764 raft_consensus.cc:2804] T 877bc19f3dfd4a87b4ab29912cfc3929 P 786b85385ac048758493082f6016e535 [term 0 FOLLOWER]: Leader pre-election won for term 1
I20260710 13:17:14.942220   764 raft_consensus.cc:493] T 877bc19f3dfd4a87b4ab29912cfc3929 P 786b85385ac048758493082f6016e535 [term 0 FOLLOWER]: Starting leader election (no leader contacted us within the election timeout)
I20260710 13:17:14.953074   768 raft_consensus.cc:493] T f0f050392acb48b991eed85074e01100 P c3f9ab10254146bc80ebc50ee2c802ed [term 0 FOLLOWER]: Starting pre-election (no leader contacted us within the election timeout)
I20260710 13:17:14.942404   714 tablet_service.cc:1917] Received RequestConsensusVote() RPC: tablet_id: "398d61553be64e10929bc5d406b1a80c" candidate_uuid: "c3f9ab10254146bc80ebc50ee2c802ed" candidate_term: 1 candidate_status { last_received { term: 0 index: 0 } } ignore_live_leader: false dest_uuid: "786b85385ac048758493082f6016e535"
I20260710 13:17:14.957552   768 raft_consensus.cc:515] T f0f050392acb48b991eed85074e01100 P c3f9ab10254146bc80ebc50ee2c802ed [term 0 FOLLOWER]: Starting pre-election with config: opid_index: -1 OBSOLETE_local: false peers { permanent_uuid: "c3f9ab10254146bc80ebc50ee2c802ed" member_type: VOTER last_known_addr { host: "127.0.107.193" port: 35803 } } peers { permanent_uuid: "db497ea53c564c8f9370d3877719359c" member_type: VOTER last_known_addr { host: "127.0.107.194" port: 44269 } } peers { permanent_uuid: "786b85385ac048758493082f6016e535" member_type: VOTER last_known_addr { host: "127.0.107.195" port: 39951 } }
I20260710 13:17:14.957875   761 raft_consensus.cc:359] T e02e372627734a929df01180199ab1e7 P c3f9ab10254146bc80ebc50ee2c802ed [term 0 FOLLOWER]: Replica starting. Triggering 0 pending ops. Active config: opid_index: -1 OBSOLETE_local: false peers { permanent_uuid: "c3f9ab10254146bc80ebc50ee2c802ed" member_type: VOTER last_known_addr { host: "127.0.107.193" port: 35803 } } peers { permanent_uuid: "db497ea53c564c8f9370d3877719359c" member_type: VOTER last_known_addr { host: "127.0.107.194" port: 44269 } } peers { permanent_uuid: "786b85385ac048758493082f6016e535" member_type: VOTER last_known_addr { host: "127.0.107.195" port: 39951 } }
I20260710 13:17:14.958564   761 raft_consensus.cc:385] T e02e372627734a929df01180199ab1e7 P c3f9ab10254146bc80ebc50ee2c802ed [term 0 FOLLOWER]: Consensus starting up: Expiring failure detector timer to make a prompt election more likely
I20260710 13:17:14.958871   761 raft_consensus.cc:740] T e02e372627734a929df01180199ab1e7 P c3f9ab10254146bc80ebc50ee2c802ed [term 0 FOLLOWER]: Becoming Follower/Learner. State: Replica: c3f9ab10254146bc80ebc50ee2c802ed, State: Initialized, Role: FOLLOWER
W20260710 13:17:14.959213   529 leader_election.cc:343] T 398d61553be64e10929bc5d406b1a80c P c3f9ab10254146bc80ebc50ee2c802ed [CANDIDATE]: Term 1 election: Tablet error from VoteRequest() call to peer 786b85385ac048758493082f6016e535 (127.0.107.195:39951): Illegal state: must be running to vote when last-logged opid is not known
I20260710 13:17:14.959782   768 leader_election.cc:290] T f0f050392acb48b991eed85074e01100 P c3f9ab10254146bc80ebc50ee2c802ed [CANDIDATE]: Term 1 pre-election: Requested pre-vote from peers db497ea53c564c8f9370d3877719359c (127.0.107.194:44269), 786b85385ac048758493082f6016e535 (127.0.107.195:39951)
I20260710 13:17:14.959611   761 consensus_queue.cc:260] T e02e372627734a929df01180199ab1e7 P c3f9ab10254146bc80ebc50ee2c802ed [NON_LEADER]: Queue going to NON_LEADER mode. State: All replicated index: 0, Majority replicated index: 0, Committed index: 0, Last appended: 0.0, Last appended by leader: 0, Current term: 0, Majority size: -1, State: 0, Mode: NON_LEADER, active raft config: opid_index: -1 OBSOLETE_local: false peers { permanent_uuid: "c3f9ab10254146bc80ebc50ee2c802ed" member_type: VOTER last_known_addr { host: "127.0.107.193" port: 35803 } } peers { permanent_uuid: "db497ea53c564c8f9370d3877719359c" member_type: VOTER last_known_addr { host: "127.0.107.194" port: 44269 } } peers { permanent_uuid: "786b85385ac048758493082f6016e535" member_type: VOTER last_known_addr { host: "127.0.107.195" port: 39951 } }
I20260710 13:17:14.960282   764 raft_consensus.cc:3060] T 877bc19f3dfd4a87b4ab29912cfc3929 P 786b85385ac048758493082f6016e535 [term 0 FOLLOWER]: Advancing to term 1
I20260710 13:17:14.961354   640 tablet_service.cc:1917] Received RequestConsensusVote() RPC: tablet_id: "f0f050392acb48b991eed85074e01100" candidate_uuid: "c3f9ab10254146bc80ebc50ee2c802ed" candidate_term: 1 candidate_status { last_received { term: 0 index: 0 } } ignore_live_leader: false dest_uuid: "db497ea53c564c8f9370d3877719359c" is_pre_election: true
I20260710 13:17:14.962471   640 raft_consensus.cc:2468] T f0f050392acb48b991eed85074e01100 P db497ea53c564c8f9370d3877719359c [term 0 FOLLOWER]: Leader pre-election vote request: Granting yes vote for candidate c3f9ab10254146bc80ebc50ee2c802ed in term 0.
I20260710 13:17:14.963016   761 ts_tablet_manager.cc:1434] T e02e372627734a929df01180199ab1e7 P c3f9ab10254146bc80ebc50ee2c802ed: Time spent starting tablet: real 0.033s	user 0.012s	sys 0.003s
I20260710 13:17:14.955351   641 raft_consensus.cc:2468] T 398d61553be64e10929bc5d406b1a80c P db497ea53c564c8f9370d3877719359c [term 1 FOLLOWER]: Leader election vote request: Granting yes vote for candidate c3f9ab10254146bc80ebc50ee2c802ed in term 1.
I20260710 13:17:14.964998   758 tablet_bootstrap.cc:492] T 398d61553be64e10929bc5d406b1a80c P 786b85385ac048758493082f6016e535: No bootstrap required, opened a new log
I20260710 13:17:14.965387   529 leader_election.cc:304] T f0f050392acb48b991eed85074e01100 P c3f9ab10254146bc80ebc50ee2c802ed [CANDIDATE]: Term 1 pre-election: Election decided. Result: candidate won. Election summary: received 2 responses out of 3 voters: 2 yes votes; 0 no votes. yes voters: c3f9ab10254146bc80ebc50ee2c802ed, db497ea53c564c8f9370d3877719359c; no voters: 
I20260710 13:17:14.965904   758 ts_tablet_manager.cc:1403] T 398d61553be64e10929bc5d406b1a80c P 786b85385ac048758493082f6016e535: Time spent bootstrapping tablet: real 0.107s	user 0.009s	sys 0.014s
I20260710 13:17:14.966209   768 raft_consensus.cc:2804] T f0f050392acb48b991eed85074e01100 P c3f9ab10254146bc80ebc50ee2c802ed [term 0 FOLLOWER]: Leader pre-election won for term 1
I20260710 13:17:14.966581   768 raft_consensus.cc:493] T f0f050392acb48b991eed85074e01100 P c3f9ab10254146bc80ebc50ee2c802ed [term 0 FOLLOWER]: Starting leader election (no leader contacted us within the election timeout)
I20260710 13:17:14.967693   768 raft_consensus.cc:3060] T f0f050392acb48b991eed85074e01100 P c3f9ab10254146bc80ebc50ee2c802ed [term 0 FOLLOWER]: Advancing to term 1
I20260710 13:17:14.966434   529 leader_election.cc:304] T 398d61553be64e10929bc5d406b1a80c P c3f9ab10254146bc80ebc50ee2c802ed [CANDIDATE]: Term 1 election: Election decided. Result: candidate won. Election summary: received 3 responses out of 3 voters: 2 yes votes; 1 no votes. yes voters: c3f9ab10254146bc80ebc50ee2c802ed, db497ea53c564c8f9370d3877719359c; no voters: 786b85385ac048758493082f6016e535
I20260710 13:17:14.970299   761 tablet_bootstrap.cc:492] T 8fd7392f38244e578e8a7fff89833361 P c3f9ab10254146bc80ebc50ee2c802ed: Bootstrap starting.
I20260710 13:17:14.975167   758 raft_consensus.cc:359] T 398d61553be64e10929bc5d406b1a80c P 786b85385ac048758493082f6016e535 [term 0 FOLLOWER]: Replica starting. Triggering 0 pending ops. Active config: opid_index: -1 OBSOLETE_local: false peers { permanent_uuid: "c3f9ab10254146bc80ebc50ee2c802ed" member_type: VOTER last_known_addr { host: "127.0.107.193" port: 35803 } } peers { permanent_uuid: "db497ea53c564c8f9370d3877719359c" member_type: VOTER last_known_addr { host: "127.0.107.194" port: 44269 } } peers { permanent_uuid: "786b85385ac048758493082f6016e535" member_type: VOTER last_known_addr { host: "127.0.107.195" port: 39951 } }
I20260710 13:17:14.976470   758 raft_consensus.cc:385] T 398d61553be64e10929bc5d406b1a80c P 786b85385ac048758493082f6016e535 [term 0 FOLLOWER]: Consensus starting up: Expiring failure detector timer to make a prompt election more likely
I20260710 13:17:14.976902   758 raft_consensus.cc:740] T 398d61553be64e10929bc5d406b1a80c P 786b85385ac048758493082f6016e535 [term 0 FOLLOWER]: Becoming Follower/Learner. State: Replica: 786b85385ac048758493082f6016e535, State: Initialized, Role: FOLLOWER
I20260710 13:17:14.977998   758 consensus_queue.cc:260] T 398d61553be64e10929bc5d406b1a80c P 786b85385ac048758493082f6016e535 [NON_LEADER]: Queue going to NON_LEADER mode. State: All replicated index: 0, Majority replicated index: 0, Committed index: 0, Last appended: 0.0, Last appended by leader: 0, Current term: 0, Majority size: -1, State: 0, Mode: NON_LEADER, active raft config: opid_index: -1 OBSOLETE_local: false peers { permanent_uuid: "c3f9ab10254146bc80ebc50ee2c802ed" member_type: VOTER last_known_addr { host: "127.0.107.193" port: 35803 } } peers { permanent_uuid: "db497ea53c564c8f9370d3877719359c" member_type: VOTER last_known_addr { host: "127.0.107.194" port: 44269 } } peers { permanent_uuid: "786b85385ac048758493082f6016e535" member_type: VOTER last_known_addr { host: "127.0.107.195" port: 39951 } }
I20260710 13:17:14.983239   714 tablet_service.cc:1917] Received RequestConsensusVote() RPC: tablet_id: "f0f050392acb48b991eed85074e01100" candidate_uuid: "c3f9ab10254146bc80ebc50ee2c802ed" candidate_term: 1 candidate_status { last_received { term: 0 index: 0 } } ignore_live_leader: false dest_uuid: "786b85385ac048758493082f6016e535" is_pre_election: true
I20260710 13:17:14.998068   714 raft_consensus.cc:2468] T f0f050392acb48b991eed85074e01100 P 786b85385ac048758493082f6016e535 [term 0 FOLLOWER]: Leader pre-election vote request: Granting yes vote for candidate c3f9ab10254146bc80ebc50ee2c802ed in term 0.
I20260710 13:17:15.001351   795 raft_consensus.cc:515] T 6d9ab7b99d57403bbcacb9c9e1056c29 P c3f9ab10254146bc80ebc50ee2c802ed [term 1 FOLLOWER]: Starting leader election with config: opid_index: -1 OBSOLETE_local: false peers { permanent_uuid: "c3f9ab10254146bc80ebc50ee2c802ed" member_type: VOTER last_known_addr { host: "127.0.107.193" port: 35803 } } peers { permanent_uuid: "db497ea53c564c8f9370d3877719359c" member_type: VOTER last_known_addr { host: "127.0.107.194" port: 44269 } } peers { permanent_uuid: "786b85385ac048758493082f6016e535" member_type: VOTER last_known_addr { host: "127.0.107.195" port: 39951 } }
I20260710 13:17:15.003465   795 leader_election.cc:290] T 6d9ab7b99d57403bbcacb9c9e1056c29 P c3f9ab10254146bc80ebc50ee2c802ed [CANDIDATE]: Term 1 election: Requested vote from peers db497ea53c564c8f9370d3877719359c (127.0.107.194:44269), 786b85385ac048758493082f6016e535 (127.0.107.195:39951)
I20260710 13:17:15.001725   768 raft_consensus.cc:515] T f0f050392acb48b991eed85074e01100 P c3f9ab10254146bc80ebc50ee2c802ed [term 1 FOLLOWER]: Starting leader election with config: opid_index: -1 OBSOLETE_local: false peers { permanent_uuid: "c3f9ab10254146bc80ebc50ee2c802ed" member_type: VOTER last_known_addr { host: "127.0.107.193" port: 35803 } } peers { permanent_uuid: "db497ea53c564c8f9370d3877719359c" member_type: VOTER last_known_addr { host: "127.0.107.194" port: 44269 } } peers { permanent_uuid: "786b85385ac048758493082f6016e535" member_type: VOTER last_known_addr { host: "127.0.107.195" port: 39951 } }
I20260710 13:17:15.004062   795 raft_consensus.cc:2804] T 398d61553be64e10929bc5d406b1a80c P c3f9ab10254146bc80ebc50ee2c802ed [term 1 FOLLOWER]: Leader election won for term 1
I20260710 13:17:15.004506   795 raft_consensus.cc:697] T 398d61553be64e10929bc5d406b1a80c P c3f9ab10254146bc80ebc50ee2c802ed [term 1 LEADER]: Becoming Leader. State: Replica: c3f9ab10254146bc80ebc50ee2c802ed, State: Running, Role: LEADER
I20260710 13:17:15.009951   641 tablet_service.cc:1917] Received RequestConsensusVote() RPC: tablet_id: "877bc19f3dfd4a87b4ab29912cfc3929" candidate_uuid: "786b85385ac048758493082f6016e535" candidate_term: 1 candidate_status { last_received { term: 0 index: 0 } } ignore_live_leader: false dest_uuid: "db497ea53c564c8f9370d3877719359c" is_pre_election: true
I20260710 13:17:15.010648   641 raft_consensus.cc:2468] T 877bc19f3dfd4a87b4ab29912cfc3929 P db497ea53c564c8f9370d3877719359c [term 0 FOLLOWER]: Leader pre-election vote request: Granting yes vote for candidate 786b85385ac048758493082f6016e535 in term 0.
I20260710 13:17:15.008857   795 consensus_queue.cc:237] T 398d61553be64e10929bc5d406b1a80c P c3f9ab10254146bc80ebc50ee2c802ed [LEADER]: Queue going to LEADER mode. State: All replicated index: 0, Majority replicated index: 0, Committed index: 0, Last appended: 0.0, Last appended by leader: 0, Current term: 1, Majority size: 2, State: 0, Mode: LEADER, active raft config: opid_index: -1 OBSOLETE_local: false peers { permanent_uuid: "c3f9ab10254146bc80ebc50ee2c802ed" member_type: VOTER last_known_addr { host: "127.0.107.193" port: 35803 } } peers { permanent_uuid: "db497ea53c564c8f9370d3877719359c" member_type: VOTER last_known_addr { host: "127.0.107.194" port: 44269 } } peers { permanent_uuid: "786b85385ac048758493082f6016e535" member_type: VOTER last_known_addr { host: "127.0.107.195" port: 39951 } }
I20260710 13:17:15.010941   758 ts_tablet_manager.cc:1434] T 398d61553be64e10929bc5d406b1a80c P 786b85385ac048758493082f6016e535: Time spent starting tablet: real 0.045s	user 0.010s	sys 0.015s
I20260710 13:17:15.011552   800 raft_consensus.cc:493] T e02e372627734a929df01180199ab1e7 P c3f9ab10254146bc80ebc50ee2c802ed [term 0 FOLLOWER]: Starting pre-election (no leader contacted us within the election timeout)
I20260710 13:17:15.014408   800 raft_consensus.cc:515] T e02e372627734a929df01180199ab1e7 P c3f9ab10254146bc80ebc50ee2c802ed [term 0 FOLLOWER]: Starting pre-election with config: opid_index: -1 OBSOLETE_local: false peers { permanent_uuid: "c3f9ab10254146bc80ebc50ee2c802ed" member_type: VOTER last_known_addr { host: "127.0.107.193" port: 35803 } } peers { permanent_uuid: "db497ea53c564c8f9370d3877719359c" member_type: VOTER last_known_addr { host: "127.0.107.194" port: 44269 } } peers { permanent_uuid: "786b85385ac048758493082f6016e535" member_type: VOTER last_known_addr { host: "127.0.107.195" port: 39951 } }
I20260710 13:17:15.015767   757 tablet_bootstrap.cc:492] T efa2bb1ce3844e14baa6c5403c603f78 P db497ea53c564c8f9370d3877719359c: No bootstrap required, opened a new log
I20260710 13:17:15.016372   757 ts_tablet_manager.cc:1403] T efa2bb1ce3844e14baa6c5403c603f78 P db497ea53c564c8f9370d3877719359c: Time spent bootstrapping tablet: real 0.137s	user 0.028s	sys 0.011s
I20260710 13:17:15.016759   800 leader_election.cc:290] T e02e372627734a929df01180199ab1e7 P c3f9ab10254146bc80ebc50ee2c802ed [CANDIDATE]: Term 1 pre-election: Requested pre-vote from peers db497ea53c564c8f9370d3877719359c (127.0.107.194:44269), 786b85385ac048758493082f6016e535 (127.0.107.195:39951)
I20260710 13:17:15.017385   768 leader_election.cc:290] T f0f050392acb48b991eed85074e01100 P c3f9ab10254146bc80ebc50ee2c802ed [CANDIDATE]: Term 1 election: Requested vote from peers db497ea53c564c8f9370d3877719359c (127.0.107.194:44269), 786b85385ac048758493082f6016e535 (127.0.107.195:39951)
I20260710 13:17:15.017563   764 raft_consensus.cc:515] T 877bc19f3dfd4a87b4ab29912cfc3929 P 786b85385ac048758493082f6016e535 [term 1 FOLLOWER]: Starting leader election with config: opid_index: -1 OBSOLETE_local: false peers { permanent_uuid: "c3f9ab10254146bc80ebc50ee2c802ed" member_type: VOTER last_known_addr { host: "127.0.107.193" port: 35803 } } peers { permanent_uuid: "db497ea53c564c8f9370d3877719359c" member_type: VOTER last_known_addr { host: "127.0.107.194" port: 44269 } } peers { permanent_uuid: "786b85385ac048758493082f6016e535" member_type: VOTER last_known_addr { host: "127.0.107.195" port: 39951 } }
W20260710 13:17:15.023425   529 outbound_call.cc:321] RPC callback for RPC call kudu.consensus.ConsensusService.RequestConsensusVote -> {remote=127.0.107.194:44269, user_credentials={real_user=slave}} blocked reactor thread for 57046.1us
I20260710 13:17:15.025235   764 leader_election.cc:290] T 877bc19f3dfd4a87b4ab29912cfc3929 P 786b85385ac048758493082f6016e535 [CANDIDATE]: Term 1 election: Requested vote from peers c3f9ab10254146bc80ebc50ee2c802ed (127.0.107.193:35803), db497ea53c564c8f9370d3877719359c (127.0.107.194:44269)
I20260710 13:17:15.025494   641 tablet_service.cc:1917] Received RequestConsensusVote() RPC: tablet_id: "6d9ab7b99d57403bbcacb9c9e1056c29" candidate_uuid: "c3f9ab10254146bc80ebc50ee2c802ed" candidate_term: 1 candidate_status { last_received { term: 0 index: 0 } } ignore_live_leader: false dest_uuid: "db497ea53c564c8f9370d3877719359c"
I20260710 13:17:15.026198   641 raft_consensus.cc:3060] T 6d9ab7b99d57403bbcacb9c9e1056c29 P db497ea53c564c8f9370d3877719359c [term 0 FOLLOWER]: Advancing to term 1
I20260710 13:17:15.029736   565 tablet_service.cc:1917] Received RequestConsensusVote() RPC: tablet_id: "877bc19f3dfd4a87b4ab29912cfc3929" candidate_uuid: "786b85385ac048758493082f6016e535" candidate_term: 1 candidate_status { last_received { term: 0 index: 0 } } ignore_live_leader: false dest_uuid: "c3f9ab10254146bc80ebc50ee2c802ed"
I20260710 13:17:15.030972   714 tablet_service.cc:1917] Received RequestConsensusVote() RPC: tablet_id: "6d9ab7b99d57403bbcacb9c9e1056c29" candidate_uuid: "c3f9ab10254146bc80ebc50ee2c802ed" candidate_term: 1 candidate_status { last_received { term: 0 index: 0 } } ignore_live_leader: false dest_uuid: "786b85385ac048758493082f6016e535"
I20260710 13:17:15.031198   565 raft_consensus.cc:3060] T 877bc19f3dfd4a87b4ab29912cfc3929 P c3f9ab10254146bc80ebc50ee2c802ed [term 0 FOLLOWER]: Advancing to term 1
I20260710 13:17:15.031584   714 raft_consensus.cc:3060] T 6d9ab7b99d57403bbcacb9c9e1056c29 P 786b85385ac048758493082f6016e535 [term 0 FOLLOWER]: Advancing to term 1
I20260710 13:17:15.031628   640 tablet_service.cc:1917] Received RequestConsensusVote() RPC: tablet_id: "f0f050392acb48b991eed85074e01100" candidate_uuid: "c3f9ab10254146bc80ebc50ee2c802ed" candidate_term: 1 candidate_status { last_received { term: 0 index: 0 } } ignore_live_leader: false dest_uuid: "db497ea53c564c8f9370d3877719359c"
I20260710 13:17:15.032253   640 raft_consensus.cc:3060] T f0f050392acb48b991eed85074e01100 P db497ea53c564c8f9370d3877719359c [term 0 FOLLOWER]: Advancing to term 1
I20260710 13:17:15.035460   757 raft_consensus.cc:359] T efa2bb1ce3844e14baa6c5403c603f78 P db497ea53c564c8f9370d3877719359c [term 0 FOLLOWER]: Replica starting. Triggering 0 pending ops. Active config: opid_index: -1 OBSOLETE_local: false peers { permanent_uuid: "c3f9ab10254146bc80ebc50ee2c802ed" member_type: VOTER last_known_addr { host: "127.0.107.193" port: 35803 } } peers { permanent_uuid: "db497ea53c564c8f9370d3877719359c" member_type: VOTER last_known_addr { host: "127.0.107.194" port: 44269 } } peers { permanent_uuid: "786b85385ac048758493082f6016e535" member_type: VOTER last_known_addr { host: "127.0.107.195" port: 39951 } }
I20260710 13:17:15.036135   757 raft_consensus.cc:385] T efa2bb1ce3844e14baa6c5403c603f78 P db497ea53c564c8f9370d3877719359c [term 0 FOLLOWER]: Consensus starting up: Expiring failure detector timer to make a prompt election more likely
I20260710 13:17:15.036409   757 raft_consensus.cc:740] T efa2bb1ce3844e14baa6c5403c603f78 P db497ea53c564c8f9370d3877719359c [term 0 FOLLOWER]: Becoming Follower/Learner. State: Replica: db497ea53c564c8f9370d3877719359c, State: Initialized, Role: FOLLOWER
I20260710 13:17:15.037004   757 consensus_queue.cc:260] T efa2bb1ce3844e14baa6c5403c603f78 P db497ea53c564c8f9370d3877719359c [NON_LEADER]: Queue going to NON_LEADER mode. State: All replicated index: 0, Majority replicated index: 0, Committed index: 0, Last appended: 0.0, Last appended by leader: 0, Current term: 0, Majority size: -1, State: 0, Mode: NON_LEADER, active raft config: opid_index: -1 OBSOLETE_local: false peers { permanent_uuid: "c3f9ab10254146bc80ebc50ee2c802ed" member_type: VOTER last_known_addr { host: "127.0.107.193" port: 35803 } } peers { permanent_uuid: "db497ea53c564c8f9370d3877719359c" member_type: VOTER last_known_addr { host: "127.0.107.194" port: 44269 } } peers { permanent_uuid: "786b85385ac048758493082f6016e535" member_type: VOTER last_known_addr { host: "127.0.107.195" port: 39951 } }
I20260710 13:17:15.039469   715 tablet_service.cc:1917] Received RequestConsensusVote() RPC: tablet_id: "e02e372627734a929df01180199ab1e7" candidate_uuid: "c3f9ab10254146bc80ebc50ee2c802ed" candidate_term: 1 candidate_status { last_received { term: 0 index: 0 } } ignore_live_leader: false dest_uuid: "786b85385ac048758493082f6016e535" is_pre_election: true
I20260710 13:17:15.040832   639 tablet_service.cc:1917] Received RequestConsensusVote() RPC: tablet_id: "e02e372627734a929df01180199ab1e7" candidate_uuid: "c3f9ab10254146bc80ebc50ee2c802ed" candidate_term: 1 candidate_status { last_received { term: 0 index: 0 } } ignore_live_leader: false dest_uuid: "db497ea53c564c8f9370d3877719359c" is_pre_election: true
I20260710 13:17:15.041921   762 consensus_queue.cc:1048] T cd266ffbfd574b2d8ff88790cfbbb849 P db497ea53c564c8f9370d3877719359c [LEADER]: Connected to new peer: Peer: permanent_uuid: "c3f9ab10254146bc80ebc50ee2c802ed" member_type: VOTER last_known_addr { host: "127.0.107.193" port: 35803 }, Status: LMP_MISMATCH, Last received: 0.0, Next index: 1, Last known committed idx: 0, Time since last communication: 0.004s
I20260710 13:17:15.045926   757 ts_tablet_manager.cc:1434] T efa2bb1ce3844e14baa6c5403c603f78 P db497ea53c564c8f9370d3877719359c: Time spent starting tablet: real 0.024s	user 0.007s	sys 0.000s
I20260710 13:17:15.047219   757 tablet_bootstrap.cc:492] T 8fd7392f38244e578e8a7fff89833361 P db497ea53c564c8f9370d3877719359c: Bootstrap starting.
W20260710 13:17:15.047362   529 leader_election.cc:343] T e02e372627734a929df01180199ab1e7 P c3f9ab10254146bc80ebc50ee2c802ed [CANDIDATE]: Term 1 pre-election: Tablet error from VoteRequest() call to peer 786b85385ac048758493082f6016e535 (127.0.107.195:39951): Illegal state: must be running to vote when last-logged opid is not known
I20260710 13:17:15.046228   638 tablet_service.cc:1917] Received RequestConsensusVote() RPC: tablet_id: "877bc19f3dfd4a87b4ab29912cfc3929" candidate_uuid: "786b85385ac048758493082f6016e535" candidate_term: 1 candidate_status { last_received { term: 0 index: 0 } } ignore_live_leader: false dest_uuid: "db497ea53c564c8f9370d3877719359c"
I20260710 13:17:15.048749   638 raft_consensus.cc:3060] T 877bc19f3dfd4a87b4ab29912cfc3929 P db497ea53c564c8f9370d3877719359c [term 0 FOLLOWER]: Advancing to term 1
I20260710 13:17:15.048936   758 tablet_bootstrap.cc:492] T e02e372627734a929df01180199ab1e7 P 786b85385ac048758493082f6016e535: Bootstrap starting.
I20260710 13:17:15.040866   713 tablet_service.cc:1917] Received RequestConsensusVote() RPC: tablet_id: "f0f050392acb48b991eed85074e01100" candidate_uuid: "c3f9ab10254146bc80ebc50ee2c802ed" candidate_term: 1 candidate_status { last_received { term: 0 index: 0 } } ignore_live_leader: false dest_uuid: "786b85385ac048758493082f6016e535"
I20260710 13:17:15.053089   713 raft_consensus.cc:3060] T f0f050392acb48b991eed85074e01100 P 786b85385ac048758493082f6016e535 [term 0 FOLLOWER]: Advancing to term 1
I20260710 13:17:15.042459   639 raft_consensus.cc:2468] T e02e372627734a929df01180199ab1e7 P db497ea53c564c8f9370d3877719359c [term 0 FOLLOWER]: Leader pre-election vote request: Granting yes vote for candidate c3f9ab10254146bc80ebc50ee2c802ed in term 0.
I20260710 13:17:15.050933   761 tablet_bootstrap.cc:654] T 8fd7392f38244e578e8a7fff89833361 P c3f9ab10254146bc80ebc50ee2c802ed: Neither blocks nor log segments found. Creating new log.
W20260710 13:17:15.066059   604 consensus_peers.cc:597] T cd266ffbfd574b2d8ff88790cfbbb849 P db497ea53c564c8f9370d3877719359c -> Peer 786b85385ac048758493082f6016e535 (127.0.107.195:39951): Couldn't send request to peer 786b85385ac048758493082f6016e535. Error code: TABLET_NOT_RUNNING (12). Status: Illegal state: Tablet not RUNNING: INITIALIZED. This is attempt 1: this message will repeat every 5th retry.
W20260710 13:17:15.112726   802 log.cc:927] Time spent T 398d61553be64e10929bc5d406b1a80c P c3f9ab10254146bc80ebc50ee2c802ed: Append to log took a long time: real 0.054s	user 0.000s	sys 0.002s
I20260710 13:17:15.066143   641 raft_consensus.cc:2468] T 6d9ab7b99d57403bbcacb9c9e1056c29 P db497ea53c564c8f9370d3877719359c [term 1 FOLLOWER]: Leader election vote request: Granting yes vote for candidate c3f9ab10254146bc80ebc50ee2c802ed in term 1.
I20260710 13:17:15.109279   640 raft_consensus.cc:2468] T f0f050392acb48b991eed85074e01100 P db497ea53c564c8f9370d3877719359c [term 1 FOLLOWER]: Leader election vote request: Granting yes vote for candidate c3f9ab10254146bc80ebc50ee2c802ed in term 1.
I20260710 13:17:15.127038   565 raft_consensus.cc:2468] T 877bc19f3dfd4a87b4ab29912cfc3929 P c3f9ab10254146bc80ebc50ee2c802ed [term 1 FOLLOWER]: Leader election vote request: Granting yes vote for candidate 786b85385ac048758493082f6016e535 in term 1.
I20260710 13:17:15.107842   638 raft_consensus.cc:2468] T 877bc19f3dfd4a87b4ab29912cfc3929 P db497ea53c564c8f9370d3877719359c [term 1 FOLLOWER]: Leader election vote request: Granting yes vote for candidate 786b85385ac048758493082f6016e535 in term 1.
I20260710 13:17:15.128868   678 leader_election.cc:304] T 877bc19f3dfd4a87b4ab29912cfc3929 P 786b85385ac048758493082f6016e535 [CANDIDATE]: Term 1 election: Election decided. Result: candidate won. Election summary: received 2 responses out of 3 voters: 2 yes votes; 0 no votes. yes voters: 786b85385ac048758493082f6016e535, db497ea53c564c8f9370d3877719359c; no voters: 
I20260710 13:17:15.130633   764 raft_consensus.cc:2804] T 877bc19f3dfd4a87b4ab29912cfc3929 P 786b85385ac048758493082f6016e535 [term 1 FOLLOWER]: Leader election won for term 1
I20260710 13:17:15.131691   764 raft_consensus.cc:697] T 877bc19f3dfd4a87b4ab29912cfc3929 P 786b85385ac048758493082f6016e535 [term 1 LEADER]: Becoming Leader. State: Replica: 786b85385ac048758493082f6016e535, State: Running, Role: LEADER
