[==========] Running 8 tests from 2 test suites.
[----------] Global test environment set-up.
[----------] 6 tests from LeaderRebalancerTest
[ RUN      ] LeaderRebalancerTest.FunctionalTestForDivided
WARNING: Logging before InitGoogleLogging() is written to STDERR
I20260710 13:17:11.492714   431 internal_mini_cluster.cc:156] Creating distributed mini masters. Addrs: 127.0.107.254:39895
I20260710 13:17:11.494539   431 env_posix.cc:2285] Not raising this process' open files per process limit of 1048576; it is already as high as it can go
I20260710 13:17:11.495647   431 file_cache.cc:504] Constructed file cache file cache with capacity 419430
W20260710 13:17:11.516711   440 instance_detector.cc:116] could not retrieve OpenStack instance metadata: Network error: curl error: HTTP response code said error: The requested URL returned error: 404
W20260710 13:17:11.517345   438 instance_detector.cc:116] could not retrieve Azure instance metadata: Network error: curl error: HTTP response code said error: The requested URL returned error: 404
W20260710 13:17:11.518507   437 instance_detector.cc:116] could not retrieve AWS instance metadata: Network error: curl error: HTTP response code said error: The requested URL returned error: 404
W20260710 13:17:12.752746   439 instance_detector.cc:116] could not retrieve GCE instance metadata: Timed out: curl timeout: Timeout was reached: Resolving timed out after 1236 milliseconds
I20260710 13:17:12.752902   431 server_base.cc:1056] Not found: could not retrieve instance metadata: unable to detect cloud type of this node, probably running in non-cloud environment
I20260710 13:17:12.754223   431 hybrid_clock.cc:584] initializing the hybrid clock with 'system_unsync' time source
W20260710 13:17:12.754443   431 system_unsync_time.cc:38] NTP support is disabled. Clock error bounds will not be accurate. This configuration is not suitable for distributed clusters.
I20260710 13:17:12.754590   431 hybrid_clock.cc:648] HybridClock initialized: now 1783689432754575 us; error 0 us; skew 500 ppm
I20260710 13:17:12.755364   431 server_base.cc:861] Flag tcmalloc_max_total_thread_cache_bytes is not working since tcmalloc is not enabled.
I20260710 13:17:12.761401   431 webserver.cc:533] Webserver started at http://127.0.107.254:46407/ using document root <none> and password file <none>
I20260710 13:17:12.762311   431 fs_manager.cc:362] Metadata directory not provided
I20260710 13:17:12.762524   431 fs_manager.cc:368] Using write-ahead log directory (fs_wal_dir) as metadata directory
I20260710 13:17:12.762951   431 server_base.cc:909] This appears to be a new deployment of Kudu; creating new FS layout
I20260710 13:17:12.768931   431 fs_manager.cc:1068] Generated new instance metadata in path /tmp/dist-test-taskVDVUSE/test-tmp/auto_leader_rebalancer-test.0.LeaderRebalancerTest.FunctionalTestForDivided.1783689431319294-431-0/minicluster-data/master-0-root/instance:
uuid: "9f9f6c184cc9400f93d165e57720b565"
format_stamp: "Formatted at 2026-07-10 13:17:12 on dist-test-slave-g5fn"
I20260710 13:17:12.777872   431 fs_manager.cc:696] Time spent creating directory manager: real 0.008s	user 0.006s	sys 0.001s
I20260710 13:17:12.783417   446 log_block_manager.cc:4127] Time spent loading block containers with low live blocks: real 0.000s	user 0.000s	sys 0.000s
I20260710 13:17:12.784866   431 fs_manager.cc:730] Time spent opening block manager: real 0.004s	user 0.004s	sys 0.001s
I20260710 13:17:12.785295   431 fs_manager.cc:647] Opened local filesystem: /tmp/dist-test-taskVDVUSE/test-tmp/auto_leader_rebalancer-test.0.LeaderRebalancerTest.FunctionalTestForDivided.1783689431319294-431-0/minicluster-data/master-0-root
uuid: "9f9f6c184cc9400f93d165e57720b565"
format_stamp: "Formatted at 2026-07-10 13:17:12 on dist-test-slave-g5fn"
I20260710 13:17:12.785619   431 fs_report.cc:389] FS layout report
--------------------
wal directory: /tmp/dist-test-taskVDVUSE/test-tmp/auto_leader_rebalancer-test.0.LeaderRebalancerTest.FunctionalTestForDivided.1783689431319294-431-0/minicluster-data/master-0-root
metadata directory: /tmp/dist-test-taskVDVUSE/test-tmp/auto_leader_rebalancer-test.0.LeaderRebalancerTest.FunctionalTestForDivided.1783689431319294-431-0/minicluster-data/master-0-root
1 data directories: /tmp/dist-test-taskVDVUSE/test-tmp/auto_leader_rebalancer-test.0.LeaderRebalancerTest.FunctionalTestForDivided.1783689431319294-431-0/minicluster-data/master-0-root/data
Total live blocks: 0
Total live bytes: 0
Total live bytes (after alignment): 0
Total number of LBM containers: 0 (0 full)
Did not check for missing blocks
Did not check for orphaned blocks
Total full LBM containers with extra space: 0 (0 repaired)
Total full LBM container extra space in bytes: 0 (0 repaired)
Total incomplete LBM containers: 0 (0 repaired)
Total LBM partial records: 0 (0 repaired)
Total corrupted LBM metadata records in RocksDB: 0 (0 repaired)
I20260710 13:17:12.859649   431 rpc_server.cc:225] running with OpenSSL 1.1.1  11 Sep 2018
I20260710 13:17:12.861416   431 env_posix.cc:2285] Not raising this process' running threads per effective uid limit of 18446744073709551615; it is already as high as it can go
I20260710 13:17:12.861966   431 kserver.cc:163] Server-wide thread pool size limit: 3276
I20260710 13:17:12.948892   431 rpc_server.cc:307] RPC server started. Bound to: 127.0.107.254:39895
I20260710 13:17:12.948978   497 acceptor_pool.cc:272] collecting diagnostics on the listening RPC socket 127.0.107.254:39895 every 8 connection(s)
I20260710 13:17:12.958134   498 data_dirs.cc:400] Could only allocate 1 dirs of requested 3 for tablet 00000000000000000000000000000000. 1 dirs total, 0 dirs full, 0 dirs failed
I20260710 13:17:12.981370   498 tablet_bootstrap.cc:492] T 00000000000000000000000000000000 P 9f9f6c184cc9400f93d165e57720b565: Bootstrap starting.
I20260710 13:17:12.988186   498 tablet_bootstrap.cc:654] T 00000000000000000000000000000000 P 9f9f6c184cc9400f93d165e57720b565: Neither blocks nor log segments found. Creating new log.
I20260710 13:17:12.990762   498 log.cc:826] T 00000000000000000000000000000000 P 9f9f6c184cc9400f93d165e57720b565: Log is configured to *not* fsync() on all Append() calls
I20260710 13:17:12.995723   498 tablet_bootstrap.cc:492] T 00000000000000000000000000000000 P 9f9f6c184cc9400f93d165e57720b565: No bootstrap required, opened a new log
I20260710 13:17:13.019040   498 raft_consensus.cc:359] T 00000000000000000000000000000000 P 9f9f6c184cc9400f93d165e57720b565 [term 0 FOLLOWER]: Replica starting. Triggering 0 pending ops. Active config: opid_index: -1 OBSOLETE_local: true peers { permanent_uuid: "9f9f6c184cc9400f93d165e57720b565" member_type: VOTER }
I20260710 13:17:13.019613   498 raft_consensus.cc:385] T 00000000000000000000000000000000 P 9f9f6c184cc9400f93d165e57720b565 [term 0 FOLLOWER]: Consensus starting up: Expiring failure detector timer to make a prompt election more likely
I20260710 13:17:13.019924   498 raft_consensus.cc:740] T 00000000000000000000000000000000 P 9f9f6c184cc9400f93d165e57720b565 [term 0 FOLLOWER]: Becoming Follower/Learner. State: Replica: 9f9f6c184cc9400f93d165e57720b565, State: Initialized, Role: FOLLOWER
I20260710 13:17:13.020933   498 consensus_queue.cc:260] T 00000000000000000000000000000000 P 9f9f6c184cc9400f93d165e57720b565 [NON_LEADER]: Queue going to NON_LEADER mode. State: All replicated index: 0, Majority replicated index: 0, Committed index: 0, Last appended: 0.0, Last appended by leader: 0, Current term: 0, Majority size: -1, State: 0, Mode: NON_LEADER, active raft config: opid_index: -1 OBSOLETE_local: true peers { permanent_uuid: "9f9f6c184cc9400f93d165e57720b565" member_type: VOTER }
I20260710 13:17:13.021564   498 raft_consensus.cc:399] T 00000000000000000000000000000000 P 9f9f6c184cc9400f93d165e57720b565 [term 0 FOLLOWER]: Only one voter in the Raft config. Triggering election immediately
I20260710 13:17:13.021883   498 raft_consensus.cc:493] T 00000000000000000000000000000000 P 9f9f6c184cc9400f93d165e57720b565 [term 0 FOLLOWER]: Starting leader election (initial election of a single-replica configuration)
I20260710 13:17:13.022248   498 raft_consensus.cc:3060] T 00000000000000000000000000000000 P 9f9f6c184cc9400f93d165e57720b565 [term 0 FOLLOWER]: Advancing to term 1
I20260710 13:17:13.026595   498 raft_consensus.cc:515] T 00000000000000000000000000000000 P 9f9f6c184cc9400f93d165e57720b565 [term 1 FOLLOWER]: Starting leader election with config: opid_index: -1 OBSOLETE_local: true peers { permanent_uuid: "9f9f6c184cc9400f93d165e57720b565" member_type: VOTER }
I20260710 13:17:13.027439   498 leader_election.cc:304] T 00000000000000000000000000000000 P 9f9f6c184cc9400f93d165e57720b565 [CANDIDATE]: Term 1 election: Election decided. Result: candidate won. Election summary: received 1 responses out of 1 voters: 1 yes votes; 0 no votes. yes voters: 9f9f6c184cc9400f93d165e57720b565; no voters: 
I20260710 13:17:13.029722   498 leader_election.cc:290] T 00000000000000000000000000000000 P 9f9f6c184cc9400f93d165e57720b565 [CANDIDATE]: Term 1 election: Requested vote from peers 
I20260710 13:17:13.030071   501 raft_consensus.cc:2804] T 00000000000000000000000000000000 P 9f9f6c184cc9400f93d165e57720b565 [term 1 FOLLOWER]: Leader election won for term 1
I20260710 13:17:13.033277   501 raft_consensus.cc:697] T 00000000000000000000000000000000 P 9f9f6c184cc9400f93d165e57720b565 [term 1 LEADER]: Becoming Leader. State: Replica: 9f9f6c184cc9400f93d165e57720b565, State: Running, Role: LEADER
I20260710 13:17:13.034394   501 consensus_queue.cc:237] T 00000000000000000000000000000000 P 9f9f6c184cc9400f93d165e57720b565 [LEADER]: Queue going to LEADER mode. State: All replicated index: 0, Majority replicated index: 0, Committed index: 0, Last appended: 0.0, Last appended by leader: 0, Current term: 1, Majority size: 1, State: 0, Mode: LEADER, active raft config: opid_index: -1 OBSOLETE_local: true peers { permanent_uuid: "9f9f6c184cc9400f93d165e57720b565" member_type: VOTER }
I20260710 13:17:13.035789   498 sys_catalog.cc:565] T 00000000000000000000000000000000 P 9f9f6c184cc9400f93d165e57720b565 [sys.catalog]: configured and running, proceeding with master startup.
I20260710 13:17:13.048655   503 sys_catalog.cc:455] T 00000000000000000000000000000000 P 9f9f6c184cc9400f93d165e57720b565 [sys.catalog]: SysCatalogTable state changed. Reason: New leader 9f9f6c184cc9400f93d165e57720b565. Latest consensus state: current_term: 1 leader_uuid: "9f9f6c184cc9400f93d165e57720b565" committed_config { opid_index: -1 OBSOLETE_local: true peers { permanent_uuid: "9f9f6c184cc9400f93d165e57720b565" member_type: VOTER } }
I20260710 13:17:13.048686   502 sys_catalog.cc:455] T 00000000000000000000000000000000 P 9f9f6c184cc9400f93d165e57720b565 [sys.catalog]: SysCatalogTable state changed. Reason: RaftConsensus started. Latest consensus state: current_term: 1 leader_uuid: "9f9f6c184cc9400f93d165e57720b565" committed_config { opid_index: -1 OBSOLETE_local: true peers { permanent_uuid: "9f9f6c184cc9400f93d165e57720b565" member_type: VOTER } }
I20260710 13:17:13.049523   503 sys_catalog.cc:458] T 00000000000000000000000000000000 P 9f9f6c184cc9400f93d165e57720b565 [sys.catalog]: This master's current role is: LEADER
I20260710 13:17:13.049624   502 sys_catalog.cc:458] T 00000000000000000000000000000000 P 9f9f6c184cc9400f93d165e57720b565 [sys.catalog]: This master's current role is: LEADER
I20260710 13:17:13.054222   511 catalog_manager.cc:1511] Loading table and tablet metadata into memory...
I20260710 13:17:13.067947   511 catalog_manager.cc:1520] Initializing Kudu cluster ID...
I20260710 13:17:13.079416   431 internal_mini_cluster.cc:184] Waiting to initialize catalog manager on master 0
I20260710 13:17:13.090161   511 catalog_manager.cc:1383] Generated new cluster ID: 2e5c5a3819114be29163564d2b836e3f
I20260710 13:17:13.090467   511 catalog_manager.cc:1531] Initializing Kudu internal certificate authority...
I20260710 13:17:13.113379   511 catalog_manager.cc:1406] Generated new certificate authority record
I20260710 13:17:13.115151   511 catalog_manager.cc:1540] Loading token signing keys...
I20260710 13:17:13.131877   511 catalog_manager.cc:6070] T 00000000000000000000000000000000 P 9f9f6c184cc9400f93d165e57720b565: Generated new TSK 0
I20260710 13:17:13.132942   511 catalog_manager.cc:1550] Initializing in-progress tserver states...
I20260710 13:17:13.146862   431 file_cache.cc:504] Constructed file cache file cache with capacity 419430
W20260710 13:17:13.157347   520 instance_detector.cc:116] could not retrieve AWS instance metadata: Network error: curl error: HTTP response code said error: The requested URL returned error: 404
W20260710 13:17:13.161744   523 instance_detector.cc:116] could not retrieve OpenStack instance metadata: Network error: curl error: HTTP response code said error: The requested URL returned error: 404
W20260710 13:17:13.160840   521 instance_detector.cc:116] could not retrieve Azure instance metadata: Network error: curl error: HTTP response code said error: The requested URL returned error: 404
I20260710 13:17:13.163970   431 server_base.cc:1061] running on GCE node
I20260710 13:17:13.165926   431 hybrid_clock.cc:584] initializing the hybrid clock with 'system_unsync' time source
W20260710 13:17:13.166234   431 system_unsync_time.cc:38] NTP support is disabled. Clock error bounds will not be accurate. This configuration is not suitable for distributed clusters.
I20260710 13:17:13.166448   431 hybrid_clock.cc:648] HybridClock initialized: now 1783689433166420 us; error 0 us; skew 500 ppm
I20260710 13:17:13.167279   431 server_base.cc:861] Flag tcmalloc_max_total_thread_cache_bytes is not working since tcmalloc is not enabled.
I20260710 13:17:13.172187   431 webserver.cc:533] Webserver started at http://127.0.107.193:43021/ using document root <none> and password file <none>
I20260710 13:17:13.172955   431 fs_manager.cc:362] Metadata directory not provided
I20260710 13:17:13.173236   431 fs_manager.cc:368] Using write-ahead log directory (fs_wal_dir) as metadata directory
I20260710 13:17:13.173609   431 server_base.cc:909] This appears to be a new deployment of Kudu; creating new FS layout
I20260710 13:17:13.175194   431 fs_manager.cc:1068] Generated new instance metadata in path /tmp/dist-test-taskVDVUSE/test-tmp/auto_leader_rebalancer-test.0.LeaderRebalancerTest.FunctionalTestForDivided.1783689431319294-431-0/minicluster-data/ts-0-root/instance:
uuid: "c3f9ab10254146bc80ebc50ee2c802ed"
format_stamp: "Formatted at 2026-07-10 13:17:13 on dist-test-slave-g5fn"
I20260710 13:17:13.183001   431 fs_manager.cc:696] Time spent creating directory manager: real 0.007s	user 0.005s	sys 0.003s
I20260710 13:17:13.188499   528 log_block_manager.cc:4127] Time spent loading block containers with low live blocks: real 0.000s	user 0.000s	sys 0.000s
I20260710 13:17:13.189498   431 fs_manager.cc:730] Time spent opening block manager: real 0.003s	user 0.003s	sys 0.000s
I20260710 13:17:13.189877   431 fs_manager.cc:647] Opened local filesystem: /tmp/dist-test-taskVDVUSE/test-tmp/auto_leader_rebalancer-test.0.LeaderRebalancerTest.FunctionalTestForDivided.1783689431319294-431-0/minicluster-data/ts-0-root
uuid: "c3f9ab10254146bc80ebc50ee2c802ed"
format_stamp: "Formatted at 2026-07-10 13:17:13 on dist-test-slave-g5fn"
I20260710 13:17:13.190297   431 fs_report.cc:389] FS layout report
--------------------
wal directory: /tmp/dist-test-taskVDVUSE/test-tmp/auto_leader_rebalancer-test.0.LeaderRebalancerTest.FunctionalTestForDivided.1783689431319294-431-0/minicluster-data/ts-0-root
metadata directory: /tmp/dist-test-taskVDVUSE/test-tmp/auto_leader_rebalancer-test.0.LeaderRebalancerTest.FunctionalTestForDivided.1783689431319294-431-0/minicluster-data/ts-0-root
1 data directories: /tmp/dist-test-taskVDVUSE/test-tmp/auto_leader_rebalancer-test.0.LeaderRebalancerTest.FunctionalTestForDivided.1783689431319294-431-0/minicluster-data/ts-0-root/data
Total live blocks: 0
Total live bytes: 0
Total live bytes (after alignment): 0
Total number of LBM containers: 0 (0 full)
Did not check for missing blocks
Did not check for orphaned blocks
Total full LBM containers with extra space: 0 (0 repaired)
Total full LBM container extra space in bytes: 0 (0 repaired)
Total incomplete LBM containers: 0 (0 repaired)
Total LBM partial records: 0 (0 repaired)
Total corrupted LBM metadata records in RocksDB: 0 (0 repaired)
I20260710 13:17:13.243273   431 rpc_server.cc:225] running with OpenSSL 1.1.1  11 Sep 2018
I20260710 13:17:13.245610   431 kserver.cc:163] Server-wide thread pool size limit: 3276
I20260710 13:17:13.248584   431 txn_system_client.cc:432] TxnSystemClient initialization is disabled...
I20260710 13:17:13.254751   431 ts_tablet_manager.cc:585] Loaded tablet metadata (0 total tablets, 0 live tablets)
I20260710 13:17:13.255092   431 ts_tablet_manager.cc:531] Time spent load tablet metadata: real 0.000s	user 0.000s	sys 0.000s
I20260710 13:17:13.255409   431 ts_tablet_manager.cc:616] Registered 0 tablets
I20260710 13:17:13.255611   431 ts_tablet_manager.cc:595] Time spent register tablets: real 0.000s	user 0.000s	sys 0.000s
I20260710 13:17:13.374037   431 rpc_server.cc:307] RPC server started. Bound to: 127.0.107.193:35803
I20260710 13:17:13.374186   590 acceptor_pool.cc:272] collecting diagnostics on the listening RPC socket 127.0.107.193:35803 every 8 connection(s)
I20260710 13:17:13.382076   431 file_cache.cc:504] Constructed file cache file cache with capacity 419430
W20260710 13:17:13.396083   595 instance_detector.cc:116] could not retrieve AWS instance metadata: Network error: curl error: HTTP response code said error: The requested URL returned error: 404
I20260710 13:17:13.403393   431 server_base.cc:1061] running on GCE node
W20260710 13:17:13.404562   598 instance_detector.cc:116] could not retrieve OpenStack instance metadata: Network error: curl error: HTTP response code said error: The requested URL returned error: 404
W20260710 13:17:13.409329   596 instance_detector.cc:116] could not retrieve Azure instance metadata: Network error: curl error: HTTP response code said error: The requested URL returned error: 404
I20260710 13:17:13.410527   431 hybrid_clock.cc:584] initializing the hybrid clock with 'system_unsync' time source
W20260710 13:17:13.410910   431 system_unsync_time.cc:38] NTP support is disabled. Clock error bounds will not be accurate. This configuration is not suitable for distributed clusters.
I20260710 13:17:13.411111   431 hybrid_clock.cc:648] HybridClock initialized: now 1783689433411094 us; error 0 us; skew 500 ppm
I20260710 13:17:13.411216   591 heartbeater.cc:344] Connected to a master server at 127.0.107.254:39895
I20260710 13:17:13.411736   591 heartbeater.cc:461] Registering TS with master...
I20260710 13:17:13.411820   431 server_base.cc:861] Flag tcmalloc_max_total_thread_cache_bytes is not working since tcmalloc is not enabled.
I20260710 13:17:13.413225   591 heartbeater.cc:507] Master 127.0.107.254:39895 requested a full tablet report, sending...
I20260710 13:17:13.415189   431 webserver.cc:533] Webserver started at http://127.0.107.194:44011/ using document root <none> and password file <none>
I20260710 13:17:13.415876   431 fs_manager.cc:362] Metadata directory not provided
I20260710 13:17:13.416121   431 fs_manager.cc:368] Using write-ahead log directory (fs_wal_dir) as metadata directory
I20260710 13:17:13.416433   431 server_base.cc:909] This appears to be a new deployment of Kudu; creating new FS layout
I20260710 13:17:13.417642   431 fs_manager.cc:1068] Generated new instance metadata in path /tmp/dist-test-taskVDVUSE/test-tmp/auto_leader_rebalancer-test.0.LeaderRebalancerTest.FunctionalTestForDivided.1783689431319294-431-0/minicluster-data/ts-1-root/instance:
uuid: "db497ea53c564c8f9370d3877719359c"
format_stamp: "Formatted at 2026-07-10 13:17:13 on dist-test-slave-g5fn"
I20260710 13:17:13.417634   463 ts_manager.cc:194] Registered new tserver with Master: c3f9ab10254146bc80ebc50ee2c802ed (127.0.107.193:35803)
I20260710 13:17:13.420953   463 master_service.cc:502] Signed X509 certificate for tserver {username='slave'} at 127.0.0.1:38850
I20260710 13:17:13.423940   431 fs_manager.cc:696] Time spent creating directory manager: real 0.006s	user 0.005s	sys 0.000s
I20260710 13:17:13.429303   603 log_block_manager.cc:4127] Time spent loading block containers with low live blocks: real 0.000s	user 0.000s	sys 0.000s
I20260710 13:17:13.430215   431 fs_manager.cc:730] Time spent opening block manager: real 0.004s	user 0.001s	sys 0.002s
I20260710 13:17:13.430541   431 fs_manager.cc:647] Opened local filesystem: /tmp/dist-test-taskVDVUSE/test-tmp/auto_leader_rebalancer-test.0.LeaderRebalancerTest.FunctionalTestForDivided.1783689431319294-431-0/minicluster-data/ts-1-root
uuid: "db497ea53c564c8f9370d3877719359c"
format_stamp: "Formatted at 2026-07-10 13:17:13 on dist-test-slave-g5fn"
I20260710 13:17:13.430846   431 fs_report.cc:389] FS layout report
--------------------
wal directory: /tmp/dist-test-taskVDVUSE/test-tmp/auto_leader_rebalancer-test.0.LeaderRebalancerTest.FunctionalTestForDivided.1783689431319294-431-0/minicluster-data/ts-1-root
metadata directory: /tmp/dist-test-taskVDVUSE/test-tmp/auto_leader_rebalancer-test.0.LeaderRebalancerTest.FunctionalTestForDivided.1783689431319294-431-0/minicluster-data/ts-1-root
1 data directories: /tmp/dist-test-taskVDVUSE/test-tmp/auto_leader_rebalancer-test.0.LeaderRebalancerTest.FunctionalTestForDivided.1783689431319294-431-0/minicluster-data/ts-1-root/data
Total live blocks: 0
Total live bytes: 0
Total live bytes (after alignment): 0
Total number of LBM containers: 0 (0 full)
Did not check for missing blocks
Did not check for orphaned blocks
Total full LBM containers with extra space: 0 (0 repaired)
Total full LBM container extra space in bytes: 0 (0 repaired)
Total incomplete LBM containers: 0 (0 repaired)
Total LBM partial records: 0 (0 repaired)
Total corrupted LBM metadata records in RocksDB: 0 (0 repaired)
I20260710 13:17:13.455857   431 rpc_server.cc:225] running with OpenSSL 1.1.1  11 Sep 2018
I20260710 13:17:13.457293   431 kserver.cc:163] Server-wide thread pool size limit: 3276
I20260710 13:17:13.459918   431 txn_system_client.cc:432] TxnSystemClient initialization is disabled...
I20260710 13:17:13.463413   431 ts_tablet_manager.cc:585] Loaded tablet metadata (0 total tablets, 0 live tablets)
I20260710 13:17:13.463680   431 ts_tablet_manager.cc:531] Time spent load tablet metadata: real 0.000s	user 0.000s	sys 0.000s
I20260710 13:17:13.463950   431 ts_tablet_manager.cc:616] Registered 0 tablets
I20260710 13:17:13.464128   431 ts_tablet_manager.cc:595] Time spent register tablets: real 0.000s	user 0.000s	sys 0.000s
I20260710 13:17:13.580649   431 rpc_server.cc:307] RPC server started. Bound to: 127.0.107.194:44269
I20260710 13:17:13.581000   665 acceptor_pool.cc:272] collecting diagnostics on the listening RPC socket 127.0.107.194:44269 every 8 connection(s)
I20260710 13:17:13.587455   431 file_cache.cc:504] Constructed file cache file cache with capacity 419430
W20260710 13:17:13.598312   669 instance_detector.cc:116] could not retrieve AWS instance metadata: Network error: curl error: HTTP response code said error: The requested URL returned error: 404
W20260710 13:17:13.600057   670 instance_detector.cc:116] could not retrieve Azure instance metadata: Network error: curl error: HTTP response code said error: The requested URL returned error: 404
I20260710 13:17:13.604079   666 heartbeater.cc:344] Connected to a master server at 127.0.107.254:39895
I20260710 13:17:13.604498   666 heartbeater.cc:461] Registering TS with master...
I20260710 13:17:13.605748   666 heartbeater.cc:507] Master 127.0.107.254:39895 requested a full tablet report, sending...
I20260710 13:17:13.609264   463 ts_manager.cc:194] Registered new tserver with Master: db497ea53c564c8f9370d3877719359c (127.0.107.194:44269)
I20260710 13:17:13.610632   431 server_base.cc:1061] running on GCE node
I20260710 13:17:13.611181   463 master_service.cc:502] Signed X509 certificate for tserver {username='slave'} at 127.0.0.1:33996
W20260710 13:17:13.611840   672 instance_detector.cc:116] could not retrieve OpenStack instance metadata: Network error: curl error: HTTP response code said error: The requested URL returned error: 404
I20260710 13:17:13.613178   431 hybrid_clock.cc:584] initializing the hybrid clock with 'system_unsync' time source
W20260710 13:17:13.613462   431 system_unsync_time.cc:38] NTP support is disabled. Clock error bounds will not be accurate. This configuration is not suitable for distributed clusters.
I20260710 13:17:13.613667   431 hybrid_clock.cc:648] HybridClock initialized: now 1783689433613648 us; error 0 us; skew 500 ppm
I20260710 13:17:13.614279   431 server_base.cc:861] Flag tcmalloc_max_total_thread_cache_bytes is not working since tcmalloc is not enabled.
I20260710 13:17:13.617297   431 webserver.cc:533] Webserver started at http://127.0.107.195:37335/ using document root <none> and password file <none>
I20260710 13:17:13.617810   431 fs_manager.cc:362] Metadata directory not provided
I20260710 13:17:13.618010   431 fs_manager.cc:368] Using write-ahead log directory (fs_wal_dir) as metadata directory
I20260710 13:17:13.618288   431 server_base.cc:909] This appears to be a new deployment of Kudu; creating new FS layout
I20260710 13:17:13.619320   431 fs_manager.cc:1068] Generated new instance metadata in path /tmp/dist-test-taskVDVUSE/test-tmp/auto_leader_rebalancer-test.0.LeaderRebalancerTest.FunctionalTestForDivided.1783689431319294-431-0/minicluster-data/ts-2-root/instance:
uuid: "786b85385ac048758493082f6016e535"
format_stamp: "Formatted at 2026-07-10 13:17:13 on dist-test-slave-g5fn"
I20260710 13:17:13.624363   431 fs_manager.cc:696] Time spent creating directory manager: real 0.005s	user 0.006s	sys 0.000s
I20260710 13:17:13.628762   677 log_block_manager.cc:4127] Time spent loading block containers with low live blocks: real 0.000s	user 0.000s	sys 0.000s
I20260710 13:17:13.629704   431 fs_manager.cc:730] Time spent opening block manager: real 0.003s	user 0.003s	sys 0.000s
I20260710 13:17:13.630051   431 fs_manager.cc:647] Opened local filesystem: /tmp/dist-test-taskVDVUSE/test-tmp/auto_leader_rebalancer-test.0.LeaderRebalancerTest.FunctionalTestForDivided.1783689431319294-431-0/minicluster-data/ts-2-root
uuid: "786b85385ac048758493082f6016e535"
format_stamp: "Formatted at 2026-07-10 13:17:13 on dist-test-slave-g5fn"
I20260710 13:17:13.630359   431 fs_report.cc:389] FS layout report
--------------------
wal directory: /tmp/dist-test-taskVDVUSE/test-tmp/auto_leader_rebalancer-test.0.LeaderRebalancerTest.FunctionalTestForDivided.1783689431319294-431-0/minicluster-data/ts-2-root
metadata directory: /tmp/dist-test-taskVDVUSE/test-tmp/auto_leader_rebalancer-test.0.LeaderRebalancerTest.FunctionalTestForDivided.1783689431319294-431-0/minicluster-data/ts-2-root
1 data directories: /tmp/dist-test-taskVDVUSE/test-tmp/auto_leader_rebalancer-test.0.LeaderRebalancerTest.FunctionalTestForDivided.1783689431319294-431-0/minicluster-data/ts-2-root/data
Total live blocks: 0
Total live bytes: 0
Total live bytes (after alignment): 0
Total number of LBM containers: 0 (0 full)
Did not check for missing blocks
Did not check for orphaned blocks
Total full LBM containers with extra space: 0 (0 repaired)
Total full LBM container extra space in bytes: 0 (0 repaired)
Total incomplete LBM containers: 0 (0 repaired)
Total LBM partial records: 0 (0 repaired)
Total corrupted LBM metadata records in RocksDB: 0 (0 repaired)
I20260710 13:17:13.646178   431 rpc_server.cc:225] running with OpenSSL 1.1.1  11 Sep 2018
I20260710 13:17:13.647502   431 kserver.cc:163] Server-wide thread pool size limit: 3276
I20260710 13:17:13.649065   431 txn_system_client.cc:432] TxnSystemClient initialization is disabled...
I20260710 13:17:13.651683   431 ts_tablet_manager.cc:585] Loaded tablet metadata (0 total tablets, 0 live tablets)
I20260710 13:17:13.651939   431 ts_tablet_manager.cc:531] Time spent load tablet metadata: real 0.000s	user 0.000s	sys 0.000s
I20260710 13:17:13.652189   431 ts_tablet_manager.cc:616] Registered 0 tablets
I20260710 13:17:13.652372   431 ts_tablet_manager.cc:595] Time spent register tablets: real 0.000s	user 0.000s	sys 0.000s
I20260710 13:17:13.756927   431 rpc_server.cc:307] RPC server started. Bound to: 127.0.107.195:39951
I20260710 13:17:13.757468   739 acceptor_pool.cc:272] collecting diagnostics on the listening RPC socket 127.0.107.195:39951 every 8 connection(s)
I20260710 13:17:13.777555   740 heartbeater.cc:344] Connected to a master server at 127.0.107.254:39895
I20260710 13:17:13.778043   740 heartbeater.cc:461] Registering TS with master...
I20260710 13:17:13.778956   740 heartbeater.cc:507] Master 127.0.107.254:39895 requested a full tablet report, sending...
I20260710 13:17:13.781486   463 ts_manager.cc:194] Registered new tserver with Master: 786b85385ac048758493082f6016e535 (127.0.107.195:39951)
I20260710 13:17:13.781726   431 internal_mini_cluster.cc:371] 3 TS(s) registered with all masters after 0.017162114s
I20260710 13:17:13.783574   463 master_service.cc:502] Signed X509 certificate for tserver {username='slave'} at 127.0.0.1:34010
I20260710 13:17:13.842808   463 catalog_manager.cc:2283] Servicing CreateTable request from {username='slave'} at 127.0.0.1:34024:
name: "test-workload"
schema {
  columns {
    name: "key"
    type: INT32
    is_key: true
    is_nullable: false
    encoding: AUTO_ENCODING
    compression: DEFAULT_COMPRESSION
    cfile_block_size: 0
    immutable: false
  }
  columns {
    name: "int_val"
    type: INT32
    is_key: false
    is_nullable: false
    encoding: AUTO_ENCODING
    compression: DEFAULT_COMPRESSION
    cfile_block_size: 0
    immutable: false
  }
  columns {
    name: "string_val"
    type: STRING
    is_key: false
    is_nullable: true
    encoding: AUTO_ENCODING
    compression: DEFAULT_COMPRESSION
    cfile_block_size: 0
    immutable: false
  }
}
num_replicas: 3
split_rows_range_bounds {
  rows: "\004\001\000\216\3438\016\004\001\000\034\307q\034\004\001\000\252\252\252*\004\001\0008\216\3438\004\001\000\306q\034G\004\001\000TUUU\004\001\000\3428\216c\004\001\000p\034\307q""\004\001\000\216\3438\016\004\001\000\034\307q\034\004\001\000\252\252\252*\004\001\0008\216\3438\004\001\000\306q\034G\004\001\000TUUU\004\001\000\3428\216c\004\001\000p\034\307q"
  indirect_data: """"
}
partition_schema {
  range_schema {
    columns {
      name: "key"
    }
  }
}
W20260710 13:17:13.846643   463 catalog_manager.cc:7077] The number of live tablet servers is not enough to re-replicate a tablet replica of the newly created table test-workload in case of a server failure: 4 tablet servers would be needed, 3 are available. Consider bringing up more tablet servers.
I20260710 13:17:13.954564   631 tablet_service.cc:1511] Processing CreateTablet for tablet cd266ffbfd574b2d8ff88790cfbbb849 (DEFAULT_TABLE table=test-workload [id=6fddc32dd93948cfa5879a2ce0fdc6a7]), partition=RANGE (key) PARTITION VALUES < 238609294
I20260710 13:17:13.956315   631 data_dirs.cc:400] Could only allocate 1 dirs of requested 3 for tablet cd266ffbfd574b2d8ff88790cfbbb849. 1 dirs total, 0 dirs full, 0 dirs failed
I20260710 13:17:13.966877   629 tablet_service.cc:1511] Processing CreateTablet for tablet e02e372627734a929df01180199ab1e7 (DEFAULT_TABLE table=test-workload [id=6fddc32dd93948cfa5879a2ce0fdc6a7]), partition=RANGE (key) PARTITION 477218588 <= VALUES < 715827882
I20260710 13:17:13.971052   630 tablet_service.cc:1511] Processing CreateTablet for tablet f0f050392acb48b991eed85074e01100 (DEFAULT_TABLE table=test-workload [id=6fddc32dd93948cfa5879a2ce0fdc6a7]), partition=RANGE (key) PARTITION 238609294 <= VALUES < 477218588
I20260710 13:17:13.972419   628 tablet_service.cc:1511] Processing CreateTablet for tablet 877bc19f3dfd4a87b4ab29912cfc3929 (DEFAULT_TABLE table=test-workload [id=6fddc32dd93948cfa5879a2ce0fdc6a7]), partition=RANGE (key) PARTITION 715827882 <= VALUES < 954437176
I20260710 13:17:13.976015   629 data_dirs.cc:400] Could only allocate 1 dirs of requested 3 for tablet e02e372627734a929df01180199ab1e7. 1 dirs total, 0 dirs full, 0 dirs failed
I20260710 13:17:13.975939   627 tablet_service.cc:1511] Processing CreateTablet for tablet f0e0505696cc48c4979bbe75de1d1e77 (DEFAULT_TABLE table=test-workload [id=6fddc32dd93948cfa5879a2ce0fdc6a7]), partition=RANGE (key) PARTITION 954437176 <= VALUES < 1193046470
I20260710 13:17:13.980338   628 data_dirs.cc:400] Could only allocate 1 dirs of requested 3 for tablet 877bc19f3dfd4a87b4ab29912cfc3929. 1 dirs total, 0 dirs full, 0 dirs failed
I20260710 13:17:13.986369   627 data_dirs.cc:400] Could only allocate 1 dirs of requested 3 for tablet f0e0505696cc48c4979bbe75de1d1e77. 1 dirs total, 0 dirs full, 0 dirs failed
I20260710 13:17:13.981570   705 tablet_service.cc:1511] Processing CreateTablet for tablet cd266ffbfd574b2d8ff88790cfbbb849 (DEFAULT_TABLE table=test-workload [id=6fddc32dd93948cfa5879a2ce0fdc6a7]), partition=RANGE (key) PARTITION VALUES < 238609294
I20260710 13:17:13.989282   703 tablet_service.cc:1511] Processing CreateTablet for tablet e02e372627734a929df01180199ab1e7 (DEFAULT_TABLE table=test-workload [id=6fddc32dd93948cfa5879a2ce0fdc6a7]), partition=RANGE (key) PARTITION 477218588 <= VALUES < 715827882
I20260710 13:17:13.994135   705 data_dirs.cc:400] Could only allocate 1 dirs of requested 3 for tablet cd266ffbfd574b2d8ff88790cfbbb849. 1 dirs total, 0 dirs full, 0 dirs failed
I20260710 13:17:13.988128   701 tablet_service.cc:1511] Processing CreateTablet for tablet f0e0505696cc48c4979bbe75de1d1e77 (DEFAULT_TABLE table=test-workload [id=6fddc32dd93948cfa5879a2ce0fdc6a7]), partition=RANGE (key) PARTITION 954437176 <= VALUES < 1193046470
I20260710 13:17:13.994784   702 tablet_service.cc:1511] Processing CreateTablet for tablet 877bc19f3dfd4a87b4ab29912cfc3929 (DEFAULT_TABLE table=test-workload [id=6fddc32dd93948cfa5879a2ce0fdc6a7]), partition=RANGE (key) PARTITION 715827882 <= VALUES < 954437176
I20260710 13:17:13.989364   704 tablet_service.cc:1511] Processing CreateTablet for tablet f0f050392acb48b991eed85074e01100 (DEFAULT_TABLE table=test-workload [id=6fddc32dd93948cfa5879a2ce0fdc6a7]), partition=RANGE (key) PARTITION 238609294 <= VALUES < 477218588
I20260710 13:17:13.998586   630 data_dirs.cc:400] Could only allocate 1 dirs of requested 3 for tablet f0f050392acb48b991eed85074e01100. 1 dirs total, 0 dirs full, 0 dirs failed
I20260710 13:17:13.998631   626 tablet_service.cc:1511] Processing CreateTablet for tablet 398d61553be64e10929bc5d406b1a80c (DEFAULT_TABLE table=test-workload [id=6fddc32dd93948cfa5879a2ce0fdc6a7]), partition=RANGE (key) PARTITION 1193046470 <= VALUES < 1431655764
I20260710 13:17:14.001169   703 data_dirs.cc:400] Could only allocate 1 dirs of requested 3 for tablet e02e372627734a929df01180199ab1e7. 1 dirs total, 0 dirs full, 0 dirs failed
I20260710 13:17:14.001829   700 tablet_service.cc:1511] Processing CreateTablet for tablet 398d61553be64e10929bc5d406b1a80c (DEFAULT_TABLE table=test-workload [id=6fddc32dd93948cfa5879a2ce0fdc6a7]), partition=RANGE (key) PARTITION 1193046470 <= VALUES < 1431655764
I20260710 13:17:14.009250   702 data_dirs.cc:400] Could only allocate 1 dirs of requested 3 for tablet 877bc19f3dfd4a87b4ab29912cfc3929. 1 dirs total, 0 dirs full, 0 dirs failed
I20260710 13:17:14.012471   701 data_dirs.cc:400] Could only allocate 1 dirs of requested 3 for tablet f0e0505696cc48c4979bbe75de1d1e77. 1 dirs total, 0 dirs full, 0 dirs failed
I20260710 13:17:14.013684   626 data_dirs.cc:400] Could only allocate 1 dirs of requested 3 for tablet 398d61553be64e10929bc5d406b1a80c. 1 dirs total, 0 dirs full, 0 dirs failed
I20260710 13:17:14.014925   700 data_dirs.cc:400] Could only allocate 1 dirs of requested 3 for tablet 398d61553be64e10929bc5d406b1a80c. 1 dirs total, 0 dirs full, 0 dirs failed
I20260710 13:17:14.027776   704 data_dirs.cc:400] Could only allocate 1 dirs of requested 3 for tablet f0f050392acb48b991eed85074e01100. 1 dirs total, 0 dirs full, 0 dirs failed
I20260710 13:17:14.027720   625 tablet_service.cc:1511] Processing CreateTablet for tablet 8fd7392f38244e578e8a7fff89833361 (DEFAULT_TABLE table=test-workload [id=6fddc32dd93948cfa5879a2ce0fdc6a7]), partition=RANGE (key) PARTITION 1431655764 <= VALUES < 1670265058
I20260710 13:17:14.031296   625 data_dirs.cc:400] Could only allocate 1 dirs of requested 3 for tablet 8fd7392f38244e578e8a7fff89833361. 1 dirs total, 0 dirs full, 0 dirs failed
W20260710 13:17:14.059492   510 auto_rebalancer.cc:288] Could not retrieve cluster info: Service unavailable: Tablet not running
I20260710 13:17:14.048882   699 tablet_service.cc:1511] Processing CreateTablet for tablet 8fd7392f38244e578e8a7fff89833361 (DEFAULT_TABLE table=test-workload [id=6fddc32dd93948cfa5879a2ce0fdc6a7]), partition=RANGE (key) PARTITION 1431655764 <= VALUES < 1670265058
I20260710 13:17:14.061208   699 data_dirs.cc:400] Could only allocate 1 dirs of requested 3 for tablet 8fd7392f38244e578e8a7fff89833361. 1 dirs total, 0 dirs full, 0 dirs failed
I20260710 13:17:14.096900   757 tablet_bootstrap.cc:492] T cd266ffbfd574b2d8ff88790cfbbb849 P db497ea53c564c8f9370d3877719359c: Bootstrap starting.
I20260710 13:17:14.093739   631 tablet_service.cc:1511] Processing CreateTablet for tablet 6d9ab7b99d57403bbcacb9c9e1056c29 (DEFAULT_TABLE table=test-workload [id=6fddc32dd93948cfa5879a2ce0fdc6a7]), partition=RANGE (key) PARTITION 1670265058 <= VALUES < 1908874352
I20260710 13:17:14.111088   698 tablet_service.cc:1511] Processing CreateTablet for tablet 6d9ab7b99d57403bbcacb9c9e1056c29 (DEFAULT_TABLE table=test-workload [id=6fddc32dd93948cfa5879a2ce0fdc6a7]), partition=RANGE (key) PARTITION 1670265058 <= VALUES < 1908874352
I20260710 13:17:14.112339   556 tablet_service.cc:1511] Processing CreateTablet for tablet cd266ffbfd574b2d8ff88790cfbbb849 (DEFAULT_TABLE table=test-workload [id=6fddc32dd93948cfa5879a2ce0fdc6a7]), partition=RANGE (key) PARTITION VALUES < 238609294
I20260710 13:17:14.113904   698 data_dirs.cc:400] Could only allocate 1 dirs of requested 3 for tablet 6d9ab7b99d57403bbcacb9c9e1056c29. 1 dirs total, 0 dirs full, 0 dirs failed
I20260710 13:17:14.117457   552 tablet_service.cc:1511] Processing CreateTablet for tablet f0e0505696cc48c4979bbe75de1d1e77 (DEFAULT_TABLE table=test-workload [id=6fddc32dd93948cfa5879a2ce0fdc6a7]), partition=RANGE (key) PARTITION 954437176 <= VALUES < 1193046470
I20260710 13:17:14.119601   551 tablet_service.cc:1511] Processing CreateTablet for tablet 398d61553be64e10929bc5d406b1a80c (DEFAULT_TABLE table=test-workload [id=6fddc32dd93948cfa5879a2ce0fdc6a7]), partition=RANGE (key) PARTITION 1193046470 <= VALUES < 1431655764
I20260710 13:17:14.121060   631 data_dirs.cc:400] Could only allocate 1 dirs of requested 3 for tablet 6d9ab7b99d57403bbcacb9c9e1056c29. 1 dirs total, 0 dirs full, 0 dirs failed
I20260710 13:17:14.131175   556 data_dirs.cc:400] Could only allocate 1 dirs of requested 3 for tablet cd266ffbfd574b2d8ff88790cfbbb849. 1 dirs total, 0 dirs full, 0 dirs failed
I20260710 13:17:14.138098   551 data_dirs.cc:400] Could only allocate 1 dirs of requested 3 for tablet 398d61553be64e10929bc5d406b1a80c. 1 dirs total, 0 dirs full, 0 dirs failed
I20260710 13:17:14.138984   555 tablet_service.cc:1511] Processing CreateTablet for tablet f0f050392acb48b991eed85074e01100 (DEFAULT_TABLE table=test-workload [id=6fddc32dd93948cfa5879a2ce0fdc6a7]), partition=RANGE (key) PARTITION 238609294 <= VALUES < 477218588
I20260710 13:17:14.142017   549 tablet_service.cc:1511] Processing CreateTablet for tablet 6d9ab7b99d57403bbcacb9c9e1056c29 (DEFAULT_TABLE table=test-workload [id=6fddc32dd93948cfa5879a2ce0fdc6a7]), partition=RANGE (key) PARTITION 1670265058 <= VALUES < 1908874352
I20260710 13:17:14.144938   554 tablet_service.cc:1511] Processing CreateTablet for tablet e02e372627734a929df01180199ab1e7 (DEFAULT_TABLE table=test-workload [id=6fddc32dd93948cfa5879a2ce0fdc6a7]), partition=RANGE (key) PARTITION 477218588 <= VALUES < 715827882
I20260710 13:17:14.145268   553 tablet_service.cc:1511] Processing CreateTablet for tablet 877bc19f3dfd4a87b4ab29912cfc3929 (DEFAULT_TABLE table=test-workload [id=6fddc32dd93948cfa5879a2ce0fdc6a7]), partition=RANGE (key) PARTITION 715827882 <= VALUES < 954437176
I20260710 13:17:14.155606   550 tablet_service.cc:1511] Processing CreateTablet for tablet 8fd7392f38244e578e8a7fff89833361 (DEFAULT_TABLE table=test-workload [id=6fddc32dd93948cfa5879a2ce0fdc6a7]), partition=RANGE (key) PARTITION 1431655764 <= VALUES < 1670265058
I20260710 13:17:14.155611   552 data_dirs.cc:400] Could only allocate 1 dirs of requested 3 for tablet f0e0505696cc48c4979bbe75de1d1e77. 1 dirs total, 0 dirs full, 0 dirs failed
I20260710 13:17:14.176973   553 data_dirs.cc:400] Could only allocate 1 dirs of requested 3 for tablet 877bc19f3dfd4a87b4ab29912cfc3929. 1 dirs total, 0 dirs full, 0 dirs failed
I20260710 13:17:14.195559   758 tablet_bootstrap.cc:492] T f0e0505696cc48c4979bbe75de1d1e77 P 786b85385ac048758493082f6016e535: Bootstrap starting.
I20260710 13:17:14.200479   548 tablet_service.cc:1511] Processing CreateTablet for tablet efa2bb1ce3844e14baa6c5403c603f78 (DEFAULT_TABLE table=test-workload [id=6fddc32dd93948cfa5879a2ce0fdc6a7]), partition=RANGE (key) PARTITION 1908874352 <= VALUES
I20260710 13:17:14.221423   626 tablet_service.cc:1511] Processing CreateTablet for tablet efa2bb1ce3844e14baa6c5403c603f78 (DEFAULT_TABLE table=test-workload [id=6fddc32dd93948cfa5879a2ce0fdc6a7]), partition=RANGE (key) PARTITION 1908874352 <= VALUES
I20260710 13:17:14.225631   554 data_dirs.cc:400] Could only allocate 1 dirs of requested 3 for tablet e02e372627734a929df01180199ab1e7. 1 dirs total, 0 dirs full, 0 dirs failed
I20260710 13:17:14.232409   549 data_dirs.cc:400] Could only allocate 1 dirs of requested 3 for tablet 6d9ab7b99d57403bbcacb9c9e1056c29. 1 dirs total, 0 dirs full, 0 dirs failed
I20260710 13:17:14.234767   626 data_dirs.cc:400] Could only allocate 1 dirs of requested 3 for tablet efa2bb1ce3844e14baa6c5403c603f78. 1 dirs total, 0 dirs full, 0 dirs failed
I20260710 13:17:14.236116   702 tablet_service.cc:1511] Processing CreateTablet for tablet efa2bb1ce3844e14baa6c5403c603f78 (DEFAULT_TABLE table=test-workload [id=6fddc32dd93948cfa5879a2ce0fdc6a7]), partition=RANGE (key) PARTITION 1908874352 <= VALUES
I20260710 13:17:14.238648   702 data_dirs.cc:400] Could only allocate 1 dirs of requested 3 for tablet efa2bb1ce3844e14baa6c5403c603f78. 1 dirs total, 0 dirs full, 0 dirs failed
I20260710 13:17:14.241288   548 data_dirs.cc:400] Could only allocate 1 dirs of requested 3 for tablet efa2bb1ce3844e14baa6c5403c603f78. 1 dirs total, 0 dirs full, 0 dirs failed
I20260710 13:17:14.248473   758 tablet_bootstrap.cc:654] T f0e0505696cc48c4979bbe75de1d1e77 P 786b85385ac048758493082f6016e535: Neither blocks nor log segments found. Creating new log.
I20260710 13:17:14.248992   757 tablet_bootstrap.cc:654] T cd266ffbfd574b2d8ff88790cfbbb849 P db497ea53c564c8f9370d3877719359c: Neither blocks nor log segments found. Creating new log.
I20260710 13:17:14.257754   550 data_dirs.cc:400] Could only allocate 1 dirs of requested 3 for tablet 8fd7392f38244e578e8a7fff89833361. 1 dirs total, 0 dirs full, 0 dirs failed
I20260710 13:17:14.262319   555 data_dirs.cc:400] Could only allocate 1 dirs of requested 3 for tablet f0f050392acb48b991eed85074e01100. 1 dirs total, 0 dirs full, 0 dirs failed
I20260710 13:17:14.334805   757 tablet_bootstrap.cc:492] T cd266ffbfd574b2d8ff88790cfbbb849 P db497ea53c564c8f9370d3877719359c: No bootstrap required, opened a new log
I20260710 13:17:14.335335   757 ts_tablet_manager.cc:1403] T cd266ffbfd574b2d8ff88790cfbbb849 P db497ea53c564c8f9370d3877719359c: Time spent bootstrapping tablet: real 0.239s	user 0.011s	sys 0.015s
I20260710 13:17:14.347376   757 raft_consensus.cc:359] T cd266ffbfd574b2d8ff88790cfbbb849 P db497ea53c564c8f9370d3877719359c [term 0 FOLLOWER]: Replica starting. Triggering 0 pending ops. Active config: opid_index: -1 OBSOLETE_local: false peers { permanent_uuid: "db497ea53c564c8f9370d3877719359c" member_type: VOTER last_known_addr { host: "127.0.107.194" port: 44269 } } peers { permanent_uuid: "786b85385ac048758493082f6016e535" member_type: VOTER last_known_addr { host: "127.0.107.195" port: 39951 } } peers { permanent_uuid: "c3f9ab10254146bc80ebc50ee2c802ed" member_type: VOTER last_known_addr { host: "127.0.107.193" port: 35803 } }
I20260710 13:17:14.348531   757 raft_consensus.cc:385] T cd266ffbfd574b2d8ff88790cfbbb849 P db497ea53c564c8f9370d3877719359c [term 0 FOLLOWER]: Consensus starting up: Expiring failure detector timer to make a prompt election more likely
I20260710 13:17:14.348945   757 raft_consensus.cc:740] T cd266ffbfd574b2d8ff88790cfbbb849 P db497ea53c564c8f9370d3877719359c [term 0 FOLLOWER]: Becoming Follower/Learner. State: Replica: db497ea53c564c8f9370d3877719359c, State: Initialized, Role: FOLLOWER
I20260710 13:17:14.392990   757 consensus_queue.cc:260] T cd266ffbfd574b2d8ff88790cfbbb849 P db497ea53c564c8f9370d3877719359c [NON_LEADER]: Queue going to NON_LEADER mode. State: All replicated index: 0, Majority replicated index: 0, Committed index: 0, Last appended: 0.0, Last appended by leader: 0, Current term: 0, Majority size: -1, State: 0, Mode: NON_LEADER, active raft config: opid_index: -1 OBSOLETE_local: false peers { permanent_uuid: "db497ea53c564c8f9370d3877719359c" member_type: VOTER last_known_addr { host: "127.0.107.194" port: 44269 } } peers { permanent_uuid: "786b85385ac048758493082f6016e535" member_type: VOTER last_known_addr { host: "127.0.107.195" port: 39951 } } peers { permanent_uuid: "c3f9ab10254146bc80ebc50ee2c802ed" member_type: VOTER last_known_addr { host: "127.0.107.193" port: 35803 } }
I20260710 13:17:14.393997   761 tablet_bootstrap.cc:492] T cd266ffbfd574b2d8ff88790cfbbb849 P c3f9ab10254146bc80ebc50ee2c802ed: Bootstrap starting.
I20260710 13:17:14.404487   758 tablet_bootstrap.cc:492] T f0e0505696cc48c4979bbe75de1d1e77 P 786b85385ac048758493082f6016e535: No bootstrap required, opened a new log
I20260710 13:17:14.404989   758 ts_tablet_manager.cc:1403] T f0e0505696cc48c4979bbe75de1d1e77 P 786b85385ac048758493082f6016e535: Time spent bootstrapping tablet: real 0.215s	user 0.043s	sys 0.031s
I20260710 13:17:14.412870   666 heartbeater.cc:499] Master 127.0.107.254:39895 was elected leader, sending a full tablet report...
I20260710 13:17:14.418195   757 ts_tablet_manager.cc:1434] T cd266ffbfd574b2d8ff88790cfbbb849 P db497ea53c564c8f9370d3877719359c: Time spent starting tablet: real 0.083s	user 0.012s	sys 0.016s
I20260710 13:17:14.419495   757 tablet_bootstrap.cc:492] T f0e0505696cc48c4979bbe75de1d1e77 P db497ea53c564c8f9370d3877719359c: Bootstrap starting.
I20260710 13:17:14.425486   591 heartbeater.cc:499] Master 127.0.107.254:39895 was elected leader, sending a full tablet report...
I20260710 13:17:14.425081   761 tablet_bootstrap.cc:654] T cd266ffbfd574b2d8ff88790cfbbb849 P c3f9ab10254146bc80ebc50ee2c802ed: Neither blocks nor log segments found. Creating new log.
I20260710 13:17:14.428988   757 tablet_bootstrap.cc:654] T f0e0505696cc48c4979bbe75de1d1e77 P db497ea53c564c8f9370d3877719359c: Neither blocks nor log segments found. Creating new log.
I20260710 13:17:14.434684   758 raft_consensus.cc:359] T f0e0505696cc48c4979bbe75de1d1e77 P 786b85385ac048758493082f6016e535 [term 0 FOLLOWER]: Replica starting. Triggering 0 pending ops. Active config: opid_index: -1 OBSOLETE_local: false peers { permanent_uuid: "c3f9ab10254146bc80ebc50ee2c802ed" member_type: VOTER last_known_addr { host: "127.0.107.193" port: 35803 } } peers { permanent_uuid: "db497ea53c564c8f9370d3877719359c" member_type: VOTER last_known_addr { host: "127.0.107.194" port: 44269 } } peers { permanent_uuid: "786b85385ac048758493082f6016e535" member_type: VOTER last_known_addr { host: "127.0.107.195" port: 39951 } }
I20260710 13:17:14.437626   758 raft_consensus.cc:385] T f0e0505696cc48c4979bbe75de1d1e77 P 786b85385ac048758493082f6016e535 [term 0 FOLLOWER]: Consensus starting up: Expiring failure detector timer to make a prompt election more likely
I20260710 13:17:14.438082   758 raft_consensus.cc:740] T f0e0505696cc48c4979bbe75de1d1e77 P 786b85385ac048758493082f6016e535 [term 0 FOLLOWER]: Becoming Follower/Learner. State: Replica: 786b85385ac048758493082f6016e535, State: Initialized, Role: FOLLOWER
I20260710 13:17:14.439448   762 raft_consensus.cc:493] T cd266ffbfd574b2d8ff88790cfbbb849 P db497ea53c564c8f9370d3877719359c [term 0 FOLLOWER]: Starting pre-election (no leader contacted us within the election timeout)
I20260710 13:17:14.439378   758 consensus_queue.cc:260] T f0e0505696cc48c4979bbe75de1d1e77 P 786b85385ac048758493082f6016e535 [NON_LEADER]: Queue going to NON_LEADER mode. State: All replicated index: 0, Majority replicated index: 0, Committed index: 0, Last appended: 0.0, Last appended by leader: 0, Current term: 0, Majority size: -1, State: 0, Mode: NON_LEADER, active raft config: opid_index: -1 OBSOLETE_local: false peers { permanent_uuid: "c3f9ab10254146bc80ebc50ee2c802ed" member_type: VOTER last_known_addr { host: "127.0.107.193" port: 35803 } } peers { permanent_uuid: "db497ea53c564c8f9370d3877719359c" member_type: VOTER last_known_addr { host: "127.0.107.194" port: 44269 } } peers { permanent_uuid: "786b85385ac048758493082f6016e535" member_type: VOTER last_known_addr { host: "127.0.107.195" port: 39951 } }
