I20260710 13:17:16.920189   761 raft_consensus.cc:740] T f0e0505696cc48c4979bbe75de1d1e77 P c3f9ab10254146bc80ebc50ee2c802ed [term 0 FOLLOWER]: Becoming Follower/Learner. State: Replica: c3f9ab10254146bc80ebc50ee2c802ed, State: Initialized, Role: FOLLOWER
I20260710 13:17:16.920706   761 consensus_queue.cc:260] T f0e0505696cc48c4979bbe75de1d1e77 P c3f9ab10254146bc80ebc50ee2c802ed [NON_LEADER]: Queue going to NON_LEADER mode. State: All replicated index: 0, Majority replicated index: 0, Committed index: 0, Last appended: 0.0, Last appended by leader: 0, Current term: 0, Majority size: -1, State: 0, Mode: NON_LEADER, active raft config: opid_index: -1 OBSOLETE_local: false peers { permanent_uuid: "c3f9ab10254146bc80ebc50ee2c802ed" member_type: VOTER last_known_addr { host: "127.0.107.193" port: 35803 } } peers { permanent_uuid: "db497ea53c564c8f9370d3877719359c" member_type: VOTER last_known_addr { host: "127.0.107.194" port: 44269 } } peers { permanent_uuid: "786b85385ac048758493082f6016e535" member_type: VOTER last_known_addr { host: "127.0.107.195" port: 39951 } }
I20260710 13:17:16.921419   714 tablet_service.cc:1917] Received RequestConsensusVote() RPC: tablet_id: "877bc19f3dfd4a87b4ab29912cfc3929" candidate_uuid: "db497ea53c564c8f9370d3877719359c" candidate_term: 2 candidate_status { last_received { term: 0 index: 0 } } ignore_live_leader: false dest_uuid: "786b85385ac048758493082f6016e535" is_pre_election: true
I20260710 13:17:16.924896   815 raft_consensus.cc:493] T f0f050392acb48b991eed85074e01100 P db497ea53c564c8f9370d3877719359c [term 1 FOLLOWER]: Starting pre-election (no leader contacted us within the election timeout)
I20260710 13:17:16.943228   758 tablet_bootstrap.cc:492] T cd266ffbfd574b2d8ff88790cfbbb849 P 786b85385ac048758493082f6016e535: No bootstrap required, opened a new log
I20260710 13:17:16.943730   758 ts_tablet_manager.cc:1403] T cd266ffbfd574b2d8ff88790cfbbb849 P 786b85385ac048758493082f6016e535: Time spent bootstrapping tablet: real 0.131s	user 0.027s	sys 0.034s
I20260710 13:17:16.948359   758 raft_consensus.cc:359] T cd266ffbfd574b2d8ff88790cfbbb849 P 786b85385ac048758493082f6016e535 [term 0 FOLLOWER]: Replica starting. Triggering 0 pending ops. Active config: opid_index: -1 OBSOLETE_local: false peers { permanent_uuid: "db497ea53c564c8f9370d3877719359c" member_type: VOTER last_known_addr { host: "127.0.107.194" port: 44269 } } peers { permanent_uuid: "786b85385ac048758493082f6016e535" member_type: VOTER last_known_addr { host: "127.0.107.195" port: 39951 } } peers { permanent_uuid: "c3f9ab10254146bc80ebc50ee2c802ed" member_type: VOTER last_known_addr { host: "127.0.107.193" port: 35803 } }
I20260710 13:17:16.949091   758 raft_consensus.cc:385] T cd266ffbfd574b2d8ff88790cfbbb849 P 786b85385ac048758493082f6016e535 [term 0 FOLLOWER]: Consensus starting up: Expiring failure detector timer to make a prompt election more likely
I20260710 13:17:16.943595   815 raft_consensus.cc:515] T f0f050392acb48b991eed85074e01100 P db497ea53c564c8f9370d3877719359c [term 1 FOLLOWER]: Starting pre-election with config: opid_index: -1 OBSOLETE_local: false peers { permanent_uuid: "c3f9ab10254146bc80ebc50ee2c802ed" member_type: VOTER last_known_addr { host: "127.0.107.193" port: 35803 } } peers { permanent_uuid: "db497ea53c564c8f9370d3877719359c" member_type: VOTER last_known_addr { host: "127.0.107.194" port: 44269 } } peers { permanent_uuid: "786b85385ac048758493082f6016e535" member_type: VOTER last_known_addr { host: "127.0.107.195" port: 39951 } }
I20260710 13:17:16.949584   758 raft_consensus.cc:740] T cd266ffbfd574b2d8ff88790cfbbb849 P 786b85385ac048758493082f6016e535 [term 0 FOLLOWER]: Becoming Follower/Learner. State: Replica: 786b85385ac048758493082f6016e535, State: Initialized, Role: FOLLOWER
I20260710 13:17:16.948758   820 consensus_queue.cc:1048] T 877bc19f3dfd4a87b4ab29912cfc3929 P 786b85385ac048758493082f6016e535 [LEADER]: Connected to new peer: Peer: permanent_uuid: "db497ea53c564c8f9370d3877719359c" member_type: VOTER last_known_addr { host: "127.0.107.194" port: 44269 }, Status: LMP_MISMATCH, Last received: 0.0, Next index: 1, Last known committed idx: 0, Time since last communication: 0.003s
I20260710 13:17:16.941288   814 raft_consensus.cc:697] T 6d9ab7b99d57403bbcacb9c9e1056c29 P c3f9ab10254146bc80ebc50ee2c802ed [term 1 LEADER]: Becoming Leader. State: Replica: c3f9ab10254146bc80ebc50ee2c802ed, State: Running, Role: LEADER
I20260710 13:17:16.954308   815 leader_election.cc:290] T f0f050392acb48b991eed85074e01100 P db497ea53c564c8f9370d3877719359c [CANDIDATE]: Term 2 pre-election: Requested pre-vote from peers c3f9ab10254146bc80ebc50ee2c802ed (127.0.107.193:35803), 786b85385ac048758493082f6016e535 (127.0.107.195:39951)
I20260710 13:17:16.954903   814 consensus_queue.cc:237] T 6d9ab7b99d57403bbcacb9c9e1056c29 P c3f9ab10254146bc80ebc50ee2c802ed [LEADER]: Queue going to LEADER mode. State: All replicated index: 0, Majority replicated index: 0, Committed index: 0, Last appended: 0.0, Last appended by leader: 0, Current term: 1, Majority size: 2, State: 0, Mode: LEADER, active raft config: opid_index: -1 OBSOLETE_local: false peers { permanent_uuid: "c3f9ab10254146bc80ebc50ee2c802ed" member_type: VOTER last_known_addr { host: "127.0.107.193" port: 35803 } } peers { permanent_uuid: "db497ea53c564c8f9370d3877719359c" member_type: VOTER last_known_addr { host: "127.0.107.194" port: 44269 } } peers { permanent_uuid: "786b85385ac048758493082f6016e535" member_type: VOTER last_known_addr { host: "127.0.107.195" port: 39951 } }
I20260710 13:17:16.956892   714 tablet_service.cc:1917] Received RequestConsensusVote() RPC: tablet_id: "f0f050392acb48b991eed85074e01100" candidate_uuid: "db497ea53c564c8f9370d3877719359c" candidate_term: 2 candidate_status { last_received { term: 0 index: 0 } } ignore_live_leader: false dest_uuid: "786b85385ac048758493082f6016e535" is_pre_election: true
I20260710 13:17:16.964682   758 consensus_queue.cc:260] T cd266ffbfd574b2d8ff88790cfbbb849 P 786b85385ac048758493082f6016e535 [NON_LEADER]: Queue going to NON_LEADER mode. State: All replicated index: 0, Majority replicated index: 0, Committed index: 0, Last appended: 0.0, Last appended by leader: 0, Current term: 0, Majority size: -1, State: 0, Mode: NON_LEADER, active raft config: opid_index: -1 OBSOLETE_local: false peers { permanent_uuid: "db497ea53c564c8f9370d3877719359c" member_type: VOTER last_known_addr { host: "127.0.107.194" port: 44269 } } peers { permanent_uuid: "786b85385ac048758493082f6016e535" member_type: VOTER last_known_addr { host: "127.0.107.195" port: 39951 } } peers { permanent_uuid: "c3f9ab10254146bc80ebc50ee2c802ed" member_type: VOTER last_known_addr { host: "127.0.107.193" port: 35803 } }
I20260710 13:17:16.966223   758 ts_tablet_manager.cc:1434] T cd266ffbfd574b2d8ff88790cfbbb849 P 786b85385ac048758493082f6016e535: Time spent starting tablet: real 0.022s	user 0.009s	sys 0.000s
W20260710 13:17:16.937620   529 outbound_call.cc:321] RPC callback for RPC call kudu.consensus.ConsensusService.RequestConsensusVote -> {remote=127.0.107.195:39951, user_credentials={real_user=slave}} blocked reactor thread for 81331us
I20260710 13:17:16.967432   714 raft_consensus.cc:2468] T f0f050392acb48b991eed85074e01100 P 786b85385ac048758493082f6016e535 [term 1 FOLLOWER]: Leader pre-election vote request: Granting yes vote for candidate db497ea53c564c8f9370d3877719359c in term 1.
I20260710 13:17:16.967877   829 raft_consensus.cc:2804] T f0f050392acb48b991eed85074e01100 P c3f9ab10254146bc80ebc50ee2c802ed [term 1 FOLLOWER]: Leader election won for term 1
I20260710 13:17:16.970091   604 leader_election.cc:304] T f0f050392acb48b991eed85074e01100 P db497ea53c564c8f9370d3877719359c [CANDIDATE]: Term 2 pre-election: Election decided. Result: candidate won. Election summary: received 2 responses out of 3 voters: 2 yes votes; 0 no votes. yes voters: 786b85385ac048758493082f6016e535, db497ea53c564c8f9370d3877719359c; no voters: 
I20260710 13:17:16.971309   815 raft_consensus.cc:2804] T f0f050392acb48b991eed85074e01100 P db497ea53c564c8f9370d3877719359c [term 1 FOLLOWER]: Leader pre-election won for term 2
I20260710 13:17:16.971807   815 raft_consensus.cc:493] T f0f050392acb48b991eed85074e01100 P db497ea53c564c8f9370d3877719359c [term 1 FOLLOWER]: Starting leader election (no leader contacted us within the election timeout)
I20260710 13:17:16.972259   815 raft_consensus.cc:3060] T f0f050392acb48b991eed85074e01100 P db497ea53c564c8f9370d3877719359c [term 1 FOLLOWER]: Advancing to term 2
I20260710 13:17:16.978528   761 ts_tablet_manager.cc:1434] T f0e0505696cc48c4979bbe75de1d1e77 P c3f9ab10254146bc80ebc50ee2c802ed: Time spent starting tablet: real 0.076s	user 0.006s	sys 0.009s
I20260710 13:17:16.979341   761 tablet_bootstrap.cc:492] T efa2bb1ce3844e14baa6c5403c603f78 P c3f9ab10254146bc80ebc50ee2c802ed: Bootstrap starting.
I20260710 13:17:16.973803   715 raft_consensus.cc:2468] T e02e372627734a929df01180199ab1e7 P 786b85385ac048758493082f6016e535 [term 1 FOLLOWER]: Leader election vote request: Granting yes vote for candidate c3f9ab10254146bc80ebc50ee2c802ed in term 1.
I20260710 13:17:16.975466   829 raft_consensus.cc:697] T f0f050392acb48b991eed85074e01100 P c3f9ab10254146bc80ebc50ee2c802ed [term 1 LEADER]: Becoming Leader. State: Replica: c3f9ab10254146bc80ebc50ee2c802ed, State: Running, Role: LEADER
I20260710 13:17:16.994278   829 consensus_queue.cc:237] T f0f050392acb48b991eed85074e01100 P c3f9ab10254146bc80ebc50ee2c802ed [LEADER]: Queue going to LEADER mode. State: All replicated index: 0, Majority replicated index: 0, Committed index: 0, Last appended: 0.0, Last appended by leader: 0, Current term: 1, Majority size: 2, State: 0, Mode: LEADER, active raft config: opid_index: -1 OBSOLETE_local: false peers { permanent_uuid: "c3f9ab10254146bc80ebc50ee2c802ed" member_type: VOTER last_known_addr { host: "127.0.107.193" port: 35803 } } peers { permanent_uuid: "db497ea53c564c8f9370d3877719359c" member_type: VOTER last_known_addr { host: "127.0.107.194" port: 44269 } } peers { permanent_uuid: "786b85385ac048758493082f6016e535" member_type: VOTER last_known_addr { host: "127.0.107.195" port: 39951 } }
I20260710 13:17:17.009965   827 raft_consensus.cc:493] T 877bc19f3dfd4a87b4ab29912cfc3929 P c3f9ab10254146bc80ebc50ee2c802ed [term 1 FOLLOWER]: Starting pre-election (detected failure of leader 786b85385ac048758493082f6016e535)
I20260710 13:17:17.009992   529 leader_election.cc:304] T e02e372627734a929df01180199ab1e7 P c3f9ab10254146bc80ebc50ee2c802ed [CANDIDATE]: Term 1 election: Election decided. Result: candidate won. Election summary: received 2 responses out of 3 voters: 2 yes votes; 0 no votes. yes voters: c3f9ab10254146bc80ebc50ee2c802ed, db497ea53c564c8f9370d3877719359c; no voters: 
I20260710 13:17:17.010627   827 raft_consensus.cc:515] T 877bc19f3dfd4a87b4ab29912cfc3929 P c3f9ab10254146bc80ebc50ee2c802ed [term 1 FOLLOWER]: Starting pre-election with config: opid_index: -1 OBSOLETE_local: false peers { permanent_uuid: "c3f9ab10254146bc80ebc50ee2c802ed" member_type: VOTER last_known_addr { host: "127.0.107.193" port: 35803 } } peers { permanent_uuid: "db497ea53c564c8f9370d3877719359c" member_type: VOTER last_known_addr { host: "127.0.107.194" port: 44269 } } peers { permanent_uuid: "786b85385ac048758493082f6016e535" member_type: VOTER last_known_addr { host: "127.0.107.195" port: 39951 } }
I20260710 13:17:17.012643   831 raft_consensus.cc:2804] T e02e372627734a929df01180199ab1e7 P c3f9ab10254146bc80ebc50ee2c802ed [term 1 FOLLOWER]: Leader election won for term 1
I20260710 13:17:17.013331   831 raft_consensus.cc:697] T e02e372627734a929df01180199ab1e7 P c3f9ab10254146bc80ebc50ee2c802ed [term 1 LEADER]: Becoming Leader. State: Replica: c3f9ab10254146bc80ebc50ee2c802ed, State: Running, Role: LEADER
I20260710 13:17:17.014789   831 consensus_queue.cc:237] T e02e372627734a929df01180199ab1e7 P c3f9ab10254146bc80ebc50ee2c802ed [LEADER]: Queue going to LEADER mode. State: All replicated index: 0, Majority replicated index: 0, Committed index: 0, Last appended: 0.0, Last appended by leader: 0, Current term: 1, Majority size: 2, State: 0, Mode: LEADER, active raft config: opid_index: -1 OBSOLETE_local: false peers { permanent_uuid: "c3f9ab10254146bc80ebc50ee2c802ed" member_type: VOTER last_known_addr { host: "127.0.107.193" port: 35803 } } peers { permanent_uuid: "db497ea53c564c8f9370d3877719359c" member_type: VOTER last_known_addr { host: "127.0.107.194" port: 44269 } } peers { permanent_uuid: "786b85385ac048758493082f6016e535" member_type: VOTER last_known_addr { host: "127.0.107.195" port: 39951 } }
I20260710 13:17:17.035297   715 tablet_service.cc:1917] Received RequestConsensusVote() RPC: tablet_id: "cd266ffbfd574b2d8ff88790cfbbb849" candidate_uuid: "c3f9ab10254146bc80ebc50ee2c802ed" candidate_term: 2 candidate_status { last_received { term: 1 index: 1 } } ignore_live_leader: false dest_uuid: "786b85385ac048758493082f6016e535" is_pre_election: true
I20260710 13:17:17.052279   761 tablet_bootstrap.cc:654] T efa2bb1ce3844e14baa6c5403c603f78 P c3f9ab10254146bc80ebc50ee2c802ed: Neither blocks nor log segments found. Creating new log.
I20260710 13:17:17.056556   715 raft_consensus.cc:2468] T cd266ffbfd574b2d8ff88790cfbbb849 P 786b85385ac048758493082f6016e535 [term 0 FOLLOWER]: Leader pre-election vote request: Granting yes vote for candidate c3f9ab10254146bc80ebc50ee2c802ed in term 0.
I20260710 13:17:17.076025   564 tablet_service.cc:1917] Received RequestConsensusVote() RPC: tablet_id: "efa2bb1ce3844e14baa6c5403c603f78" candidate_uuid: "db497ea53c564c8f9370d3877719359c" candidate_term: 1 candidate_status { last_received { term: 0 index: 0 } } ignore_live_leader: false dest_uuid: "c3f9ab10254146bc80ebc50ee2c802ed"
I20260710 13:17:17.072784   566 tablet_service.cc:1917] Received RequestConsensusVote() RPC: tablet_id: "efa2bb1ce3844e14baa6c5403c603f78" candidate_uuid: "db497ea53c564c8f9370d3877719359c" candidate_term: 1 candidate_status { last_received { term: 0 index: 0 } } ignore_live_leader: false dest_uuid: "c3f9ab10254146bc80ebc50ee2c802ed" is_pre_election: true
I20260710 13:17:17.093911   563 tablet_service.cc:1917] Received RequestConsensusVote() RPC: tablet_id: "877bc19f3dfd4a87b4ab29912cfc3929" candidate_uuid: "db497ea53c564c8f9370d3877719359c" candidate_term: 2 candidate_status { last_received { term: 0 index: 0 } } ignore_live_leader: false dest_uuid: "c3f9ab10254146bc80ebc50ee2c802ed" is_pre_election: true
I20260710 13:17:17.076890   565 raft_consensus.cc:3060] T f0e0505696cc48c4979bbe75de1d1e77 P c3f9ab10254146bc80ebc50ee2c802ed [term 0 FOLLOWER]: Advancing to term 1
I20260710 13:17:17.089569   641 tablet_service.cc:1917] Received RequestConsensusVote() RPC: tablet_id: "cd266ffbfd574b2d8ff88790cfbbb849" candidate_uuid: "c3f9ab10254146bc80ebc50ee2c802ed" candidate_term: 2 candidate_status { last_received { term: 1 index: 1 } } ignore_live_leader: false dest_uuid: "db497ea53c564c8f9370d3877719359c" is_pre_election: true
I20260710 13:17:17.109793   812 raft_consensus.cc:493] T 6d9ab7b99d57403bbcacb9c9e1056c29 P 786b85385ac048758493082f6016e535 [term 1 FOLLOWER]: Starting pre-election (no leader contacted us within the election timeout)
I20260710 13:17:17.112273   812 raft_consensus.cc:515] T 6d9ab7b99d57403bbcacb9c9e1056c29 P 786b85385ac048758493082f6016e535 [term 1 FOLLOWER]: Starting pre-election with config: opid_index: -1 OBSOLETE_local: false peers { permanent_uuid: "c3f9ab10254146bc80ebc50ee2c802ed" member_type: VOTER last_known_addr { host: "127.0.107.193" port: 35803 } } peers { permanent_uuid: "db497ea53c564c8f9370d3877719359c" member_type: VOTER last_known_addr { host: "127.0.107.194" port: 44269 } } peers { permanent_uuid: "786b85385ac048758493082f6016e535" member_type: VOTER last_known_addr { host: "127.0.107.195" port: 39951 } }
I20260710 13:17:17.114801   529 leader_election.cc:304] T cd266ffbfd574b2d8ff88790cfbbb849 P c3f9ab10254146bc80ebc50ee2c802ed [CANDIDATE]: Term 2 pre-election: Election decided. Result: candidate won. Election summary: received 2 responses out of 3 voters: 2 yes votes; 0 no votes. yes voters: 786b85385ac048758493082f6016e535, c3f9ab10254146bc80ebc50ee2c802ed; no voters: 
I20260710 13:17:17.100715   562 tablet_service.cc:1917] Received RequestConsensusVote() RPC: tablet_id: "f0f050392acb48b991eed85074e01100" candidate_uuid: "db497ea53c564c8f9370d3877719359c" candidate_term: 2 candidate_status { last_received { term: 0 index: 0 } } ignore_live_leader: false dest_uuid: "c3f9ab10254146bc80ebc50ee2c802ed" is_pre_election: true
I20260710 13:17:17.115914   831 consensus_queue.cc:1048] T 398d61553be64e10929bc5d406b1a80c P c3f9ab10254146bc80ebc50ee2c802ed [LEADER]: Connected to new peer: Peer: permanent_uuid: "786b85385ac048758493082f6016e535" member_type: VOTER last_known_addr { host: "127.0.107.195" port: 39951 }, Status: LMP_MISMATCH, Last received: 0.0, Next index: 1, Last known committed idx: 0, Time since last communication: 0.000s
W20260710 13:17:17.118947   604 leader_election.cc:343] T efa2bb1ce3844e14baa6c5403c603f78 P db497ea53c564c8f9370d3877719359c [CANDIDATE]: Term 1 election: Tablet error from VoteRequest() call to peer c3f9ab10254146bc80ebc50ee2c802ed (127.0.107.193:35803): Illegal state: must be running to vote when last-logged opid is not known
W20260710 13:17:17.120038   604 leader_election.cc:343] T efa2bb1ce3844e14baa6c5403c603f78 P db497ea53c564c8f9370d3877719359c [CANDIDATE]: Term 1 pre-election: Tablet error from VoteRequest() call to peer c3f9ab10254146bc80ebc50ee2c802ed (127.0.107.193:35803): Illegal state: must be running to vote when last-logged opid is not known
I20260710 13:17:17.119961   563 tablet_service.cc:1917] Received RequestConsensusVote() RPC: tablet_id: "6d9ab7b99d57403bbcacb9c9e1056c29" candidate_uuid: "786b85385ac048758493082f6016e535" candidate_term: 2 candidate_status { last_received { term: 0 index: 0 } } ignore_live_leader: false dest_uuid: "c3f9ab10254146bc80ebc50ee2c802ed" is_pre_election: true
I20260710 13:17:17.124732   641 tablet_service.cc:1917] Received RequestConsensusVote() RPC: tablet_id: "6d9ab7b99d57403bbcacb9c9e1056c29" candidate_uuid: "786b85385ac048758493082f6016e535" candidate_term: 2 candidate_status { last_received { term: 0 index: 0 } } ignore_live_leader: false dest_uuid: "db497ea53c564c8f9370d3877719359c" is_pre_election: true
I20260710 13:17:17.118979   812 leader_election.cc:290] T 6d9ab7b99d57403bbcacb9c9e1056c29 P 786b85385ac048758493082f6016e535 [CANDIDATE]: Term 2 pre-election: Requested pre-vote from peers c3f9ab10254146bc80ebc50ee2c802ed (127.0.107.193:35803), db497ea53c564c8f9370d3877719359c (127.0.107.194:44269)
I20260710 13:17:17.124930   814 consensus_queue.cc:1048] T 398d61553be64e10929bc5d406b1a80c P c3f9ab10254146bc80ebc50ee2c802ed [LEADER]: Connected to new peer: Peer: permanent_uuid: "db497ea53c564c8f9370d3877719359c" member_type: VOTER last_known_addr { host: "127.0.107.194" port: 44269 }, Status: LMP_MISMATCH, Last received: 0.0, Next index: 1, Last known committed idx: 0, Time since last communication: 0.011s
I20260710 13:17:17.137053   815 raft_consensus.cc:515] T f0f050392acb48b991eed85074e01100 P db497ea53c564c8f9370d3877719359c [term 2 FOLLOWER]: Starting leader election with config: opid_index: -1 OBSOLETE_local: false peers { permanent_uuid: "c3f9ab10254146bc80ebc50ee2c802ed" member_type: VOTER last_known_addr { host: "127.0.107.193" port: 35803 } } peers { permanent_uuid: "db497ea53c564c8f9370d3877719359c" member_type: VOTER last_known_addr { host: "127.0.107.194" port: 44269 } } peers { permanent_uuid: "786b85385ac048758493082f6016e535" member_type: VOTER last_known_addr { host: "127.0.107.195" port: 39951 } }
I20260710 13:17:17.139647   815 leader_election.cc:290] T f0f050392acb48b991eed85074e01100 P db497ea53c564c8f9370d3877719359c [CANDIDATE]: Term 2 election: Requested vote from peers c3f9ab10254146bc80ebc50ee2c802ed (127.0.107.193:35803), 786b85385ac048758493082f6016e535 (127.0.107.195:39951)
I20260710 13:17:17.124205   604 leader_election.cc:304] T 877bc19f3dfd4a87b4ab29912cfc3929 P db497ea53c564c8f9370d3877719359c [CANDIDATE]: Term 2 pre-election: Election decided. Result: candidate lost. Election summary: received 3 responses out of 3 voters: 1 yes votes; 2 no votes. yes voters: db497ea53c564c8f9370d3877719359c; no voters: 786b85385ac048758493082f6016e535, c3f9ab10254146bc80ebc50ee2c802ed
I20260710 13:17:17.143293   715 tablet_service.cc:1917] Received RequestConsensusVote() RPC: tablet_id: "f0f050392acb48b991eed85074e01100" candidate_uuid: "db497ea53c564c8f9370d3877719359c" candidate_term: 2 candidate_status { last_received { term: 0 index: 0 } } ignore_live_leader: false dest_uuid: "786b85385ac048758493082f6016e535"
I20260710 13:17:17.143911   715 raft_consensus.cc:3060] T f0f050392acb48b991eed85074e01100 P 786b85385ac048758493082f6016e535 [term 1 FOLLOWER]: Advancing to term 2
I20260710 13:17:17.149212   638 tablet_service.cc:1917] Received RequestConsensusVote() RPC: tablet_id: "877bc19f3dfd4a87b4ab29912cfc3929" candidate_uuid: "c3f9ab10254146bc80ebc50ee2c802ed" candidate_term: 2 candidate_status { last_received { term: 1 index: 1 } } ignore_live_leader: false dest_uuid: "db497ea53c564c8f9370d3877719359c" is_pre_election: true
I20260710 13:17:17.133212   641 raft_consensus.cc:2468] T 6d9ab7b99d57403bbcacb9c9e1056c29 P db497ea53c564c8f9370d3877719359c [term 1 FOLLOWER]: Leader pre-election vote request: Granting yes vote for candidate 786b85385ac048758493082f6016e535 in term 1.
I20260710 13:17:17.145117   815 raft_consensus.cc:2749] T 877bc19f3dfd4a87b4ab29912cfc3929 P db497ea53c564c8f9370d3877719359c [term 1 FOLLOWER]: Leader pre-election lost for term 2. Reason: could not achieve majority
I20260710 13:17:17.157166   678 leader_election.cc:304] T 6d9ab7b99d57403bbcacb9c9e1056c29 P 786b85385ac048758493082f6016e535 [CANDIDATE]: Term 2 pre-election: Election decided. Result: candidate won. Election summary: received 3 responses out of 3 voters: 2 yes votes; 1 no votes. yes voters: 786b85385ac048758493082f6016e535, db497ea53c564c8f9370d3877719359c; no voters: c3f9ab10254146bc80ebc50ee2c802ed
I20260710 13:17:17.159584   563 tablet_service.cc:1917] Received RequestConsensusVote() RPC: tablet_id: "f0f050392acb48b991eed85074e01100" candidate_uuid: "db497ea53c564c8f9370d3877719359c" candidate_term: 2 candidate_status { last_received { term: 0 index: 0 } } ignore_live_leader: false dest_uuid: "c3f9ab10254146bc80ebc50ee2c802ed"
I20260710 13:17:17.160485   813 raft_consensus.cc:2804] T 6d9ab7b99d57403bbcacb9c9e1056c29 P 786b85385ac048758493082f6016e535 [term 1 FOLLOWER]: Leader pre-election won for term 2
I20260710 13:17:17.160902   813 raft_consensus.cc:493] T 6d9ab7b99d57403bbcacb9c9e1056c29 P 786b85385ac048758493082f6016e535 [term 1 FOLLOWER]: Starting leader election (no leader contacted us within the election timeout)
I20260710 13:17:17.161254   813 raft_consensus.cc:3060] T 6d9ab7b99d57403bbcacb9c9e1056c29 P 786b85385ac048758493082f6016e535 [term 1 FOLLOWER]: Advancing to term 2
I20260710 13:17:17.164611   714 raft_consensus.cc:3060] T cd266ffbfd574b2d8ff88790cfbbb849 P 786b85385ac048758493082f6016e535 [term 0 FOLLOWER]: Advancing to term 1
I20260710 13:17:17.118029   460 catalog_manager.cc:5697] T 6d9ab7b99d57403bbcacb9c9e1056c29 P c3f9ab10254146bc80ebc50ee2c802ed reported cstate change: term changed from 0 to 1, leader changed from <none> to c3f9ab10254146bc80ebc50ee2c802ed (127.0.107.193). New cstate: current_term: 1 leader_uuid: "c3f9ab10254146bc80ebc50ee2c802ed" committed_config { opid_index: -1 OBSOLETE_local: false peers { permanent_uuid: "c3f9ab10254146bc80ebc50ee2c802ed" member_type: VOTER last_known_addr { host: "127.0.107.193" port: 35803 } health_report { overall_health: HEALTHY } } peers { permanent_uuid: "db497ea53c564c8f9370d3877719359c" member_type: VOTER last_known_addr { host: "127.0.107.194" port: 44269 } health_report { overall_health: UNKNOWN } } peers { permanent_uuid: "786b85385ac048758493082f6016e535" member_type: VOTER last_known_addr { host: "127.0.107.195" port: 39951 } health_report { overall_health: UNKNOWN } } }
I20260710 13:17:17.177861   761 tablet_bootstrap.cc:492] T efa2bb1ce3844e14baa6c5403c603f78 P c3f9ab10254146bc80ebc50ee2c802ed: No bootstrap required, opened a new log
I20260710 13:17:17.178332   761 ts_tablet_manager.cc:1403] T efa2bb1ce3844e14baa6c5403c603f78 P c3f9ab10254146bc80ebc50ee2c802ed: Time spent bootstrapping tablet: real 0.199s	user 0.024s	sys 0.012s
I20260710 13:17:17.163839   827 leader_election.cc:290] T 877bc19f3dfd4a87b4ab29912cfc3929 P c3f9ab10254146bc80ebc50ee2c802ed [CANDIDATE]: Term 2 pre-election: Requested pre-vote from peers db497ea53c564c8f9370d3877719359c (127.0.107.194:44269), 786b85385ac048758493082f6016e535 (127.0.107.195:39951)
I20260710 13:17:17.183032   713 tablet_service.cc:1917] Received RequestConsensusVote() RPC: tablet_id: "877bc19f3dfd4a87b4ab29912cfc3929" candidate_uuid: "c3f9ab10254146bc80ebc50ee2c802ed" candidate_term: 2 candidate_status { last_received { term: 1 index: 1 } } ignore_live_leader: false dest_uuid: "786b85385ac048758493082f6016e535" is_pre_election: true
I20260710 13:17:17.190214   529 leader_election.cc:304] T 877bc19f3dfd4a87b4ab29912cfc3929 P c3f9ab10254146bc80ebc50ee2c802ed [CANDIDATE]: Term 2 pre-election: Election decided. Result: candidate lost. Election summary: received 3 responses out of 3 voters: 1 yes votes; 2 no votes. yes voters: c3f9ab10254146bc80ebc50ee2c802ed; no voters: 786b85385ac048758493082f6016e535, db497ea53c564c8f9370d3877719359c
I20260710 13:17:17.190408   829 raft_consensus.cc:2804] T cd266ffbfd574b2d8ff88790cfbbb849 P c3f9ab10254146bc80ebc50ee2c802ed [term 1 FOLLOWER]: Leader pre-election won for term 2
I20260710 13:17:17.191112   831 raft_consensus.cc:2749] T 877bc19f3dfd4a87b4ab29912cfc3929 P c3f9ab10254146bc80ebc50ee2c802ed [term 1 FOLLOWER]: Leader pre-election lost for term 2. Reason: could not achieve majority
I20260710 13:17:17.192427   829 raft_consensus.cc:493] T cd266ffbfd574b2d8ff88790cfbbb849 P c3f9ab10254146bc80ebc50ee2c802ed [term 1 FOLLOWER]: Starting leader election (detected failure of leader db497ea53c564c8f9370d3877719359c)
I20260710 13:17:17.193359   829 raft_consensus.cc:3060] T cd266ffbfd574b2d8ff88790cfbbb849 P c3f9ab10254146bc80ebc50ee2c802ed [term 1 FOLLOWER]: Advancing to term 2
I20260710 13:17:17.174911   715 raft_consensus.cc:2468] T f0f050392acb48b991eed85074e01100 P 786b85385ac048758493082f6016e535 [term 2 FOLLOWER]: Leader election vote request: Granting yes vote for candidate db497ea53c564c8f9370d3877719359c in term 2.
I20260710 13:17:17.193514   813 raft_consensus.cc:515] T 6d9ab7b99d57403bbcacb9c9e1056c29 P 786b85385ac048758493082f6016e535 [term 2 FOLLOWER]: Starting leader election with config: opid_index: -1 OBSOLETE_local: false peers { permanent_uuid: "c3f9ab10254146bc80ebc50ee2c802ed" member_type: VOTER last_known_addr { host: "127.0.107.193" port: 35803 } } peers { permanent_uuid: "db497ea53c564c8f9370d3877719359c" member_type: VOTER last_known_addr { host: "127.0.107.194" port: 44269 } } peers { permanent_uuid: "786b85385ac048758493082f6016e535" member_type: VOTER last_known_addr { host: "127.0.107.195" port: 39951 } }
I20260710 13:17:17.201081   815 consensus_queue.cc:1048] T f0e0505696cc48c4979bbe75de1d1e77 P db497ea53c564c8f9370d3877719359c [LEADER]: Connected to new peer: Peer: permanent_uuid: "c3f9ab10254146bc80ebc50ee2c802ed" member_type: VOTER last_known_addr { host: "127.0.107.193" port: 35803 }, Status: LMP_MISMATCH, Last received: 0.0, Next index: 1, Last known committed idx: 0, Time since last communication: 0.001s
I20260710 13:17:17.206274   761 raft_consensus.cc:359] T efa2bb1ce3844e14baa6c5403c603f78 P c3f9ab10254146bc80ebc50ee2c802ed [term 0 FOLLOWER]: Replica starting. Triggering 0 pending ops. Active config: opid_index: -1 OBSOLETE_local: false peers { permanent_uuid: "c3f9ab10254146bc80ebc50ee2c802ed" member_type: VOTER last_known_addr { host: "127.0.107.193" port: 35803 } } peers { permanent_uuid: "db497ea53c564c8f9370d3877719359c" member_type: VOTER last_known_addr { host: "127.0.107.194" port: 44269 } } peers { permanent_uuid: "786b85385ac048758493082f6016e535" member_type: VOTER last_known_addr { host: "127.0.107.195" port: 39951 } }
I20260710 13:17:17.208079   604 leader_election.cc:304] T f0f050392acb48b991eed85074e01100 P db497ea53c564c8f9370d3877719359c [CANDIDATE]: Term 2 election: Election decided. Result: candidate won. Election summary: received 3 responses out of 3 voters: 2 yes votes; 1 no votes. yes voters: 786b85385ac048758493082f6016e535, db497ea53c564c8f9370d3877719359c; no voters: c3f9ab10254146bc80ebc50ee2c802ed
I20260710 13:17:17.209272   815 raft_consensus.cc:2804] T f0f050392acb48b991eed85074e01100 P db497ea53c564c8f9370d3877719359c [term 2 FOLLOWER]: Leader election won for term 2
I20260710 13:17:17.208112   761 raft_consensus.cc:385] T efa2bb1ce3844e14baa6c5403c603f78 P c3f9ab10254146bc80ebc50ee2c802ed [term 0 FOLLOWER]: Consensus starting up: Expiring failure detector timer to make a prompt election more likely
I20260710 13:17:17.210770   815 raft_consensus.cc:697] T f0f050392acb48b991eed85074e01100 P db497ea53c564c8f9370d3877719359c [term 2 LEADER]: Becoming Leader. State: Replica: db497ea53c564c8f9370d3877719359c, State: Running, Role: LEADER
I20260710 13:17:17.211596   829 raft_consensus.cc:515] T cd266ffbfd574b2d8ff88790cfbbb849 P c3f9ab10254146bc80ebc50ee2c802ed [term 2 FOLLOWER]: Starting leader election with config: opid_index: -1 OBSOLETE_local: false peers { permanent_uuid: "db497ea53c564c8f9370d3877719359c" member_type: VOTER last_known_addr { host: "127.0.107.194" port: 44269 } } peers { permanent_uuid: "786b85385ac048758493082f6016e535" member_type: VOTER last_known_addr { host: "127.0.107.195" port: 39951 } } peers { permanent_uuid: "c3f9ab10254146bc80ebc50ee2c802ed" member_type: VOTER last_known_addr { host: "127.0.107.193" port: 35803 } }
I20260710 13:17:17.211696   815 consensus_queue.cc:237] T f0f050392acb48b991eed85074e01100 P db497ea53c564c8f9370d3877719359c [LEADER]: Queue going to LEADER mode. State: All replicated index: 0, Majority replicated index: 0, Committed index: 0, Last appended: 0.0, Last appended by leader: 0, Current term: 2, Majority size: 2, State: 0, Mode: LEADER, active raft config: opid_index: -1 OBSOLETE_local: false peers { permanent_uuid: "c3f9ab10254146bc80ebc50ee2c802ed" member_type: VOTER last_known_addr { host: "127.0.107.193" port: 35803 } } peers { permanent_uuid: "db497ea53c564c8f9370d3877719359c" member_type: VOTER last_known_addr { host: "127.0.107.194" port: 44269 } } peers { permanent_uuid: "786b85385ac048758493082f6016e535" member_type: VOTER last_known_addr { host: "127.0.107.195" port: 39951 } }
I20260710 13:17:17.209029   461 catalog_manager.cc:5697] T 8fd7392f38244e578e8a7fff89833361 P 786b85385ac048758493082f6016e535 reported cstate change: term changed from 0 to 1, leader changed from <none> to 786b85385ac048758493082f6016e535 (127.0.107.195). New cstate: current_term: 1 leader_uuid: "786b85385ac048758493082f6016e535" committed_config { opid_index: -1 OBSOLETE_local: false peers { permanent_uuid: "c3f9ab10254146bc80ebc50ee2c802ed" member_type: VOTER last_known_addr { host: "127.0.107.193" port: 35803 } health_report { overall_health: UNKNOWN } } peers { permanent_uuid: "db497ea53c564c8f9370d3877719359c" member_type: VOTER last_known_addr { host: "127.0.107.194" port: 44269 } health_report { overall_health: UNKNOWN } } peers { permanent_uuid: "786b85385ac048758493082f6016e535" member_type: VOTER last_known_addr { host: "127.0.107.195" port: 39951 } health_report { overall_health: HEALTHY } } }
I20260710 13:17:17.210094   761 raft_consensus.cc:740] T efa2bb1ce3844e14baa6c5403c603f78 P c3f9ab10254146bc80ebc50ee2c802ed [term 0 FOLLOWER]: Becoming Follower/Learner. State: Replica: c3f9ab10254146bc80ebc50ee2c802ed, State: Initialized, Role: FOLLOWER
I20260710 13:17:17.215320   641 tablet_service.cc:1917] Received RequestConsensusVote() RPC: tablet_id: "cd266ffbfd574b2d8ff88790cfbbb849" candidate_uuid: "c3f9ab10254146bc80ebc50ee2c802ed" candidate_term: 2 candidate_status { last_received { term: 1 index: 1 } } ignore_live_leader: false dest_uuid: "db497ea53c564c8f9370d3877719359c"
I20260710 13:17:17.215474   761 consensus_queue.cc:260] T efa2bb1ce3844e14baa6c5403c603f78 P c3f9ab10254146bc80ebc50ee2c802ed [NON_LEADER]: Queue going to NON_LEADER mode. State: All replicated index: 0, Majority replicated index: 0, Committed index: 0, Last appended: 0.0, Last appended by leader: 0, Current term: 0, Majority size: -1, State: 0, Mode: NON_LEADER, active raft config: opid_index: -1 OBSOLETE_local: false peers { permanent_uuid: "c3f9ab10254146bc80ebc50ee2c802ed" member_type: VOTER last_known_addr { host: "127.0.107.193" port: 35803 } } peers { permanent_uuid: "db497ea53c564c8f9370d3877719359c" member_type: VOTER last_known_addr { host: "127.0.107.194" port: 44269 } } peers { permanent_uuid: "786b85385ac048758493082f6016e535" member_type: VOTER last_known_addr { host: "127.0.107.195" port: 39951 } }
I20260710 13:17:17.217787   829 leader_election.cc:290] T cd266ffbfd574b2d8ff88790cfbbb849 P c3f9ab10254146bc80ebc50ee2c802ed [CANDIDATE]: Term 2 election: Requested vote from peers db497ea53c564c8f9370d3877719359c (127.0.107.194:44269), 786b85385ac048758493082f6016e535 (127.0.107.195:39951)
I20260710 13:17:17.218153   761 ts_tablet_manager.cc:1434] T efa2bb1ce3844e14baa6c5403c603f78 P c3f9ab10254146bc80ebc50ee2c802ed: Time spent starting tablet: real 0.040s	user 0.006s	sys 0.002s
I20260710 13:17:17.222108   715 tablet_service.cc:1917] Received RequestConsensusVote() RPC: tablet_id: "cd266ffbfd574b2d8ff88790cfbbb849" candidate_uuid: "c3f9ab10254146bc80ebc50ee2c802ed" candidate_term: 2 candidate_status { last_received { term: 1 index: 1 } } ignore_live_leader: false dest_uuid: "786b85385ac048758493082f6016e535"
I20260710 13:17:17.224864   529 leader_election.cc:304] T cd266ffbfd574b2d8ff88790cfbbb849 P c3f9ab10254146bc80ebc50ee2c802ed [CANDIDATE]: Term 2 election: Election decided. Result: candidate lost. Election summary: received 3 responses out of 3 voters: 1 yes votes; 2 no votes. yes voters: c3f9ab10254146bc80ebc50ee2c802ed; no voters: 786b85385ac048758493082f6016e535, db497ea53c564c8f9370d3877719359c
I20260710 13:17:17.223456   813 leader_election.cc:290] T 6d9ab7b99d57403bbcacb9c9e1056c29 P 786b85385ac048758493082f6016e535 [CANDIDATE]: Term 2 election: Requested vote from peers c3f9ab10254146bc80ebc50ee2c802ed (127.0.107.193:35803), db497ea53c564c8f9370d3877719359c (127.0.107.194:44269)
I20260710 13:17:17.226423   814 raft_consensus.cc:2749] T cd266ffbfd574b2d8ff88790cfbbb849 P c3f9ab10254146bc80ebc50ee2c802ed [term 2 FOLLOWER]: Leader election lost for term 2. Reason: could not achieve majority
I20260710 13:17:17.227442   641 tablet_service.cc:1917] Received RequestConsensusVote() RPC: tablet_id: "6d9ab7b99d57403bbcacb9c9e1056c29" candidate_uuid: "786b85385ac048758493082f6016e535" candidate_term: 2 candidate_status { last_received { term: 0 index: 0 } } ignore_live_leader: false dest_uuid: "db497ea53c564c8f9370d3877719359c"
I20260710 13:17:17.229557   641 raft_consensus.cc:3060] T 6d9ab7b99d57403bbcacb9c9e1056c29 P db497ea53c564c8f9370d3877719359c [term 1 FOLLOWER]: Advancing to term 2
I20260710 13:17:17.237792   561 tablet_service.cc:1917] Received RequestConsensusVote() RPC: tablet_id: "6d9ab7b99d57403bbcacb9c9e1056c29" candidate_uuid: "786b85385ac048758493082f6016e535" candidate_term: 2 candidate_status { last_received { term: 0 index: 0 } } ignore_live_leader: false dest_uuid: "c3f9ab10254146bc80ebc50ee2c802ed"
I20260710 13:17:17.238837   462 catalog_manager.cc:5697] T efa2bb1ce3844e14baa6c5403c603f78 P db497ea53c564c8f9370d3877719359c reported cstate change: term changed from 0 to 1, leader changed from <none> to db497ea53c564c8f9370d3877719359c (127.0.107.194). New cstate: current_term: 1 leader_uuid: "db497ea53c564c8f9370d3877719359c" committed_config { opid_index: -1 OBSOLETE_local: false peers { permanent_uuid: "c3f9ab10254146bc80ebc50ee2c802ed" member_type: VOTER last_known_addr { host: "127.0.107.193" port: 35803 } health_report { overall_health: UNKNOWN } } peers { permanent_uuid: "db497ea53c564c8f9370d3877719359c" member_type: VOTER last_known_addr { host: "127.0.107.194" port: 44269 } health_report { overall_health: HEALTHY } } peers { permanent_uuid: "786b85385ac048758493082f6016e535" member_type: VOTER last_known_addr { host: "127.0.107.195" port: 39951 } health_report { overall_health: UNKNOWN } } }
I20260710 13:17:17.277598   641 raft_consensus.cc:2468] T 6d9ab7b99d57403bbcacb9c9e1056c29 P db497ea53c564c8f9370d3877719359c [term 2 FOLLOWER]: Leader election vote request: Granting yes vote for candidate 786b85385ac048758493082f6016e535 in term 2.
I20260710 13:17:17.285806   678 leader_election.cc:304] T 6d9ab7b99d57403bbcacb9c9e1056c29 P 786b85385ac048758493082f6016e535 [CANDIDATE]: Term 2 election: Election decided. Result: candidate won. Election summary: received 3 responses out of 3 voters: 2 yes votes; 1 no votes. yes voters: 786b85385ac048758493082f6016e535, db497ea53c564c8f9370d3877719359c; no voters: c3f9ab10254146bc80ebc50ee2c802ed
I20260710 13:17:17.287354   813 raft_consensus.cc:2804] T 6d9ab7b99d57403bbcacb9c9e1056c29 P 786b85385ac048758493082f6016e535 [term 2 FOLLOWER]: Leader election won for term 2
I20260710 13:17:17.287926   813 raft_consensus.cc:697] T 6d9ab7b99d57403bbcacb9c9e1056c29 P 786b85385ac048758493082f6016e535 [term 2 LEADER]: Becoming Leader. State: Replica: 786b85385ac048758493082f6016e535, State: Running, Role: LEADER
I20260710 13:17:17.288802   813 consensus_queue.cc:237] T 6d9ab7b99d57403bbcacb9c9e1056c29 P 786b85385ac048758493082f6016e535 [LEADER]: Queue going to LEADER mode. State: All replicated index: 0, Majority replicated index: 0, Committed index: 0, Last appended: 0.0, Last appended by leader: 0, Current term: 2, Majority size: 2, State: 0, Mode: LEADER, active raft config: opid_index: -1 OBSOLETE_local: false peers { permanent_uuid: "c3f9ab10254146bc80ebc50ee2c802ed" member_type: VOTER last_known_addr { host: "127.0.107.193" port: 35803 } } peers { permanent_uuid: "db497ea53c564c8f9370d3877719359c" member_type: VOTER last_known_addr { host: "127.0.107.194" port: 44269 } } peers { permanent_uuid: "786b85385ac048758493082f6016e535" member_type: VOTER last_known_addr { host: "127.0.107.195" port: 39951 } }
I20260710 13:17:17.309729   462 catalog_manager.cc:5697] T f0f050392acb48b991eed85074e01100 P db497ea53c564c8f9370d3877719359c reported cstate change: term changed from 0 to 2, leader changed from <none> to db497ea53c564c8f9370d3877719359c (127.0.107.194). New cstate: current_term: 2 leader_uuid: "db497ea53c564c8f9370d3877719359c" committed_config { opid_index: -1 OBSOLETE_local: false peers { permanent_uuid: "c3f9ab10254146bc80ebc50ee2c802ed" member_type: VOTER last_known_addr { host: "127.0.107.193" port: 35803 } health_report { overall_health: UNKNOWN } } peers { permanent_uuid: "db497ea53c564c8f9370d3877719359c" member_type: VOTER last_known_addr { host: "127.0.107.194" port: 44269 } health_report { overall_health: HEALTHY } } peers { permanent_uuid: "786b85385ac048758493082f6016e535" member_type: VOTER last_known_addr { host: "127.0.107.195" port: 39951 } health_report { overall_health: UNKNOWN } } }
I20260710 13:17:17.326169   460 catalog_manager.cc:5697] T e02e372627734a929df01180199ab1e7 P c3f9ab10254146bc80ebc50ee2c802ed reported cstate change: term changed from 0 to 1, leader changed from <none> to c3f9ab10254146bc80ebc50ee2c802ed (127.0.107.193). New cstate: current_term: 1 leader_uuid: "c3f9ab10254146bc80ebc50ee2c802ed" committed_config { opid_index: -1 OBSOLETE_local: false peers { permanent_uuid: "c3f9ab10254146bc80ebc50ee2c802ed" member_type: VOTER last_known_addr { host: "127.0.107.193" port: 35803 } health_report { overall_health: HEALTHY } } peers { permanent_uuid: "db497ea53c564c8f9370d3877719359c" member_type: VOTER last_known_addr { host: "127.0.107.194" port: 44269 } health_report { overall_health: UNKNOWN } } peers { permanent_uuid: "786b85385ac048758493082f6016e535" member_type: VOTER last_known_addr { host: "127.0.107.195" port: 39951 } health_report { overall_health: UNKNOWN } } }
I20260710 13:17:17.338899   461 catalog_manager.cc:5697] T 6d9ab7b99d57403bbcacb9c9e1056c29 P 786b85385ac048758493082f6016e535 reported cstate change: term changed from 1 to 2, leader changed from c3f9ab10254146bc80ebc50ee2c802ed (127.0.107.193) to 786b85385ac048758493082f6016e535 (127.0.107.195). New cstate: current_term: 2 leader_uuid: "786b85385ac048758493082f6016e535" committed_config { opid_index: -1 OBSOLETE_local: false peers { permanent_uuid: "c3f9ab10254146bc80ebc50ee2c802ed" member_type: VOTER last_known_addr { host: "127.0.107.193" port: 35803 } health_report { overall_health: UNKNOWN } } peers { permanent_uuid: "db497ea53c564c8f9370d3877719359c" member_type: VOTER last_known_addr { host: "127.0.107.194" port: 44269 } health_report { overall_health: UNKNOWN } } peers { permanent_uuid: "786b85385ac048758493082f6016e535" member_type: VOTER last_known_addr { host: "127.0.107.195" port: 39951 } health_report { overall_health: HEALTHY } } }
I20260710 13:17:17.348733   813 consensus_queue.cc:1048] T 8fd7392f38244e578e8a7fff89833361 P 786b85385ac048758493082f6016e535 [LEADER]: Connected to new peer: Peer: permanent_uuid: "c3f9ab10254146bc80ebc50ee2c802ed" member_type: VOTER last_known_addr { host: "127.0.107.193" port: 35803 }, Status: LMP_MISMATCH, Last received: 0.0, Next index: 1, Last known committed idx: 0, Time since last communication: 0.001s
I20260710 13:17:17.349293   641 raft_consensus.cc:1240] T 6d9ab7b99d57403bbcacb9c9e1056c29 P db497ea53c564c8f9370d3877719359c [term 2 FOLLOWER]: Rejecting Update request from peer c3f9ab10254146bc80ebc50ee2c802ed for earlier term 1. Current term is 2. Ops: []
I20260710 13:17:17.351029   831 consensus_queue.cc:1059] T 6d9ab7b99d57403bbcacb9c9e1056c29 P c3f9ab10254146bc80ebc50ee2c802ed [LEADER]: Peer responded invalid term: Peer: permanent_uuid: "db497ea53c564c8f9370d3877719359c" member_type: VOTER last_known_addr { host: "127.0.107.194" port: 44269 }, Status: INVALID_TERM, Last received: 0.0, Next index: 1, Last known committed idx: 0, Time since last communication: 0.000s
I20260710 13:17:17.352258   831 raft_consensus.cc:3055] T 6d9ab7b99d57403bbcacb9c9e1056c29 P c3f9ab10254146bc80ebc50ee2c802ed [term 1 LEADER]: Stepping down as leader of term 1
I20260710 13:17:17.352615   831 raft_consensus.cc:740] T 6d9ab7b99d57403bbcacb9c9e1056c29 P c3f9ab10254146bc80ebc50ee2c802ed [term 1 LEADER]: Becoming Follower/Learner. State: Replica: c3f9ab10254146bc80ebc50ee2c802ed, State: Running, Role: LEADER
I20260710 13:17:17.353467   831 consensus_queue.cc:260] T 6d9ab7b99d57403bbcacb9c9e1056c29 P c3f9ab10254146bc80ebc50ee2c802ed [NON_LEADER]: Queue going to NON_LEADER mode. State: All replicated index: 0, Majority replicated index: 0, Committed index: 0, Last appended: 1.1, Last appended by leader: 1, Current term: 1, Majority size: -1, State: 0, Mode: NON_LEADER, active raft config: opid_index: -1 OBSOLETE_local: false peers { permanent_uuid: "c3f9ab10254146bc80ebc50ee2c802ed" member_type: VOTER last_known_addr { host: "127.0.107.193" port: 35803 } } peers { permanent_uuid: "db497ea53c564c8f9370d3877719359c" member_type: VOTER last_known_addr { host: "127.0.107.194" port: 44269 } } peers { permanent_uuid: "786b85385ac048758493082f6016e535" member_type: VOTER last_known_addr { host: "127.0.107.195" port: 39951 } }
I20260710 13:17:17.354768   831 raft_consensus.cc:3060] T 6d9ab7b99d57403bbcacb9c9e1056c29 P c3f9ab10254146bc80ebc50ee2c802ed [term 1 FOLLOWER]: Advancing to term 2
I20260710 13:17:17.380674   813 consensus_queue.cc:1048] T 8fd7392f38244e578e8a7fff89833361 P 786b85385ac048758493082f6016e535 [LEADER]: Connected to new peer: Peer: permanent_uuid: "db497ea53c564c8f9370d3877719359c" member_type: VOTER last_known_addr { host: "127.0.107.194" port: 44269 }, Status: LMP_MISMATCH, Last received: 0.0, Next index: 1, Last known committed idx: 0, Time since last communication: 0.001s
I20260710 13:17:17.390511   563 raft_consensus.cc:3060] T efa2bb1ce3844e14baa6c5403c603f78 P c3f9ab10254146bc80ebc50ee2c802ed [term 0 FOLLOWER]: Advancing to term 1
I20260710 13:17:17.401320   818 consensus_queue.cc:1048] T efa2bb1ce3844e14baa6c5403c603f78 P db497ea53c564c8f9370d3877719359c [LEADER]: Connected to new peer: Peer: permanent_uuid: "c3f9ab10254146bc80ebc50ee2c802ed" member_type: VOTER last_known_addr { host: "127.0.107.193" port: 35803 }, Status: LMP_MISMATCH, Last received: 0.0, Next index: 1, Last known committed idx: 0, Time since last communication: 0.001s
I20260710 13:17:17.421512   815 consensus_queue.cc:1048] T efa2bb1ce3844e14baa6c5403c603f78 P db497ea53c564c8f9370d3877719359c [LEADER]: Connected to new peer: Peer: permanent_uuid: "786b85385ac048758493082f6016e535" member_type: VOTER last_known_addr { host: "127.0.107.195" port: 39951 }, Status: LMP_MISMATCH, Last received: 0.0, Next index: 1, Last known committed idx: 0, Time since last communication: 0.000s
W20260710 13:17:17.471664   494 debug-util.cc:398] Leaking SignalData structure 0x7b0800062060 after lost signal to thread 434
W20260710 13:17:17.472870   494 debug-util.cc:398] Leaking SignalData structure 0x7b0800062740 after lost signal to thread 497
W20260710 13:17:17.474241   494 debug-util.cc:398] Leaking SignalData structure 0x7b080018aa20 after lost signal to thread 590
W20260710 13:17:17.477002   494 debug-util.cc:398] Leaking SignalData structure 0x7b08000c5460 after lost signal to thread 739
I20260710 13:17:17.477537   641 raft_consensus.cc:1240] T f0f050392acb48b991eed85074e01100 P db497ea53c564c8f9370d3877719359c [term 2 LEADER]: Rejecting Update request from peer c3f9ab10254146bc80ebc50ee2c802ed for earlier term 1. Current term is 2. Ops: []
I20260710 13:17:17.486191   712 raft_consensus.cc:1240] T f0f050392acb48b991eed85074e01100 P 786b85385ac048758493082f6016e535 [term 2 FOLLOWER]: Rejecting Update request from peer c3f9ab10254146bc80ebc50ee2c802ed for earlier term 1. Current term is 2. Ops: []
I20260710 13:17:17.487810   831 consensus_queue.cc:1059] T f0f050392acb48b991eed85074e01100 P c3f9ab10254146bc80ebc50ee2c802ed [LEADER]: Peer responded invalid term: Peer: permanent_uuid: "db497ea53c564c8f9370d3877719359c" member_type: VOTER last_known_addr { host: "127.0.107.194" port: 44269 }, Status: INVALID_TERM, Last received: 0.0, Next index: 1, Last known committed idx: 0, Time since last communication: 0.001s
I20260710 13:17:17.489066   831 consensus_queue.cc:1243] T f0f050392acb48b991eed85074e01100 P c3f9ab10254146bc80ebc50ee2c802ed [LEADER]: Peer db497ea53c564c8f9370d3877719359c log is divergent from this leader: its last log entry 2.1 is not in this leader's log and it has not received anything from this leader yet. Falling back to committed index 0
I20260710 13:17:17.489663   814 raft_consensus.cc:3055] T f0f050392acb48b991eed85074e01100 P c3f9ab10254146bc80ebc50ee2c802ed [term 1 LEADER]: Stepping down as leader of term 1
I20260710 13:17:17.490077   814 raft_consensus.cc:740] T f0f050392acb48b991eed85074e01100 P c3f9ab10254146bc80ebc50ee2c802ed [term 1 LEADER]: Becoming Follower/Learner. State: Replica: c3f9ab10254146bc80ebc50ee2c802ed, State: Running, Role: LEADER
I20260710 13:17:17.490325   831 consensus_queue.cc:1059] T f0f050392acb48b991eed85074e01100 P c3f9ab10254146bc80ebc50ee2c802ed [LEADER]: Peer responded invalid term: Peer: permanent_uuid: "786b85385ac048758493082f6016e535" member_type: VOTER last_known_addr { host: "127.0.107.195" port: 39951 }, Status: INVALID_TERM, Last received: 0.0, Next index: 1, Last known committed idx: 0, Time since last communication: 0.000s
I20260710 13:17:17.491539   814 consensus_queue.cc:260] T f0f050392acb48b991eed85074e01100 P c3f9ab10254146bc80ebc50ee2c802ed [NON_LEADER]: Queue going to NON_LEADER mode. State: All replicated index: 0, Majority replicated index: 0, Committed index: 0, Last appended: 1.1, Last appended by leader: 1, Current term: 1, Majority size: -1, State: 0, Mode: NON_LEADER, active raft config: opid_index: -1 OBSOLETE_local: false peers { permanent_uuid: "c3f9ab10254146bc80ebc50ee2c802ed" member_type: VOTER last_known_addr { host: "127.0.107.193" port: 35803 } } peers { permanent_uuid: "db497ea53c564c8f9370d3877719359c" member_type: VOTER last_known_addr { host: "127.0.107.194" port: 44269 } } peers { permanent_uuid: "786b85385ac048758493082f6016e535" member_type: VOTER last_known_addr { host: "127.0.107.195" port: 39951 } }
I20260710 13:17:17.492933   814 raft_consensus.cc:3060] T f0f050392acb48b991eed85074e01100 P c3f9ab10254146bc80ebc50ee2c802ed [term 1 FOLLOWER]: Advancing to term 2
I20260710 13:17:17.525955   641 tablet_service.cc:2072] Received LeaderStepDown RPC: tablet_id: "cd266ffbfd574b2d8ff88790cfbbb849"
dest_uuid: "db497ea53c564c8f9370d3877719359c"
mode: GRACEFUL
new_leader_uuid: "c3f9ab10254146bc80ebc50ee2c802ed"
 from {username='slave'} at 127.0.0.1:54324
I20260710 13:17:17.526691   641 raft_consensus.cc:606] T cd266ffbfd574b2d8ff88790cfbbb849 P db497ea53c564c8f9370d3877719359c [term 1 LEADER]: Received request to transfer leadership to TS c3f9ab10254146bc80ebc50ee2c802ed
I20260710 13:17:17.535008   641 tablet_service.cc:2072] Received LeaderStepDown RPC: tablet_id: "f0f050392acb48b991eed85074e01100"
dest_uuid: "db497ea53c564c8f9370d3877719359c"
mode: GRACEFUL
new_leader_uuid: "c3f9ab10254146bc80ebc50ee2c802ed"
 from {username='slave'} at 127.0.0.1:54324
I20260710 13:17:17.535710   641 raft_consensus.cc:606] T f0f050392acb48b991eed85074e01100 P db497ea53c564c8f9370d3877719359c [term 2 LEADER]: Received request to transfer leadership to TS c3f9ab10254146bc80ebc50ee2c802ed
