I20260710 13:16:40.357826  5794 kserver.cc:163] Server-wide thread pool size limit: 3276
I20260710 13:16:40.392894  5794 rpc_server.cc:307] RPC server started. Bound to: 127.5.168.190:37343
I20260710 13:16:40.392954  6861 acceptor_pool.cc:272] collecting diagnostics on the listening RPC socket 127.5.168.190:37343 every 8 connection(s)
I20260710 13:16:40.396486  6862 data_dirs.cc:400] Could only allocate 1 dirs of requested 3 for tablet 00000000000000000000000000000000. 1 dirs total, 0 dirs full, 0 dirs failed
I20260710 13:16:40.405263  6862 tablet_bootstrap.cc:492] T 00000000000000000000000000000000 P 97039acd3ad04392b74229ccef49894c: Bootstrap starting.
I20260710 13:16:40.409417  6862 tablet_bootstrap.cc:654] T 00000000000000000000000000000000 P 97039acd3ad04392b74229ccef49894c: Neither blocks nor log segments found. Creating new log.
I20260710 13:16:40.412946  6862 tablet_bootstrap.cc:492] T 00000000000000000000000000000000 P 97039acd3ad04392b74229ccef49894c: No bootstrap required, opened a new log
I20260710 13:16:40.414773  6862 raft_consensus.cc:359] T 00000000000000000000000000000000 P 97039acd3ad04392b74229ccef49894c [term 0 FOLLOWER]: Replica starting. Triggering 0 pending ops. Active config: opid_index: -1 OBSOLETE_local: true peers { permanent_uuid: "97039acd3ad04392b74229ccef49894c" member_type: VOTER }
I20260710 13:16:40.415115  6862 raft_consensus.cc:385] T 00000000000000000000000000000000 P 97039acd3ad04392b74229ccef49894c [term 0 FOLLOWER]: Consensus starting up: Expiring failure detector timer to make a prompt election more likely
I20260710 13:16:40.415284  6862 raft_consensus.cc:740] T 00000000000000000000000000000000 P 97039acd3ad04392b74229ccef49894c [term 0 FOLLOWER]: Becoming Follower/Learner. State: Replica: 97039acd3ad04392b74229ccef49894c, State: Initialized, Role: FOLLOWER
I20260710 13:16:40.415730  6862 consensus_queue.cc:260] T 00000000000000000000000000000000 P 97039acd3ad04392b74229ccef49894c [NON_LEADER]: Queue going to NON_LEADER mode. State: All replicated index: 0, Majority replicated index: 0, Committed index: 0, Last appended: 0.0, Last appended by leader: 0, Current term: 0, Majority size: -1, State: 0, Mode: NON_LEADER, active raft config: opid_index: -1 OBSOLETE_local: true peers { permanent_uuid: "97039acd3ad04392b74229ccef49894c" member_type: VOTER }
I20260710 13:16:40.416121  6862 raft_consensus.cc:399] T 00000000000000000000000000000000 P 97039acd3ad04392b74229ccef49894c [term 0 FOLLOWER]: Only one voter in the Raft config. Triggering election immediately
I20260710 13:16:40.416296  6862 raft_consensus.cc:493] T 00000000000000000000000000000000 P 97039acd3ad04392b74229ccef49894c [term 0 FOLLOWER]: Starting leader election (initial election of a single-replica configuration)
I20260710 13:16:40.416488  6862 raft_consensus.cc:3060] T 00000000000000000000000000000000 P 97039acd3ad04392b74229ccef49894c [term 0 FOLLOWER]: Advancing to term 1
I20260710 13:16:40.420027  6862 raft_consensus.cc:515] T 00000000000000000000000000000000 P 97039acd3ad04392b74229ccef49894c [term 1 FOLLOWER]: Starting leader election with config: opid_index: -1 OBSOLETE_local: true peers { permanent_uuid: "97039acd3ad04392b74229ccef49894c" member_type: VOTER }
I20260710 13:16:40.420441  6862 leader_election.cc:304] T 00000000000000000000000000000000 P 97039acd3ad04392b74229ccef49894c [CANDIDATE]: Term 1 election: Election decided. Result: candidate won. Election summary: received 1 responses out of 1 voters: 1 yes votes; 0 no votes. yes voters: 97039acd3ad04392b74229ccef49894c; no voters: 
I20260710 13:16:40.421406  6862 leader_election.cc:290] T 00000000000000000000000000000000 P 97039acd3ad04392b74229ccef49894c [CANDIDATE]: Term 1 election: Requested vote from peers 
I20260710 13:16:40.421669  6865 raft_consensus.cc:2804] T 00000000000000000000000000000000 P 97039acd3ad04392b74229ccef49894c [term 1 FOLLOWER]: Leader election won for term 1
I20260710 13:16:40.422847  6865 raft_consensus.cc:697] T 00000000000000000000000000000000 P 97039acd3ad04392b74229ccef49894c [term 1 LEADER]: Becoming Leader. State: Replica: 97039acd3ad04392b74229ccef49894c, State: Running, Role: LEADER
I20260710 13:16:40.423453  6865 consensus_queue.cc:237] T 00000000000000000000000000000000 P 97039acd3ad04392b74229ccef49894c [LEADER]: Queue going to LEADER mode. State: All replicated index: 0, Majority replicated index: 0, Committed index: 0, Last appended: 0.0, Last appended by leader: 0, Current term: 1, Majority size: 1, State: 0, Mode: LEADER, active raft config: opid_index: -1 OBSOLETE_local: true peers { permanent_uuid: "97039acd3ad04392b74229ccef49894c" member_type: VOTER }
I20260710 13:16:40.424000  6862 sys_catalog.cc:565] T 00000000000000000000000000000000 P 97039acd3ad04392b74229ccef49894c [sys.catalog]: configured and running, proceeding with master startup.
I20260710 13:16:40.427953  6867 sys_catalog.cc:455] T 00000000000000000000000000000000 P 97039acd3ad04392b74229ccef49894c [sys.catalog]: SysCatalogTable state changed. Reason: New leader 97039acd3ad04392b74229ccef49894c. Latest consensus state: current_term: 1 leader_uuid: "97039acd3ad04392b74229ccef49894c" committed_config { opid_index: -1 OBSOLETE_local: true peers { permanent_uuid: "97039acd3ad04392b74229ccef49894c" member_type: VOTER } }
I20260710 13:16:40.428483  6867 sys_catalog.cc:458] T 00000000000000000000000000000000 P 97039acd3ad04392b74229ccef49894c [sys.catalog]: This master's current role is: LEADER
I20260710 13:16:40.428567  6866 sys_catalog.cc:455] T 00000000000000000000000000000000 P 97039acd3ad04392b74229ccef49894c [sys.catalog]: SysCatalogTable state changed. Reason: RaftConsensus started. Latest consensus state: current_term: 1 leader_uuid: "97039acd3ad04392b74229ccef49894c" committed_config { opid_index: -1 OBSOLETE_local: true peers { permanent_uuid: "97039acd3ad04392b74229ccef49894c" member_type: VOTER } }
I20260710 13:16:40.429069  6866 sys_catalog.cc:458] T 00000000000000000000000000000000 P 97039acd3ad04392b74229ccef49894c [sys.catalog]: This master's current role is: LEADER
I20260710 13:16:40.431010  6873 catalog_manager.cc:1511] Loading table and tablet metadata into memory...
I20260710 13:16:40.437748  6873 catalog_manager.cc:1520] Initializing Kudu cluster ID...
I20260710 13:16:40.438688  5794 internal_mini_cluster.cc:184] Waiting to initialize catalog manager on master 0
I20260710 13:16:40.445504  6873 catalog_manager.cc:1383] Generated new cluster ID: 3b01bcc358564fa680c4e527719ccdd8
I20260710 13:16:40.445763  6873 catalog_manager.cc:1531] Initializing Kudu internal certificate authority...
I20260710 13:16:40.456686  6873 catalog_manager.cc:1406] Generated new certificate authority record
I20260710 13:16:40.457798  6873 catalog_manager.cc:1540] Loading token signing keys...
I20260710 13:16:40.474591  6873 catalog_manager.cc:6070] T 00000000000000000000000000000000 P 97039acd3ad04392b74229ccef49894c: Generated new TSK 0
I20260710 13:16:40.475116  6873 catalog_manager.cc:1550] Initializing in-progress tserver states...
I20260710 13:16:40.505051  5794 file_cache.cc:504] Constructed file cache file cache with capacity 419430
W20260710 13:16:40.510905  6883 instance_detector.cc:116] could not retrieve AWS instance metadata: Network error: curl error: HTTP response code said error: The requested URL returned error: 404
W20260710 13:16:40.512126  6884 instance_detector.cc:116] could not retrieve Azure instance metadata: Network error: curl error: HTTP response code said error: The requested URL returned error: 404
I20260710 13:16:40.513545  5794 server_base.cc:1061] running on GCE node
W20260710 13:16:40.513495  6886 instance_detector.cc:116] could not retrieve OpenStack instance metadata: Network error: curl error: HTTP response code said error: The requested URL returned error: 404
I20260710 13:16:40.514571  5794 hybrid_clock.cc:584] initializing the hybrid clock with 'system_unsync' time source
W20260710 13:16:40.514753  5794 system_unsync_time.cc:38] NTP support is disabled. Clock error bounds will not be accurate. This configuration is not suitable for distributed clusters.
I20260710 13:16:40.514876  5794 hybrid_clock.cc:648] HybridClock initialized: now 1783689400514865 us; error 0 us; skew 500 ppm
I20260710 13:16:40.515339  5794 server_base.cc:861] Flag tcmalloc_max_total_thread_cache_bytes is not working since tcmalloc is not enabled.
I20260710 13:16:40.517463  5794 webserver.cc:533] Webserver started at http://127.5.168.129:40913/ using document root <none> and password file <none>
I20260710 13:16:40.517897  5794 fs_manager.cc:362] Metadata directory not provided
I20260710 13:16:40.518054  5794 fs_manager.cc:368] Using write-ahead log directory (fs_wal_dir) as metadata directory
I20260710 13:16:40.518252  5794 server_base.cc:909] This appears to be a new deployment of Kudu; creating new FS layout
I20260710 13:16:40.519229  5794 fs_manager.cc:1068] Generated new instance metadata in path /tmp/dist-test-taskhoFTod/test-tmp/auto_leader_rebalancer-test.0.LeaderRebalancerTest.AddTserver.1783689375922659-5794-0/minicluster-data/ts-0-root/instance:
uuid: "28dd9d810d1749ddb7317a62d0eabf14"
format_stamp: "Formatted at 2026-07-10 13:16:40 on dist-test-slave-0gcw"
I20260710 13:16:40.523535  5794 fs_manager.cc:696] Time spent creating directory manager: real 0.004s	user 0.005s	sys 0.000s
I20260710 13:16:40.526615  6891 log_block_manager.cc:4127] Time spent loading block containers with low live blocks: real 0.000s	user 0.000s	sys 0.000s
I20260710 13:16:40.527319  5794 fs_manager.cc:730] Time spent opening block manager: real 0.002s	user 0.001s	sys 0.000s
I20260710 13:16:40.527599  5794 fs_manager.cc:647] Opened local filesystem: /tmp/dist-test-taskhoFTod/test-tmp/auto_leader_rebalancer-test.0.LeaderRebalancerTest.AddTserver.1783689375922659-5794-0/minicluster-data/ts-0-root
uuid: "28dd9d810d1749ddb7317a62d0eabf14"
format_stamp: "Formatted at 2026-07-10 13:16:40 on dist-test-slave-0gcw"
I20260710 13:16:40.527824  5794 fs_report.cc:389] FS layout report
--------------------
wal directory: /tmp/dist-test-taskhoFTod/test-tmp/auto_leader_rebalancer-test.0.LeaderRebalancerTest.AddTserver.1783689375922659-5794-0/minicluster-data/ts-0-root
metadata directory: /tmp/dist-test-taskhoFTod/test-tmp/auto_leader_rebalancer-test.0.LeaderRebalancerTest.AddTserver.1783689375922659-5794-0/minicluster-data/ts-0-root
1 data directories: /tmp/dist-test-taskhoFTod/test-tmp/auto_leader_rebalancer-test.0.LeaderRebalancerTest.AddTserver.1783689375922659-5794-0/minicluster-data/ts-0-root/data
Total live blocks: 0
Total live bytes: 0
Total live bytes (after alignment): 0
Total number of LBM containers: 0 (0 full)
Did not check for missing blocks
Did not check for orphaned blocks
Total full LBM containers with extra space: 0 (0 repaired)
Total full LBM container extra space in bytes: 0 (0 repaired)
Total incomplete LBM containers: 0 (0 repaired)
Total LBM partial records: 0 (0 repaired)
Total corrupted LBM metadata records in RocksDB: 0 (0 repaired)
I20260710 13:16:40.538317  5794 rpc_server.cc:225] running with OpenSSL 1.1.1  11 Sep 2018
I20260710 13:16:40.539359  5794 kserver.cc:163] Server-wide thread pool size limit: 3276
I20260710 13:16:40.540627  5794 txn_system_client.cc:432] TxnSystemClient initialization is disabled...
I20260710 13:16:40.542641  5794 ts_tablet_manager.cc:585] Loaded tablet metadata (0 total tablets, 0 live tablets)
I20260710 13:16:40.542802  5794 ts_tablet_manager.cc:531] Time spent load tablet metadata: real 0.000s	user 0.000s	sys 0.000s
I20260710 13:16:40.542975  5794 ts_tablet_manager.cc:616] Registered 0 tablets
I20260710 13:16:40.543110  5794 ts_tablet_manager.cc:595] Time spent register tablets: real 0.000s	user 0.000s	sys 0.000s
I20260710 13:16:40.580263  5794 rpc_server.cc:307] RPC server started. Bound to: 127.5.168.129:41889
I20260710 13:16:40.580443  6953 acceptor_pool.cc:272] collecting diagnostics on the listening RPC socket 127.5.168.129:41889 every 8 connection(s)
I20260710 13:16:40.584913  5794 file_cache.cc:504] Constructed file cache file cache with capacity 419430
W20260710 13:16:40.591246  6958 instance_detector.cc:116] could not retrieve AWS instance metadata: Network error: curl error: HTTP response code said error: The requested URL returned error: 404
W20260710 13:16:40.592621  6959 instance_detector.cc:116] could not retrieve Azure instance metadata: Network error: curl error: HTTP response code said error: The requested URL returned error: 404
W20260710 13:16:40.596410  6961 instance_detector.cc:116] could not retrieve OpenStack instance metadata: Network error: curl error: HTTP response code said error: The requested URL returned error: 404
I20260710 13:16:40.597186  6954 heartbeater.cc:344] Connected to a master server at 127.5.168.190:37343
I20260710 13:16:40.597570  5794 server_base.cc:1061] running on GCE node
I20260710 13:16:40.597604  6954 heartbeater.cc:461] Registering TS with master...
I20260710 13:16:40.598615  6954 heartbeater.cc:507] Master 127.5.168.190:37343 requested a full tablet report, sending...
I20260710 13:16:40.599037  5794 hybrid_clock.cc:584] initializing the hybrid clock with 'system_unsync' time source
W20260710 13:16:40.599290  5794 system_unsync_time.cc:38] NTP support is disabled. Clock error bounds will not be accurate. This configuration is not suitable for distributed clusters.
I20260710 13:16:40.599495  5794 hybrid_clock.cc:648] HybridClock initialized: now 1783689400599476 us; error 0 us; skew 500 ppm
I20260710 13:16:40.600033  5794 server_base.cc:861] Flag tcmalloc_max_total_thread_cache_bytes is not working since tcmalloc is not enabled.
I20260710 13:16:40.600736  6827 ts_manager.cc:194] Registered new tserver with Master: 28dd9d810d1749ddb7317a62d0eabf14 (127.5.168.129:41889)
I20260710 13:16:40.602520  5794 webserver.cc:533] Webserver started at http://127.5.168.130:42555/ using document root <none> and password file <none>
I20260710 13:16:40.603106  5794 fs_manager.cc:362] Metadata directory not provided
I20260710 13:16:40.603053  6827 master_service.cc:502] Signed X509 certificate for tserver {username='slave'} at 127.0.0.1:37174
I20260710 13:16:40.603446  5794 fs_manager.cc:368] Using write-ahead log directory (fs_wal_dir) as metadata directory
I20260710 13:16:40.603776  5794 server_base.cc:909] This appears to be a new deployment of Kudu; creating new FS layout
I20260710 13:16:40.605136  5794 fs_manager.cc:1068] Generated new instance metadata in path /tmp/dist-test-taskhoFTod/test-tmp/auto_leader_rebalancer-test.0.LeaderRebalancerTest.AddTserver.1783689375922659-5794-0/minicluster-data/ts-1-root/instance:
uuid: "323fa76fbf7d46ee819a81cb79e02245"
format_stamp: "Formatted at 2026-07-10 13:16:40 on dist-test-slave-0gcw"
I20260710 13:16:40.609189  5794 fs_manager.cc:696] Time spent creating directory manager: real 0.003s	user 0.004s	sys 0.000s
I20260710 13:16:40.612003  6966 log_block_manager.cc:4127] Time spent loading block containers with low live blocks: real 0.000s	user 0.000s	sys 0.000s
I20260710 13:16:40.612658  5794 fs_manager.cc:730] Time spent opening block manager: real 0.002s	user 0.002s	sys 0.001s
I20260710 13:16:40.612915  5794 fs_manager.cc:647] Opened local filesystem: /tmp/dist-test-taskhoFTod/test-tmp/auto_leader_rebalancer-test.0.LeaderRebalancerTest.AddTserver.1783689375922659-5794-0/minicluster-data/ts-1-root
uuid: "323fa76fbf7d46ee819a81cb79e02245"
format_stamp: "Formatted at 2026-07-10 13:16:40 on dist-test-slave-0gcw"
I20260710 13:16:40.613139  5794 fs_report.cc:389] FS layout report
--------------------
wal directory: /tmp/dist-test-taskhoFTod/test-tmp/auto_leader_rebalancer-test.0.LeaderRebalancerTest.AddTserver.1783689375922659-5794-0/minicluster-data/ts-1-root
metadata directory: /tmp/dist-test-taskhoFTod/test-tmp/auto_leader_rebalancer-test.0.LeaderRebalancerTest.AddTserver.1783689375922659-5794-0/minicluster-data/ts-1-root
1 data directories: /tmp/dist-test-taskhoFTod/test-tmp/auto_leader_rebalancer-test.0.LeaderRebalancerTest.AddTserver.1783689375922659-5794-0/minicluster-data/ts-1-root/data
Total live blocks: 0
Total live bytes: 0
Total live bytes (after alignment): 0
Total number of LBM containers: 0 (0 full)
Did not check for missing blocks
Did not check for orphaned blocks
Total full LBM containers with extra space: 0 (0 repaired)
Total full LBM container extra space in bytes: 0 (0 repaired)
Total incomplete LBM containers: 0 (0 repaired)
Total LBM partial records: 0 (0 repaired)
Total corrupted LBM metadata records in RocksDB: 0 (0 repaired)
I20260710 13:16:40.630306  5794 rpc_server.cc:225] running with OpenSSL 1.1.1  11 Sep 2018
I20260710 13:16:40.631362  5794 kserver.cc:163] Server-wide thread pool size limit: 3276
I20260710 13:16:40.632680  5794 txn_system_client.cc:432] TxnSystemClient initialization is disabled...
I20260710 13:16:40.634745  5794 ts_tablet_manager.cc:585] Loaded tablet metadata (0 total tablets, 0 live tablets)
I20260710 13:16:40.634923  5794 ts_tablet_manager.cc:531] Time spent load tablet metadata: real 0.000s	user 0.000s	sys 0.000s
I20260710 13:16:40.635130  5794 ts_tablet_manager.cc:616] Registered 0 tablets
I20260710 13:16:40.635273  5794 ts_tablet_manager.cc:595] Time spent register tablets: real 0.000s	user 0.000s	sys 0.000s
I20260710 13:16:40.672214  5794 rpc_server.cc:307] RPC server started. Bound to: 127.5.168.130:41331
I20260710 13:16:40.672336  7028 acceptor_pool.cc:272] collecting diagnostics on the listening RPC socket 127.5.168.130:41331 every 8 connection(s)
I20260710 13:16:40.676623  5794 file_cache.cc:504] Constructed file cache file cache with capacity 419430
W20260710 13:16:40.683323  7032 instance_detector.cc:116] could not retrieve AWS instance metadata: Network error: curl error: HTTP response code said error: The requested URL returned error: 404
W20260710 13:16:40.684571  7033 instance_detector.cc:116] could not retrieve Azure instance metadata: Network error: curl error: HTTP response code said error: The requested URL returned error: 404
I20260710 13:16:40.687465  7029 heartbeater.cc:344] Connected to a master server at 127.5.168.190:37343
W20260710 13:16:40.687628  7035 instance_detector.cc:116] could not retrieve OpenStack instance metadata: Network error: curl error: HTTP response code said error: The requested URL returned error: 404
I20260710 13:16:40.687860  7029 heartbeater.cc:461] Registering TS with master...
I20260710 13:16:40.688108  5794 server_base.cc:1061] running on GCE node
I20260710 13:16:40.688833  7029 heartbeater.cc:507] Master 127.5.168.190:37343 requested a full tablet report, sending...
I20260710 13:16:40.689113  5794 hybrid_clock.cc:584] initializing the hybrid clock with 'system_unsync' time source
W20260710 13:16:40.689381  5794 system_unsync_time.cc:38] NTP support is disabled. Clock error bounds will not be accurate. This configuration is not suitable for distributed clusters.
I20260710 13:16:40.689571  5794 hybrid_clock.cc:648] HybridClock initialized: now 1783689400689554 us; error 0 us; skew 500 ppm
I20260710 13:16:40.690120  5794 server_base.cc:861] Flag tcmalloc_max_total_thread_cache_bytes is not working since tcmalloc is not enabled.
I20260710 13:16:40.690933  6827 ts_manager.cc:194] Registered new tserver with Master: 323fa76fbf7d46ee819a81cb79e02245 (127.5.168.130:41331)
I20260710 13:16:40.692554  5794 webserver.cc:533] Webserver started at http://127.5.168.131:37659/ using document root <none> and password file <none>
I20260710 13:16:40.692625  6827 master_service.cc:502] Signed X509 certificate for tserver {username='slave'} at 127.0.0.1:37184
I20260710 13:16:40.693216  5794 fs_manager.cc:362] Metadata directory not provided
I20260710 13:16:40.693480  5794 fs_manager.cc:368] Using write-ahead log directory (fs_wal_dir) as metadata directory
I20260710 13:16:40.693734  5794 server_base.cc:909] This appears to be a new deployment of Kudu; creating new FS layout
I20260710 13:16:40.695077  5794 fs_manager.cc:1068] Generated new instance metadata in path /tmp/dist-test-taskhoFTod/test-tmp/auto_leader_rebalancer-test.0.LeaderRebalancerTest.AddTserver.1783689375922659-5794-0/minicluster-data/ts-2-root/instance:
uuid: "f2e4a2d75e724e55ac6fa08d946779f2"
format_stamp: "Formatted at 2026-07-10 13:16:40 on dist-test-slave-0gcw"
I20260710 13:16:40.698974  5794 fs_manager.cc:696] Time spent creating directory manager: real 0.003s	user 0.003s	sys 0.002s
I20260710 13:16:40.701787  7040 log_block_manager.cc:4127] Time spent loading block containers with low live blocks: real 0.000s	user 0.000s	sys 0.000s
I20260710 13:16:40.702451  5794 fs_manager.cc:730] Time spent opening block manager: real 0.002s	user 0.002s	sys 0.001s
I20260710 13:16:40.702677  5794 fs_manager.cc:647] Opened local filesystem: /tmp/dist-test-taskhoFTod/test-tmp/auto_leader_rebalancer-test.0.LeaderRebalancerTest.AddTserver.1783689375922659-5794-0/minicluster-data/ts-2-root
uuid: "f2e4a2d75e724e55ac6fa08d946779f2"
format_stamp: "Formatted at 2026-07-10 13:16:40 on dist-test-slave-0gcw"
I20260710 13:16:40.702907  5794 fs_report.cc:389] FS layout report
--------------------
wal directory: /tmp/dist-test-taskhoFTod/test-tmp/auto_leader_rebalancer-test.0.LeaderRebalancerTest.AddTserver.1783689375922659-5794-0/minicluster-data/ts-2-root
metadata directory: /tmp/dist-test-taskhoFTod/test-tmp/auto_leader_rebalancer-test.0.LeaderRebalancerTest.AddTserver.1783689375922659-5794-0/minicluster-data/ts-2-root
1 data directories: /tmp/dist-test-taskhoFTod/test-tmp/auto_leader_rebalancer-test.0.LeaderRebalancerTest.AddTserver.1783689375922659-5794-0/minicluster-data/ts-2-root/data
Total live blocks: 0
Total live bytes: 0
Total live bytes (after alignment): 0
Total number of LBM containers: 0 (0 full)
Did not check for missing blocks
Did not check for orphaned blocks
Total full LBM containers with extra space: 0 (0 repaired)
Total full LBM container extra space in bytes: 0 (0 repaired)
Total incomplete LBM containers: 0 (0 repaired)
Total LBM partial records: 0 (0 repaired)
Total corrupted LBM metadata records in RocksDB: 0 (0 repaired)
I20260710 13:16:40.715996  5794 rpc_server.cc:225] running with OpenSSL 1.1.1  11 Sep 2018
I20260710 13:16:40.717084  5794 kserver.cc:163] Server-wide thread pool size limit: 3276
I20260710 13:16:40.718425  5794 txn_system_client.cc:432] TxnSystemClient initialization is disabled...
I20260710 13:16:40.720386  5794 ts_tablet_manager.cc:585] Loaded tablet metadata (0 total tablets, 0 live tablets)
I20260710 13:16:40.720551  5794 ts_tablet_manager.cc:531] Time spent load tablet metadata: real 0.000s	user 0.000s	sys 0.000s
I20260710 13:16:40.720723  5794 ts_tablet_manager.cc:616] Registered 0 tablets
I20260710 13:16:40.720885  5794 ts_tablet_manager.cc:595] Time spent register tablets: real 0.000s	user 0.001s	sys 0.000s
I20260710 13:16:40.757129  5794 rpc_server.cc:307] RPC server started. Bound to: 127.5.168.131:38811
I20260710 13:16:40.757216  7102 acceptor_pool.cc:272] collecting diagnostics on the listening RPC socket 127.5.168.131:38811 every 8 connection(s)
I20260710 13:16:40.769430  7103 heartbeater.cc:344] Connected to a master server at 127.5.168.190:37343
I20260710 13:16:40.769742  7103 heartbeater.cc:461] Registering TS with master...
I20260710 13:16:40.770340  7103 heartbeater.cc:507] Master 127.5.168.190:37343 requested a full tablet report, sending...
I20260710 13:16:40.771999  6827 ts_manager.cc:194] Registered new tserver with Master: f2e4a2d75e724e55ac6fa08d946779f2 (127.5.168.131:38811)
I20260710 13:16:40.773121  5794 internal_mini_cluster.cc:371] 3 TS(s) registered with all masters after 0.01309722s
I20260710 13:16:40.773352  6827 master_service.cc:502] Signed X509 certificate for tserver {username='slave'} at 127.0.0.1:37190
I20260710 13:16:40.795488  6827 catalog_manager.cc:2283] Servicing CreateTable request from {username='slave'} at 127.0.0.1:37202:
name: "test-workload"
schema {
  columns {
    name: "key"
    type: INT32
    is_key: true
    is_nullable: false
    encoding: AUTO_ENCODING
    compression: DEFAULT_COMPRESSION
    cfile_block_size: 0
    immutable: false
  }
  columns {
    name: "int_val"
    type: INT32
    is_key: false
    is_nullable: false
    encoding: AUTO_ENCODING
    compression: DEFAULT_COMPRESSION
    cfile_block_size: 0
    immutable: false
  }
  columns {
    name: "string_val"
    type: STRING
    is_key: false
    is_nullable: true
    encoding: AUTO_ENCODING
    compression: DEFAULT_COMPRESSION
    cfile_block_size: 0
    immutable: false
  }
}
num_replicas: 3
split_rows_range_bounds {
  rows: "\004\001\000UUU\005\004\001\000\252\252\252\n\004\001\000\377\377\377\017\004\001\000TUU\025\004\001\000\251\252\252\032\004\001\000\376\377\377\037\004\001\000SUU%\004\001\000\250\252\252*\004\001\000\375\377\377/\004\001\000RUU5\004\001\000\247\252\252:\004\001\000\374\377\377?\004\001\000QUUE\004\001\000\246\252\252J\004\001\000\373\377\377O\004\001\000PUUU\004\001\000\245\252\252Z\004\001\000\372\377\377_\004\001\000OUUe\004\001\000\244\252\252j\004\001\000\371\377\377o\004\001\000NUUu\004\001\000\243\252\252z""\004\001\000UUU\005\004\001\000\252\252\252\n\004\001\000\377\377\377\017\004\001\000TUU\025\004\001\000\251\252\252\032\004\001\000\376\377\377\037\004\001\000SUU%\004\001\000\250\252\252*\004\001\000\375\377\377/\004\001\000RUU5\004\001\000\247\252\252:\004\001\000\374\377\377?\004\001\000QUUE\004\001\000\246\252\252J\004\001\000\373\377\377O\004\001\000PUUU\004\001\000\245\252\252Z\004\001\000\372\377\377_\004\001\000OUUe\004\001\000\244\252\252j\004\001\000\371\377\377o\004\001\000NUUu\004\001\000\243\252\252z"
  indirect_data: """"
}
partition_schema {
  range_schema {
    columns {
      name: "key"
    }
  }
}
W20260710 13:16:40.799801  6827 catalog_manager.cc:7077] The number of live tablet servers is not enough to re-replicate a tablet replica of the newly created table test-workload in case of a server failure: 4 tablet servers would be needed, 3 are available. Consider bringing up more tablet servers.
I20260710 13:16:40.900887  6994 tablet_service.cc:1511] Processing CreateTablet for tablet 4573402f8f944b9a815ffd4de3dedd6e (DEFAULT_TABLE table=test-workload [id=6ba22eb00d574f1486a7750047c1a434]), partition=RANGE (key) PARTITION VALUES < 89478485
I20260710 13:16:40.902297  6994 data_dirs.cc:400] Could only allocate 1 dirs of requested 3 for tablet 4573402f8f944b9a815ffd4de3dedd6e. 1 dirs total, 0 dirs full, 0 dirs failed
I20260710 13:16:40.904898  6991 tablet_service.cc:1511] Processing CreateTablet for tablet bfda16198db945e9bfa8e70ab201a1f6 (DEFAULT_TABLE table=test-workload [id=6ba22eb00d574f1486a7750047c1a434]), partition=RANGE (key) PARTITION 268435455 <= VALUES < 357913940
I20260710 13:16:40.906162  6991 data_dirs.cc:400] Could only allocate 1 dirs of requested 3 for tablet bfda16198db945e9bfa8e70ab201a1f6. 1 dirs total, 0 dirs full, 0 dirs failed
I20260710 13:16:40.909911  6992 tablet_service.cc:1511] Processing CreateTablet for tablet 0632e0d2dd4a4bd3b479a75b8801e98a (DEFAULT_TABLE table=test-workload [id=6ba22eb00d574f1486a7750047c1a434]), partition=RANGE (key) PARTITION 178956970 <= VALUES < 268435455
I20260710 13:16:40.911131  6992 data_dirs.cc:400] Could only allocate 1 dirs of requested 3 for tablet 0632e0d2dd4a4bd3b479a75b8801e98a. 1 dirs total, 0 dirs full, 0 dirs failed
I20260710 13:16:40.911824  6993 tablet_service.cc:1511] Processing CreateTablet for tablet ebe221ba2eca413e8565c55908445d55 (DEFAULT_TABLE table=test-workload [id=6ba22eb00d574f1486a7750047c1a434]), partition=RANGE (key) PARTITION 89478485 <= VALUES < 178956970
I20260710 13:16:40.913084  6993 data_dirs.cc:400] Could only allocate 1 dirs of requested 3 for tablet ebe221ba2eca413e8565c55908445d55. 1 dirs total, 0 dirs full, 0 dirs failed
I20260710 13:16:40.918351  6990 tablet_service.cc:1511] Processing CreateTablet for tablet 38a5c650fb6148efa0093e898ea002c7 (DEFAULT_TABLE table=test-workload [id=6ba22eb00d574f1486a7750047c1a434]), partition=RANGE (key) PARTITION 357913940 <= VALUES < 447392425
I20260710 13:16:40.919620  6990 data_dirs.cc:400] Could only allocate 1 dirs of requested 3 for tablet 38a5c650fb6148efa0093e898ea002c7. 1 dirs total, 0 dirs full, 0 dirs failed
I20260710 13:16:40.921877  6989 tablet_service.cc:1511] Processing CreateTablet for tablet 1b9633da69e04e349503f264c7d198be (DEFAULT_TABLE table=test-workload [id=6ba22eb00d574f1486a7750047c1a434]), partition=RANGE (key) PARTITION 447392425 <= VALUES < 536870910
I20260710 13:16:40.923123  6989 data_dirs.cc:400] Could only allocate 1 dirs of requested 3 for tablet 1b9633da69e04e349503f264c7d198be. 1 dirs total, 0 dirs full, 0 dirs failed
I20260710 13:16:40.925597  6985 tablet_service.cc:1511] Processing CreateTablet for tablet 5c6776631fd843dd8802666c3c8c6a62 (DEFAULT_TABLE table=test-workload [id=6ba22eb00d574f1486a7750047c1a434]), partition=RANGE (key) PARTITION 805306365 <= VALUES < 894784850
I20260710 13:16:40.925884  6988 tablet_service.cc:1511] Processing CreateTablet for tablet b6eaaac8517d41718412d74ea4a7f6b9 (DEFAULT_TABLE table=test-workload [id=6ba22eb00d574f1486a7750047c1a434]), partition=RANGE (key) PARTITION 536870910 <= VALUES < 626349395
I20260710 13:16:40.926538  7118 tablet_bootstrap.cc:492] T 4573402f8f944b9a815ffd4de3dedd6e P 323fa76fbf7d46ee819a81cb79e02245: Bootstrap starting.
I20260710 13:16:40.926846  6985 data_dirs.cc:400] Could only allocate 1 dirs of requested 3 for tablet 5c6776631fd843dd8802666c3c8c6a62. 1 dirs total, 0 dirs full, 0 dirs failed
I20260710 13:16:40.928009  6987 tablet_service.cc:1511] Processing CreateTablet for tablet 5f4f8442053b4319b7b542d3023ec82f (DEFAULT_TABLE table=test-workload [id=6ba22eb00d574f1486a7750047c1a434]), partition=RANGE (key) PARTITION 626349395 <= VALUES < 715827880
I20260710 13:16:40.929215  6987 data_dirs.cc:400] Could only allocate 1 dirs of requested 3 for tablet 5f4f8442053b4319b7b542d3023ec82f. 1 dirs total, 0 dirs full, 0 dirs failed
I20260710 13:16:40.919631  6986 tablet_service.cc:1511] Processing CreateTablet for tablet a1605da4b5904adeb812cafcec18fa66 (DEFAULT_TABLE table=test-workload [id=6ba22eb00d574f1486a7750047c1a434]), partition=RANGE (key) PARTITION 715827880 <= VALUES < 805306365
I20260710 13:16:40.934418  6986 data_dirs.cc:400] Could only allocate 1 dirs of requested 3 for tablet a1605da4b5904adeb812cafcec18fa66. 1 dirs total, 0 dirs full, 0 dirs failed
I20260710 13:16:40.935817  6992 tablet_service.cc:1511] Processing CreateTablet for tablet b15863f7c6014b0eb99eaa05db589d66 (DEFAULT_TABLE table=test-workload [id=6ba22eb00d574f1486a7750047c1a434]), partition=RANGE (key) PARTITION 894784850 <= VALUES < 984263335
I20260710 13:16:40.936939  6992 data_dirs.cc:400] Could only allocate 1 dirs of requested 3 for tablet b15863f7c6014b0eb99eaa05db589d66. 1 dirs total, 0 dirs full, 0 dirs failed
I20260710 13:16:40.936553  7068 tablet_service.cc:1511] Processing CreateTablet for tablet 4573402f8f944b9a815ffd4de3dedd6e (DEFAULT_TABLE table=test-workload [id=6ba22eb00d574f1486a7750047c1a434]), partition=RANGE (key) PARTITION VALUES < 89478485
I20260710 13:16:40.937875  7068 data_dirs.cc:400] Could only allocate 1 dirs of requested 3 for tablet 4573402f8f944b9a815ffd4de3dedd6e. 1 dirs total, 0 dirs full, 0 dirs failed
I20260710 13:16:40.939519  6988 data_dirs.cc:400] Could only allocate 1 dirs of requested 3 for tablet b6eaaac8517d41718412d74ea4a7f6b9. 1 dirs total, 0 dirs full, 0 dirs failed
I20260710 13:16:40.945724  7118 tablet_bootstrap.cc:654] T 4573402f8f944b9a815ffd4de3dedd6e P 323fa76fbf7d46ee819a81cb79e02245: Neither blocks nor log segments found. Creating new log.
I20260710 13:16:40.950299  7067 tablet_service.cc:1511] Processing CreateTablet for tablet ebe221ba2eca413e8565c55908445d55 (DEFAULT_TABLE table=test-workload [id=6ba22eb00d574f1486a7750047c1a434]), partition=RANGE (key) PARTITION 89478485 <= VALUES < 178956970
I20260710 13:16:40.950759  7066 tablet_service.cc:1511] Processing CreateTablet for tablet 0632e0d2dd4a4bd3b479a75b8801e98a (DEFAULT_TABLE table=test-workload [id=6ba22eb00d574f1486a7750047c1a434]), partition=RANGE (key) PARTITION 178956970 <= VALUES < 268435455
I20260710 13:16:40.951557  7067 data_dirs.cc:400] Could only allocate 1 dirs of requested 3 for tablet ebe221ba2eca413e8565c55908445d55. 1 dirs total, 0 dirs full, 0 dirs failed
I20260710 13:16:40.952118  7066 data_dirs.cc:400] Could only allocate 1 dirs of requested 3 for tablet 0632e0d2dd4a4bd3b479a75b8801e98a. 1 dirs total, 0 dirs full, 0 dirs failed
I20260710 13:16:40.985015  6985 tablet_service.cc:1511] Processing CreateTablet for tablet 2cc0740496bb42a689f339d8bd0c7727 (DEFAULT_TABLE table=test-workload [id=6ba22eb00d574f1486a7750047c1a434]), partition=RANGE (key) PARTITION 1073741820 <= VALUES < 1163220305
I20260710 13:16:40.986374  6985 data_dirs.cc:400] Could only allocate 1 dirs of requested 3 for tablet 2cc0740496bb42a689f339d8bd0c7727. 1 dirs total, 0 dirs full, 0 dirs failed
I20260710 13:16:40.990754  7064 tablet_service.cc:1511] Processing CreateTablet for tablet 38a5c650fb6148efa0093e898ea002c7 (DEFAULT_TABLE table=test-workload [id=6ba22eb00d574f1486a7750047c1a434]), partition=RANGE (key) PARTITION 357913940 <= VALUES < 447392425
I20260710 13:16:40.991990  7064 data_dirs.cc:400] Could only allocate 1 dirs of requested 3 for tablet 38a5c650fb6148efa0093e898ea002c7. 1 dirs total, 0 dirs full, 0 dirs failed
I20260710 13:16:40.989187  7065 tablet_service.cc:1511] Processing CreateTablet for tablet bfda16198db945e9bfa8e70ab201a1f6 (DEFAULT_TABLE table=test-workload [id=6ba22eb00d574f1486a7750047c1a434]), partition=RANGE (key) PARTITION 268435455 <= VALUES < 357913940
I20260710 13:16:40.993839  7065 data_dirs.cc:400] Could only allocate 1 dirs of requested 3 for tablet bfda16198db945e9bfa8e70ab201a1f6. 1 dirs total, 0 dirs full, 0 dirs failed
I20260710 13:16:40.994334  6992 tablet_service.cc:1511] Processing CreateTablet for tablet fc74cbd051ce4affaf4f5f7151988a41 (DEFAULT_TABLE table=test-workload [id=6ba22eb00d574f1486a7750047c1a434]), partition=RANGE (key) PARTITION 1163220305 <= VALUES < 1252698790
I20260710 13:16:40.995793  7063 tablet_service.cc:1511] Processing CreateTablet for tablet 1b9633da69e04e349503f264c7d198be (DEFAULT_TABLE table=test-workload [id=6ba22eb00d574f1486a7750047c1a434]), partition=RANGE (key) PARTITION 447392425 <= VALUES < 536870910
I20260710 13:16:40.997799  7062 tablet_service.cc:1511] Processing CreateTablet for tablet b6eaaac8517d41718412d74ea4a7f6b9 (DEFAULT_TABLE table=test-workload [id=6ba22eb00d574f1486a7750047c1a434]), partition=RANGE (key) PARTITION 536870910 <= VALUES < 626349395
I20260710 13:16:40.998317  6994 tablet_service.cc:1511] Processing CreateTablet for tablet 4054dfa1731c40d9a6c0fbe89110554c (DEFAULT_TABLE table=test-workload [id=6ba22eb00d574f1486a7750047c1a434]), partition=RANGE (key) PARTITION 1252698790 <= VALUES < 1342177275
I20260710 13:16:41.001114  7061 tablet_service.cc:1511] Processing CreateTablet for tablet 5f4f8442053b4319b7b542d3023ec82f (DEFAULT_TABLE table=test-workload [id=6ba22eb00d574f1486a7750047c1a434]), partition=RANGE (key) PARTITION 626349395 <= VALUES < 715827880
I20260710 13:16:41.003409  7063 data_dirs.cc:400] Could only allocate 1 dirs of requested 3 for tablet 1b9633da69e04e349503f264c7d198be. 1 dirs total, 0 dirs full, 0 dirs failed
I20260710 13:16:41.003111  7060 tablet_service.cc:1511] Processing CreateTablet for tablet a1605da4b5904adeb812cafcec18fa66 (DEFAULT_TABLE table=test-workload [id=6ba22eb00d574f1486a7750047c1a434]), partition=RANGE (key) PARTITION 715827880 <= VALUES < 805306365
I20260710 13:16:41.005774  7059 tablet_service.cc:1511] Processing CreateTablet for tablet 5c6776631fd843dd8802666c3c8c6a62 (DEFAULT_TABLE table=test-workload [id=6ba22eb00d574f1486a7750047c1a434]), partition=RANGE (key) PARTITION 805306365 <= VALUES < 894784850
I20260710 13:16:41.006217  7061 data_dirs.cc:400] Could only allocate 1 dirs of requested 3 for tablet 5f4f8442053b4319b7b542d3023ec82f. 1 dirs total, 0 dirs full, 0 dirs failed
I20260710 13:16:41.009384  6992 data_dirs.cc:400] Could only allocate 1 dirs of requested 3 for tablet fc74cbd051ce4affaf4f5f7151988a41. 1 dirs total, 0 dirs full, 0 dirs failed
I20260710 13:16:41.009627  7059 data_dirs.cc:400] Could only allocate 1 dirs of requested 3 for tablet 5c6776631fd843dd8802666c3c8c6a62. 1 dirs total, 0 dirs full, 0 dirs failed
I20260710 13:16:41.013079  7060 data_dirs.cc:400] Could only allocate 1 dirs of requested 3 for tablet a1605da4b5904adeb812cafcec18fa66. 1 dirs total, 0 dirs full, 0 dirs failed
I20260710 13:16:41.021474  7062 data_dirs.cc:400] Could only allocate 1 dirs of requested 3 for tablet b6eaaac8517d41718412d74ea4a7f6b9. 1 dirs total, 0 dirs full, 0 dirs failed
I20260710 13:16:41.010794  7120 tablet_bootstrap.cc:492] T 0632e0d2dd4a4bd3b479a75b8801e98a P f2e4a2d75e724e55ac6fa08d946779f2: Bootstrap starting.
I20260710 13:16:41.026095  6994 data_dirs.cc:400] Could only allocate 1 dirs of requested 3 for tablet 4054dfa1731c40d9a6c0fbe89110554c. 1 dirs total, 0 dirs full, 0 dirs failed
I20260710 13:16:41.039498  7068 tablet_service.cc:1511] Processing CreateTablet for tablet bb3e79133b9e4a63bb740bb176230371 (DEFAULT_TABLE table=test-workload [id=6ba22eb00d574f1486a7750047c1a434]), partition=RANGE (key) PARTITION 984263335 <= VALUES < 1073741820
I20260710 13:16:41.040179  7120 tablet_bootstrap.cc:654] T 0632e0d2dd4a4bd3b479a75b8801e98a P f2e4a2d75e724e55ac6fa08d946779f2: Neither blocks nor log segments found. Creating new log.
I20260710 13:16:41.040824  7068 data_dirs.cc:400] Could only allocate 1 dirs of requested 3 for tablet bb3e79133b9e4a63bb740bb176230371. 1 dirs total, 0 dirs full, 0 dirs failed
I20260710 13:16:41.050203  7067 tablet_service.cc:1511] Processing CreateTablet for tablet 2cc0740496bb42a689f339d8bd0c7727 (DEFAULT_TABLE table=test-workload [id=6ba22eb00d574f1486a7750047c1a434]), partition=RANGE (key) PARTITION 1073741820 <= VALUES < 1163220305
I20260710 13:16:41.051079  7064 tablet_service.cc:1511] Processing CreateTablet for tablet fc74cbd051ce4affaf4f5f7151988a41 (DEFAULT_TABLE table=test-workload [id=6ba22eb00d574f1486a7750047c1a434]), partition=RANGE (key) PARTITION 1163220305 <= VALUES < 1252698790
I20260710 13:16:41.051607  7118 tablet_bootstrap.cc:492] T 4573402f8f944b9a815ffd4de3dedd6e P 323fa76fbf7d46ee819a81cb79e02245: No bootstrap required, opened a new log
I20260710 13:16:41.058403  7118 ts_tablet_manager.cc:1403] T 4573402f8f944b9a815ffd4de3dedd6e P 323fa76fbf7d46ee819a81cb79e02245: Time spent bootstrapping tablet: real 0.132s	user 0.025s	sys 0.043s
I20260710 13:16:41.058733  7064 data_dirs.cc:400] Could only allocate 1 dirs of requested 3 for tablet fc74cbd051ce4affaf4f5f7151988a41. 1 dirs total, 0 dirs full, 0 dirs failed
I20260710 13:16:41.061180  7118 raft_consensus.cc:359] T 4573402f8f944b9a815ffd4de3dedd6e P 323fa76fbf7d46ee819a81cb79e02245 [term 0 FOLLOWER]: Replica starting. Triggering 0 pending ops. Active config: opid_index: -1 OBSOLETE_local: false peers { permanent_uuid: "323fa76fbf7d46ee819a81cb79e02245" member_type: VOTER last_known_addr { host: "127.5.168.130" port: 41331 } } peers { permanent_uuid: "28dd9d810d1749ddb7317a62d0eabf14" member_type: VOTER last_known_addr { host: "127.5.168.129" port: 41889 } } peers { permanent_uuid: "f2e4a2d75e724e55ac6fa08d946779f2" member_type: VOTER last_known_addr { host: "127.5.168.131" port: 38811 } }
I20260710 13:16:41.062048  7118 raft_consensus.cc:385] T 4573402f8f944b9a815ffd4de3dedd6e P 323fa76fbf7d46ee819a81cb79e02245 [term 0 FOLLOWER]: Consensus starting up: Expiring failure detector timer to make a prompt election more likely
I20260710 13:16:41.062374  7118 raft_consensus.cc:740] T 4573402f8f944b9a815ffd4de3dedd6e P 323fa76fbf7d46ee819a81cb79e02245 [term 0 FOLLOWER]: Becoming Follower/Learner. State: Replica: 323fa76fbf7d46ee819a81cb79e02245, State: Initialized, Role: FOLLOWER
I20260710 13:16:41.063184  7118 consensus_queue.cc:260] T 4573402f8f944b9a815ffd4de3dedd6e P 323fa76fbf7d46ee819a81cb79e02245 [NON_LEADER]: Queue going to NON_LEADER mode. State: All replicated index: 0, Majority replicated index: 0, Committed index: 0, Last appended: 0.0, Last appended by leader: 0, Current term: 0, Majority size: -1, State: 0, Mode: NON_LEADER, active raft config: opid_index: -1 OBSOLETE_local: false peers { permanent_uuid: "323fa76fbf7d46ee819a81cb79e02245" member_type: VOTER last_known_addr { host: "127.5.168.130" port: 41331 } } peers { permanent_uuid: "28dd9d810d1749ddb7317a62d0eabf14" member_type: VOTER last_known_addr { host: "127.5.168.129" port: 41889 } } peers { permanent_uuid: "f2e4a2d75e724e55ac6fa08d946779f2" member_type: VOTER last_known_addr { host: "127.5.168.131" port: 38811 } }
I20260710 13:16:41.025974  6991 tablet_service.cc:1511] Processing CreateTablet for tablet 0e86aa436f5b47d4ad9248a641874815 (DEFAULT_TABLE table=test-workload [id=6ba22eb00d574f1486a7750047c1a434]), partition=RANGE (key) PARTITION 1342177275 <= VALUES < 1431655760
I20260710 13:16:41.068001  6991 data_dirs.cc:400] Could only allocate 1 dirs of requested 3 for tablet 0e86aa436f5b47d4ad9248a641874815. 1 dirs total, 0 dirs full, 0 dirs failed
I20260710 13:16:41.069690  7066 tablet_service.cc:1511] Processing CreateTablet for tablet b15863f7c6014b0eb99eaa05db589d66 (DEFAULT_TABLE table=test-workload [id=6ba22eb00d574f1486a7750047c1a434]), partition=RANGE (key) PARTITION 894784850 <= VALUES < 984263335
I20260710 13:16:41.070986  6919 tablet_service.cc:1511] Processing CreateTablet for tablet 4573402f8f944b9a815ffd4de3dedd6e (DEFAULT_TABLE table=test-workload [id=6ba22eb00d574f1486a7750047c1a434]), partition=RANGE (key) PARTITION VALUES < 89478485
I20260710 13:16:41.071301  6986 tablet_service.cc:1511] Processing CreateTablet for tablet e29302016b634cdbb45e06f852dcd664 (DEFAULT_TABLE table=test-workload [id=6ba22eb00d574f1486a7750047c1a434]), partition=RANGE (key) PARTITION 1431655760 <= VALUES < 1521134245
I20260710 13:16:41.072732  6919 data_dirs.cc:400] Could only allocate 1 dirs of requested 3 for tablet 4573402f8f944b9a815ffd4de3dedd6e. 1 dirs total, 0 dirs full, 0 dirs failed
I20260710 13:16:41.073371  6918 tablet_service.cc:1511] Processing CreateTablet for tablet ebe221ba2eca413e8565c55908445d55 (DEFAULT_TABLE table=test-workload [id=6ba22eb00d574f1486a7750047c1a434]), partition=RANGE (key) PARTITION 89478485 <= VALUES < 178956970
I20260710 13:16:41.074563  6918 data_dirs.cc:400] Could only allocate 1 dirs of requested 3 for tablet ebe221ba2eca413e8565c55908445d55. 1 dirs total, 0 dirs full, 0 dirs failed
I20260710 13:16:41.061239  7067 data_dirs.cc:400] Could only allocate 1 dirs of requested 3 for tablet 2cc0740496bb42a689f339d8bd0c7727. 1 dirs total, 0 dirs full, 0 dirs failed
I20260710 13:16:41.075757  7066 data_dirs.cc:400] Could only allocate 1 dirs of requested 3 for tablet b15863f7c6014b0eb99eaa05db589d66. 1 dirs total, 0 dirs full, 0 dirs failed
I20260710 13:16:41.076197  7063 tablet_service.cc:1511] Processing CreateTablet for tablet 4054dfa1731c40d9a6c0fbe89110554c (DEFAULT_TABLE table=test-workload [id=6ba22eb00d574f1486a7750047c1a434]), partition=RANGE (key) PARTITION 1252698790 <= VALUES < 1342177275
I20260710 13:16:41.082340  6986 data_dirs.cc:400] Could only allocate 1 dirs of requested 3 for tablet e29302016b634cdbb45e06f852dcd664. 1 dirs total, 0 dirs full, 0 dirs failed
I20260710 13:16:41.078954  6917 tablet_service.cc:1511] Processing CreateTablet for tablet 0632e0d2dd4a4bd3b479a75b8801e98a (DEFAULT_TABLE table=test-workload [id=6ba22eb00d574f1486a7750047c1a434]), partition=RANGE (key) PARTITION 178956970 <= VALUES < 268435455
I20260710 13:16:41.082814  6916 tablet_service.cc:1511] Processing CreateTablet for tablet bfda16198db945e9bfa8e70ab201a1f6 (DEFAULT_TABLE table=test-workload [id=6ba22eb00d574f1486a7750047c1a434]), partition=RANGE (key) PARTITION 268435455 <= VALUES < 357913940
I20260710 13:16:41.009171  6993 tablet_service.cc:1511] Processing CreateTablet for tablet bb3e79133b9e4a63bb740bb176230371 (DEFAULT_TABLE table=test-workload [id=6ba22eb00d574f1486a7750047c1a434]), partition=RANGE (key) PARTITION 984263335 <= VALUES < 1073741820
I20260710 13:16:41.083710  6917 data_dirs.cc:400] Could only allocate 1 dirs of requested 3 for tablet 0632e0d2dd4a4bd3b479a75b8801e98a. 1 dirs total, 0 dirs full, 0 dirs failed
I20260710 13:16:41.085728  6915 tablet_service.cc:1511] Processing CreateTablet for tablet 38a5c650fb6148efa0093e898ea002c7 (DEFAULT_TABLE table=test-workload [id=6ba22eb00d574f1486a7750047c1a434]), partition=RANGE (key) PARTITION 357913940 <= VALUES < 447392425
I20260710 13:16:41.087369  6914 tablet_service.cc:1511] Processing CreateTablet for tablet 1b9633da69e04e349503f264c7d198be (DEFAULT_TABLE table=test-workload [id=6ba22eb00d574f1486a7750047c1a434]), partition=RANGE (key) PARTITION 447392425 <= VALUES < 536870910
I20260710 13:16:41.088471  6910 tablet_service.cc:1511] Processing CreateTablet for tablet 5c6776631fd843dd8802666c3c8c6a62 (DEFAULT_TABLE table=test-workload [id=6ba22eb00d574f1486a7750047c1a434]), partition=RANGE (key) PARTITION 805306365 <= VALUES < 894784850
I20260710 13:16:41.089902  6912 tablet_service.cc:1511] Processing CreateTablet for tablet 5f4f8442053b4319b7b542d3023ec82f (DEFAULT_TABLE table=test-workload [id=6ba22eb00d574f1486a7750047c1a434]), partition=RANGE (key) PARTITION 626349395 <= VALUES < 715827880
I20260710 13:16:41.090610  6913 tablet_service.cc:1511] Processing CreateTablet for tablet b6eaaac8517d41718412d74ea4a7f6b9 (DEFAULT_TABLE table=test-workload [id=6ba22eb00d574f1486a7750047c1a434]), partition=RANGE (key) PARTITION 536870910 <= VALUES < 626349395
I20260710 13:16:41.087380  6911 tablet_service.cc:1511] Processing CreateTablet for tablet a1605da4b5904adeb812cafcec18fa66 (DEFAULT_TABLE table=test-workload [id=6ba22eb00d574f1486a7750047c1a434]), partition=RANGE (key) PARTITION 715827880 <= VALUES < 805306365
I20260710 13:16:41.095320  7063 data_dirs.cc:400] Could only allocate 1 dirs of requested 3 for tablet 4054dfa1731c40d9a6c0fbe89110554c. 1 dirs total, 0 dirs full, 0 dirs failed
I20260710 13:16:41.077389  7060 tablet_service.cc:1511] Processing CreateTablet for tablet 31b288d45fda47409068e65a25e46cbb (DEFAULT_TABLE table=test-workload [id=6ba22eb00d574f1486a7750047c1a434]), partition=RANGE (key) PARTITION 1700091215 <= VALUES < 1789569700
I20260710 13:16:41.101959  6916 data_dirs.cc:400] Could only allocate 1 dirs of requested 3 for tablet bfda16198db945e9bfa8e70ab201a1f6. 1 dirs total, 0 dirs full, 0 dirs failed
I20260710 13:16:41.103457  6993 data_dirs.cc:400] Could only allocate 1 dirs of requested 3 for tablet bb3e79133b9e4a63bb740bb176230371. 1 dirs total, 0 dirs full, 0 dirs failed
I20260710 13:16:41.094370  6988 tablet_service.cc:1511] Processing CreateTablet for tablet 36dc13e7bc534f1e8343693e505ef6d9 (DEFAULT_TABLE table=test-workload [id=6ba22eb00d574f1486a7750047c1a434]), partition=RANGE (key) PARTITION 1610612730 <= VALUES < 1700091215
I20260710 13:16:41.105368  6988 data_dirs.cc:400] Could only allocate 1 dirs of requested 3 for tablet 36dc13e7bc534f1e8343693e505ef6d9. 1 dirs total, 0 dirs full, 0 dirs failed
I20260710 13:16:41.112533  6915 data_dirs.cc:400] Could only allocate 1 dirs of requested 3 for tablet 38a5c650fb6148efa0093e898ea002c7. 1 dirs total, 0 dirs full, 0 dirs failed
I20260710 13:16:41.113139  6911 data_dirs.cc:400] Could only allocate 1 dirs of requested 3 for tablet a1605da4b5904adeb812cafcec18fa66. 1 dirs total, 0 dirs full, 0 dirs failed
I20260710 13:16:41.114229  6913 data_dirs.cc:400] Could only allocate 1 dirs of requested 3 for tablet b6eaaac8517d41718412d74ea4a7f6b9. 1 dirs total, 0 dirs full, 0 dirs failed
I20260710 13:16:41.114779  6914 data_dirs.cc:400] Could only allocate 1 dirs of requested 3 for tablet 1b9633da69e04e349503f264c7d198be. 1 dirs total, 0 dirs full, 0 dirs failed
I20260710 13:16:41.117024  6910 data_dirs.cc:400] Could only allocate 1 dirs of requested 3 for tablet 5c6776631fd843dd8802666c3c8c6a62. 1 dirs total, 0 dirs full, 0 dirs failed
I20260710 13:16:41.117354  7059 tablet_service.cc:1511] Processing CreateTablet for tablet 0e86aa436f5b47d4ad9248a641874815 (DEFAULT_TABLE table=test-workload [id=6ba22eb00d574f1486a7750047c1a434]), partition=RANGE (key) PARTITION 1342177275 <= VALUES < 1431655760
I20260710 13:16:41.117841  6912 data_dirs.cc:400] Could only allocate 1 dirs of requested 3 for tablet 5f4f8442053b4319b7b542d3023ec82f. 1 dirs total, 0 dirs full, 0 dirs failed
I20260710 13:16:41.118292  7060 data_dirs.cc:400] Could only allocate 1 dirs of requested 3 for tablet 31b288d45fda47409068e65a25e46cbb. 1 dirs total, 0 dirs full, 0 dirs failed
I20260710 13:16:41.118494  7029 heartbeater.cc:499] Master 127.5.168.190:37343 was elected leader, sending a full tablet report...
I20260710 13:16:41.123317  7120 tablet_bootstrap.cc:492] T 0632e0d2dd4a4bd3b479a75b8801e98a P f2e4a2d75e724e55ac6fa08d946779f2: No bootstrap required, opened a new log
I20260710 13:16:41.123792  7120 ts_tablet_manager.cc:1403] T 0632e0d2dd4a4bd3b479a75b8801e98a P f2e4a2d75e724e55ac6fa08d946779f2: Time spent bootstrapping tablet: real 0.114s	user 0.018s	sys 0.008s
I20260710 13:16:41.130939  7059 data_dirs.cc:400] Could only allocate 1 dirs of requested 3 for tablet 0e86aa436f5b47d4ad9248a641874815. 1 dirs total, 0 dirs full, 0 dirs failed
I20260710 13:16:41.138132  6990 tablet_service.cc:1511] Processing CreateTablet for tablet 10c5edde90d6496e8d6115631a52c7b3 (DEFAULT_TABLE table=test-workload [id=6ba22eb00d574f1486a7750047c1a434]), partition=RANGE (key) PARTITION 1521134245 <= VALUES < 1610612730
I20260710 13:16:41.139168  6989 tablet_service.cc:1511] Processing CreateTablet for tablet 31b288d45fda47409068e65a25e46cbb (DEFAULT_TABLE table=test-workload [id=6ba22eb00d574f1486a7750047c1a434]), partition=RANGE (key) PARTITION 1700091215 <= VALUES < 1789569700
