I20260710 13:16:28.617292  6257 raft_consensus.cc:2804] T fff2ca78478d4092bd031fcbcaf54596 P 39dd6e53da5942cc958796234dfd5c32 [term 3 FOLLOWER]: Leader election won for term 3
I20260710 13:16:28.617722  6257 raft_consensus.cc:697] T fff2ca78478d4092bd031fcbcaf54596 P 39dd6e53da5942cc958796234dfd5c32 [term 3 LEADER]: Becoming Leader. State: Replica: 39dd6e53da5942cc958796234dfd5c32, State: Running, Role: LEADER
I20260710 13:16:28.618507  6257 consensus_queue.cc:237] T fff2ca78478d4092bd031fcbcaf54596 P 39dd6e53da5942cc958796234dfd5c32 [LEADER]: Queue going to LEADER mode. State: All replicated index: 0, Majority replicated index: 2, Committed index: 2, Last appended: 2.2, Last appended by leader: 2, Current term: 3, Majority size: 2, State: 0, Mode: LEADER, active raft config: opid_index: -1 OBSOLETE_local: false peers { permanent_uuid: "21e66463d878438ca7965ed1ac407461" member_type: VOTER last_known_addr { host: "127.5.168.129" port: 39849 } } peers { permanent_uuid: "03670887e3b24b68b44ad71ebf3fc6f9" member_type: VOTER last_known_addr { host: "127.5.168.130" port: 39541 } } peers { permanent_uuid: "39dd6e53da5942cc958796234dfd5c32" member_type: VOTER last_known_addr { host: "127.5.168.131" port: 35579 } }
I20260710 13:16:28.620229  5928 raft_consensus.cc:2468] T fff2ca78478d4092bd031fcbcaf54596 P 21e66463d878438ca7965ed1ac407461 [term 3 FOLLOWER]: Leader election vote request: Granting yes vote for candidate 39dd6e53da5942cc958796234dfd5c32 in term 3.
I20260710 13:16:28.626461  5823 catalog_manager.cc:5697] T fff2ca78478d4092bd031fcbcaf54596 P 39dd6e53da5942cc958796234dfd5c32 reported cstate change: term changed from 2 to 3, leader changed from 03670887e3b24b68b44ad71ebf3fc6f9 (127.5.168.130) to 39dd6e53da5942cc958796234dfd5c32 (127.5.168.131). New cstate: current_term: 3 leader_uuid: "39dd6e53da5942cc958796234dfd5c32" committed_config { opid_index: -1 OBSOLETE_local: false peers { permanent_uuid: "21e66463d878438ca7965ed1ac407461" member_type: VOTER last_known_addr { host: "127.5.168.129" port: 39849 } health_report { overall_health: UNKNOWN } } peers { permanent_uuid: "03670887e3b24b68b44ad71ebf3fc6f9" member_type: VOTER last_known_addr { host: "127.5.168.130" port: 39541 } health_report { overall_health: UNKNOWN } } peers { permanent_uuid: "39dd6e53da5942cc958796234dfd5c32" member_type: VOTER last_known_addr { host: "127.5.168.131" port: 35579 } health_report { overall_health: HEALTHY } } }
I20260710 13:16:28.845705  6003 raft_consensus.cc:1275] T 05082c0feb0c419e90733a8b21d9f82c P 03670887e3b24b68b44ad71ebf3fc6f9 [term 4 FOLLOWER]: Refusing update from remote peer 39dd6e53da5942cc958796234dfd5c32: Log matching property violated. Preceding OpId in replica: term: 3 index: 3. Preceding OpId from leader: term: 4 index: 4. (index mismatch)
I20260710 13:16:28.846802  6257 consensus_queue.cc:1048] T 05082c0feb0c419e90733a8b21d9f82c P 39dd6e53da5942cc958796234dfd5c32 [LEADER]: Connected to new peer: Peer: permanent_uuid: "03670887e3b24b68b44ad71ebf3fc6f9" member_type: VOTER last_known_addr { host: "127.5.168.130" port: 39541 }, Status: LMP_MISMATCH, Last received: 0.0, Next index: 4, Last known committed idx: 3, Time since last communication: 0.000s
I20260710 13:16:28.857228  5928 raft_consensus.cc:1275] T 05082c0feb0c419e90733a8b21d9f82c P 21e66463d878438ca7965ed1ac407461 [term 4 FOLLOWER]: Refusing update from remote peer 39dd6e53da5942cc958796234dfd5c32: Log matching property violated. Preceding OpId in replica: term: 3 index: 3. Preceding OpId from leader: term: 4 index: 4. (index mismatch)
I20260710 13:16:28.858531  6257 consensus_queue.cc:1048] T 05082c0feb0c419e90733a8b21d9f82c P 39dd6e53da5942cc958796234dfd5c32 [LEADER]: Connected to new peer: Peer: permanent_uuid: "21e66463d878438ca7965ed1ac407461" member_type: VOTER last_known_addr { host: "127.5.168.129" port: 39849 }, Status: LMP_MISMATCH, Last received: 0.0, Next index: 4, Last known committed idx: 3, Time since last communication: 0.000s
I20260710 13:16:28.901073  6003 raft_consensus.cc:1275] T 020c10d3f20a413ea84143c479f3fb3d P 03670887e3b24b68b44ad71ebf3fc6f9 [term 3 FOLLOWER]: Refusing update from remote peer 21e66463d878438ca7965ed1ac407461: Log matching property violated. Preceding OpId in replica: term: 2 index: 2. Preceding OpId from leader: term: 3 index: 3. (index mismatch)
I20260710 13:16:28.901326  6004 raft_consensus.cc:1275] T ed9b9caa582b4aa7aaf9ab1b3f15e2cf P 03670887e3b24b68b44ad71ebf3fc6f9 [term 4 FOLLOWER]: Refusing update from remote peer 21e66463d878438ca7965ed1ac407461: Log matching property violated. Preceding OpId in replica: term: 3 index: 3. Preceding OpId from leader: term: 4 index: 4. (index mismatch)
I20260710 13:16:28.902621  6296 consensus_queue.cc:1048] T 020c10d3f20a413ea84143c479f3fb3d P 21e66463d878438ca7965ed1ac407461 [LEADER]: Connected to new peer: Peer: permanent_uuid: "03670887e3b24b68b44ad71ebf3fc6f9" member_type: VOTER last_known_addr { host: "127.5.168.130" port: 39541 }, Status: LMP_MISMATCH, Last received: 0.0, Next index: 3, Last known committed idx: 2, Time since last communication: 0.000s
I20260710 13:16:28.902767  6295 consensus_queue.cc:1048] T ed9b9caa582b4aa7aaf9ab1b3f15e2cf P 21e66463d878438ca7965ed1ac407461 [LEADER]: Connected to new peer: Peer: permanent_uuid: "03670887e3b24b68b44ad71ebf3fc6f9" member_type: VOTER last_known_addr { host: "127.5.168.130" port: 39541 }, Status: LMP_MISMATCH, Last received: 0.0, Next index: 4, Last known committed idx: 3, Time since last communication: 0.000s
I20260710 13:16:28.911594  6078 raft_consensus.cc:1275] T ed9b9caa582b4aa7aaf9ab1b3f15e2cf P 39dd6e53da5942cc958796234dfd5c32 [term 4 FOLLOWER]: Refusing update from remote peer 21e66463d878438ca7965ed1ac407461: Log matching property violated. Preceding OpId in replica: term: 3 index: 3. Preceding OpId from leader: term: 4 index: 4. (index mismatch)
I20260710 13:16:28.913746  6296 consensus_queue.cc:1048] T ed9b9caa582b4aa7aaf9ab1b3f15e2cf P 21e66463d878438ca7965ed1ac407461 [LEADER]: Connected to new peer: Peer: permanent_uuid: "39dd6e53da5942cc958796234dfd5c32" member_type: VOTER last_known_addr { host: "127.5.168.131" port: 35579 }, Status: LMP_MISMATCH, Last received: 0.0, Next index: 4, Last known committed idx: 3, Time since last communication: 0.000s
I20260710 13:16:28.919636  6078 raft_consensus.cc:1275] T 020c10d3f20a413ea84143c479f3fb3d P 39dd6e53da5942cc958796234dfd5c32 [term 3 FOLLOWER]: Refusing update from remote peer 21e66463d878438ca7965ed1ac407461: Log matching property violated. Preceding OpId in replica: term: 2 index: 2. Preceding OpId from leader: term: 3 index: 3. (index mismatch)
I20260710 13:16:28.924865  6295 consensus_queue.cc:1048] T 020c10d3f20a413ea84143c479f3fb3d P 21e66463d878438ca7965ed1ac407461 [LEADER]: Connected to new peer: Peer: permanent_uuid: "39dd6e53da5942cc958796234dfd5c32" member_type: VOTER last_known_addr { host: "127.5.168.131" port: 35579 }, Status: LMP_MISMATCH, Last received: 0.0, Next index: 3, Last known committed idx: 2, Time since last communication: 0.004s
I20260710 13:16:29.119424  6004 raft_consensus.cc:1275] T 1d808cb9ce6f4bf6853e99410d767577 P 03670887e3b24b68b44ad71ebf3fc6f9 [term 2 FOLLOWER]: Refusing update from remote peer 21e66463d878438ca7965ed1ac407461: Log matching property violated. Preceding OpId in replica: term: 1 index: 1. Preceding OpId from leader: term: 2 index: 2. (index mismatch)
I20260710 13:16:29.120767  6310 consensus_queue.cc:1048] T 1d808cb9ce6f4bf6853e99410d767577 P 21e66463d878438ca7965ed1ac407461 [LEADER]: Connected to new peer: Peer: permanent_uuid: "03670887e3b24b68b44ad71ebf3fc6f9" member_type: VOTER last_known_addr { host: "127.5.168.130" port: 39541 }, Status: LMP_MISMATCH, Last received: 0.0, Next index: 2, Last known committed idx: 1, Time since last communication: 0.000s
I20260710 13:16:29.129451  6077 raft_consensus.cc:1275] T 1d808cb9ce6f4bf6853e99410d767577 P 39dd6e53da5942cc958796234dfd5c32 [term 2 FOLLOWER]: Refusing update from remote peer 21e66463d878438ca7965ed1ac407461: Log matching property violated. Preceding OpId in replica: term: 1 index: 1. Preceding OpId from leader: term: 2 index: 2. (index mismatch)
I20260710 13:16:29.131539  6296 consensus_queue.cc:1048] T 1d808cb9ce6f4bf6853e99410d767577 P 21e66463d878438ca7965ed1ac407461 [LEADER]: Connected to new peer: Peer: permanent_uuid: "39dd6e53da5942cc958796234dfd5c32" member_type: VOTER last_known_addr { host: "127.5.168.131" port: 35579 }, Status: LMP_MISMATCH, Last received: 0.0, Next index: 2, Last known committed idx: 1, Time since last communication: 0.000s
I20260710 13:16:29.216663  5928 raft_consensus.cc:1275] T fff2ca78478d4092bd031fcbcaf54596 P 21e66463d878438ca7965ed1ac407461 [term 3 FOLLOWER]: Refusing update from remote peer 39dd6e53da5942cc958796234dfd5c32: Log matching property violated. Preceding OpId in replica: term: 2 index: 2. Preceding OpId from leader: term: 3 index: 3. (index mismatch)
I20260710 13:16:29.217873  6289 consensus_queue.cc:1048] T fff2ca78478d4092bd031fcbcaf54596 P 39dd6e53da5942cc958796234dfd5c32 [LEADER]: Connected to new peer: Peer: permanent_uuid: "21e66463d878438ca7965ed1ac407461" member_type: VOTER last_known_addr { host: "127.5.168.129" port: 39849 }, Status: LMP_MISMATCH, Last received: 0.0, Next index: 3, Last known committed idx: 2, Time since last communication: 0.000s
I20260710 13:16:29.220012  5794 auto_leader_rebalancer.cc:141] leader rebalance for table test-workload
I20260710 13:16:29.229250  6004 raft_consensus.cc:1275] T fff2ca78478d4092bd031fcbcaf54596 P 03670887e3b24b68b44ad71ebf3fc6f9 [term 3 FOLLOWER]: Refusing update from remote peer 39dd6e53da5942cc958796234dfd5c32: Log matching property violated. Preceding OpId in replica: term: 2 index: 2. Preceding OpId from leader: term: 3 index: 3. (index mismatch)
I20260710 13:16:29.231056  6257 consensus_queue.cc:1048] T fff2ca78478d4092bd031fcbcaf54596 P 39dd6e53da5942cc958796234dfd5c32 [LEADER]: Connected to new peer: Peer: permanent_uuid: "03670887e3b24b68b44ad71ebf3fc6f9" member_type: VOTER last_known_addr { host: "127.5.168.130" port: 39541 }, Status: LMP_MISMATCH, Last received: 0.0, Next index: 3, Last known committed idx: 2, Time since last communication: 0.000s
I20260710 13:16:29.231971  5794 tablet_server.cc:179] TabletServer@127.5.168.129:0 shutting down...
W20260710 13:16:29.268831  6042 proxy.cc:239] Call had error, refreshing address and retrying: Remote error: Service unavailable: service kudu.consensus.ConsensusService not registered on TabletServer
I20260710 13:16:29.271020  5794 ts_tablet_manager.cc:1507] Shutting down tablet manager...
I20260710 13:16:29.271864  5794 tablet_replica.cc:333] T 1d808cb9ce6f4bf6853e99410d767577 P 21e66463d878438ca7965ed1ac407461: stopping tablet replica
I20260710 13:16:29.272724  5794 raft_consensus.cc:2243] T 1d808cb9ce6f4bf6853e99410d767577 P 21e66463d878438ca7965ed1ac407461 [term 2 LEADER]: Raft consensus shutting down.
I20260710 13:16:29.273757  5794 raft_consensus.cc:2272] T 1d808cb9ce6f4bf6853e99410d767577 P 21e66463d878438ca7965ed1ac407461 [term 2 FOLLOWER]: Raft consensus is shut down!
I20260710 13:16:29.277033  5794 tablet_replica.cc:333] T ed9b9caa582b4aa7aaf9ab1b3f15e2cf P 21e66463d878438ca7965ed1ac407461: stopping tablet replica
I20260710 13:16:29.277758  5794 raft_consensus.cc:2243] T ed9b9caa582b4aa7aaf9ab1b3f15e2cf P 21e66463d878438ca7965ed1ac407461 [term 4 LEADER]: Raft consensus shutting down.
I20260710 13:16:29.278662  5794 raft_consensus.cc:2272] T ed9b9caa582b4aa7aaf9ab1b3f15e2cf P 21e66463d878438ca7965ed1ac407461 [term 4 FOLLOWER]: Raft consensus is shut down!
I20260710 13:16:29.282583  5794 tablet_replica.cc:333] T 020c10d3f20a413ea84143c479f3fb3d P 21e66463d878438ca7965ed1ac407461: stopping tablet replica
I20260710 13:16:29.283289  5794 raft_consensus.cc:2243] T 020c10d3f20a413ea84143c479f3fb3d P 21e66463d878438ca7965ed1ac407461 [term 3 LEADER]: Raft consensus shutting down.
I20260710 13:16:29.284181  5794 raft_consensus.cc:2272] T 020c10d3f20a413ea84143c479f3fb3d P 21e66463d878438ca7965ed1ac407461 [term 3 FOLLOWER]: Raft consensus is shut down!
I20260710 13:16:29.287850  5794 tablet_replica.cc:333] T f9dd48d754d84b468c91f49a577dbf41 P 21e66463d878438ca7965ed1ac407461: stopping tablet replica
I20260710 13:16:29.288616  5794 raft_consensus.cc:2243] T f9dd48d754d84b468c91f49a577dbf41 P 21e66463d878438ca7965ed1ac407461 [term 2 FOLLOWER]: Raft consensus shutting down.
I20260710 13:16:29.289168  5794 raft_consensus.cc:2272] T f9dd48d754d84b468c91f49a577dbf41 P 21e66463d878438ca7965ed1ac407461 [term 2 FOLLOWER]: Raft consensus is shut down!
W20260710 13:16:29.290436  6042 consensus_peers.cc:597] T 05082c0feb0c419e90733a8b21d9f82c P 39dd6e53da5942cc958796234dfd5c32 -> Peer 21e66463d878438ca7965ed1ac407461 (127.5.168.129:39849): Couldn't send request to peer 21e66463d878438ca7965ed1ac407461. Status: Remote error: Service unavailable: service kudu.consensus.ConsensusService not registered on TabletServer. This is attempt 1: this message will repeat every 5th retry.
I20260710 13:16:29.292263  5794 tablet_replica.cc:333] T 05082c0feb0c419e90733a8b21d9f82c P 21e66463d878438ca7965ed1ac407461: stopping tablet replica
I20260710 13:16:29.292975  5794 raft_consensus.cc:2243] T 05082c0feb0c419e90733a8b21d9f82c P 21e66463d878438ca7965ed1ac407461 [term 4 FOLLOWER]: Raft consensus shutting down.
W20260710 13:16:29.293121  5968 consensus_peers.cc:597] T 7b043218313b4eb69daff2a681057de9 P 03670887e3b24b68b44ad71ebf3fc6f9 -> Peer 21e66463d878438ca7965ed1ac407461 (127.5.168.129:39849): Couldn't send request to peer 21e66463d878438ca7965ed1ac407461. Status: Remote error: Service unavailable: service kudu.consensus.ConsensusService not registered on TabletServer. This is attempt 1: this message will repeat every 5th retry.
I20260710 13:16:29.293574  5794 raft_consensus.cc:2272] T 05082c0feb0c419e90733a8b21d9f82c P 21e66463d878438ca7965ed1ac407461 [term 4 FOLLOWER]: Raft consensus is shut down!
I20260710 13:16:29.295975  5794 tablet_replica.cc:333] T 0c2000b57aef48fa907ea8485e38bf3e P 21e66463d878438ca7965ed1ac407461: stopping tablet replica
I20260710 13:16:29.296605  5794 raft_consensus.cc:2243] T 0c2000b57aef48fa907ea8485e38bf3e P 21e66463d878438ca7965ed1ac407461 [term 3 FOLLOWER]: Raft consensus shutting down.
I20260710 13:16:29.297088  5794 raft_consensus.cc:2272] T 0c2000b57aef48fa907ea8485e38bf3e P 21e66463d878438ca7965ed1ac407461 [term 3 FOLLOWER]: Raft consensus is shut down!
I20260710 13:16:29.299141  5794 tablet_replica.cc:333] T 7b043218313b4eb69daff2a681057de9 P 21e66463d878438ca7965ed1ac407461: stopping tablet replica
I20260710 13:16:29.299728  5794 raft_consensus.cc:2243] T 7b043218313b4eb69daff2a681057de9 P 21e66463d878438ca7965ed1ac407461 [term 3 FOLLOWER]: Raft consensus shutting down.
I20260710 13:16:29.300179  5794 raft_consensus.cc:2272] T 7b043218313b4eb69daff2a681057de9 P 21e66463d878438ca7965ed1ac407461 [term 3 FOLLOWER]: Raft consensus is shut down!
I20260710 13:16:29.302083  5794 tablet_replica.cc:333] T fff2ca78478d4092bd031fcbcaf54596 P 21e66463d878438ca7965ed1ac407461: stopping tablet replica
I20260710 13:16:29.302673  5794 raft_consensus.cc:2243] T fff2ca78478d4092bd031fcbcaf54596 P 21e66463d878438ca7965ed1ac407461 [term 3 FOLLOWER]: Raft consensus shutting down.
I20260710 13:16:29.303175  5794 raft_consensus.cc:2272] T fff2ca78478d4092bd031fcbcaf54596 P 21e66463d878438ca7965ed1ac407461 [term 3 FOLLOWER]: Raft consensus is shut down!
I20260710 13:16:29.305439  5794 tablet_replica.cc:333] T 43c82cde0f6b43e1a2a22427b9af30e8 P 21e66463d878438ca7965ed1ac407461: stopping tablet replica
I20260710 13:16:29.306005  5794 raft_consensus.cc:2243] T 43c82cde0f6b43e1a2a22427b9af30e8 P 21e66463d878438ca7965ed1ac407461 [term 4 FOLLOWER]: Raft consensus shutting down.
I20260710 13:16:29.306491  5794 raft_consensus.cc:2272] T 43c82cde0f6b43e1a2a22427b9af30e8 P 21e66463d878438ca7965ed1ac407461 [term 4 FOLLOWER]: Raft consensus is shut down!
W20260710 13:16:29.323053  5968 consensus_peers.cc:597] T 0c2000b57aef48fa907ea8485e38bf3e P 03670887e3b24b68b44ad71ebf3fc6f9 -> Peer 21e66463d878438ca7965ed1ac407461 (127.5.168.129:39849): Couldn't send request to peer 21e66463d878438ca7965ed1ac407461. Status: Remote error: Service unavailable: service kudu.consensus.ConsensusService not registered on TabletServer. This is attempt 1: this message will repeat every 5th retry.
I20260710 13:16:29.401335  5794 tablet_server.cc:196] TabletServer@127.5.168.129:0 shutdown complete.
I20260710 13:16:29.421466  5794 tablet_server.cc:179] TabletServer@127.5.168.130:0 shutting down...
I20260710 13:16:29.444782  5794 ts_tablet_manager.cc:1507] Shutting down tablet manager...
I20260710 13:16:29.445544  5794 tablet_replica.cc:333] T fff2ca78478d4092bd031fcbcaf54596 P 03670887e3b24b68b44ad71ebf3fc6f9: stopping tablet replica
I20260710 13:16:29.446307  5794 raft_consensus.cc:2243] T fff2ca78478d4092bd031fcbcaf54596 P 03670887e3b24b68b44ad71ebf3fc6f9 [term 3 FOLLOWER]: Raft consensus shutting down.
I20260710 13:16:29.446820  5794 raft_consensus.cc:2272] T fff2ca78478d4092bd031fcbcaf54596 P 03670887e3b24b68b44ad71ebf3fc6f9 [term 3 FOLLOWER]: Raft consensus is shut down!
I20260710 13:16:29.449589  5794 tablet_replica.cc:333] T 7b043218313b4eb69daff2a681057de9 P 03670887e3b24b68b44ad71ebf3fc6f9: stopping tablet replica
I20260710 13:16:29.450277  5794 raft_consensus.cc:2243] T 7b043218313b4eb69daff2a681057de9 P 03670887e3b24b68b44ad71ebf3fc6f9 [term 3 LEADER]: Raft consensus shutting down.
I20260710 13:16:29.451287  5794 raft_consensus.cc:2272] T 7b043218313b4eb69daff2a681057de9 P 03670887e3b24b68b44ad71ebf3fc6f9 [term 3 FOLLOWER]: Raft consensus is shut down!
I20260710 13:16:29.453465  5794 tablet_replica.cc:333] T f9dd48d754d84b468c91f49a577dbf41 P 03670887e3b24b68b44ad71ebf3fc6f9: stopping tablet replica
W20260710 13:16:29.453965  6042 consensus_peers.cc:597] T f9dd48d754d84b468c91f49a577dbf41 P 39dd6e53da5942cc958796234dfd5c32 -> Peer 21e66463d878438ca7965ed1ac407461 (127.5.168.129:39849): Couldn't send request to peer 21e66463d878438ca7965ed1ac407461. Status: Network error: Client connection negotiation failed: client connection to 127.5.168.129:39849: connect: Connection refused (error 111). This is attempt 1: this message will repeat every 5th retry.
I20260710 13:16:29.454098  5794 raft_consensus.cc:2243] T f9dd48d754d84b468c91f49a577dbf41 P 03670887e3b24b68b44ad71ebf3fc6f9 [term 2 FOLLOWER]: Raft consensus shutting down.
I20260710 13:16:29.454655  5794 raft_consensus.cc:2272] T f9dd48d754d84b468c91f49a577dbf41 P 03670887e3b24b68b44ad71ebf3fc6f9 [term 2 FOLLOWER]: Raft consensus is shut down!
I20260710 13:16:29.456714  5794 tablet_replica.cc:333] T 020c10d3f20a413ea84143c479f3fb3d P 03670887e3b24b68b44ad71ebf3fc6f9: stopping tablet replica
I20260710 13:16:29.457379  5794 raft_consensus.cc:2243] T 020c10d3f20a413ea84143c479f3fb3d P 03670887e3b24b68b44ad71ebf3fc6f9 [term 3 FOLLOWER]: Raft consensus shutting down.
I20260710 13:16:29.457813  5794 raft_consensus.cc:2272] T 020c10d3f20a413ea84143c479f3fb3d P 03670887e3b24b68b44ad71ebf3fc6f9 [term 3 FOLLOWER]: Raft consensus is shut down!
I20260710 13:16:29.460203  5794 tablet_replica.cc:333] T 05082c0feb0c419e90733a8b21d9f82c P 03670887e3b24b68b44ad71ebf3fc6f9: stopping tablet replica
I20260710 13:16:29.460836  5794 raft_consensus.cc:2243] T 05082c0feb0c419e90733a8b21d9f82c P 03670887e3b24b68b44ad71ebf3fc6f9 [term 4 FOLLOWER]: Raft consensus shutting down.
I20260710 13:16:29.461313  5794 raft_consensus.cc:2272] T 05082c0feb0c419e90733a8b21d9f82c P 03670887e3b24b68b44ad71ebf3fc6f9 [term 4 FOLLOWER]: Raft consensus is shut down!
I20260710 13:16:29.463470  5794 tablet_replica.cc:333] T 0c2000b57aef48fa907ea8485e38bf3e P 03670887e3b24b68b44ad71ebf3fc6f9: stopping tablet replica
I20260710 13:16:29.464059  5794 raft_consensus.cc:2243] T 0c2000b57aef48fa907ea8485e38bf3e P 03670887e3b24b68b44ad71ebf3fc6f9 [term 3 LEADER]: Raft consensus shutting down.
I20260710 13:16:29.465031  5794 raft_consensus.cc:2272] T 0c2000b57aef48fa907ea8485e38bf3e P 03670887e3b24b68b44ad71ebf3fc6f9 [term 3 FOLLOWER]: Raft consensus is shut down!
I20260710 13:16:29.467281  5794 tablet_replica.cc:333] T 1d808cb9ce6f4bf6853e99410d767577 P 03670887e3b24b68b44ad71ebf3fc6f9: stopping tablet replica
I20260710 13:16:29.467906  5794 raft_consensus.cc:2243] T 1d808cb9ce6f4bf6853e99410d767577 P 03670887e3b24b68b44ad71ebf3fc6f9 [term 2 FOLLOWER]: Raft consensus shutting down.
I20260710 13:16:29.468350  5794 raft_consensus.cc:2272] T 1d808cb9ce6f4bf6853e99410d767577 P 03670887e3b24b68b44ad71ebf3fc6f9 [term 2 FOLLOWER]: Raft consensus is shut down!
I20260710 13:16:29.470728  5794 tablet_replica.cc:333] T 43c82cde0f6b43e1a2a22427b9af30e8 P 03670887e3b24b68b44ad71ebf3fc6f9: stopping tablet replica
I20260710 13:16:29.471300  5794 raft_consensus.cc:2243] T 43c82cde0f6b43e1a2a22427b9af30e8 P 03670887e3b24b68b44ad71ebf3fc6f9 [term 4 LEADER]: Raft consensus shutting down.
I20260710 13:16:29.472076  5794 raft_consensus.cc:2272] T 43c82cde0f6b43e1a2a22427b9af30e8 P 03670887e3b24b68b44ad71ebf3fc6f9 [term 4 FOLLOWER]: Raft consensus is shut down!
I20260710 13:16:29.474113  5794 tablet_replica.cc:333] T ed9b9caa582b4aa7aaf9ab1b3f15e2cf P 03670887e3b24b68b44ad71ebf3fc6f9: stopping tablet replica
I20260710 13:16:29.474630  5794 raft_consensus.cc:2243] T ed9b9caa582b4aa7aaf9ab1b3f15e2cf P 03670887e3b24b68b44ad71ebf3fc6f9 [term 4 FOLLOWER]: Raft consensus shutting down.
I20260710 13:16:29.475057  5794 raft_consensus.cc:2272] T ed9b9caa582b4aa7aaf9ab1b3f15e2cf P 03670887e3b24b68b44ad71ebf3fc6f9 [term 4 FOLLOWER]: Raft consensus is shut down!
I20260710 13:16:29.505803  5794 tablet_server.cc:196] TabletServer@127.5.168.130:0 shutdown complete.
I20260710 13:16:29.523139  5794 tablet_server.cc:179] TabletServer@127.5.168.131:0 shutting down...
W20260710 13:16:29.541204  6043 consensus_peers.cc:597] T f9dd48d754d84b468c91f49a577dbf41 P 39dd6e53da5942cc958796234dfd5c32 -> Peer 03670887e3b24b68b44ad71ebf3fc6f9 (127.5.168.130:39541): Couldn't send request to peer 03670887e3b24b68b44ad71ebf3fc6f9. Status: Network error: Client connection negotiation failed: client connection to 127.5.168.130:39541: connect: Connection refused (error 111). This is attempt 1: this message will repeat every 5th retry.
I20260710 13:16:29.548411  5794 ts_tablet_manager.cc:1507] Shutting down tablet manager...
I20260710 13:16:29.549189  5794 tablet_replica.cc:333] T 43c82cde0f6b43e1a2a22427b9af30e8 P 39dd6e53da5942cc958796234dfd5c32: stopping tablet replica
I20260710 13:16:29.549932  5794 raft_consensus.cc:2243] T 43c82cde0f6b43e1a2a22427b9af30e8 P 39dd6e53da5942cc958796234dfd5c32 [term 4 FOLLOWER]: Raft consensus shutting down.
I20260710 13:16:29.550488  5794 raft_consensus.cc:2272] T 43c82cde0f6b43e1a2a22427b9af30e8 P 39dd6e53da5942cc958796234dfd5c32 [term 4 FOLLOWER]: Raft consensus is shut down!
I20260710 13:16:29.552703  5794 tablet_replica.cc:333] T f9dd48d754d84b468c91f49a577dbf41 P 39dd6e53da5942cc958796234dfd5c32: stopping tablet replica
I20260710 13:16:29.553390  5794 raft_consensus.cc:2243] T f9dd48d754d84b468c91f49a577dbf41 P 39dd6e53da5942cc958796234dfd5c32 [term 2 LEADER]: Raft consensus shutting down.
I20260710 13:16:29.554224  5794 raft_consensus.cc:2272] T f9dd48d754d84b468c91f49a577dbf41 P 39dd6e53da5942cc958796234dfd5c32 [term 2 FOLLOWER]: Raft consensus is shut down!
I20260710 13:16:29.556294  5794 tablet_replica.cc:333] T 020c10d3f20a413ea84143c479f3fb3d P 39dd6e53da5942cc958796234dfd5c32: stopping tablet replica
I20260710 13:16:29.556949  5794 raft_consensus.cc:2243] T 020c10d3f20a413ea84143c479f3fb3d P 39dd6e53da5942cc958796234dfd5c32 [term 3 FOLLOWER]: Raft consensus shutting down.
I20260710 13:16:29.557401  5794 raft_consensus.cc:2272] T 020c10d3f20a413ea84143c479f3fb3d P 39dd6e53da5942cc958796234dfd5c32 [term 3 FOLLOWER]: Raft consensus is shut down!
I20260710 13:16:29.559652  5794 tablet_replica.cc:333] T 1d808cb9ce6f4bf6853e99410d767577 P 39dd6e53da5942cc958796234dfd5c32: stopping tablet replica
I20260710 13:16:29.560319  5794 raft_consensus.cc:2243] T 1d808cb9ce6f4bf6853e99410d767577 P 39dd6e53da5942cc958796234dfd5c32 [term 2 FOLLOWER]: Raft consensus shutting down.
I20260710 13:16:29.560823  5794 raft_consensus.cc:2272] T 1d808cb9ce6f4bf6853e99410d767577 P 39dd6e53da5942cc958796234dfd5c32 [term 2 FOLLOWER]: Raft consensus is shut down!
I20260710 13:16:29.563174  5794 tablet_replica.cc:333] T ed9b9caa582b4aa7aaf9ab1b3f15e2cf P 39dd6e53da5942cc958796234dfd5c32: stopping tablet replica
I20260710 13:16:29.563789  5794 raft_consensus.cc:2243] T ed9b9caa582b4aa7aaf9ab1b3f15e2cf P 39dd6e53da5942cc958796234dfd5c32 [term 4 FOLLOWER]: Raft consensus shutting down.
I20260710 13:16:29.564344  5794 raft_consensus.cc:2272] T ed9b9caa582b4aa7aaf9ab1b3f15e2cf P 39dd6e53da5942cc958796234dfd5c32 [term 4 FOLLOWER]: Raft consensus is shut down!
I20260710 13:16:29.566675  5794 tablet_replica.cc:333] T fff2ca78478d4092bd031fcbcaf54596 P 39dd6e53da5942cc958796234dfd5c32: stopping tablet replica
I20260710 13:16:29.567279  5794 raft_consensus.cc:2243] T fff2ca78478d4092bd031fcbcaf54596 P 39dd6e53da5942cc958796234dfd5c32 [term 3 LEADER]: Raft consensus shutting down.
I20260710 13:16:29.568127  5794 raft_consensus.cc:2272] T fff2ca78478d4092bd031fcbcaf54596 P 39dd6e53da5942cc958796234dfd5c32 [term 3 FOLLOWER]: Raft consensus is shut down!
I20260710 13:16:29.570384  5794 tablet_replica.cc:333] T 7b043218313b4eb69daff2a681057de9 P 39dd6e53da5942cc958796234dfd5c32: stopping tablet replica
I20260710 13:16:29.570979  5794 raft_consensus.cc:2243] T 7b043218313b4eb69daff2a681057de9 P 39dd6e53da5942cc958796234dfd5c32 [term 3 FOLLOWER]: Raft consensus shutting down.
I20260710 13:16:29.571426  5794 raft_consensus.cc:2272] T 7b043218313b4eb69daff2a681057de9 P 39dd6e53da5942cc958796234dfd5c32 [term 3 FOLLOWER]: Raft consensus is shut down!
I20260710 13:16:29.573454  5794 tablet_replica.cc:333] T 05082c0feb0c419e90733a8b21d9f82c P 39dd6e53da5942cc958796234dfd5c32: stopping tablet replica
I20260710 13:16:29.574020  5794 raft_consensus.cc:2243] T 05082c0feb0c419e90733a8b21d9f82c P 39dd6e53da5942cc958796234dfd5c32 [term 4 LEADER]: Raft consensus shutting down.
I20260710 13:16:29.574834  5794 raft_consensus.cc:2272] T 05082c0feb0c419e90733a8b21d9f82c P 39dd6e53da5942cc958796234dfd5c32 [term 4 FOLLOWER]: Raft consensus is shut down!
I20260710 13:16:29.576984  5794 tablet_replica.cc:333] T 0c2000b57aef48fa907ea8485e38bf3e P 39dd6e53da5942cc958796234dfd5c32: stopping tablet replica
I20260710 13:16:29.577514  5794 raft_consensus.cc:2243] T 0c2000b57aef48fa907ea8485e38bf3e P 39dd6e53da5942cc958796234dfd5c32 [term 3 FOLLOWER]: Raft consensus shutting down.
I20260710 13:16:29.577992  5794 raft_consensus.cc:2272] T 0c2000b57aef48fa907ea8485e38bf3e P 39dd6e53da5942cc958796234dfd5c32 [term 3 FOLLOWER]: Raft consensus is shut down!
I20260710 13:16:29.608027  5794 tablet_server.cc:196] TabletServer@127.5.168.131:0 shutdown complete.
I20260710 13:16:29.625257  5794 master.cc:562] Master@127.5.168.190:43131 shutting down...
I20260710 13:16:29.748394  5794 raft_consensus.cc:2243] T 00000000000000000000000000000000 P 160b8ae85ddb4c378e4e2de7c1e3b438 [term 1 LEADER]: Raft consensus shutting down.
I20260710 13:16:29.749042  5794 raft_consensus.cc:2272] T 00000000000000000000000000000000 P 160b8ae85ddb4c378e4e2de7c1e3b438 [term 1 FOLLOWER]: Raft consensus is shut down!
I20260710 13:16:29.749543  5794 tablet_replica.cc:333] T 00000000000000000000000000000000 P 160b8ae85ddb4c378e4e2de7c1e3b438: stopping tablet replica
I20260710 13:16:30.263737  5794 master.cc:584] Master@127.5.168.190:43131 shutdown complete.
03670887e3b24b68b44ad71ebf3fc6f9  4
21e66463d878438ca7965ed1ac407461  4
39dd6e53da5942cc958796234dfd5c32  1
[       OK ] LeaderRebalancerTest.FunctionalTestForDivided (14208 ms)
[ RUN      ] LeaderRebalancerTest.FunctionalTestForNotDivided
I20260710 13:16:30.298343  5794 internal_mini_cluster.cc:156] Creating distributed mini masters. Addrs: 127.5.168.190:41217
I20260710 13:16:30.299454  5794 file_cache.cc:504] Constructed file cache file cache with capacity 419430
W20260710 13:16:30.304384  6322 instance_detector.cc:116] could not retrieve AWS instance metadata: Network error: curl error: HTTP response code said error: The requested URL returned error: 404
W20260710 13:16:30.304538  6323 instance_detector.cc:116] could not retrieve Azure instance metadata: Network error: curl error: HTTP response code said error: The requested URL returned error: 404
W20260710 13:16:30.305919  6325 instance_detector.cc:116] could not retrieve OpenStack instance metadata: Network error: curl error: HTTP response code said error: The requested URL returned error: 404
I20260710 13:16:30.306604  5794 server_base.cc:1061] running on GCE node
I20260710 13:16:30.307413  5794 hybrid_clock.cc:584] initializing the hybrid clock with 'system_unsync' time source
W20260710 13:16:30.307588  5794 system_unsync_time.cc:38] NTP support is disabled. Clock error bounds will not be accurate. This configuration is not suitable for distributed clusters.
I20260710 13:16:30.307752  5794 hybrid_clock.cc:648] HybridClock initialized: now 1783689390307737 us; error 0 us; skew 500 ppm
I20260710 13:16:30.308259  5794 server_base.cc:861] Flag tcmalloc_max_total_thread_cache_bytes is not working since tcmalloc is not enabled.
I20260710 13:16:30.311014  5794 webserver.cc:533] Webserver started at http://127.5.168.190:41383/ using document root <none> and password file <none>
I20260710 13:16:30.311529  5794 fs_manager.cc:362] Metadata directory not provided
I20260710 13:16:30.311694  5794 fs_manager.cc:368] Using write-ahead log directory (fs_wal_dir) as metadata directory
I20260710 13:16:30.311975  5794 server_base.cc:909] This appears to be a new deployment of Kudu; creating new FS layout
I20260710 13:16:30.313089  5794 fs_manager.cc:1068] Generated new instance metadata in path /tmp/dist-test-taskhoFTod/test-tmp/auto_leader_rebalancer-test.0.LeaderRebalancerTest.FunctionalTestForNotDivided.1783689375922659-5794-0/minicluster-data/master-0-root/instance:
uuid: "b57f5db3fb5c47eb93135998a4546042"
format_stamp: "Formatted at 2026-07-10 13:16:30 on dist-test-slave-0gcw"
I20260710 13:16:30.317222  5794 fs_manager.cc:696] Time spent creating directory manager: real 0.004s	user 0.002s	sys 0.002s
I20260710 13:16:30.320256  6330 log_block_manager.cc:4127] Time spent loading block containers with low live blocks: real 0.000s	user 0.000s	sys 0.000s
I20260710 13:16:30.320892  5794 fs_manager.cc:730] Time spent opening block manager: real 0.002s	user 0.002s	sys 0.001s
I20260710 13:16:30.321136  5794 fs_manager.cc:647] Opened local filesystem: /tmp/dist-test-taskhoFTod/test-tmp/auto_leader_rebalancer-test.0.LeaderRebalancerTest.FunctionalTestForNotDivided.1783689375922659-5794-0/minicluster-data/master-0-root
uuid: "b57f5db3fb5c47eb93135998a4546042"
format_stamp: "Formatted at 2026-07-10 13:16:30 on dist-test-slave-0gcw"
I20260710 13:16:30.321391  5794 fs_report.cc:389] FS layout report
--------------------
wal directory: /tmp/dist-test-taskhoFTod/test-tmp/auto_leader_rebalancer-test.0.LeaderRebalancerTest.FunctionalTestForNotDivided.1783689375922659-5794-0/minicluster-data/master-0-root
metadata directory: /tmp/dist-test-taskhoFTod/test-tmp/auto_leader_rebalancer-test.0.LeaderRebalancerTest.FunctionalTestForNotDivided.1783689375922659-5794-0/minicluster-data/master-0-root
1 data directories: /tmp/dist-test-taskhoFTod/test-tmp/auto_leader_rebalancer-test.0.LeaderRebalancerTest.FunctionalTestForNotDivided.1783689375922659-5794-0/minicluster-data/master-0-root/data
Total live blocks: 0
Total live bytes: 0
Total live bytes (after alignment): 0
Total number of LBM containers: 0 (0 full)
Did not check for missing blocks
Did not check for orphaned blocks
Total full LBM containers with extra space: 0 (0 repaired)
Total full LBM container extra space in bytes: 0 (0 repaired)
Total incomplete LBM containers: 0 (0 repaired)
Total LBM partial records: 0 (0 repaired)
Total corrupted LBM metadata records in RocksDB: 0 (0 repaired)
I20260710 13:16:30.339037  5794 rpc_server.cc:225] running with OpenSSL 1.1.1  11 Sep 2018
I20260710 13:16:30.340215  5794 kserver.cc:163] Server-wide thread pool size limit: 3276
I20260710 13:16:30.376243  5794 rpc_server.cc:307] RPC server started. Bound to: 127.5.168.190:41217
I20260710 13:16:30.376338  6381 acceptor_pool.cc:272] collecting diagnostics on the listening RPC socket 127.5.168.190:41217 every 8 connection(s)
I20260710 13:16:30.379840  6382 data_dirs.cc:400] Could only allocate 1 dirs of requested 3 for tablet 00000000000000000000000000000000. 1 dirs total, 0 dirs full, 0 dirs failed
I20260710 13:16:30.388391  6382 tablet_bootstrap.cc:492] T 00000000000000000000000000000000 P b57f5db3fb5c47eb93135998a4546042: Bootstrap starting.
I20260710 13:16:30.392625  6382 tablet_bootstrap.cc:654] T 00000000000000000000000000000000 P b57f5db3fb5c47eb93135998a4546042: Neither blocks nor log segments found. Creating new log.
I20260710 13:16:30.396479  6382 tablet_bootstrap.cc:492] T 00000000000000000000000000000000 P b57f5db3fb5c47eb93135998a4546042: No bootstrap required, opened a new log
I20260710 13:16:30.398401  6382 raft_consensus.cc:359] T 00000000000000000000000000000000 P b57f5db3fb5c47eb93135998a4546042 [term 0 FOLLOWER]: Replica starting. Triggering 0 pending ops. Active config: opid_index: -1 OBSOLETE_local: true peers { permanent_uuid: "b57f5db3fb5c47eb93135998a4546042" member_type: VOTER }
I20260710 13:16:30.398749  6382 raft_consensus.cc:385] T 00000000000000000000000000000000 P b57f5db3fb5c47eb93135998a4546042 [term 0 FOLLOWER]: Consensus starting up: Expiring failure detector timer to make a prompt election more likely
I20260710 13:16:30.398929  6382 raft_consensus.cc:740] T 00000000000000000000000000000000 P b57f5db3fb5c47eb93135998a4546042 [term 0 FOLLOWER]: Becoming Follower/Learner. State: Replica: b57f5db3fb5c47eb93135998a4546042, State: Initialized, Role: FOLLOWER
I20260710 13:16:30.399438  6382 consensus_queue.cc:260] T 00000000000000000000000000000000 P b57f5db3fb5c47eb93135998a4546042 [NON_LEADER]: Queue going to NON_LEADER mode. State: All replicated index: 0, Majority replicated index: 0, Committed index: 0, Last appended: 0.0, Last appended by leader: 0, Current term: 0, Majority size: -1, State: 0, Mode: NON_LEADER, active raft config: opid_index: -1 OBSOLETE_local: true peers { permanent_uuid: "b57f5db3fb5c47eb93135998a4546042" member_type: VOTER }
I20260710 13:16:30.399838  6382 raft_consensus.cc:399] T 00000000000000000000000000000000 P b57f5db3fb5c47eb93135998a4546042 [term 0 FOLLOWER]: Only one voter in the Raft config. Triggering election immediately
I20260710 13:16:30.400017  6382 raft_consensus.cc:493] T 00000000000000000000000000000000 P b57f5db3fb5c47eb93135998a4546042 [term 0 FOLLOWER]: Starting leader election (initial election of a single-replica configuration)
I20260710 13:16:30.400231  6382 raft_consensus.cc:3060] T 00000000000000000000000000000000 P b57f5db3fb5c47eb93135998a4546042 [term 0 FOLLOWER]: Advancing to term 1
I20260710 13:16:30.403959  6382 raft_consensus.cc:515] T 00000000000000000000000000000000 P b57f5db3fb5c47eb93135998a4546042 [term 1 FOLLOWER]: Starting leader election with config: opid_index: -1 OBSOLETE_local: true peers { permanent_uuid: "b57f5db3fb5c47eb93135998a4546042" member_type: VOTER }
I20260710 13:16:30.404404  6382 leader_election.cc:304] T 00000000000000000000000000000000 P b57f5db3fb5c47eb93135998a4546042 [CANDIDATE]: Term 1 election: Election decided. Result: candidate won. Election summary: received 1 responses out of 1 voters: 1 yes votes; 0 no votes. yes voters: b57f5db3fb5c47eb93135998a4546042; no voters: 
I20260710 13:16:30.405509  6382 leader_election.cc:290] T 00000000000000000000000000000000 P b57f5db3fb5c47eb93135998a4546042 [CANDIDATE]: Term 1 election: Requested vote from peers 
I20260710 13:16:30.405833  6385 raft_consensus.cc:2804] T 00000000000000000000000000000000 P b57f5db3fb5c47eb93135998a4546042 [term 1 FOLLOWER]: Leader election won for term 1
I20260710 13:16:30.407456  6385 raft_consensus.cc:697] T 00000000000000000000000000000000 P b57f5db3fb5c47eb93135998a4546042 [term 1 LEADER]: Becoming Leader. State: Replica: b57f5db3fb5c47eb93135998a4546042, State: Running, Role: LEADER
I20260710 13:16:30.408026  6385 consensus_queue.cc:237] T 00000000000000000000000000000000 P b57f5db3fb5c47eb93135998a4546042 [LEADER]: Queue going to LEADER mode. State: All replicated index: 0, Majority replicated index: 0, Committed index: 0, Last appended: 0.0, Last appended by leader: 0, Current term: 1, Majority size: 1, State: 0, Mode: LEADER, active raft config: opid_index: -1 OBSOLETE_local: true peers { permanent_uuid: "b57f5db3fb5c47eb93135998a4546042" member_type: VOTER }
I20260710 13:16:30.408528  6382 sys_catalog.cc:565] T 00000000000000000000000000000000 P b57f5db3fb5c47eb93135998a4546042 [sys.catalog]: configured and running, proceeding with master startup.
I20260710 13:16:30.412317  6386 sys_catalog.cc:455] T 00000000000000000000000000000000 P b57f5db3fb5c47eb93135998a4546042 [sys.catalog]: SysCatalogTable state changed. Reason: RaftConsensus started. Latest consensus state: current_term: 1 leader_uuid: "b57f5db3fb5c47eb93135998a4546042" committed_config { opid_index: -1 OBSOLETE_local: true peers { permanent_uuid: "b57f5db3fb5c47eb93135998a4546042" member_type: VOTER } }
I20260710 13:16:30.412925  6386 sys_catalog.cc:458] T 00000000000000000000000000000000 P b57f5db3fb5c47eb93135998a4546042 [sys.catalog]: This master's current role is: LEADER
I20260710 13:16:30.413494  6387 sys_catalog.cc:455] T 00000000000000000000000000000000 P b57f5db3fb5c47eb93135998a4546042 [sys.catalog]: SysCatalogTable state changed. Reason: New leader b57f5db3fb5c47eb93135998a4546042. Latest consensus state: current_term: 1 leader_uuid: "b57f5db3fb5c47eb93135998a4546042" committed_config { opid_index: -1 OBSOLETE_local: true peers { permanent_uuid: "b57f5db3fb5c47eb93135998a4546042" member_type: VOTER } }
I20260710 13:16:30.414006  6387 sys_catalog.cc:458] T 00000000000000000000000000000000 P b57f5db3fb5c47eb93135998a4546042 [sys.catalog]: This master's current role is: LEADER
I20260710 13:16:30.415151  6392 catalog_manager.cc:1511] Loading table and tablet metadata into memory...
I20260710 13:16:30.419821  6392 catalog_manager.cc:1520] Initializing Kudu cluster ID...
I20260710 13:16:30.422183  5794 internal_mini_cluster.cc:184] Waiting to initialize catalog manager on master 0
I20260710 13:16:30.427596  6392 catalog_manager.cc:1383] Generated new cluster ID: 85c1d1aabb0e4f7f8d81b8a50cff2dc5
I20260710 13:16:30.427855  6392 catalog_manager.cc:1531] Initializing Kudu internal certificate authority...
I20260710 13:16:30.438993  6392 catalog_manager.cc:1406] Generated new certificate authority record
I20260710 13:16:30.440132  6392 catalog_manager.cc:1540] Loading token signing keys...
I20260710 13:16:30.458921  6392 catalog_manager.cc:6070] T 00000000000000000000000000000000 P b57f5db3fb5c47eb93135998a4546042: Generated new TSK 0
I20260710 13:16:30.459533  6392 catalog_manager.cc:1550] Initializing in-progress tserver states...
I20260710 13:16:30.488711  5794 file_cache.cc:504] Constructed file cache file cache with capacity 419430
W20260710 13:16:30.494302  6403 instance_detector.cc:116] could not retrieve AWS instance metadata: Network error: curl error: HTTP response code said error: The requested URL returned error: 404
W20260710 13:16:30.495410  6404 instance_detector.cc:116] could not retrieve Azure instance metadata: Network error: curl error: HTTP response code said error: The requested URL returned error: 404
I20260710 13:16:30.497234  5794 server_base.cc:1061] running on GCE node
W20260710 13:16:30.497387  6406 instance_detector.cc:116] could not retrieve OpenStack instance metadata: Network error: curl error: HTTP response code said error: The requested URL returned error: 404
I20260710 13:16:30.498304  5794 hybrid_clock.cc:584] initializing the hybrid clock with 'system_unsync' time source
W20260710 13:16:30.498488  5794 system_unsync_time.cc:38] NTP support is disabled. Clock error bounds will not be accurate. This configuration is not suitable for distributed clusters.
I20260710 13:16:30.498657  5794 hybrid_clock.cc:648] HybridClock initialized: now 1783689390498638 us; error 0 us; skew 500 ppm
I20260710 13:16:30.499172  5794 server_base.cc:861] Flag tcmalloc_max_total_thread_cache_bytes is not working since tcmalloc is not enabled.
I20260710 13:16:30.501363  5794 webserver.cc:533] Webserver started at http://127.5.168.129:38197/ using document root <none> and password file <none>
I20260710 13:16:30.501796  5794 fs_manager.cc:362] Metadata directory not provided
I20260710 13:16:30.501955  5794 fs_manager.cc:368] Using write-ahead log directory (fs_wal_dir) as metadata directory
I20260710 13:16:30.502215  5794 server_base.cc:909] This appears to be a new deployment of Kudu; creating new FS layout
I20260710 13:16:30.503188  5794 fs_manager.cc:1068] Generated new instance metadata in path /tmp/dist-test-taskhoFTod/test-tmp/auto_leader_rebalancer-test.0.LeaderRebalancerTest.FunctionalTestForNotDivided.1783689375922659-5794-0/minicluster-data/ts-0-root/instance:
uuid: "cef964ad4a39452fbf0aa79ffce6c66a"
format_stamp: "Formatted at 2026-07-10 13:16:30 on dist-test-slave-0gcw"
I20260710 13:16:30.507289  5794 fs_manager.cc:696] Time spent creating directory manager: real 0.004s	user 0.005s	sys 0.000s
I20260710 13:16:30.510317  6411 log_block_manager.cc:4127] Time spent loading block containers with low live blocks: real 0.000s	user 0.000s	sys 0.000s
I20260710 13:16:30.510967  5794 fs_manager.cc:730] Time spent opening block manager: real 0.002s	user 0.001s	sys 0.000s
I20260710 13:16:30.511224  5794 fs_manager.cc:647] Opened local filesystem: /tmp/dist-test-taskhoFTod/test-tmp/auto_leader_rebalancer-test.0.LeaderRebalancerTest.FunctionalTestForNotDivided.1783689375922659-5794-0/minicluster-data/ts-0-root
uuid: "cef964ad4a39452fbf0aa79ffce6c66a"
format_stamp: "Formatted at 2026-07-10 13:16:30 on dist-test-slave-0gcw"
I20260710 13:16:30.511477  5794 fs_report.cc:389] FS layout report
--------------------
wal directory: /tmp/dist-test-taskhoFTod/test-tmp/auto_leader_rebalancer-test.0.LeaderRebalancerTest.FunctionalTestForNotDivided.1783689375922659-5794-0/minicluster-data/ts-0-root
metadata directory: /tmp/dist-test-taskhoFTod/test-tmp/auto_leader_rebalancer-test.0.LeaderRebalancerTest.FunctionalTestForNotDivided.1783689375922659-5794-0/minicluster-data/ts-0-root
1 data directories: /tmp/dist-test-taskhoFTod/test-tmp/auto_leader_rebalancer-test.0.LeaderRebalancerTest.FunctionalTestForNotDivided.1783689375922659-5794-0/minicluster-data/ts-0-root/data
Total live blocks: 0
Total live bytes: 0
Total live bytes (after alignment): 0
Total number of LBM containers: 0 (0 full)
Did not check for missing blocks
Did not check for orphaned blocks
Total full LBM containers with extra space: 0 (0 repaired)
Total full LBM container extra space in bytes: 0 (0 repaired)
Total incomplete LBM containers: 0 (0 repaired)
Total LBM partial records: 0 (0 repaired)
Total corrupted LBM metadata records in RocksDB: 0 (0 repaired)
I20260710 13:16:30.521677  5794 rpc_server.cc:225] running with OpenSSL 1.1.1  11 Sep 2018
I20260710 13:16:30.522853  5794 kserver.cc:163] Server-wide thread pool size limit: 3276
I20260710 13:16:30.524163  5794 txn_system_client.cc:432] TxnSystemClient initialization is disabled...
I20260710 13:16:30.526320  5794 ts_tablet_manager.cc:585] Loaded tablet metadata (0 total tablets, 0 live tablets)
I20260710 13:16:30.526504  5794 ts_tablet_manager.cc:531] Time spent load tablet metadata: real 0.000s	user 0.000s	sys 0.000s
I20260710 13:16:30.526722  5794 ts_tablet_manager.cc:616] Registered 0 tablets
I20260710 13:16:30.526877  5794 ts_tablet_manager.cc:595] Time spent register tablets: real 0.000s	user 0.000s	sys 0.000s
I20260710 13:16:30.563006  5794 rpc_server.cc:307] RPC server started. Bound to: 127.5.168.129:36725
I20260710 13:16:30.563108  6473 acceptor_pool.cc:272] collecting diagnostics on the listening RPC socket 127.5.168.129:36725 every 8 connection(s)
I20260710 13:16:30.567503  5794 file_cache.cc:504] Constructed file cache file cache with capacity 419430
W20260710 13:16:30.574316  6478 instance_detector.cc:116] could not retrieve AWS instance metadata: Network error: curl error: HTTP response code said error: The requested URL returned error: 404
W20260710 13:16:30.576000  6479 instance_detector.cc:116] could not retrieve Azure instance metadata: Network error: curl error: HTTP response code said error: The requested URL returned error: 404
I20260710 13:16:30.578285  5794 server_base.cc:1061] running on GCE node
W20260710 13:16:30.578426  6481 instance_detector.cc:116] could not retrieve OpenStack instance metadata: Network error: curl error: HTTP response code said error: The requested URL returned error: 404
I20260710 13:16:30.579416  5794 hybrid_clock.cc:584] initializing the hybrid clock with 'system_unsync' time source
W20260710 13:16:30.579596  5794 system_unsync_time.cc:38] NTP support is disabled. Clock error bounds will not be accurate. This configuration is not suitable for distributed clusters.
I20260710 13:16:30.579762  5794 hybrid_clock.cc:648] HybridClock initialized: now 1783689390579747 us; error 0 us; skew 500 ppm
I20260710 13:16:30.580382  5794 server_base.cc:861] Flag tcmalloc_max_total_thread_cache_bytes is not working since tcmalloc is not enabled.
I20260710 13:16:30.582998  5794 webserver.cc:533] Webserver started at http://127.5.168.130:37903/ using document root <none> and password file <none>
I20260710 13:16:30.583488  5794 fs_manager.cc:362] Metadata directory not provided
I20260710 13:16:30.583578  6474 heartbeater.cc:344] Connected to a master server at 127.5.168.190:41217
I20260710 13:16:30.583717  5794 fs_manager.cc:368] Using write-ahead log directory (fs_wal_dir) as metadata directory
I20260710 13:16:30.583962  6474 heartbeater.cc:461] Registering TS with master...
I20260710 13:16:30.584007  5794 server_base.cc:909] This appears to be a new deployment of Kudu; creating new FS layout
I20260710 13:16:30.584688  6474 heartbeater.cc:507] Master 127.5.168.190:41217 requested a full tablet report, sending...
I20260710 13:16:30.585237  5794 fs_manager.cc:1068] Generated new instance metadata in path /tmp/dist-test-taskhoFTod/test-tmp/auto_leader_rebalancer-test.0.LeaderRebalancerTest.FunctionalTestForNotDivided.1783689375922659-5794-0/minicluster-data/ts-1-root/instance:
uuid: "75f146ef67bb4b43ada93dfd3979766d"
format_stamp: "Formatted at 2026-07-10 13:16:30 on dist-test-slave-0gcw"
I20260710 13:16:30.586705  6347 ts_manager.cc:194] Registered new tserver with Master: cef964ad4a39452fbf0aa79ffce6c66a (127.5.168.129:36725)
I20260710 13:16:30.588373  6347 master_service.cc:502] Signed X509 certificate for tserver {username='slave'} at 127.0.0.1:44410
I20260710 13:16:30.589679  5794 fs_manager.cc:696] Time spent creating directory manager: real 0.004s	user 0.004s	sys 0.000s
I20260710 13:16:30.592840  6486 log_block_manager.cc:4127] Time spent loading block containers with low live blocks: real 0.000s	user 0.000s	sys 0.000s
I20260710 13:16:30.593655  5794 fs_manager.cc:730] Time spent opening block manager: real 0.002s	user 0.002s	sys 0.001s
I20260710 13:16:30.593967  5794 fs_manager.cc:647] Opened local filesystem: /tmp/dist-test-taskhoFTod/test-tmp/auto_leader_rebalancer-test.0.LeaderRebalancerTest.FunctionalTestForNotDivided.1783689375922659-5794-0/minicluster-data/ts-1-root
uuid: "75f146ef67bb4b43ada93dfd3979766d"
format_stamp: "Formatted at 2026-07-10 13:16:30 on dist-test-slave-0gcw"
I20260710 13:16:30.594280  5794 fs_report.cc:389] FS layout report
--------------------
wal directory: /tmp/dist-test-taskhoFTod/test-tmp/auto_leader_rebalancer-test.0.LeaderRebalancerTest.FunctionalTestForNotDivided.1783689375922659-5794-0/minicluster-data/ts-1-root
metadata directory: /tmp/dist-test-taskhoFTod/test-tmp/auto_leader_rebalancer-test.0.LeaderRebalancerTest.FunctionalTestForNotDivided.1783689375922659-5794-0/minicluster-data/ts-1-root
1 data directories: /tmp/dist-test-taskhoFTod/test-tmp/auto_leader_rebalancer-test.0.LeaderRebalancerTest.FunctionalTestForNotDivided.1783689375922659-5794-0/minicluster-data/ts-1-root/data
Total live blocks: 0
Total live bytes: 0
Total live bytes (after alignment): 0
Total number of LBM containers: 0 (0 full)
Did not check for missing blocks
Did not check for orphaned blocks
Total full LBM containers with extra space: 0 (0 repaired)
Total full LBM container extra space in bytes: 0 (0 repaired)
Total incomplete LBM containers: 0 (0 repaired)
Total LBM partial records: 0 (0 repaired)
Total corrupted LBM metadata records in RocksDB: 0 (0 repaired)
I20260710 13:16:30.612069  5794 rpc_server.cc:225] running with OpenSSL 1.1.1  11 Sep 2018
I20260710 13:16:30.613337  5794 kserver.cc:163] Server-wide thread pool size limit: 3276
I20260710 13:16:30.614722  5794 txn_system_client.cc:432] TxnSystemClient initialization is disabled...
I20260710 13:16:30.616788  5794 ts_tablet_manager.cc:585] Loaded tablet metadata (0 total tablets, 0 live tablets)
I20260710 13:16:30.617017  5794 ts_tablet_manager.cc:531] Time spent load tablet metadata: real 0.000s	user 0.000s	sys 0.000s
I20260710 13:16:30.617239  5794 ts_tablet_manager.cc:616] Registered 0 tablets
I20260710 13:16:30.617449  5794 ts_tablet_manager.cc:595] Time spent register tablets: real 0.000s	user 0.000s	sys 0.000s
I20260710 13:16:30.654531  5794 rpc_server.cc:307] RPC server started. Bound to: 127.5.168.130:41009
I20260710 13:16:30.654644  6548 acceptor_pool.cc:272] collecting diagnostics on the listening RPC socket 127.5.168.130:41009 every 8 connection(s)
I20260710 13:16:30.658921  5794 file_cache.cc:504] Constructed file cache file cache with capacity 419430
