I20260710 13:17:26.513228  1530 raft_consensus.cc:2468] T f71bf67f4d9543d6b72dba4eabb13992 P e428e39860244141a52c16026d2f06e5 [term 1 FOLLOWER]: Leader election vote request: Granting yes vote for candidate 96c5f03defd24be682a496e718e4df15 in term 1.
I20260710 13:17:26.534936  1678 raft_consensus.cc:2468] T 7b46227a8f39488b97d1d05ed35d5120 P 3a6927a343a34b199612e7bad6e60149 [term 1 FOLLOWER]: Leader election vote request: Granting yes vote for candidate 96c5f03defd24be682a496e718e4df15 in term 1.
I20260710 13:17:26.535007  1571 leader_election.cc:304] T f71bf67f4d9543d6b72dba4eabb13992 P 96c5f03defd24be682a496e718e4df15 [CANDIDATE]: Term 1 election: Election decided. Result: candidate won. Election summary: received 2 responses out of 3 voters: 2 yes votes; 0 no votes. yes voters: 96c5f03defd24be682a496e718e4df15, e428e39860244141a52c16026d2f06e5; no voters: 
I20260710 13:17:26.535485  1721 tablet_bootstrap.cc:492] T 13d9d9f4f5f841e69540522018f8c9ea P 3a6927a343a34b199612e7bad6e60149: No bootstrap required, opened a new log
I20260710 13:17:26.536731  1721 ts_tablet_manager.cc:1403] T 13d9d9f4f5f841e69540522018f8c9ea P 3a6927a343a34b199612e7bad6e60149: Time spent bootstrapping tablet: real 0.061s	user 0.024s	sys 0.036s
I20260710 13:17:26.537118  1773 raft_consensus.cc:2804] T f71bf67f4d9543d6b72dba4eabb13992 P 96c5f03defd24be682a496e718e4df15 [term 1 FOLLOWER]: Leader election won for term 1
I20260710 13:17:26.537585  1773 raft_consensus.cc:697] T f71bf67f4d9543d6b72dba4eabb13992 P 96c5f03defd24be682a496e718e4df15 [term 1 LEADER]: Becoming Leader. State: Replica: 96c5f03defd24be682a496e718e4df15, State: Running, Role: LEADER
I20260710 13:17:26.538414  1722 tablet_bootstrap.cc:492] T 07314840c828436fa980afefb0921392 P e428e39860244141a52c16026d2f06e5: No bootstrap required, opened a new log
I20260710 13:17:26.538283  1773 consensus_queue.cc:237] T f71bf67f4d9543d6b72dba4eabb13992 P 96c5f03defd24be682a496e718e4df15 [LEADER]: Queue going to LEADER mode. State: All replicated index: 0, Majority replicated index: 0, Committed index: 0, Last appended: 0.0, Last appended by leader: 0, Current term: 1, Majority size: 2, State: 0, Mode: LEADER, active raft config: opid_index: -1 OBSOLETE_local: false peers { permanent_uuid: "e428e39860244141a52c16026d2f06e5" member_type: VOTER last_known_addr { host: "127.0.107.193" port: 33413 } } peers { permanent_uuid: "96c5f03defd24be682a496e718e4df15" member_type: VOTER last_known_addr { host: "127.0.107.194" port: 35627 } } peers { permanent_uuid: "3a6927a343a34b199612e7bad6e60149" member_type: VOTER last_known_addr { host: "127.0.107.195" port: 35989 } }
I20260710 13:17:26.538832  1722 ts_tablet_manager.cc:1403] T 07314840c828436fa980afefb0921392 P e428e39860244141a52c16026d2f06e5: Time spent bootstrapping tablet: real 0.113s	user 0.023s	sys 0.007s
I20260710 13:17:26.539258  1721 raft_consensus.cc:359] T 13d9d9f4f5f841e69540522018f8c9ea P 3a6927a343a34b199612e7bad6e60149 [term 0 FOLLOWER]: Replica starting. Triggering 0 pending ops. Active config: opid_index: -1 OBSOLETE_local: false peers { permanent_uuid: "e428e39860244141a52c16026d2f06e5" member_type: VOTER last_known_addr { host: "127.0.107.193" port: 33413 } } peers { permanent_uuid: "96c5f03defd24be682a496e718e4df15" member_type: VOTER last_known_addr { host: "127.0.107.194" port: 35627 } } peers { permanent_uuid: "3a6927a343a34b199612e7bad6e60149" member_type: VOTER last_known_addr { host: "127.0.107.195" port: 35989 } }
I20260710 13:17:26.540838  1721 raft_consensus.cc:385] T 13d9d9f4f5f841e69540522018f8c9ea P 3a6927a343a34b199612e7bad6e60149 [term 0 FOLLOWER]: Consensus starting up: Expiring failure detector timer to make a prompt election more likely
I20260710 13:17:26.541109  1721 raft_consensus.cc:740] T 13d9d9f4f5f841e69540522018f8c9ea P 3a6927a343a34b199612e7bad6e60149 [term 0 FOLLOWER]: Becoming Follower/Learner. State: Replica: 3a6927a343a34b199612e7bad6e60149, State: Initialized, Role: FOLLOWER
I20260710 13:17:26.541428  1722 raft_consensus.cc:359] T 07314840c828436fa980afefb0921392 P e428e39860244141a52c16026d2f06e5 [term 0 FOLLOWER]: Replica starting. Triggering 0 pending ops. Active config: opid_index: -1 OBSOLETE_local: false peers { permanent_uuid: "e428e39860244141a52c16026d2f06e5" member_type: VOTER last_known_addr { host: "127.0.107.193" port: 33413 } } peers { permanent_uuid: "96c5f03defd24be682a496e718e4df15" member_type: VOTER last_known_addr { host: "127.0.107.194" port: 35627 } } peers { permanent_uuid: "3a6927a343a34b199612e7bad6e60149" member_type: VOTER last_known_addr { host: "127.0.107.195" port: 35989 } }
I20260710 13:17:26.542062  1722 raft_consensus.cc:385] T 07314840c828436fa980afefb0921392 P e428e39860244141a52c16026d2f06e5 [term 0 FOLLOWER]: Consensus starting up: Expiring failure detector timer to make a prompt election more likely
I20260710 13:17:26.541903  1721 consensus_queue.cc:260] T 13d9d9f4f5f841e69540522018f8c9ea P 3a6927a343a34b199612e7bad6e60149 [NON_LEADER]: Queue going to NON_LEADER mode. State: All replicated index: 0, Majority replicated index: 0, Committed index: 0, Last appended: 0.0, Last appended by leader: 0, Current term: 0, Majority size: -1, State: 0, Mode: NON_LEADER, active raft config: opid_index: -1 OBSOLETE_local: false peers { permanent_uuid: "e428e39860244141a52c16026d2f06e5" member_type: VOTER last_known_addr { host: "127.0.107.193" port: 33413 } } peers { permanent_uuid: "96c5f03defd24be682a496e718e4df15" member_type: VOTER last_known_addr { host: "127.0.107.194" port: 35627 } } peers { permanent_uuid: "3a6927a343a34b199612e7bad6e60149" member_type: VOTER last_known_addr { host: "127.0.107.195" port: 35989 } }
I20260710 13:17:26.542212  1723 tablet_bootstrap.cc:492] T 5c56ef89cb204e6f950a3b526780980b P 96c5f03defd24be682a496e718e4df15: No bootstrap required, opened a new log
I20260710 13:17:26.542336  1722 raft_consensus.cc:740] T 07314840c828436fa980afefb0921392 P e428e39860244141a52c16026d2f06e5 [term 0 FOLLOWER]: Becoming Follower/Learner. State: Replica: e428e39860244141a52c16026d2f06e5, State: Initialized, Role: FOLLOWER
I20260710 13:17:26.535501  1756 leader_election.cc:290] T 7b46227a8f39488b97d1d05ed35d5120 P 96c5f03defd24be682a496e718e4df15 [CANDIDATE]: Term 1 election: Requested vote from peers e428e39860244141a52c16026d2f06e5 (127.0.107.193:33413), 3a6927a343a34b199612e7bad6e60149 (127.0.107.195:35989)
I20260710 13:17:26.542884  1723 ts_tablet_manager.cc:1403] T 5c56ef89cb204e6f950a3b526780980b P 96c5f03defd24be682a496e718e4df15: Time spent bootstrapping tablet: real 0.122s	user 0.010s	sys 0.002s
I20260710 13:17:26.545188  1802 consensus_queue.cc:1048] T 1e0dd906468e4b768d73c4a40f134bbb P 96c5f03defd24be682a496e718e4df15 [LEADER]: Connected to new peer: Peer: permanent_uuid: "3a6927a343a34b199612e7bad6e60149" member_type: VOTER last_known_addr { host: "127.0.107.195" port: 35989 }, Status: LMP_MISMATCH, Last received: 0.0, Next index: 1, Last known committed idx: 0, Time since last communication: 0.001s
I20260710 13:17:26.547326  1721 ts_tablet_manager.cc:1434] T 13d9d9f4f5f841e69540522018f8c9ea P 3a6927a343a34b199612e7bad6e60149: Time spent starting tablet: real 0.010s	user 0.005s	sys 0.000s
I20260710 13:17:26.548221  1721 tablet_bootstrap.cc:492] T eea4b2cbf0a240f690f1684810bdf4d6 P 3a6927a343a34b199612e7bad6e60149: Bootstrap starting.
I20260710 13:17:26.545449  1723 raft_consensus.cc:359] T 5c56ef89cb204e6f950a3b526780980b P 96c5f03defd24be682a496e718e4df15 [term 0 FOLLOWER]: Replica starting. Triggering 0 pending ops. Active config: opid_index: -1 OBSOLETE_local: false peers { permanent_uuid: "e428e39860244141a52c16026d2f06e5" member_type: VOTER last_known_addr { host: "127.0.107.193" port: 33413 } } peers { permanent_uuid: "96c5f03defd24be682a496e718e4df15" member_type: VOTER last_known_addr { host: "127.0.107.194" port: 35627 } } peers { permanent_uuid: "3a6927a343a34b199612e7bad6e60149" member_type: VOTER last_known_addr { host: "127.0.107.195" port: 35989 } }
I20260710 13:17:26.550033  1723 raft_consensus.cc:385] T 5c56ef89cb204e6f950a3b526780980b P 96c5f03defd24be682a496e718e4df15 [term 0 FOLLOWER]: Consensus starting up: Expiring failure detector timer to make a prompt election more likely
I20260710 13:17:26.550457  1723 raft_consensus.cc:740] T 5c56ef89cb204e6f950a3b526780980b P 96c5f03defd24be682a496e718e4df15 [term 0 FOLLOWER]: Becoming Follower/Learner. State: Replica: 96c5f03defd24be682a496e718e4df15, State: Initialized, Role: FOLLOWER
I20260710 13:17:26.551501  1723 consensus_queue.cc:260] T 5c56ef89cb204e6f950a3b526780980b P 96c5f03defd24be682a496e718e4df15 [NON_LEADER]: Queue going to NON_LEADER mode. State: All replicated index: 0, Majority replicated index: 0, Committed index: 0, Last appended: 0.0, Last appended by leader: 0, Current term: 0, Majority size: -1, State: 0, Mode: NON_LEADER, active raft config: opid_index: -1 OBSOLETE_local: false peers { permanent_uuid: "e428e39860244141a52c16026d2f06e5" member_type: VOTER last_known_addr { host: "127.0.107.193" port: 33413 } } peers { permanent_uuid: "96c5f03defd24be682a496e718e4df15" member_type: VOTER last_known_addr { host: "127.0.107.194" port: 35627 } } peers { permanent_uuid: "3a6927a343a34b199612e7bad6e60149" member_type: VOTER last_known_addr { host: "127.0.107.195" port: 35989 } }
I20260710 13:17:26.551966  1722 consensus_queue.cc:260] T 07314840c828436fa980afefb0921392 P e428e39860244141a52c16026d2f06e5 [NON_LEADER]: Queue going to NON_LEADER mode. State: All replicated index: 0, Majority replicated index: 0, Committed index: 0, Last appended: 0.0, Last appended by leader: 0, Current term: 0, Majority size: -1, State: 0, Mode: NON_LEADER, active raft config: opid_index: -1 OBSOLETE_local: false peers { permanent_uuid: "e428e39860244141a52c16026d2f06e5" member_type: VOTER last_known_addr { host: "127.0.107.193" port: 33413 } } peers { permanent_uuid: "96c5f03defd24be682a496e718e4df15" member_type: VOTER last_known_addr { host: "127.0.107.194" port: 35627 } } peers { permanent_uuid: "3a6927a343a34b199612e7bad6e60149" member_type: VOTER last_known_addr { host: "127.0.107.195" port: 35989 } }
I20260710 13:17:26.553908  1721 tablet_bootstrap.cc:654] T eea4b2cbf0a240f690f1684810bdf4d6 P 3a6927a343a34b199612e7bad6e60149: Neither blocks nor log segments found. Creating new log.
I20260710 13:17:26.554816  1723 ts_tablet_manager.cc:1434] T 5c56ef89cb204e6f950a3b526780980b P 96c5f03defd24be682a496e718e4df15: Time spent starting tablet: real 0.012s	user 0.006s	sys 0.000s
I20260710 13:17:26.555974  1723 tablet_bootstrap.cc:492] T ac5ed555312b4136bd70a9fa55be95dd P 96c5f03defd24be682a496e718e4df15: Bootstrap starting.
I20260710 13:17:26.557157  1573 leader_election.cc:304] T 7b46227a8f39488b97d1d05ed35d5120 P 96c5f03defd24be682a496e718e4df15 [CANDIDATE]: Term 1 election: Election decided. Result: candidate won. Election summary: received 3 responses out of 3 voters: 2 yes votes; 1 no votes. yes voters: 3a6927a343a34b199612e7bad6e60149, 96c5f03defd24be682a496e718e4df15; no voters: e428e39860244141a52c16026d2f06e5
I20260710 13:17:26.558418  1802 raft_consensus.cc:2804] T 7b46227a8f39488b97d1d05ed35d5120 P 96c5f03defd24be682a496e718e4df15 [term 1 FOLLOWER]: Leader election won for term 1
I20260710 13:17:26.559234  1756 raft_consensus.cc:493] T 6ddca0729f604940a1ea982ef31084e4 P 96c5f03defd24be682a496e718e4df15 [term 0 FOLLOWER]: Starting pre-election (no leader contacted us within the election timeout)
I20260710 13:17:26.559705  1756 raft_consensus.cc:515] T 6ddca0729f604940a1ea982ef31084e4 P 96c5f03defd24be682a496e718e4df15 [term 0 FOLLOWER]: Starting pre-election with config: opid_index: -1 OBSOLETE_local: false peers { permanent_uuid: "96c5f03defd24be682a496e718e4df15" member_type: VOTER last_known_addr { host: "127.0.107.194" port: 35627 } } peers { permanent_uuid: "e428e39860244141a52c16026d2f06e5" member_type: VOTER last_known_addr { host: "127.0.107.193" port: 33413 } } peers { permanent_uuid: "3a6927a343a34b199612e7bad6e60149" member_type: VOTER last_known_addr { host: "127.0.107.195" port: 35989 } }
I20260710 13:17:26.562121  1756 leader_election.cc:290] T 6ddca0729f604940a1ea982ef31084e4 P 96c5f03defd24be682a496e718e4df15 [CANDIDATE]: Term 1 pre-election: Requested pre-vote from peers e428e39860244141a52c16026d2f06e5 (127.0.107.193:33413), 3a6927a343a34b199612e7bad6e60149 (127.0.107.195:35989)
I20260710 13:17:26.562395  1723 tablet_bootstrap.cc:654] T ac5ed555312b4136bd70a9fa55be95dd P 96c5f03defd24be682a496e718e4df15: Neither blocks nor log segments found. Creating new log.
I20260710 13:17:26.564932  1728 raft_consensus.cc:493] T 03d9bbf535f94976b4a9de49e85cc24d P 3a6927a343a34b199612e7bad6e60149 [term 0 FOLLOWER]: Starting pre-election (no leader contacted us within the election timeout)
I20260710 13:17:26.565429  1728 raft_consensus.cc:515] T 03d9bbf535f94976b4a9de49e85cc24d P 3a6927a343a34b199612e7bad6e60149 [term 0 FOLLOWER]: Starting pre-election with config: opid_index: -1 OBSOLETE_local: false peers { permanent_uuid: "e428e39860244141a52c16026d2f06e5" member_type: VOTER last_known_addr { host: "127.0.107.193" port: 33413 } } peers { permanent_uuid: "96c5f03defd24be682a496e718e4df15" member_type: VOTER last_known_addr { host: "127.0.107.194" port: 35627 } } peers { permanent_uuid: "3a6927a343a34b199612e7bad6e60149" member_type: VOTER last_known_addr { host: "127.0.107.195" port: 35989 } }
I20260710 13:17:26.567283  1721 tablet_bootstrap.cc:492] T eea4b2cbf0a240f690f1684810bdf4d6 P 3a6927a343a34b199612e7bad6e60149: No bootstrap required, opened a new log
I20260710 13:17:26.567727  1721 ts_tablet_manager.cc:1403] T eea4b2cbf0a240f690f1684810bdf4d6 P 3a6927a343a34b199612e7bad6e60149: Time spent bootstrapping tablet: real 0.020s	user 0.013s	sys 0.005s
I20260710 13:17:26.567902  1728 leader_election.cc:290] T 03d9bbf535f94976b4a9de49e85cc24d P 3a6927a343a34b199612e7bad6e60149 [CANDIDATE]: Term 1 pre-election: Requested pre-vote from peers e428e39860244141a52c16026d2f06e5 (127.0.107.193:33413), 96c5f03defd24be682a496e718e4df15 (127.0.107.194:35627)
I20260710 13:17:26.569602  1722 ts_tablet_manager.cc:1434] T 07314840c828436fa980afefb0921392 P e428e39860244141a52c16026d2f06e5: Time spent starting tablet: real 0.030s	user 0.007s	sys 0.000s
I20260710 13:17:26.570211  1721 raft_consensus.cc:359] T eea4b2cbf0a240f690f1684810bdf4d6 P 3a6927a343a34b199612e7bad6e60149 [term 0 FOLLOWER]: Replica starting. Triggering 0 pending ops. Active config: opid_index: -1 OBSOLETE_local: false peers { permanent_uuid: "e428e39860244141a52c16026d2f06e5" member_type: VOTER last_known_addr { host: "127.0.107.193" port: 33413 } } peers { permanent_uuid: "96c5f03defd24be682a496e718e4df15" member_type: VOTER last_known_addr { host: "127.0.107.194" port: 35627 } } peers { permanent_uuid: "3a6927a343a34b199612e7bad6e60149" member_type: VOTER last_known_addr { host: "127.0.107.195" port: 35989 } }
I20260710 13:17:26.571146  1680 tablet_service.cc:1917] Received RequestConsensusVote() RPC: tablet_id: "6ddca0729f604940a1ea982ef31084e4" candidate_uuid: "96c5f03defd24be682a496e718e4df15" candidate_term: 1 candidate_status { last_received { term: 0 index: 0 } } ignore_live_leader: false dest_uuid: "3a6927a343a34b199612e7bad6e60149" is_pre_election: true
I20260710 13:17:26.571274  1607 tablet_service.cc:1917] Received RequestConsensusVote() RPC: tablet_id: "03d9bbf535f94976b4a9de49e85cc24d" candidate_uuid: "3a6927a343a34b199612e7bad6e60149" candidate_term: 1 candidate_status { last_received { term: 0 index: 0 } } ignore_live_leader: false dest_uuid: "96c5f03defd24be682a496e718e4df15" is_pre_election: true
I20260710 13:17:26.571393  1530 tablet_service.cc:1917] Received RequestConsensusVote() RPC: tablet_id: "03d9bbf535f94976b4a9de49e85cc24d" candidate_uuid: "3a6927a343a34b199612e7bad6e60149" candidate_term: 1 candidate_status { last_received { term: 0 index: 0 } } ignore_live_leader: false dest_uuid: "e428e39860244141a52c16026d2f06e5" is_pre_election: true
I20260710 13:17:26.571935  1607 raft_consensus.cc:2468] T 03d9bbf535f94976b4a9de49e85cc24d P 96c5f03defd24be682a496e718e4df15 [term 0 FOLLOWER]: Leader pre-election vote request: Granting yes vote for candidate 3a6927a343a34b199612e7bad6e60149 in term 0.
I20260710 13:17:26.572319  1530 raft_consensus.cc:2468] T 03d9bbf535f94976b4a9de49e85cc24d P e428e39860244141a52c16026d2f06e5 [term 0 FOLLOWER]: Leader pre-election vote request: Granting yes vote for candidate 3a6927a343a34b199612e7bad6e60149 in term 0.
I20260710 13:17:26.573120  1645 leader_election.cc:304] T 03d9bbf535f94976b4a9de49e85cc24d P 3a6927a343a34b199612e7bad6e60149 [CANDIDATE]: Term 1 pre-election: Election decided. Result: candidate won. Election summary: received 2 responses out of 3 voters: 2 yes votes; 0 no votes. yes voters: 3a6927a343a34b199612e7bad6e60149, 96c5f03defd24be682a496e718e4df15; no voters: 
I20260710 13:17:26.573514  1531 tablet_service.cc:1917] Received RequestConsensusVote() RPC: tablet_id: "6ddca0729f604940a1ea982ef31084e4" candidate_uuid: "96c5f03defd24be682a496e718e4df15" candidate_term: 1 candidate_status { last_received { term: 0 index: 0 } } ignore_live_leader: false dest_uuid: "e428e39860244141a52c16026d2f06e5" is_pre_election: true
I20260710 13:17:26.572762  1728 raft_consensus.cc:493] T 683d5b9dcd634a5d95d8adb78de1ac4c P 3a6927a343a34b199612e7bad6e60149 [term 0 FOLLOWER]: Starting pre-election (no leader contacted us within the election timeout)
I20260710 13:17:26.574241  1531 raft_consensus.cc:2393] T 6ddca0729f604940a1ea982ef31084e4 P e428e39860244141a52c16026d2f06e5 [term 1 FOLLOWER]: Leader pre-election vote request: Denying vote to candidate 96c5f03defd24be682a496e718e4df15 in current term 1: Already voted for candidate 3a6927a343a34b199612e7bad6e60149 in this term.
I20260710 13:17:26.570448  1802 raft_consensus.cc:697] T 7b46227a8f39488b97d1d05ed35d5120 P 96c5f03defd24be682a496e718e4df15 [term 1 LEADER]: Becoming Leader. State: Replica: 96c5f03defd24be682a496e718e4df15, State: Running, Role: LEADER
I20260710 13:17:26.574365  1763 raft_consensus.cc:2804] T 03d9bbf535f94976b4a9de49e85cc24d P 3a6927a343a34b199612e7bad6e60149 [term 0 FOLLOWER]: Leader pre-election won for term 1
I20260710 13:17:26.574867  1763 raft_consensus.cc:493] T 03d9bbf535f94976b4a9de49e85cc24d P 3a6927a343a34b199612e7bad6e60149 [term 0 FOLLOWER]: Starting leader election (no leader contacted us within the election timeout)
I20260710 13:17:26.575222  1763 raft_consensus.cc:3060] T 03d9bbf535f94976b4a9de49e85cc24d P 3a6927a343a34b199612e7bad6e60149 [term 0 FOLLOWER]: Advancing to term 1
I20260710 13:17:26.574410  1728 raft_consensus.cc:515] T 683d5b9dcd634a5d95d8adb78de1ac4c P 3a6927a343a34b199612e7bad6e60149 [term 0 FOLLOWER]: Starting pre-election with config: opid_index: -1 OBSOLETE_local: false peers { permanent_uuid: "e428e39860244141a52c16026d2f06e5" member_type: VOTER last_known_addr { host: "127.0.107.193" port: 33413 } } peers { permanent_uuid: "96c5f03defd24be682a496e718e4df15" member_type: VOTER last_known_addr { host: "127.0.107.194" port: 35627 } } peers { permanent_uuid: "3a6927a343a34b199612e7bad6e60149" member_type: VOTER last_known_addr { host: "127.0.107.195" port: 35989 } }
I20260710 13:17:26.577374  1723 tablet_bootstrap.cc:492] T ac5ed555312b4136bd70a9fa55be95dd P 96c5f03defd24be682a496e718e4df15: No bootstrap required, opened a new log
I20260710 13:17:26.577844  1723 ts_tablet_manager.cc:1403] T ac5ed555312b4136bd70a9fa55be95dd P 96c5f03defd24be682a496e718e4df15: Time spent bootstrapping tablet: real 0.022s	user 0.013s	sys 0.001s
I20260710 13:17:26.578665  1607 tablet_service.cc:1917] Received RequestConsensusVote() RPC: tablet_id: "683d5b9dcd634a5d95d8adb78de1ac4c" candidate_uuid: "3a6927a343a34b199612e7bad6e60149" candidate_term: 1 candidate_status { last_received { term: 0 index: 0 } } ignore_live_leader: false dest_uuid: "96c5f03defd24be682a496e718e4df15" is_pre_election: true
I20260710 13:17:26.577401  1728 leader_election.cc:290] T 683d5b9dcd634a5d95d8adb78de1ac4c P 3a6927a343a34b199612e7bad6e60149 [CANDIDATE]: Term 1 pre-election: Requested pre-vote from peers e428e39860244141a52c16026d2f06e5 (127.0.107.193:33413), 96c5f03defd24be682a496e718e4df15 (127.0.107.194:35627)
I20260710 13:17:26.578464  1571 leader_election.cc:304] T 6ddca0729f604940a1ea982ef31084e4 P 96c5f03defd24be682a496e718e4df15 [CANDIDATE]: Term 1 pre-election: Election decided. Result: candidate lost. Election summary: received 3 responses out of 3 voters: 1 yes votes; 2 no votes. yes voters: 96c5f03defd24be682a496e718e4df15; no voters: 3a6927a343a34b199612e7bad6e60149, e428e39860244141a52c16026d2f06e5
I20260710 13:17:26.579401  1722 tablet_bootstrap.cc:492] T 172490ce2d0b46a9b36d978a1fbf0c3e P e428e39860244141a52c16026d2f06e5: Bootstrap starting.
I20260710 13:17:26.570875  1721 raft_consensus.cc:385] T eea4b2cbf0a240f690f1684810bdf4d6 P 3a6927a343a34b199612e7bad6e60149 [term 0 FOLLOWER]: Consensus starting up: Expiring failure detector timer to make a prompt election more likely
I20260710 13:17:26.580531  1752 raft_consensus.cc:3060] T 6ddca0729f604940a1ea982ef31084e4 P 96c5f03defd24be682a496e718e4df15 [term 0 FOLLOWER]: Advancing to term 1
I20260710 13:17:26.580675  1721 raft_consensus.cc:740] T eea4b2cbf0a240f690f1684810bdf4d6 P 3a6927a343a34b199612e7bad6e60149 [term 0 FOLLOWER]: Becoming Follower/Learner. State: Replica: 3a6927a343a34b199612e7bad6e60149, State: Initialized, Role: FOLLOWER
I20260710 13:17:26.581769  1721 consensus_queue.cc:260] T eea4b2cbf0a240f690f1684810bdf4d6 P 3a6927a343a34b199612e7bad6e60149 [NON_LEADER]: Queue going to NON_LEADER mode. State: All replicated index: 0, Majority replicated index: 0, Committed index: 0, Last appended: 0.0, Last appended by leader: 0, Current term: 0, Majority size: -1, State: 0, Mode: NON_LEADER, active raft config: opid_index: -1 OBSOLETE_local: false peers { permanent_uuid: "e428e39860244141a52c16026d2f06e5" member_type: VOTER last_known_addr { host: "127.0.107.193" port: 33413 } } peers { permanent_uuid: "96c5f03defd24be682a496e718e4df15" member_type: VOTER last_known_addr { host: "127.0.107.194" port: 35627 } } peers { permanent_uuid: "3a6927a343a34b199612e7bad6e60149" member_type: VOTER last_known_addr { host: "127.0.107.195" port: 35989 } }
I20260710 13:17:26.580621  1531 tablet_service.cc:1917] Received RequestConsensusVote() RPC: tablet_id: "683d5b9dcd634a5d95d8adb78de1ac4c" candidate_uuid: "3a6927a343a34b199612e7bad6e60149" candidate_term: 1 candidate_status { last_received { term: 0 index: 0 } } ignore_live_leader: false dest_uuid: "e428e39860244141a52c16026d2f06e5" is_pre_election: true
I20260710 13:17:26.581782  1723 raft_consensus.cc:359] T ac5ed555312b4136bd70a9fa55be95dd P 96c5f03defd24be682a496e718e4df15 [term 0 FOLLOWER]: Replica starting. Triggering 0 pending ops. Active config: opid_index: -1 OBSOLETE_local: false peers { permanent_uuid: "e428e39860244141a52c16026d2f06e5" member_type: VOTER last_known_addr { host: "127.0.107.193" port: 33413 } } peers { permanent_uuid: "96c5f03defd24be682a496e718e4df15" member_type: VOTER last_known_addr { host: "127.0.107.194" port: 35627 } } peers { permanent_uuid: "3a6927a343a34b199612e7bad6e60149" member_type: VOTER last_known_addr { host: "127.0.107.195" port: 35989 } }
I20260710 13:17:26.582800  1723 raft_consensus.cc:385] T ac5ed555312b4136bd70a9fa55be95dd P 96c5f03defd24be682a496e718e4df15 [term 0 FOLLOWER]: Consensus starting up: Expiring failure detector timer to make a prompt election more likely
I20260710 13:17:26.583148  1723 raft_consensus.cc:740] T ac5ed555312b4136bd70a9fa55be95dd P 96c5f03defd24be682a496e718e4df15 [term 0 FOLLOWER]: Becoming Follower/Learner. State: Replica: 96c5f03defd24be682a496e718e4df15, State: Initialized, Role: FOLLOWER
I20260710 13:17:26.583873  1723 consensus_queue.cc:260] T ac5ed555312b4136bd70a9fa55be95dd P 96c5f03defd24be682a496e718e4df15 [NON_LEADER]: Queue going to NON_LEADER mode. State: All replicated index: 0, Majority replicated index: 0, Committed index: 0, Last appended: 0.0, Last appended by leader: 0, Current term: 0, Majority size: -1, State: 0, Mode: NON_LEADER, active raft config: opid_index: -1 OBSOLETE_local: false peers { permanent_uuid: "e428e39860244141a52c16026d2f06e5" member_type: VOTER last_known_addr { host: "127.0.107.193" port: 33413 } } peers { permanent_uuid: "96c5f03defd24be682a496e718e4df15" member_type: VOTER last_known_addr { host: "127.0.107.194" port: 35627 } } peers { permanent_uuid: "3a6927a343a34b199612e7bad6e60149" member_type: VOTER last_known_addr { host: "127.0.107.195" port: 35989 } }
I20260710 13:17:26.584367  1531 raft_consensus.cc:2393] T 683d5b9dcd634a5d95d8adb78de1ac4c P e428e39860244141a52c16026d2f06e5 [term 1 FOLLOWER]: Leader pre-election vote request: Denying vote to candidate 3a6927a343a34b199612e7bad6e60149 in current term 1: Already voted for candidate 96c5f03defd24be682a496e718e4df15 in this term.
I20260710 13:17:26.585597  1645 leader_election.cc:304] T 683d5b9dcd634a5d95d8adb78de1ac4c P 3a6927a343a34b199612e7bad6e60149 [CANDIDATE]: Term 1 pre-election: Election decided. Result: candidate lost. Election summary: received 3 responses out of 3 voters: 1 yes votes; 2 no votes. yes voters: 3a6927a343a34b199612e7bad6e60149; no voters: 96c5f03defd24be682a496e718e4df15, e428e39860244141a52c16026d2f06e5
I20260710 13:17:26.585969  1723 ts_tablet_manager.cc:1434] T ac5ed555312b4136bd70a9fa55be95dd P 96c5f03defd24be682a496e718e4df15: Time spent starting tablet: real 0.008s	user 0.006s	sys 0.000s
I20260710 13:17:26.575227  1802 consensus_queue.cc:237] T 7b46227a8f39488b97d1d05ed35d5120 P 96c5f03defd24be682a496e718e4df15 [LEADER]: Queue going to LEADER mode. State: All replicated index: 0, Majority replicated index: 0, Committed index: 0, Last appended: 0.0, Last appended by leader: 0, Current term: 1, Majority size: 2, State: 0, Mode: LEADER, active raft config: opid_index: -1 OBSOLETE_local: false peers { permanent_uuid: "e428e39860244141a52c16026d2f06e5" member_type: VOTER last_known_addr { host: "127.0.107.193" port: 33413 } } peers { permanent_uuid: "96c5f03defd24be682a496e718e4df15" member_type: VOTER last_known_addr { host: "127.0.107.194" port: 35627 } } peers { permanent_uuid: "3a6927a343a34b199612e7bad6e60149" member_type: VOTER last_known_addr { host: "127.0.107.195" port: 35989 } }
I20260710 13:17:26.588954  1723 tablet_bootstrap.cc:492] T 788a44a466df4aeab047d12af5dc99b8 P 96c5f03defd24be682a496e718e4df15: Bootstrap starting.
I20260710 13:17:26.589392  1760 raft_consensus.cc:493] T ac5ed555312b4136bd70a9fa55be95dd P e428e39860244141a52c16026d2f06e5 [term 0 FOLLOWER]: Starting pre-election (no leader contacted us within the election timeout)
I20260710 13:17:26.589867  1760 raft_consensus.cc:515] T ac5ed555312b4136bd70a9fa55be95dd P e428e39860244141a52c16026d2f06e5 [term 0 FOLLOWER]: Starting pre-election with config: opid_index: -1 OBSOLETE_local: false peers { permanent_uuid: "e428e39860244141a52c16026d2f06e5" member_type: VOTER last_known_addr { host: "127.0.107.193" port: 33413 } } peers { permanent_uuid: "96c5f03defd24be682a496e718e4df15" member_type: VOTER last_known_addr { host: "127.0.107.194" port: 35627 } } peers { permanent_uuid: "3a6927a343a34b199612e7bad6e60149" member_type: VOTER last_known_addr { host: "127.0.107.195" port: 35989 } }
I20260710 13:17:26.591836  1760 leader_election.cc:290] T ac5ed555312b4136bd70a9fa55be95dd P e428e39860244141a52c16026d2f06e5 [CANDIDATE]: Term 1 pre-election: Requested pre-vote from peers 96c5f03defd24be682a496e718e4df15 (127.0.107.194:35627), 3a6927a343a34b199612e7bad6e60149 (127.0.107.195:35989)
I20260710 13:17:26.592455  1770 raft_consensus.cc:3060] T 683d5b9dcd634a5d95d8adb78de1ac4c P 3a6927a343a34b199612e7bad6e60149 [term 0 FOLLOWER]: Advancing to term 1
I20260710 13:17:26.592900  1721 ts_tablet_manager.cc:1434] T eea4b2cbf0a240f690f1684810bdf4d6 P 3a6927a343a34b199612e7bad6e60149: Time spent starting tablet: real 0.025s	user 0.007s	sys 0.000s
I20260710 13:17:26.594650  1607 tablet_service.cc:1917] Received RequestConsensusVote() RPC: tablet_id: "ac5ed555312b4136bd70a9fa55be95dd" candidate_uuid: "e428e39860244141a52c16026d2f06e5" candidate_term: 1 candidate_status { last_received { term: 0 index: 0 } } ignore_live_leader: false dest_uuid: "96c5f03defd24be682a496e718e4df15" is_pre_election: true
I20260710 13:17:26.595257  1607 raft_consensus.cc:2468] T ac5ed555312b4136bd70a9fa55be95dd P 96c5f03defd24be682a496e718e4df15 [term 0 FOLLOWER]: Leader pre-election vote request: Granting yes vote for candidate e428e39860244141a52c16026d2f06e5 in term 0.
I20260710 13:17:26.597440  1723 tablet_bootstrap.cc:654] T 788a44a466df4aeab047d12af5dc99b8 P 96c5f03defd24be682a496e718e4df15: Neither blocks nor log segments found. Creating new log.
I20260710 13:17:26.597154  1496 leader_election.cc:304] T ac5ed555312b4136bd70a9fa55be95dd P e428e39860244141a52c16026d2f06e5 [CANDIDATE]: Term 1 pre-election: Election decided. Result: candidate won. Election summary: received 2 responses out of 3 voters: 2 yes votes; 0 no votes. yes voters: 96c5f03defd24be682a496e718e4df15, e428e39860244141a52c16026d2f06e5; no voters: 
I20260710 13:17:26.598311  1756 raft_consensus.cc:493] T 5c56ef89cb204e6f950a3b526780980b P 96c5f03defd24be682a496e718e4df15 [term 0 FOLLOWER]: Starting pre-election (no leader contacted us within the election timeout)
I20260710 13:17:26.598670  1728 raft_consensus.cc:493] T eea4b2cbf0a240f690f1684810bdf4d6 P 3a6927a343a34b199612e7bad6e60149 [term 0 FOLLOWER]: Starting pre-election (no leader contacted us within the election timeout)
I20260710 13:17:26.598773  1756 raft_consensus.cc:515] T 5c56ef89cb204e6f950a3b526780980b P 96c5f03defd24be682a496e718e4df15 [term 0 FOLLOWER]: Starting pre-election with config: opid_index: -1 OBSOLETE_local: false peers { permanent_uuid: "e428e39860244141a52c16026d2f06e5" member_type: VOTER last_known_addr { host: "127.0.107.193" port: 33413 } } peers { permanent_uuid: "96c5f03defd24be682a496e718e4df15" member_type: VOTER last_known_addr { host: "127.0.107.194" port: 35627 } } peers { permanent_uuid: "3a6927a343a34b199612e7bad6e60149" member_type: VOTER last_known_addr { host: "127.0.107.195" port: 35989 } }
I20260710 13:17:26.599146  1728 raft_consensus.cc:515] T eea4b2cbf0a240f690f1684810bdf4d6 P 3a6927a343a34b199612e7bad6e60149 [term 0 FOLLOWER]: Starting pre-election with config: opid_index: -1 OBSOLETE_local: false peers { permanent_uuid: "e428e39860244141a52c16026d2f06e5" member_type: VOTER last_known_addr { host: "127.0.107.193" port: 33413 } } peers { permanent_uuid: "96c5f03defd24be682a496e718e4df15" member_type: VOTER last_known_addr { host: "127.0.107.194" port: 35627 } } peers { permanent_uuid: "3a6927a343a34b199612e7bad6e60149" member_type: VOTER last_known_addr { host: "127.0.107.195" port: 35989 } }
I20260710 13:17:26.602008  1760 raft_consensus.cc:2804] T ac5ed555312b4136bd70a9fa55be95dd P e428e39860244141a52c16026d2f06e5 [term 0 FOLLOWER]: Leader pre-election won for term 1
I20260710 13:17:26.602829  1760 raft_consensus.cc:493] T ac5ed555312b4136bd70a9fa55be95dd P e428e39860244141a52c16026d2f06e5 [term 0 FOLLOWER]: Starting leader election (no leader contacted us within the election timeout)
I20260710 13:17:26.602778  1530 tablet_service.cc:1917] Received RequestConsensusVote() RPC: tablet_id: "5c56ef89cb204e6f950a3b526780980b" candidate_uuid: "96c5f03defd24be682a496e718e4df15" candidate_term: 1 candidate_status { last_received { term: 0 index: 0 } } ignore_live_leader: false dest_uuid: "e428e39860244141a52c16026d2f06e5" is_pre_election: true
I20260710 13:17:26.603443  1760 raft_consensus.cc:3060] T ac5ed555312b4136bd70a9fa55be95dd P e428e39860244141a52c16026d2f06e5 [term 0 FOLLOWER]: Advancing to term 1
W20260710 13:17:26.605981  1571 leader_election.cc:343] T 5c56ef89cb204e6f950a3b526780980b P 96c5f03defd24be682a496e718e4df15 [CANDIDATE]: Term 1 pre-election: Tablet error from VoteRequest() call to peer e428e39860244141a52c16026d2f06e5 (127.0.107.193:33413): Illegal state: must be running to vote when last-logged opid is not known
I20260710 13:17:26.600852  1756 leader_election.cc:290] T 5c56ef89cb204e6f950a3b526780980b P 96c5f03defd24be682a496e718e4df15 [CANDIDATE]: Term 1 pre-election: Requested pre-vote from peers e428e39860244141a52c16026d2f06e5 (127.0.107.193:33413), 3a6927a343a34b199612e7bad6e60149 (127.0.107.195:35989)
I20260710 13:17:26.606446  1728 leader_election.cc:290] T eea4b2cbf0a240f690f1684810bdf4d6 P 3a6927a343a34b199612e7bad6e60149 [CANDIDATE]: Term 1 pre-election: Requested pre-vote from peers e428e39860244141a52c16026d2f06e5 (127.0.107.193:33413), 96c5f03defd24be682a496e718e4df15 (127.0.107.194:35627)
W20260710 13:17:26.607496  1478 auto_rebalancer.cc:288] Could not retrieve cluster info: Service unavailable: Tablet not running
I20260710 13:17:26.608450  1721 tablet_bootstrap.cc:492] T d3cc64923a7946fbb3b4b61cb188d78f P 3a6927a343a34b199612e7bad6e60149: Bootstrap starting.
I20260710 13:17:26.608915  1607 tablet_service.cc:1917] Received RequestConsensusVote() RPC: tablet_id: "eea4b2cbf0a240f690f1684810bdf4d6" candidate_uuid: "3a6927a343a34b199612e7bad6e60149" candidate_term: 1 candidate_status { last_received { term: 0 index: 0 } } ignore_live_leader: false dest_uuid: "96c5f03defd24be682a496e718e4df15" is_pre_election: true
I20260710 13:17:26.609519  1728 consensus_queue.cc:1048] T f153fa26ce8543e88f9c3d860984b16a P 3a6927a343a34b199612e7bad6e60149 [LEADER]: Connected to new peer: Peer: permanent_uuid: "e428e39860244141a52c16026d2f06e5" member_type: VOTER last_known_addr { host: "127.0.107.193" port: 33413 }, Status: LMP_MISMATCH, Last received: 0.0, Next index: 1, Last known committed idx: 0, Time since last communication: 0.001s
W20260710 13:17:26.610702  1645 leader_election.cc:343] T eea4b2cbf0a240f690f1684810bdf4d6 P 3a6927a343a34b199612e7bad6e60149 [CANDIDATE]: Term 1 pre-election: Tablet error from VoteRequest() call to peer 96c5f03defd24be682a496e718e4df15 (127.0.107.194:35627): Illegal state: must be running to vote when last-logged opid is not known
I20260710 13:17:26.611532  1531 tablet_service.cc:1917] Received RequestConsensusVote() RPC: tablet_id: "eea4b2cbf0a240f690f1684810bdf4d6" candidate_uuid: "3a6927a343a34b199612e7bad6e60149" candidate_term: 1 candidate_status { last_received { term: 0 index: 0 } } ignore_live_leader: false dest_uuid: "e428e39860244141a52c16026d2f06e5" is_pre_election: true
I20260710 13:17:26.615291  1721 tablet_bootstrap.cc:654] T d3cc64923a7946fbb3b4b61cb188d78f P 3a6927a343a34b199612e7bad6e60149: Neither blocks nor log segments found. Creating new log.
I20260710 13:17:26.615873  1678 tablet_service.cc:1917] Received RequestConsensusVote() RPC: tablet_id: "ac5ed555312b4136bd70a9fa55be95dd" candidate_uuid: "e428e39860244141a52c16026d2f06e5" candidate_term: 1 candidate_status { last_received { term: 0 index: 0 } } ignore_live_leader: false dest_uuid: "3a6927a343a34b199612e7bad6e60149" is_pre_election: true
I20260710 13:17:26.616647  1728 raft_consensus.cc:493] T a28d8f47e3a04a7bb54087fc40835f60 P 3a6927a343a34b199612e7bad6e60149 [term 0 FOLLOWER]: Starting pre-election (no leader contacted us within the election timeout)
I20260710 13:17:26.617614  1728 raft_consensus.cc:515] T a28d8f47e3a04a7bb54087fc40835f60 P 3a6927a343a34b199612e7bad6e60149 [term 0 FOLLOWER]: Starting pre-election with config: opid_index: -1 OBSOLETE_local: false peers { permanent_uuid: "e428e39860244141a52c16026d2f06e5" member_type: VOTER last_known_addr { host: "127.0.107.193" port: 33413 } } peers { permanent_uuid: "96c5f03defd24be682a496e718e4df15" member_type: VOTER last_known_addr { host: "127.0.107.194" port: 35627 } } peers { permanent_uuid: "3a6927a343a34b199612e7bad6e60149" member_type: VOTER last_known_addr { host: "127.0.107.195" port: 35989 } }
I20260710 13:17:26.617182  1678 raft_consensus.cc:2468] T ac5ed555312b4136bd70a9fa55be95dd P 3a6927a343a34b199612e7bad6e60149 [term 0 FOLLOWER]: Leader pre-election vote request: Granting yes vote for candidate e428e39860244141a52c16026d2f06e5 in term 0.
I20260710 13:17:26.623624  1607 tablet_service.cc:1917] Received RequestConsensusVote() RPC: tablet_id: "a28d8f47e3a04a7bb54087fc40835f60" candidate_uuid: "3a6927a343a34b199612e7bad6e60149" candidate_term: 1 candidate_status { last_received { term: 0 index: 0 } } ignore_live_leader: false dest_uuid: "96c5f03defd24be682a496e718e4df15" is_pre_election: true
W20260710 13:17:26.625663  1645 leader_election.cc:343] T eea4b2cbf0a240f690f1684810bdf4d6 P 3a6927a343a34b199612e7bad6e60149 [CANDIDATE]: Term 1 pre-election: Tablet error from VoteRequest() call to peer e428e39860244141a52c16026d2f06e5 (127.0.107.193:33413): Illegal state: must be running to vote when last-logged opid is not known
I20260710 13:17:26.625870  1722 tablet_bootstrap.cc:654] T 172490ce2d0b46a9b36d978a1fbf0c3e P e428e39860244141a52c16026d2f06e5: Neither blocks nor log segments found. Creating new log.
I20260710 13:17:26.626256  1645 leader_election.cc:304] T eea4b2cbf0a240f690f1684810bdf4d6 P 3a6927a343a34b199612e7bad6e60149 [CANDIDATE]: Term 1 pre-election: Election decided. Result: candidate lost. Election summary: received 3 responses out of 3 voters: 1 yes votes; 2 no votes. yes voters: 3a6927a343a34b199612e7bad6e60149; no voters: 96c5f03defd24be682a496e718e4df15, e428e39860244141a52c16026d2f06e5
I20260710 13:17:26.631910  1763 raft_consensus.cc:515] T 03d9bbf535f94976b4a9de49e85cc24d P 3a6927a343a34b199612e7bad6e60149 [term 1 FOLLOWER]: Starting leader election with config: opid_index: -1 OBSOLETE_local: false peers { permanent_uuid: "e428e39860244141a52c16026d2f06e5" member_type: VOTER last_known_addr { host: "127.0.107.193" port: 33413 } } peers { permanent_uuid: "96c5f03defd24be682a496e718e4df15" member_type: VOTER last_known_addr { host: "127.0.107.194" port: 35627 } } peers { permanent_uuid: "3a6927a343a34b199612e7bad6e60149" member_type: VOTER last_known_addr { host: "127.0.107.195" port: 35989 } }
I20260710 13:17:26.628279  1530 tablet_service.cc:1917] Received RequestConsensusVote() RPC: tablet_id: "a28d8f47e3a04a7bb54087fc40835f60" candidate_uuid: "3a6927a343a34b199612e7bad6e60149" candidate_term: 1 candidate_status { last_received { term: 0 index: 0 } } ignore_live_leader: false dest_uuid: "e428e39860244141a52c16026d2f06e5" is_pre_election: true
I20260710 13:17:26.634104  1530 raft_consensus.cc:2393] T a28d8f47e3a04a7bb54087fc40835f60 P e428e39860244141a52c16026d2f06e5 [term 1 FOLLOWER]: Leader pre-election vote request: Denying vote to candidate 3a6927a343a34b199612e7bad6e60149 in current term 1: Already voted for candidate 96c5f03defd24be682a496e718e4df15 in this term.
I20260710 13:17:26.636089  1763 leader_election.cc:290] T 03d9bbf535f94976b4a9de49e85cc24d P 3a6927a343a34b199612e7bad6e60149 [CANDIDATE]: Term 1 election: Requested vote from peers e428e39860244141a52c16026d2f06e5 (127.0.107.193:33413), 96c5f03defd24be682a496e718e4df15 (127.0.107.194:35627)
I20260710 13:17:26.637527  1763 raft_consensus.cc:2749] T eea4b2cbf0a240f690f1684810bdf4d6 P 3a6927a343a34b199612e7bad6e60149 [term 0 FOLLOWER]: Leader pre-election lost for term 1. Reason: could not achieve majority
I20260710 13:17:26.638459  1680 tablet_service.cc:1917] Received RequestConsensusVote() RPC: tablet_id: "5c56ef89cb204e6f950a3b526780980b" candidate_uuid: "96c5f03defd24be682a496e718e4df15" candidate_term: 1 candidate_status { last_received { term: 0 index: 0 } } ignore_live_leader: false dest_uuid: "3a6927a343a34b199612e7bad6e60149" is_pre_election: true
I20260710 13:17:26.621071  1728 leader_election.cc:290] T a28d8f47e3a04a7bb54087fc40835f60 P 3a6927a343a34b199612e7bad6e60149 [CANDIDATE]: Term 1 pre-election: Requested pre-vote from peers e428e39860244141a52c16026d2f06e5 (127.0.107.193:33413), 96c5f03defd24be682a496e718e4df15 (127.0.107.194:35627)
I20260710 13:17:26.657011  1756 raft_consensus.cc:493] T d3cc64923a7946fbb3b4b61cb188d78f P 96c5f03defd24be682a496e718e4df15 [term 0 FOLLOWER]: Starting pre-election (no leader contacted us within the election timeout)
I20260710 13:17:26.662801  1756 raft_consensus.cc:515] T d3cc64923a7946fbb3b4b61cb188d78f P 96c5f03defd24be682a496e718e4df15 [term 0 FOLLOWER]: Starting pre-election with config: opid_index: -1 OBSOLETE_local: false peers { permanent_uuid: "e428e39860244141a52c16026d2f06e5" member_type: VOTER last_known_addr { host: "127.0.107.193" port: 33413 } } peers { permanent_uuid: "96c5f03defd24be682a496e718e4df15" member_type: VOTER last_known_addr { host: "127.0.107.194" port: 35627 } } peers { permanent_uuid: "3a6927a343a34b199612e7bad6e60149" member_type: VOTER last_known_addr { host: "127.0.107.195" port: 35989 } }
I20260710 13:17:26.666630  1530 tablet_service.cc:1917] Received RequestConsensusVote() RPC: tablet_id: "d3cc64923a7946fbb3b4b61cb188d78f" candidate_uuid: "96c5f03defd24be682a496e718e4df15" candidate_term: 1 candidate_status { last_received { term: 0 index: 0 } } ignore_live_leader: false dest_uuid: "e428e39860244141a52c16026d2f06e5" is_pre_election: true
I20260710 13:17:26.658288  1770 raft_consensus.cc:2749] T 683d5b9dcd634a5d95d8adb78de1ac4c P 3a6927a343a34b199612e7bad6e60149 [term 1 FOLLOWER]: Leader pre-election lost for term 1. Reason: could not achieve majority
I20260710 13:17:26.676931  1760 raft_consensus.cc:515] T ac5ed555312b4136bd70a9fa55be95dd P e428e39860244141a52c16026d2f06e5 [term 1 FOLLOWER]: Starting leader election with config: opid_index: -1 OBSOLETE_local: false peers { permanent_uuid: "e428e39860244141a52c16026d2f06e5" member_type: VOTER last_known_addr { host: "127.0.107.193" port: 33413 } } peers { permanent_uuid: "96c5f03defd24be682a496e718e4df15" member_type: VOTER last_known_addr { host: "127.0.107.194" port: 35627 } } peers { permanent_uuid: "3a6927a343a34b199612e7bad6e60149" member_type: VOTER last_known_addr { host: "127.0.107.195" port: 35989 } }
I20260710 13:17:26.679811  1760 leader_election.cc:290] T ac5ed555312b4136bd70a9fa55be95dd P e428e39860244141a52c16026d2f06e5 [CANDIDATE]: Term 1 election: Requested vote from peers 96c5f03defd24be682a496e718e4df15 (127.0.107.194:35627), 3a6927a343a34b199612e7bad6e60149 (127.0.107.195:35989)
I20260710 13:17:26.681427  1680 tablet_service.cc:1917] Received RequestConsensusVote() RPC: tablet_id: "ac5ed555312b4136bd70a9fa55be95dd" candidate_uuid: "e428e39860244141a52c16026d2f06e5" candidate_term: 1 candidate_status { last_received { term: 0 index: 0 } } ignore_live_leader: false dest_uuid: "3a6927a343a34b199612e7bad6e60149"
I20260710 13:17:26.682252  1680 raft_consensus.cc:3060] T ac5ed555312b4136bd70a9fa55be95dd P 3a6927a343a34b199612e7bad6e60149 [term 0 FOLLOWER]: Advancing to term 1
I20260710 13:17:26.693017  1607 tablet_service.cc:1917] Received RequestConsensusVote() RPC: tablet_id: "ac5ed555312b4136bd70a9fa55be95dd" candidate_uuid: "e428e39860244141a52c16026d2f06e5" candidate_term: 1 candidate_status { last_received { term: 0 index: 0 } } ignore_live_leader: false dest_uuid: "96c5f03defd24be682a496e718e4df15"
I20260710 13:17:26.693862  1607 raft_consensus.cc:3060] T ac5ed555312b4136bd70a9fa55be95dd P 96c5f03defd24be682a496e718e4df15 [term 0 FOLLOWER]: Advancing to term 1
W20260710 13:17:26.674207  1571 leader_election.cc:343] T d3cc64923a7946fbb3b4b61cb188d78f P 96c5f03defd24be682a496e718e4df15 [CANDIDATE]: Term 1 pre-election: Tablet error from VoteRequest() call to peer e428e39860244141a52c16026d2f06e5 (127.0.107.193:33413): Illegal state: must be running to vote when last-logged opid is not known
I20260710 13:17:26.672314  1756 leader_election.cc:290] T d3cc64923a7946fbb3b4b61cb188d78f P 96c5f03defd24be682a496e718e4df15 [CANDIDATE]: Term 1 pre-election: Requested pre-vote from peers e428e39860244141a52c16026d2f06e5 (127.0.107.193:33413), 3a6927a343a34b199612e7bad6e60149 (127.0.107.195:35989)
I20260710 13:17:26.703177  1721 tablet_bootstrap.cc:492] T d3cc64923a7946fbb3b4b61cb188d78f P 3a6927a343a34b199612e7bad6e60149: No bootstrap required, opened a new log
I20260710 13:17:26.707770  1721 ts_tablet_manager.cc:1403] T d3cc64923a7946fbb3b4b61cb188d78f P 3a6927a343a34b199612e7bad6e60149: Time spent bootstrapping tablet: real 0.110s	user 0.035s	sys 0.042s
W20260710 13:17:26.709318  1645 outbound_call.cc:321] RPC callback for RPC call kudu.consensus.ConsensusService.RequestConsensusVote -> {remote=127.0.107.193:33413, user_credentials={real_user=slave}} blocked reactor thread for 83711.2us
I20260710 13:17:26.707532  1773 consensus_queue.cc:1048] T 7bc6bae9021c483aae3a3395763a6e7b P 96c5f03defd24be682a496e718e4df15 [LEADER]: Connected to new peer: Peer: permanent_uuid: "e428e39860244141a52c16026d2f06e5" member_type: VOTER last_known_addr { host: "127.0.107.193" port: 33413 }, Status: LMP_MISMATCH, Last received: 0.0, Next index: 1, Last known committed idx: 0, Time since last communication: 0.004s
I20260710 13:17:26.690847  1752 raft_consensus.cc:2749] T 6ddca0729f604940a1ea982ef31084e4 P 96c5f03defd24be682a496e718e4df15 [term 1 FOLLOWER]: Leader pre-election lost for term 1. Reason: could not achieve majority
I20260710 13:17:26.718044  1680 raft_consensus.cc:2468] T ac5ed555312b4136bd70a9fa55be95dd P 3a6927a343a34b199612e7bad6e60149 [term 1 FOLLOWER]: Leader election vote request: Granting yes vote for candidate e428e39860244141a52c16026d2f06e5 in term 1.
I20260710 13:17:26.719556  1498 leader_election.cc:304] T ac5ed555312b4136bd70a9fa55be95dd P e428e39860244141a52c16026d2f06e5 [CANDIDATE]: Term 1 election: Election decided. Result: candidate won. Election summary: received 2 responses out of 3 voters: 2 yes votes; 0 no votes. yes voters: 3a6927a343a34b199612e7bad6e60149, e428e39860244141a52c16026d2f06e5; no voters: 
I20260710 13:17:26.720726  1760 raft_consensus.cc:2804] T ac5ed555312b4136bd70a9fa55be95dd P e428e39860244141a52c16026d2f06e5 [term 1 FOLLOWER]: Leader election won for term 1
I20260710 13:17:26.721378  1760 raft_consensus.cc:697] T ac5ed555312b4136bd70a9fa55be95dd P e428e39860244141a52c16026d2f06e5 [term 1 LEADER]: Becoming Leader. State: Replica: e428e39860244141a52c16026d2f06e5, State: Running, Role: LEADER
I20260710 13:17:26.727170  1606 tablet_service.cc:1917] Received RequestConsensusVote() RPC: tablet_id: "03d9bbf535f94976b4a9de49e85cc24d" candidate_uuid: "3a6927a343a34b199612e7bad6e60149" candidate_term: 1 candidate_status { last_received { term: 0 index: 0 } } ignore_live_leader: false dest_uuid: "96c5f03defd24be682a496e718e4df15"
I20260710 13:17:26.727213  1760 consensus_queue.cc:237] T ac5ed555312b4136bd70a9fa55be95dd P e428e39860244141a52c16026d2f06e5 [LEADER]: Queue going to LEADER mode. State: All replicated index: 0, Majority replicated index: 0, Committed index: 0, Last appended: 0.0, Last appended by leader: 0, Current term: 1, Majority size: 2, State: 0, Mode: LEADER, active raft config: opid_index: -1 OBSOLETE_local: false peers { permanent_uuid: "e428e39860244141a52c16026d2f06e5" member_type: VOTER last_known_addr { host: "127.0.107.193" port: 33413 } } peers { permanent_uuid: "96c5f03defd24be682a496e718e4df15" member_type: VOTER last_known_addr { host: "127.0.107.194" port: 35627 } } peers { permanent_uuid: "3a6927a343a34b199612e7bad6e60149" member_type: VOTER last_known_addr { host: "127.0.107.195" port: 35989 } }
I20260710 13:17:26.728047  1606 raft_consensus.cc:3060] T 03d9bbf535f94976b4a9de49e85cc24d P 96c5f03defd24be682a496e718e4df15 [term 0 FOLLOWER]: Advancing to term 1
I20260710 13:17:26.729038  1752 consensus_queue.cc:1048] T 1e0dd906468e4b768d73c4a40f134bbb P 96c5f03defd24be682a496e718e4df15 [LEADER]: Connected to new peer: Peer: permanent_uuid: "e428e39860244141a52c16026d2f06e5" member_type: VOTER last_known_addr { host: "127.0.107.193" port: 33413 }, Status: LMP_MISMATCH, Last received: 0.0, Next index: 1, Last known committed idx: 0, Time since last communication: 0.001s
I20260710 13:17:26.731413  1532 tablet_service.cc:1917] Received RequestConsensusVote() RPC: tablet_id: "03d9bbf535f94976b4a9de49e85cc24d" candidate_uuid: "3a6927a343a34b199612e7bad6e60149" candidate_term: 1 candidate_status { last_received { term: 0 index: 0 } } ignore_live_leader: false dest_uuid: "e428e39860244141a52c16026d2f06e5"
I20260710 13:17:26.731985  1532 raft_consensus.cc:3060] T 03d9bbf535f94976b4a9de49e85cc24d P e428e39860244141a52c16026d2f06e5 [term 0 FOLLOWER]: Advancing to term 1
I20260710 13:17:26.720513  1429 catalog_manager.cc:5697] T f71bf67f4d9543d6b72dba4eabb13992 P 96c5f03defd24be682a496e718e4df15 reported cstate change: term changed from 0 to 1, leader changed from <none> to 96c5f03defd24be682a496e718e4df15 (127.0.107.194). New cstate: current_term: 1 leader_uuid: "96c5f03defd24be682a496e718e4df15" committed_config { opid_index: -1 OBSOLETE_local: false peers { permanent_uuid: "e428e39860244141a52c16026d2f06e5" member_type: VOTER last_known_addr { host: "127.0.107.193" port: 33413 } health_report { overall_health: UNKNOWN } } peers { permanent_uuid: "96c5f03defd24be682a496e718e4df15" member_type: VOTER last_known_addr { host: "127.0.107.194" port: 35627 } health_report { overall_health: HEALTHY } } peers { permanent_uuid: "3a6927a343a34b199612e7bad6e60149" member_type: VOTER last_known_addr { host: "127.0.107.195" port: 35989 } health_report { overall_health: UNKNOWN } } }
W20260710 13:17:26.782991  1573 leader_election.cc:343] T 5c56ef89cb204e6f950a3b526780980b P 96c5f03defd24be682a496e718e4df15 [CANDIDATE]: Term 1 pre-election: Tablet error from VoteRequest() call to peer 3a6927a343a34b199612e7bad6e60149 (127.0.107.195:35989): Illegal state: must be running to vote when last-logged opid is not known
I20260710 13:17:26.782378  1725 consensus_queue.cc:1048] T 683d5b9dcd634a5d95d8adb78de1ac4c P 96c5f03defd24be682a496e718e4df15 [LEADER]: Connected to new peer: Peer: permanent_uuid: "e428e39860244141a52c16026d2f06e5" member_type: VOTER last_known_addr { host: "127.0.107.193" port: 33413 }, Status: LMP_MISMATCH, Last received: 0.0, Next index: 1, Last known committed idx: 0, Time since last communication: 0.002s
