I20260710 13:17:05.639222   806 consensus_queue.cc:237] T e5727772093c466d8dc217798607a7a5 P cc728a1188134b51bf132abca672325f [LEADER]: Queue going to LEADER mode. State: All replicated index: 0, Majority replicated index: 1, Committed index: 1, Last appended: 1.1, Last appended by leader: 1, Current term: 2, Majority size: 2, State: 0, Mode: LEADER, active raft config: opid_index: -1 OBSOLETE_local: false peers { permanent_uuid: "ea914d2b0c5344d9976a7cab931032e6" member_type: VOTER last_known_addr { host: "127.0.107.193" port: 33817 } } peers { permanent_uuid: "cc728a1188134b51bf132abca672325f" member_type: VOTER last_known_addr { host: "127.0.107.194" port: 38211 } } peers { permanent_uuid: "6ab3ec272da944d29ba6743d83ba1b00" member_type: VOTER last_known_addr { host: "127.0.107.195" port: 41839 } }
I20260710 13:17:05.639730   566 raft_consensus.cc:2468] T e5727772093c466d8dc217798607a7a5 P ea914d2b0c5344d9976a7cab931032e6 [term 2 FOLLOWER]: Leader election vote request: Granting yes vote for candidate cc728a1188134b51bf132abca672325f in term 2.
I20260710 13:17:05.646370   463 catalog_manager.cc:5697] T e5727772093c466d8dc217798607a7a5 P cc728a1188134b51bf132abca672325f reported cstate change: term changed from 1 to 2, leader changed from ea914d2b0c5344d9976a7cab931032e6 (127.0.107.193) to cc728a1188134b51bf132abca672325f (127.0.107.194). New cstate: current_term: 2 leader_uuid: "cc728a1188134b51bf132abca672325f" committed_config { opid_index: -1 OBSOLETE_local: false peers { permanent_uuid: "ea914d2b0c5344d9976a7cab931032e6" member_type: VOTER last_known_addr { host: "127.0.107.193" port: 33817 } health_report { overall_health: UNKNOWN } } peers { permanent_uuid: "cc728a1188134b51bf132abca672325f" member_type: VOTER last_known_addr { host: "127.0.107.194" port: 38211 } health_report { overall_health: HEALTHY } } peers { permanent_uuid: "6ab3ec272da944d29ba6743d83ba1b00" member_type: VOTER last_known_addr { host: "127.0.107.195" port: 41839 } health_report { overall_health: UNKNOWN } } }
I20260710 13:17:05.799463   764 raft_consensus.cc:993] T c2ee6f83ea2d41d2a04754b4fab644dd P cc728a1188134b51bf132abca672325f: : Instructing follower 6ab3ec272da944d29ba6743d83ba1b00 to start an election
I20260710 13:17:05.799952   806 raft_consensus.cc:1081] T c2ee6f83ea2d41d2a04754b4fab644dd P cc728a1188134b51bf132abca672325f [term 1 LEADER]: Signalling peer 6ab3ec272da944d29ba6743d83ba1b00 to start an election
I20260710 13:17:05.801523   713 tablet_service.cc:2044] Received Run Leader Election RPC: tablet_id: "c2ee6f83ea2d41d2a04754b4fab644dd"
dest_uuid: "6ab3ec272da944d29ba6743d83ba1b00"
 from {username='slave'} at 127.0.0.1:33290
I20260710 13:17:05.802016   713 raft_consensus.cc:493] T c2ee6f83ea2d41d2a04754b4fab644dd P 6ab3ec272da944d29ba6743d83ba1b00 [term 1 FOLLOWER]: Starting forced leader election (received explicit request)
I20260710 13:17:05.802359   713 raft_consensus.cc:3060] T c2ee6f83ea2d41d2a04754b4fab644dd P 6ab3ec272da944d29ba6743d83ba1b00 [term 1 FOLLOWER]: Advancing to term 2
I20260710 13:17:05.806998   713 raft_consensus.cc:515] T c2ee6f83ea2d41d2a04754b4fab644dd P 6ab3ec272da944d29ba6743d83ba1b00 [term 2 FOLLOWER]: Starting forced leader election with config: opid_index: -1 OBSOLETE_local: false peers { permanent_uuid: "ea914d2b0c5344d9976a7cab931032e6" member_type: VOTER last_known_addr { host: "127.0.107.193" port: 33817 } } peers { permanent_uuid: "cc728a1188134b51bf132abca672325f" member_type: VOTER last_known_addr { host: "127.0.107.194" port: 38211 } } peers { permanent_uuid: "6ab3ec272da944d29ba6743d83ba1b00" member_type: VOTER last_known_addr { host: "127.0.107.195" port: 41839 } }
I20260710 13:17:05.809280   713 leader_election.cc:290] T c2ee6f83ea2d41d2a04754b4fab644dd P 6ab3ec272da944d29ba6743d83ba1b00 [CANDIDATE]: Term 2 election: Requested vote from peers ea914d2b0c5344d9976a7cab931032e6 (127.0.107.193:33817), cc728a1188134b51bf132abca672325f (127.0.107.194:38211)
I20260710 13:17:05.810424   640 tablet_service.cc:1917] Received RequestConsensusVote() RPC: tablet_id: "c2ee6f83ea2d41d2a04754b4fab644dd" candidate_uuid: "6ab3ec272da944d29ba6743d83ba1b00" candidate_term: 2 candidate_status { last_received { term: 1 index: 1 } } ignore_live_leader: true dest_uuid: "cc728a1188134b51bf132abca672325f"
I20260710 13:17:05.810005   566 tablet_service.cc:1917] Received RequestConsensusVote() RPC: tablet_id: "c2ee6f83ea2d41d2a04754b4fab644dd" candidate_uuid: "6ab3ec272da944d29ba6743d83ba1b00" candidate_term: 2 candidate_status { last_received { term: 1 index: 1 } } ignore_live_leader: true dest_uuid: "ea914d2b0c5344d9976a7cab931032e6"
I20260710 13:17:05.811007   640 raft_consensus.cc:3055] T c2ee6f83ea2d41d2a04754b4fab644dd P cc728a1188134b51bf132abca672325f [term 1 LEADER]: Stepping down as leader of term 1
I20260710 13:17:05.811265   566 raft_consensus.cc:3060] T c2ee6f83ea2d41d2a04754b4fab644dd P ea914d2b0c5344d9976a7cab931032e6 [term 1 FOLLOWER]: Advancing to term 2
I20260710 13:17:05.811378   640 raft_consensus.cc:740] T c2ee6f83ea2d41d2a04754b4fab644dd P cc728a1188134b51bf132abca672325f [term 1 LEADER]: Becoming Follower/Learner. State: Replica: cc728a1188134b51bf132abca672325f, State: Running, Role: LEADER
I20260710 13:17:05.812350   640 consensus_queue.cc:260] T c2ee6f83ea2d41d2a04754b4fab644dd P cc728a1188134b51bf132abca672325f [NON_LEADER]: Queue going to NON_LEADER mode. State: All replicated index: 0, Majority replicated index: 1, Committed index: 1, Last appended: 1.1, Last appended by leader: 1, Current term: 1, Majority size: -1, State: 0, Mode: NON_LEADER, active raft config: opid_index: -1 OBSOLETE_local: false peers { permanent_uuid: "ea914d2b0c5344d9976a7cab931032e6" member_type: VOTER last_known_addr { host: "127.0.107.193" port: 33817 } } peers { permanent_uuid: "cc728a1188134b51bf132abca672325f" member_type: VOTER last_known_addr { host: "127.0.107.194" port: 38211 } } peers { permanent_uuid: "6ab3ec272da944d29ba6743d83ba1b00" member_type: VOTER last_known_addr { host: "127.0.107.195" port: 41839 } }
I20260710 13:17:05.813617   640 raft_consensus.cc:3060] T c2ee6f83ea2d41d2a04754b4fab644dd P cc728a1188134b51bf132abca672325f [term 1 FOLLOWER]: Advancing to term 2
I20260710 13:17:05.819244   566 raft_consensus.cc:2468] T c2ee6f83ea2d41d2a04754b4fab644dd P ea914d2b0c5344d9976a7cab931032e6 [term 2 FOLLOWER]: Leader election vote request: Granting yes vote for candidate 6ab3ec272da944d29ba6743d83ba1b00 in term 2.
I20260710 13:17:05.820621   678 leader_election.cc:304] T c2ee6f83ea2d41d2a04754b4fab644dd P 6ab3ec272da944d29ba6743d83ba1b00 [CANDIDATE]: Term 2 election: Election decided. Result: candidate won. Election summary: received 2 responses out of 3 voters: 2 yes votes; 0 no votes. yes voters: 6ab3ec272da944d29ba6743d83ba1b00, ea914d2b0c5344d9976a7cab931032e6; no voters: 
I20260710 13:17:05.820621   640 raft_consensus.cc:2468] T c2ee6f83ea2d41d2a04754b4fab644dd P cc728a1188134b51bf132abca672325f [term 2 FOLLOWER]: Leader election vote request: Granting yes vote for candidate 6ab3ec272da944d29ba6743d83ba1b00 in term 2.
I20260710 13:17:05.821600   839 raft_consensus.cc:2804] T c2ee6f83ea2d41d2a04754b4fab644dd P 6ab3ec272da944d29ba6743d83ba1b00 [term 2 FOLLOWER]: Leader election won for term 2
I20260710 13:17:05.822057   839 raft_consensus.cc:697] T c2ee6f83ea2d41d2a04754b4fab644dd P 6ab3ec272da944d29ba6743d83ba1b00 [term 2 LEADER]: Becoming Leader. State: Replica: 6ab3ec272da944d29ba6743d83ba1b00, State: Running, Role: LEADER
I20260710 13:17:05.822717   839 consensus_queue.cc:237] T c2ee6f83ea2d41d2a04754b4fab644dd P 6ab3ec272da944d29ba6743d83ba1b00 [LEADER]: Queue going to LEADER mode. State: All replicated index: 0, Majority replicated index: 1, Committed index: 1, Last appended: 1.1, Last appended by leader: 1, Current term: 2, Majority size: 2, State: 0, Mode: LEADER, active raft config: opid_index: -1 OBSOLETE_local: false peers { permanent_uuid: "ea914d2b0c5344d9976a7cab931032e6" member_type: VOTER last_known_addr { host: "127.0.107.193" port: 33817 } } peers { permanent_uuid: "cc728a1188134b51bf132abca672325f" member_type: VOTER last_known_addr { host: "127.0.107.194" port: 38211 } } peers { permanent_uuid: "6ab3ec272da944d29ba6743d83ba1b00" member_type: VOTER last_known_addr { host: "127.0.107.195" port: 41839 } }
I20260710 13:17:05.829461   463 catalog_manager.cc:5697] T c2ee6f83ea2d41d2a04754b4fab644dd P 6ab3ec272da944d29ba6743d83ba1b00 reported cstate change: term changed from 1 to 2, leader changed from cc728a1188134b51bf132abca672325f (127.0.107.194) to 6ab3ec272da944d29ba6743d83ba1b00 (127.0.107.195). New cstate: current_term: 2 leader_uuid: "6ab3ec272da944d29ba6743d83ba1b00" committed_config { opid_index: -1 OBSOLETE_local: false peers { permanent_uuid: "ea914d2b0c5344d9976a7cab931032e6" member_type: VOTER last_known_addr { host: "127.0.107.193" port: 33817 } health_report { overall_health: UNKNOWN } } peers { permanent_uuid: "cc728a1188134b51bf132abca672325f" member_type: VOTER last_known_addr { host: "127.0.107.194" port: 38211 } health_report { overall_health: UNKNOWN } } peers { permanent_uuid: "6ab3ec272da944d29ba6743d83ba1b00" member_type: VOTER last_known_addr { host: "127.0.107.195" port: 41839 } health_report { overall_health: HEALTHY } } }
I20260710 13:17:05.842724   766 raft_consensus.cc:993] T 1336c23579bd4f1596df9cceee4f2c00 P ea914d2b0c5344d9976a7cab931032e6: : Instructing follower cc728a1188134b51bf132abca672325f to start an election
I20260710 13:17:05.843151   790 raft_consensus.cc:1081] T 1336c23579bd4f1596df9cceee4f2c00 P ea914d2b0c5344d9976a7cab931032e6 [term 1 LEADER]: Signalling peer cc728a1188134b51bf132abca672325f to start an election
I20260710 13:17:05.844645   640 tablet_service.cc:2044] Received Run Leader Election RPC: tablet_id: "1336c23579bd4f1596df9cceee4f2c00"
dest_uuid: "cc728a1188134b51bf132abca672325f"
 from {username='slave'} at 127.0.0.1:46594
I20260710 13:17:05.845106   640 raft_consensus.cc:493] T 1336c23579bd4f1596df9cceee4f2c00 P cc728a1188134b51bf132abca672325f [term 1 FOLLOWER]: Starting forced leader election (received explicit request)
I20260710 13:17:05.845427   640 raft_consensus.cc:3060] T 1336c23579bd4f1596df9cceee4f2c00 P cc728a1188134b51bf132abca672325f [term 1 FOLLOWER]: Advancing to term 2
I20260710 13:17:05.847986   713 raft_consensus.cc:1275] T 7cb1085edab24bed81290daa633185d1 P 6ab3ec272da944d29ba6743d83ba1b00 [term 2 FOLLOWER]: Refusing update from remote peer ea914d2b0c5344d9976a7cab931032e6: Log matching property violated. Preceding OpId in replica: term: 1 index: 1. Preceding OpId from leader: term: 2 index: 2. (index mismatch)
I20260710 13:17:05.849232   790 consensus_queue.cc:1048] T 7cb1085edab24bed81290daa633185d1 P ea914d2b0c5344d9976a7cab931032e6 [LEADER]: Connected to new peer: Peer: permanent_uuid: "6ab3ec272da944d29ba6743d83ba1b00" member_type: VOTER last_known_addr { host: "127.0.107.195" port: 41839 }, Status: LMP_MISMATCH, Last received: 0.0, Next index: 2, Last known committed idx: 1, Time since last communication: 0.000s
I20260710 13:17:05.851827   640 raft_consensus.cc:515] T 1336c23579bd4f1596df9cceee4f2c00 P cc728a1188134b51bf132abca672325f [term 2 FOLLOWER]: Starting forced leader election with config: opid_index: -1 OBSOLETE_local: false peers { permanent_uuid: "ea914d2b0c5344d9976a7cab931032e6" member_type: VOTER last_known_addr { host: "127.0.107.193" port: 33817 } } peers { permanent_uuid: "cc728a1188134b51bf132abca672325f" member_type: VOTER last_known_addr { host: "127.0.107.194" port: 38211 } } peers { permanent_uuid: "6ab3ec272da944d29ba6743d83ba1b00" member_type: VOTER last_known_addr { host: "127.0.107.195" port: 41839 } }
I20260710 13:17:05.856292   566 tablet_service.cc:1917] Received RequestConsensusVote() RPC: tablet_id: "1336c23579bd4f1596df9cceee4f2c00" candidate_uuid: "cc728a1188134b51bf132abca672325f" candidate_term: 2 candidate_status { last_received { term: 1 index: 1 } } ignore_live_leader: true dest_uuid: "ea914d2b0c5344d9976a7cab931032e6"
I20260710 13:17:05.856454   713 tablet_service.cc:1917] Received RequestConsensusVote() RPC: tablet_id: "1336c23579bd4f1596df9cceee4f2c00" candidate_uuid: "cc728a1188134b51bf132abca672325f" candidate_term: 2 candidate_status { last_received { term: 1 index: 1 } } ignore_live_leader: true dest_uuid: "6ab3ec272da944d29ba6743d83ba1b00"
I20260710 13:17:05.857084   713 raft_consensus.cc:3060] T 1336c23579bd4f1596df9cceee4f2c00 P 6ab3ec272da944d29ba6743d83ba1b00 [term 1 FOLLOWER]: Advancing to term 2
I20260710 13:17:05.857033   566 raft_consensus.cc:3055] T 1336c23579bd4f1596df9cceee4f2c00 P ea914d2b0c5344d9976a7cab931032e6 [term 1 LEADER]: Stepping down as leader of term 1
I20260710 13:17:05.858528   566 raft_consensus.cc:740] T 1336c23579bd4f1596df9cceee4f2c00 P ea914d2b0c5344d9976a7cab931032e6 [term 1 LEADER]: Becoming Follower/Learner. State: Replica: ea914d2b0c5344d9976a7cab931032e6, State: Running, Role: LEADER
I20260710 13:17:05.859311   641 raft_consensus.cc:1275] T 7cb1085edab24bed81290daa633185d1 P cc728a1188134b51bf132abca672325f [term 2 FOLLOWER]: Refusing update from remote peer ea914d2b0c5344d9976a7cab931032e6: Log matching property violated. Preceding OpId in replica: term: 1 index: 1. Preceding OpId from leader: term: 2 index: 2. (index mismatch)
I20260710 13:17:05.859429   566 consensus_queue.cc:260] T 1336c23579bd4f1596df9cceee4f2c00 P ea914d2b0c5344d9976a7cab931032e6 [NON_LEADER]: Queue going to NON_LEADER mode. State: All replicated index: 0, Majority replicated index: 1, Committed index: 1, Last appended: 1.1, Last appended by leader: 1, Current term: 1, Majority size: -1, State: 0, Mode: NON_LEADER, active raft config: opid_index: -1 OBSOLETE_local: false peers { permanent_uuid: "ea914d2b0c5344d9976a7cab931032e6" member_type: VOTER last_known_addr { host: "127.0.107.193" port: 33817 } } peers { permanent_uuid: "cc728a1188134b51bf132abca672325f" member_type: VOTER last_known_addr { host: "127.0.107.194" port: 38211 } } peers { permanent_uuid: "6ab3ec272da944d29ba6743d83ba1b00" member_type: VOTER last_known_addr { host: "127.0.107.195" port: 41839 } }
I20260710 13:17:05.860713   640 leader_election.cc:290] T 1336c23579bd4f1596df9cceee4f2c00 P cc728a1188134b51bf132abca672325f [CANDIDATE]: Term 2 election: Requested vote from peers ea914d2b0c5344d9976a7cab931032e6 (127.0.107.193:33817), 6ab3ec272da944d29ba6743d83ba1b00 (127.0.107.195:41839)
I20260710 13:17:05.864518   790 consensus_queue.cc:1048] T 7cb1085edab24bed81290daa633185d1 P ea914d2b0c5344d9976a7cab931032e6 [LEADER]: Connected to new peer: Peer: permanent_uuid: "cc728a1188134b51bf132abca672325f" member_type: VOTER last_known_addr { host: "127.0.107.194" port: 38211 }, Status: LMP_MISMATCH, Last received: 0.0, Next index: 2, Last known committed idx: 1, Time since last communication: 0.000s
I20260710 13:17:05.867121   713 raft_consensus.cc:2468] T 1336c23579bd4f1596df9cceee4f2c00 P 6ab3ec272da944d29ba6743d83ba1b00 [term 2 FOLLOWER]: Leader election vote request: Granting yes vote for candidate cc728a1188134b51bf132abca672325f in term 2.
I20260710 13:17:05.868299   607 leader_election.cc:304] T 1336c23579bd4f1596df9cceee4f2c00 P cc728a1188134b51bf132abca672325f [CANDIDATE]: Term 2 election: Election decided. Result: candidate won. Election summary: received 2 responses out of 3 voters: 2 yes votes; 0 no votes. yes voters: 6ab3ec272da944d29ba6743d83ba1b00, cc728a1188134b51bf132abca672325f; no voters: 
I20260710 13:17:05.869663   809 raft_consensus.cc:2804] T 1336c23579bd4f1596df9cceee4f2c00 P cc728a1188134b51bf132abca672325f [term 2 FOLLOWER]: Leader election won for term 2
I20260710 13:17:05.870105   809 raft_consensus.cc:697] T 1336c23579bd4f1596df9cceee4f2c00 P cc728a1188134b51bf132abca672325f [term 2 LEADER]: Becoming Leader. State: Replica: cc728a1188134b51bf132abca672325f, State: Running, Role: LEADER
I20260710 13:17:05.870906   809 consensus_queue.cc:237] T 1336c23579bd4f1596df9cceee4f2c00 P cc728a1188134b51bf132abca672325f [LEADER]: Queue going to LEADER mode. State: All replicated index: 0, Majority replicated index: 1, Committed index: 1, Last appended: 1.1, Last appended by leader: 1, Current term: 2, Majority size: 2, State: 0, Mode: LEADER, active raft config: opid_index: -1 OBSOLETE_local: false peers { permanent_uuid: "ea914d2b0c5344d9976a7cab931032e6" member_type: VOTER last_known_addr { host: "127.0.107.193" port: 33817 } } peers { permanent_uuid: "cc728a1188134b51bf132abca672325f" member_type: VOTER last_known_addr { host: "127.0.107.194" port: 38211 } } peers { permanent_uuid: "6ab3ec272da944d29ba6743d83ba1b00" member_type: VOTER last_known_addr { host: "127.0.107.195" port: 41839 } }
I20260710 13:17:05.860625   566 raft_consensus.cc:3060] T 1336c23579bd4f1596df9cceee4f2c00 P ea914d2b0c5344d9976a7cab931032e6 [term 1 FOLLOWER]: Advancing to term 2
I20260710 13:17:05.880856   566 raft_consensus.cc:2468] T 1336c23579bd4f1596df9cceee4f2c00 P ea914d2b0c5344d9976a7cab931032e6 [term 2 FOLLOWER]: Leader election vote request: Granting yes vote for candidate cc728a1188134b51bf132abca672325f in term 2.
I20260710 13:17:05.885505   460 catalog_manager.cc:5697] T 1336c23579bd4f1596df9cceee4f2c00 P cc728a1188134b51bf132abca672325f reported cstate change: term changed from 1 to 2, leader changed from ea914d2b0c5344d9976a7cab931032e6 (127.0.107.193) to cc728a1188134b51bf132abca672325f (127.0.107.194). New cstate: current_term: 2 leader_uuid: "cc728a1188134b51bf132abca672325f" committed_config { opid_index: -1 OBSOLETE_local: false peers { permanent_uuid: "ea914d2b0c5344d9976a7cab931032e6" member_type: VOTER last_known_addr { host: "127.0.107.193" port: 33817 } health_report { overall_health: UNKNOWN } } peers { permanent_uuid: "cc728a1188134b51bf132abca672325f" member_type: VOTER last_known_addr { host: "127.0.107.194" port: 38211 } health_report { overall_health: HEALTHY } } peers { permanent_uuid: "6ab3ec272da944d29ba6743d83ba1b00" member_type: VOTER last_known_addr { host: "127.0.107.195" port: 41839 } health_report { overall_health: UNKNOWN } } }
I20260710 13:17:05.893595   806 raft_consensus.cc:993] T e9fca6802871409da11980e0a2745984 P cc728a1188134b51bf132abca672325f: : Instructing follower ea914d2b0c5344d9976a7cab931032e6 to start an election
I20260710 13:17:05.894017   806 raft_consensus.cc:1081] T e9fca6802871409da11980e0a2745984 P cc728a1188134b51bf132abca672325f [term 1 LEADER]: Signalling peer ea914d2b0c5344d9976a7cab931032e6 to start an election
I20260710 13:17:05.895767   566 tablet_service.cc:2044] Received Run Leader Election RPC: tablet_id: "e9fca6802871409da11980e0a2745984"
dest_uuid: "ea914d2b0c5344d9976a7cab931032e6"
 from {username='slave'} at 127.0.0.1:53962
I20260710 13:17:05.896250   566 raft_consensus.cc:493] T e9fca6802871409da11980e0a2745984 P ea914d2b0c5344d9976a7cab931032e6 [term 1 FOLLOWER]: Starting forced leader election (received explicit request)
I20260710 13:17:05.896592   566 raft_consensus.cc:3060] T e9fca6802871409da11980e0a2745984 P ea914d2b0c5344d9976a7cab931032e6 [term 1 FOLLOWER]: Advancing to term 2
I20260710 13:17:05.901010   566 raft_consensus.cc:515] T e9fca6802871409da11980e0a2745984 P ea914d2b0c5344d9976a7cab931032e6 [term 2 FOLLOWER]: Starting forced leader election with config: opid_index: -1 OBSOLETE_local: false peers { permanent_uuid: "ea914d2b0c5344d9976a7cab931032e6" member_type: VOTER last_known_addr { host: "127.0.107.193" port: 33817 } } peers { permanent_uuid: "cc728a1188134b51bf132abca672325f" member_type: VOTER last_known_addr { host: "127.0.107.194" port: 38211 } } peers { permanent_uuid: "6ab3ec272da944d29ba6743d83ba1b00" member_type: VOTER last_known_addr { host: "127.0.107.195" port: 41839 } }
I20260710 13:17:05.903152   566 leader_election.cc:290] T e9fca6802871409da11980e0a2745984 P ea914d2b0c5344d9976a7cab931032e6 [CANDIDATE]: Term 2 election: Requested vote from peers cc728a1188134b51bf132abca672325f (127.0.107.194:38211), 6ab3ec272da944d29ba6743d83ba1b00 (127.0.107.195:41839)
I20260710 13:17:05.903496   640 tablet_service.cc:1917] Received RequestConsensusVote() RPC: tablet_id: "e9fca6802871409da11980e0a2745984" candidate_uuid: "ea914d2b0c5344d9976a7cab931032e6" candidate_term: 2 candidate_status { last_received { term: 1 index: 1 } } ignore_live_leader: true dest_uuid: "cc728a1188134b51bf132abca672325f"
I20260710 13:17:05.903806   713 tablet_service.cc:1917] Received RequestConsensusVote() RPC: tablet_id: "e9fca6802871409da11980e0a2745984" candidate_uuid: "ea914d2b0c5344d9976a7cab931032e6" candidate_term: 2 candidate_status { last_received { term: 1 index: 1 } } ignore_live_leader: true dest_uuid: "6ab3ec272da944d29ba6743d83ba1b00"
I20260710 13:17:05.904222   640 raft_consensus.cc:3055] T e9fca6802871409da11980e0a2745984 P cc728a1188134b51bf132abca672325f [term 1 LEADER]: Stepping down as leader of term 1
I20260710 13:17:05.904477   713 raft_consensus.cc:3060] T e9fca6802871409da11980e0a2745984 P 6ab3ec272da944d29ba6743d83ba1b00 [term 1 FOLLOWER]: Advancing to term 2
I20260710 13:17:05.904716   640 raft_consensus.cc:740] T e9fca6802871409da11980e0a2745984 P cc728a1188134b51bf132abca672325f [term 1 LEADER]: Becoming Follower/Learner. State: Replica: cc728a1188134b51bf132abca672325f, State: Running, Role: LEADER
I20260710 13:17:05.905656   640 consensus_queue.cc:260] T e9fca6802871409da11980e0a2745984 P cc728a1188134b51bf132abca672325f [NON_LEADER]: Queue going to NON_LEADER mode. State: All replicated index: 0, Majority replicated index: 1, Committed index: 1, Last appended: 1.1, Last appended by leader: 1, Current term: 1, Majority size: -1, State: 0, Mode: NON_LEADER, active raft config: opid_index: -1 OBSOLETE_local: false peers { permanent_uuid: "ea914d2b0c5344d9976a7cab931032e6" member_type: VOTER last_known_addr { host: "127.0.107.193" port: 33817 } } peers { permanent_uuid: "cc728a1188134b51bf132abca672325f" member_type: VOTER last_known_addr { host: "127.0.107.194" port: 38211 } } peers { permanent_uuid: "6ab3ec272da944d29ba6743d83ba1b00" member_type: VOTER last_known_addr { host: "127.0.107.195" port: 41839 } }
I20260710 13:17:05.907099   640 raft_consensus.cc:3060] T e9fca6802871409da11980e0a2745984 P cc728a1188134b51bf132abca672325f [term 1 FOLLOWER]: Advancing to term 2
I20260710 13:17:05.912784   713 raft_consensus.cc:2468] T e9fca6802871409da11980e0a2745984 P 6ab3ec272da944d29ba6743d83ba1b00 [term 2 FOLLOWER]: Leader election vote request: Granting yes vote for candidate ea914d2b0c5344d9976a7cab931032e6 in term 2.
I20260710 13:17:05.914114   532 leader_election.cc:304] T e9fca6802871409da11980e0a2745984 P ea914d2b0c5344d9976a7cab931032e6 [CANDIDATE]: Term 2 election: Election decided. Result: candidate won. Election summary: received 2 responses out of 3 voters: 2 yes votes; 0 no votes. yes voters: 6ab3ec272da944d29ba6743d83ba1b00, ea914d2b0c5344d9976a7cab931032e6; no voters: 
I20260710 13:17:05.914824   790 raft_consensus.cc:2804] T e9fca6802871409da11980e0a2745984 P ea914d2b0c5344d9976a7cab931032e6 [term 2 FOLLOWER]: Leader election won for term 2
I20260710 13:17:05.914812   640 raft_consensus.cc:2468] T e9fca6802871409da11980e0a2745984 P cc728a1188134b51bf132abca672325f [term 2 FOLLOWER]: Leader election vote request: Granting yes vote for candidate ea914d2b0c5344d9976a7cab931032e6 in term 2.
I20260710 13:17:05.915462   790 raft_consensus.cc:697] T e9fca6802871409da11980e0a2745984 P ea914d2b0c5344d9976a7cab931032e6 [term 2 LEADER]: Becoming Leader. State: Replica: ea914d2b0c5344d9976a7cab931032e6, State: Running, Role: LEADER
I20260710 13:17:05.916357   790 consensus_queue.cc:237] T e9fca6802871409da11980e0a2745984 P ea914d2b0c5344d9976a7cab931032e6 [LEADER]: Queue going to LEADER mode. State: All replicated index: 0, Majority replicated index: 1, Committed index: 1, Last appended: 1.1, Last appended by leader: 1, Current term: 2, Majority size: 2, State: 0, Mode: LEADER, active raft config: opid_index: -1 OBSOLETE_local: false peers { permanent_uuid: "ea914d2b0c5344d9976a7cab931032e6" member_type: VOTER last_known_addr { host: "127.0.107.193" port: 33817 } } peers { permanent_uuid: "cc728a1188134b51bf132abca672325f" member_type: VOTER last_known_addr { host: "127.0.107.194" port: 38211 } } peers { permanent_uuid: "6ab3ec272da944d29ba6743d83ba1b00" member_type: VOTER last_known_addr { host: "127.0.107.195" port: 41839 } }
I20260710 13:17:05.925006   460 catalog_manager.cc:5697] T e9fca6802871409da11980e0a2745984 P ea914d2b0c5344d9976a7cab931032e6 reported cstate change: term changed from 1 to 2, leader changed from cc728a1188134b51bf132abca672325f (127.0.107.194) to ea914d2b0c5344d9976a7cab931032e6 (127.0.107.193). New cstate: current_term: 2 leader_uuid: "ea914d2b0c5344d9976a7cab931032e6" committed_config { opid_index: -1 OBSOLETE_local: false peers { permanent_uuid: "ea914d2b0c5344d9976a7cab931032e6" member_type: VOTER last_known_addr { host: "127.0.107.193" port: 33817 } health_report { overall_health: HEALTHY } } peers { permanent_uuid: "cc728a1188134b51bf132abca672325f" member_type: VOTER last_known_addr { host: "127.0.107.194" port: 38211 } health_report { overall_health: UNKNOWN } } peers { permanent_uuid: "6ab3ec272da944d29ba6743d83ba1b00" member_type: VOTER last_known_addr { host: "127.0.107.195" port: 41839 } health_report { overall_health: UNKNOWN } } }
I20260710 13:17:05.936100   640 raft_consensus.cc:1275] T 91e33d0d0e4249adbd1dc1c3b59a2446 P cc728a1188134b51bf132abca672325f [term 2 FOLLOWER]: Refusing update from remote peer ea914d2b0c5344d9976a7cab931032e6: Log matching property violated. Preceding OpId in replica: term: 1 index: 1. Preceding OpId from leader: term: 2 index: 2. (index mismatch)
I20260710 13:17:05.937844   790 consensus_queue.cc:1048] T 91e33d0d0e4249adbd1dc1c3b59a2446 P ea914d2b0c5344d9976a7cab931032e6 [LEADER]: Connected to new peer: Peer: permanent_uuid: "cc728a1188134b51bf132abca672325f" member_type: VOTER last_known_addr { host: "127.0.107.194" port: 38211 }, Status: LMP_MISMATCH, Last received: 0.0, Next index: 2, Last known committed idx: 1, Time since last communication: 0.000s
I20260710 13:17:05.946954   713 raft_consensus.cc:1275] T 91e33d0d0e4249adbd1dc1c3b59a2446 P 6ab3ec272da944d29ba6743d83ba1b00 [term 2 FOLLOWER]: Refusing update from remote peer ea914d2b0c5344d9976a7cab931032e6: Log matching property violated. Preceding OpId in replica: term: 1 index: 1. Preceding OpId from leader: term: 2 index: 2. (index mismatch)
I20260710 13:17:05.949448   789 consensus_queue.cc:1048] T 91e33d0d0e4249adbd1dc1c3b59a2446 P ea914d2b0c5344d9976a7cab931032e6 [LEADER]: Connected to new peer: Peer: permanent_uuid: "6ab3ec272da944d29ba6743d83ba1b00" member_type: VOTER last_known_addr { host: "127.0.107.195" port: 41839 }, Status: LMP_MISMATCH, Last received: 0.0, Next index: 2, Last known committed idx: 1, Time since last communication: 0.000s
I20260710 13:17:05.984031   713 raft_consensus.cc:1275] T ac353f2e22ad48d394bfd0cc7be4455e P 6ab3ec272da944d29ba6743d83ba1b00 [term 2 FOLLOWER]: Refusing update from remote peer cc728a1188134b51bf132abca672325f: Log matching property violated. Preceding OpId in replica: term: 1 index: 1. Preceding OpId from leader: term: 2 index: 2. (index mismatch)
I20260710 13:17:05.985288   806 consensus_queue.cc:1048] T ac353f2e22ad48d394bfd0cc7be4455e P cc728a1188134b51bf132abca672325f [LEADER]: Connected to new peer: Peer: permanent_uuid: "6ab3ec272da944d29ba6743d83ba1b00" member_type: VOTER last_known_addr { host: "127.0.107.195" port: 41839 }, Status: LMP_MISMATCH, Last received: 0.0, Next index: 2, Last known committed idx: 1, Time since last communication: 0.000s
I20260710 13:17:05.996521   566 raft_consensus.cc:1275] T ac353f2e22ad48d394bfd0cc7be4455e P ea914d2b0c5344d9976a7cab931032e6 [term 2 FOLLOWER]: Refusing update from remote peer cc728a1188134b51bf132abca672325f: Log matching property violated. Preceding OpId in replica: term: 1 index: 1. Preceding OpId from leader: term: 2 index: 2. (index mismatch)
I20260710 13:17:05.997975   806 consensus_queue.cc:1048] T ac353f2e22ad48d394bfd0cc7be4455e P cc728a1188134b51bf132abca672325f [LEADER]: Connected to new peer: Peer: permanent_uuid: "ea914d2b0c5344d9976a7cab931032e6" member_type: VOTER last_known_addr { host: "127.0.107.193" port: 33817 }, Status: LMP_MISMATCH, Last received: 0.0, Next index: 2, Last known committed idx: 1, Time since last communication: 0.000s
I20260710 13:17:06.047029   713 raft_consensus.cc:1275] T e5727772093c466d8dc217798607a7a5 P 6ab3ec272da944d29ba6743d83ba1b00 [term 2 FOLLOWER]: Refusing update from remote peer cc728a1188134b51bf132abca672325f: Log matching property violated. Preceding OpId in replica: term: 1 index: 1. Preceding OpId from leader: term: 2 index: 2. (index mismatch)
I20260710 13:17:06.048290   806 consensus_queue.cc:1048] T e5727772093c466d8dc217798607a7a5 P cc728a1188134b51bf132abca672325f [LEADER]: Connected to new peer: Peer: permanent_uuid: "6ab3ec272da944d29ba6743d83ba1b00" member_type: VOTER last_known_addr { host: "127.0.107.195" port: 41839 }, Status: LMP_MISMATCH, Last received: 0.0, Next index: 2, Last known committed idx: 1, Time since last communication: 0.000s
I20260710 13:17:06.053802   566 raft_consensus.cc:1275] T e5727772093c466d8dc217798607a7a5 P ea914d2b0c5344d9976a7cab931032e6 [term 2 FOLLOWER]: Refusing update from remote peer cc728a1188134b51bf132abca672325f: Log matching property violated. Preceding OpId in replica: term: 1 index: 1. Preceding OpId from leader: term: 2 index: 2. (index mismatch)
I20260710 13:17:06.055243   764 consensus_queue.cc:1048] T e5727772093c466d8dc217798607a7a5 P cc728a1188134b51bf132abca672325f [LEADER]: Connected to new peer: Peer: permanent_uuid: "ea914d2b0c5344d9976a7cab931032e6" member_type: VOTER last_known_addr { host: "127.0.107.193" port: 33817 }, Status: LMP_MISMATCH, Last received: 0.0, Next index: 2, Last known committed idx: 1, Time since last communication: 0.000s
I20260710 13:17:06.271550   713 raft_consensus.cc:1275] T 1336c23579bd4f1596df9cceee4f2c00 P 6ab3ec272da944d29ba6743d83ba1b00 [term 2 FOLLOWER]: Refusing update from remote peer cc728a1188134b51bf132abca672325f: Log matching property violated. Preceding OpId in replica: term: 1 index: 1. Preceding OpId from leader: term: 2 index: 2. (index mismatch)
I20260710 13:17:06.272881   806 consensus_queue.cc:1048] T 1336c23579bd4f1596df9cceee4f2c00 P cc728a1188134b51bf132abca672325f [LEADER]: Connected to new peer: Peer: permanent_uuid: "6ab3ec272da944d29ba6743d83ba1b00" member_type: VOTER last_known_addr { host: "127.0.107.195" port: 41839 }, Status: LMP_MISMATCH, Last received: 0.0, Next index: 2, Last known committed idx: 1, Time since last communication: 0.000s
I20260710 13:17:06.281003   566 raft_consensus.cc:1275] T 1336c23579bd4f1596df9cceee4f2c00 P ea914d2b0c5344d9976a7cab931032e6 [term 2 FOLLOWER]: Refusing update from remote peer cc728a1188134b51bf132abca672325f: Log matching property violated. Preceding OpId in replica: term: 1 index: 1. Preceding OpId from leader: term: 2 index: 2. (index mismatch)
I20260710 13:17:06.282528   805 consensus_queue.cc:1048] T 1336c23579bd4f1596df9cceee4f2c00 P cc728a1188134b51bf132abca672325f [LEADER]: Connected to new peer: Peer: permanent_uuid: "ea914d2b0c5344d9976a7cab931032e6" member_type: VOTER last_known_addr { host: "127.0.107.193" port: 33817 }, Status: LMP_MISMATCH, Last received: 0.0, Next index: 2, Last known committed idx: 1, Time since last communication: 0.000s
I20260710 13:17:06.323524   566 raft_consensus.cc:1275] T c2ee6f83ea2d41d2a04754b4fab644dd P ea914d2b0c5344d9976a7cab931032e6 [term 2 FOLLOWER]: Refusing update from remote peer 6ab3ec272da944d29ba6743d83ba1b00: Log matching property violated. Preceding OpId in replica: term: 1 index: 1. Preceding OpId from leader: term: 2 index: 2. (index mismatch)
I20260710 13:17:06.324631   839 consensus_queue.cc:1048] T c2ee6f83ea2d41d2a04754b4fab644dd P 6ab3ec272da944d29ba6743d83ba1b00 [LEADER]: Connected to new peer: Peer: permanent_uuid: "ea914d2b0c5344d9976a7cab931032e6" member_type: VOTER last_known_addr { host: "127.0.107.193" port: 33817 }, Status: LMP_MISMATCH, Last received: 0.0, Next index: 2, Last known committed idx: 1, Time since last communication: 0.000s
I20260710 13:17:06.333456   640 raft_consensus.cc:1275] T c2ee6f83ea2d41d2a04754b4fab644dd P cc728a1188134b51bf132abca672325f [term 2 FOLLOWER]: Refusing update from remote peer 6ab3ec272da944d29ba6743d83ba1b00: Log matching property violated. Preceding OpId in replica: term: 1 index: 1. Preceding OpId from leader: term: 2 index: 2. (index mismatch)
I20260710 13:17:06.334995   839 consensus_queue.cc:1048] T c2ee6f83ea2d41d2a04754b4fab644dd P 6ab3ec272da944d29ba6743d83ba1b00 [LEADER]: Connected to new peer: Peer: permanent_uuid: "cc728a1188134b51bf132abca672325f" member_type: VOTER last_known_addr { host: "127.0.107.194" port: 38211 }, Status: LMP_MISMATCH, Last received: 0.0, Next index: 2, Last known committed idx: 1, Time since last communication: 0.000s
I20260710 13:17:06.453114   640 raft_consensus.cc:1275] T e9fca6802871409da11980e0a2745984 P cc728a1188134b51bf132abca672325f [term 2 FOLLOWER]: Refusing update from remote peer ea914d2b0c5344d9976a7cab931032e6: Log matching property violated. Preceding OpId in replica: term: 1 index: 1. Preceding OpId from leader: term: 2 index: 2. (index mismatch)
I20260710 13:17:06.454418   789 consensus_queue.cc:1048] T e9fca6802871409da11980e0a2745984 P ea914d2b0c5344d9976a7cab931032e6 [LEADER]: Connected to new peer: Peer: permanent_uuid: "cc728a1188134b51bf132abca672325f" member_type: VOTER last_known_addr { host: "127.0.107.194" port: 38211 }, Status: LMP_MISMATCH, Last received: 0.0, Next index: 2, Last known committed idx: 1, Time since last communication: 0.000s
I20260710 13:17:06.462710   713 raft_consensus.cc:1275] T e9fca6802871409da11980e0a2745984 P 6ab3ec272da944d29ba6743d83ba1b00 [term 2 FOLLOWER]: Refusing update from remote peer ea914d2b0c5344d9976a7cab931032e6: Log matching property violated. Preceding OpId in replica: term: 1 index: 1. Preceding OpId from leader: term: 2 index: 2. (index mismatch)
I20260710 13:17:06.464301   790 consensus_queue.cc:1048] T e9fca6802871409da11980e0a2745984 P ea914d2b0c5344d9976a7cab931032e6 [LEADER]: Connected to new peer: Peer: permanent_uuid: "6ab3ec272da944d29ba6743d83ba1b00" member_type: VOTER last_known_addr { host: "127.0.107.195" port: 41839 }, Status: LMP_MISMATCH, Last received: 0.0, Next index: 2, Last known committed idx: 1, Time since last communication: 0.000s
I20260710 13:17:08.545531   431 auto_leader_rebalancer-test.cc:316] The leader distribution is 
I20260710 13:17:08.546594   431 auto_leader_rebalancer.cc:141] leader rebalance for table test-workload
I20260710 13:17:08.561650   640 tablet_service.cc:2072] Received LeaderStepDown RPC: tablet_id: "1336c23579bd4f1596df9cceee4f2c00"
dest_uuid: "cc728a1188134b51bf132abca672325f"
mode: GRACEFUL
new_leader_uuid: "6ab3ec272da944d29ba6743d83ba1b00"
 from {username='slave'} at 127.0.0.1:46622
I20260710 13:17:08.562116   640 raft_consensus.cc:606] T 1336c23579bd4f1596df9cceee4f2c00 P cc728a1188134b51bf132abca672325f [term 2 LEADER]: Received request to transfer leadership to TS 6ab3ec272da944d29ba6743d83ba1b00
I20260710 13:17:08.571326   566 tablet_service.cc:2072] Received LeaderStepDown RPC: tablet_id: "e9fca6802871409da11980e0a2745984"
dest_uuid: "ea914d2b0c5344d9976a7cab931032e6"
mode: GRACEFUL
new_leader_uuid: "6ab3ec272da944d29ba6743d83ba1b00"
 from {username='slave'} at 127.0.0.1:53978
I20260710 13:17:08.571813   566 raft_consensus.cc:606] T e9fca6802871409da11980e0a2745984 P ea914d2b0c5344d9976a7cab931032e6 [term 2 LEADER]: Received request to transfer leadership to TS 6ab3ec272da944d29ba6743d83ba1b00
I20260710 13:17:08.572927   431 auto_leader_rebalancer.cc:479] table: test-workload, leader rebalance finish, leader transfer count: 2
I20260710 13:17:08.573441   431 auto_leader_rebalancer.cc:554] All tables' leader rebalancing finished this round
I20260710 13:17:08.743031   764 raft_consensus.cc:993] T 1336c23579bd4f1596df9cceee4f2c00 P cc728a1188134b51bf132abca672325f: : Instructing follower 6ab3ec272da944d29ba6743d83ba1b00 to start an election
I20260710 13:17:08.743444   855 raft_consensus.cc:1081] T 1336c23579bd4f1596df9cceee4f2c00 P cc728a1188134b51bf132abca672325f [term 2 LEADER]: Signalling peer 6ab3ec272da944d29ba6743d83ba1b00 to start an election
I20260710 13:17:08.745044   715 tablet_service.cc:2044] Received Run Leader Election RPC: tablet_id: "1336c23579bd4f1596df9cceee4f2c00"
dest_uuid: "6ab3ec272da944d29ba6743d83ba1b00"
 from {username='slave'} at 127.0.0.1:33290
I20260710 13:17:08.745697   715 raft_consensus.cc:493] T 1336c23579bd4f1596df9cceee4f2c00 P 6ab3ec272da944d29ba6743d83ba1b00 [term 2 FOLLOWER]: Starting forced leader election (received explicit request)
I20260710 13:17:08.746125   715 raft_consensus.cc:3060] T 1336c23579bd4f1596df9cceee4f2c00 P 6ab3ec272da944d29ba6743d83ba1b00 [term 2 FOLLOWER]: Advancing to term 3
I20260710 13:17:08.750833   715 raft_consensus.cc:515] T 1336c23579bd4f1596df9cceee4f2c00 P 6ab3ec272da944d29ba6743d83ba1b00 [term 3 FOLLOWER]: Starting forced leader election with config: opid_index: -1 OBSOLETE_local: false peers { permanent_uuid: "ea914d2b0c5344d9976a7cab931032e6" member_type: VOTER last_known_addr { host: "127.0.107.193" port: 33817 } } peers { permanent_uuid: "cc728a1188134b51bf132abca672325f" member_type: VOTER last_known_addr { host: "127.0.107.194" port: 38211 } } peers { permanent_uuid: "6ab3ec272da944d29ba6743d83ba1b00" member_type: VOTER last_known_addr { host: "127.0.107.195" port: 41839 } }
I20260710 13:17:08.752475   715 leader_election.cc:290] T 1336c23579bd4f1596df9cceee4f2c00 P 6ab3ec272da944d29ba6743d83ba1b00 [CANDIDATE]: Term 3 election: Requested vote from peers ea914d2b0c5344d9976a7cab931032e6 (127.0.107.193:33817), cc728a1188134b51bf132abca672325f (127.0.107.194:38211)
I20260710 13:17:08.753198   566 tablet_service.cc:1917] Received RequestConsensusVote() RPC: tablet_id: "1336c23579bd4f1596df9cceee4f2c00" candidate_uuid: "6ab3ec272da944d29ba6743d83ba1b00" candidate_term: 3 candidate_status { last_received { term: 2 index: 2 } } ignore_live_leader: true dest_uuid: "ea914d2b0c5344d9976a7cab931032e6"
I20260710 13:17:08.753487   640 tablet_service.cc:1917] Received RequestConsensusVote() RPC: tablet_id: "1336c23579bd4f1596df9cceee4f2c00" candidate_uuid: "6ab3ec272da944d29ba6743d83ba1b00" candidate_term: 3 candidate_status { last_received { term: 2 index: 2 } } ignore_live_leader: true dest_uuid: "cc728a1188134b51bf132abca672325f"
I20260710 13:17:08.753860   566 raft_consensus.cc:3060] T 1336c23579bd4f1596df9cceee4f2c00 P ea914d2b0c5344d9976a7cab931032e6 [term 2 FOLLOWER]: Advancing to term 3
I20260710 13:17:08.754086   640 raft_consensus.cc:3055] T 1336c23579bd4f1596df9cceee4f2c00 P cc728a1188134b51bf132abca672325f [term 2 LEADER]: Stepping down as leader of term 2
I20260710 13:17:08.754453   640 raft_consensus.cc:740] T 1336c23579bd4f1596df9cceee4f2c00 P cc728a1188134b51bf132abca672325f [term 2 LEADER]: Becoming Follower/Learner. State: Replica: cc728a1188134b51bf132abca672325f, State: Running, Role: LEADER
I20260710 13:17:08.755194   640 consensus_queue.cc:260] T 1336c23579bd4f1596df9cceee4f2c00 P cc728a1188134b51bf132abca672325f [NON_LEADER]: Queue going to NON_LEADER mode. State: All replicated index: 0, Majority replicated index: 2, Committed index: 2, Last appended: 2.2, Last appended by leader: 2, Current term: 2, Majority size: -1, State: 0, Mode: NON_LEADER, active raft config: opid_index: -1 OBSOLETE_local: false peers { permanent_uuid: "ea914d2b0c5344d9976a7cab931032e6" member_type: VOTER last_known_addr { host: "127.0.107.193" port: 33817 } } peers { permanent_uuid: "cc728a1188134b51bf132abca672325f" member_type: VOTER last_known_addr { host: "127.0.107.194" port: 38211 } } peers { permanent_uuid: "6ab3ec272da944d29ba6743d83ba1b00" member_type: VOTER last_known_addr { host: "127.0.107.195" port: 41839 } }
I20260710 13:17:08.756052   640 raft_consensus.cc:3060] T 1336c23579bd4f1596df9cceee4f2c00 P cc728a1188134b51bf132abca672325f [term 2 FOLLOWER]: Advancing to term 3
I20260710 13:17:08.758430   566 raft_consensus.cc:2468] T 1336c23579bd4f1596df9cceee4f2c00 P ea914d2b0c5344d9976a7cab931032e6 [term 3 FOLLOWER]: Leader election vote request: Granting yes vote for candidate 6ab3ec272da944d29ba6743d83ba1b00 in term 3.
I20260710 13:17:08.759410   678 leader_election.cc:304] T 1336c23579bd4f1596df9cceee4f2c00 P 6ab3ec272da944d29ba6743d83ba1b00 [CANDIDATE]: Term 3 election: Election decided. Result: candidate won. Election summary: received 2 responses out of 3 voters: 2 yes votes; 0 no votes. yes voters: 6ab3ec272da944d29ba6743d83ba1b00, ea914d2b0c5344d9976a7cab931032e6; no voters: 
I20260710 13:17:08.760066   845 raft_consensus.cc:2804] T 1336c23579bd4f1596df9cceee4f2c00 P 6ab3ec272da944d29ba6743d83ba1b00 [term 3 FOLLOWER]: Leader election won for term 3
I20260710 13:17:08.760514   640 raft_consensus.cc:2468] T 1336c23579bd4f1596df9cceee4f2c00 P cc728a1188134b51bf132abca672325f [term 3 FOLLOWER]: Leader election vote request: Granting yes vote for candidate 6ab3ec272da944d29ba6743d83ba1b00 in term 3.
I20260710 13:17:08.761418   845 raft_consensus.cc:697] T 1336c23579bd4f1596df9cceee4f2c00 P 6ab3ec272da944d29ba6743d83ba1b00 [term 3 LEADER]: Becoming Leader. State: Replica: 6ab3ec272da944d29ba6743d83ba1b00, State: Running, Role: LEADER
I20260710 13:17:08.762159   845 consensus_queue.cc:237] T 1336c23579bd4f1596df9cceee4f2c00 P 6ab3ec272da944d29ba6743d83ba1b00 [LEADER]: Queue going to LEADER mode. State: All replicated index: 0, Majority replicated index: 2, Committed index: 2, Last appended: 2.2, Last appended by leader: 2, Current term: 3, Majority size: 2, State: 0, Mode: LEADER, active raft config: opid_index: -1 OBSOLETE_local: false peers { permanent_uuid: "ea914d2b0c5344d9976a7cab931032e6" member_type: VOTER last_known_addr { host: "127.0.107.193" port: 33817 } } peers { permanent_uuid: "cc728a1188134b51bf132abca672325f" member_type: VOTER last_known_addr { host: "127.0.107.194" port: 38211 } } peers { permanent_uuid: "6ab3ec272da944d29ba6743d83ba1b00" member_type: VOTER last_known_addr { host: "127.0.107.195" port: 41839 } }
I20260710 13:17:08.771493   463 catalog_manager.cc:5697] T 1336c23579bd4f1596df9cceee4f2c00 P 6ab3ec272da944d29ba6743d83ba1b00 reported cstate change: term changed from 2 to 3, leader changed from cc728a1188134b51bf132abca672325f (127.0.107.194) to 6ab3ec272da944d29ba6743d83ba1b00 (127.0.107.195). New cstate: current_term: 3 leader_uuid: "6ab3ec272da944d29ba6743d83ba1b00" committed_config { opid_index: -1 OBSOLETE_local: false peers { permanent_uuid: "ea914d2b0c5344d9976a7cab931032e6" member_type: VOTER last_known_addr { host: "127.0.107.193" port: 33817 } health_report { overall_health: UNKNOWN } } peers { permanent_uuid: "cc728a1188134b51bf132abca672325f" member_type: VOTER last_known_addr { host: "127.0.107.194" port: 38211 } health_report { overall_health: UNKNOWN } } peers { permanent_uuid: "6ab3ec272da944d29ba6743d83ba1b00" member_type: VOTER last_known_addr { host: "127.0.107.195" port: 41839 } health_report { overall_health: HEALTHY } } }
I20260710 13:17:08.842295   851 raft_consensus.cc:993] T e9fca6802871409da11980e0a2745984 P ea914d2b0c5344d9976a7cab931032e6: : Instructing follower 6ab3ec272da944d29ba6743d83ba1b00 to start an election
I20260710 13:17:08.842878   849 raft_consensus.cc:1081] T e9fca6802871409da11980e0a2745984 P ea914d2b0c5344d9976a7cab931032e6 [term 2 LEADER]: Signalling peer 6ab3ec272da944d29ba6743d83ba1b00 to start an election
I20260710 13:17:08.844584   715 tablet_service.cc:2044] Received Run Leader Election RPC: tablet_id: "e9fca6802871409da11980e0a2745984"
dest_uuid: "6ab3ec272da944d29ba6743d83ba1b00"
 from {username='slave'} at 127.0.0.1:33274
I20260710 13:17:08.845160   715 raft_consensus.cc:493] T e9fca6802871409da11980e0a2745984 P 6ab3ec272da944d29ba6743d83ba1b00 [term 2 FOLLOWER]: Starting forced leader election (received explicit request)
I20260710 13:17:08.845557   715 raft_consensus.cc:3060] T e9fca6802871409da11980e0a2745984 P 6ab3ec272da944d29ba6743d83ba1b00 [term 2 FOLLOWER]: Advancing to term 3
I20260710 13:17:08.849902   715 raft_consensus.cc:515] T e9fca6802871409da11980e0a2745984 P 6ab3ec272da944d29ba6743d83ba1b00 [term 3 FOLLOWER]: Starting forced leader election with config: opid_index: -1 OBSOLETE_local: false peers { permanent_uuid: "ea914d2b0c5344d9976a7cab931032e6" member_type: VOTER last_known_addr { host: "127.0.107.193" port: 33817 } } peers { permanent_uuid: "cc728a1188134b51bf132abca672325f" member_type: VOTER last_known_addr { host: "127.0.107.194" port: 38211 } } peers { permanent_uuid: "6ab3ec272da944d29ba6743d83ba1b00" member_type: VOTER last_known_addr { host: "127.0.107.195" port: 41839 } }
I20260710 13:17:08.851398   715 leader_election.cc:290] T e9fca6802871409da11980e0a2745984 P 6ab3ec272da944d29ba6743d83ba1b00 [CANDIDATE]: Term 3 election: Requested vote from peers ea914d2b0c5344d9976a7cab931032e6 (127.0.107.193:33817), cc728a1188134b51bf132abca672325f (127.0.107.194:38211)
I20260710 13:17:08.852032   566 tablet_service.cc:1917] Received RequestConsensusVote() RPC: tablet_id: "e9fca6802871409da11980e0a2745984" candidate_uuid: "6ab3ec272da944d29ba6743d83ba1b00" candidate_term: 3 candidate_status { last_received { term: 2 index: 2 } } ignore_live_leader: true dest_uuid: "ea914d2b0c5344d9976a7cab931032e6"
I20260710 13:17:08.852294   640 tablet_service.cc:1917] Received RequestConsensusVote() RPC: tablet_id: "e9fca6802871409da11980e0a2745984" candidate_uuid: "6ab3ec272da944d29ba6743d83ba1b00" candidate_term: 3 candidate_status { last_received { term: 2 index: 2 } } ignore_live_leader: true dest_uuid: "cc728a1188134b51bf132abca672325f"
I20260710 13:17:08.852506   566 raft_consensus.cc:3055] T e9fca6802871409da11980e0a2745984 P ea914d2b0c5344d9976a7cab931032e6 [term 2 LEADER]: Stepping down as leader of term 2
I20260710 13:17:08.852844   640 raft_consensus.cc:3060] T e9fca6802871409da11980e0a2745984 P cc728a1188134b51bf132abca672325f [term 2 FOLLOWER]: Advancing to term 3
I20260710 13:17:08.852875   566 raft_consensus.cc:740] T e9fca6802871409da11980e0a2745984 P ea914d2b0c5344d9976a7cab931032e6 [term 2 LEADER]: Becoming Follower/Learner. State: Replica: ea914d2b0c5344d9976a7cab931032e6, State: Running, Role: LEADER
I20260710 13:17:08.853745   566 consensus_queue.cc:260] T e9fca6802871409da11980e0a2745984 P ea914d2b0c5344d9976a7cab931032e6 [NON_LEADER]: Queue going to NON_LEADER mode. State: All replicated index: 0, Majority replicated index: 2, Committed index: 2, Last appended: 2.2, Last appended by leader: 2, Current term: 2, Majority size: -1, State: 0, Mode: NON_LEADER, active raft config: opid_index: -1 OBSOLETE_local: false peers { permanent_uuid: "ea914d2b0c5344d9976a7cab931032e6" member_type: VOTER last_known_addr { host: "127.0.107.193" port: 33817 } } peers { permanent_uuid: "cc728a1188134b51bf132abca672325f" member_type: VOTER last_known_addr { host: "127.0.107.194" port: 38211 } } peers { permanent_uuid: "6ab3ec272da944d29ba6743d83ba1b00" member_type: VOTER last_known_addr { host: "127.0.107.195" port: 41839 } }
I20260710 13:17:08.854604   566 raft_consensus.cc:3060] T e9fca6802871409da11980e0a2745984 P ea914d2b0c5344d9976a7cab931032e6 [term 2 FOLLOWER]: Advancing to term 3
I20260710 13:17:08.856848   640 raft_consensus.cc:2468] T e9fca6802871409da11980e0a2745984 P cc728a1188134b51bf132abca672325f [term 3 FOLLOWER]: Leader election vote request: Granting yes vote for candidate 6ab3ec272da944d29ba6743d83ba1b00 in term 3.
I20260710 13:17:08.857832   679 leader_election.cc:304] T e9fca6802871409da11980e0a2745984 P 6ab3ec272da944d29ba6743d83ba1b00 [CANDIDATE]: Term 3 election: Election decided. Result: candidate won. Election summary: received 2 responses out of 3 voters: 2 yes votes; 0 no votes. yes voters: 6ab3ec272da944d29ba6743d83ba1b00, cc728a1188134b51bf132abca672325f; no voters: 
I20260710 13:17:08.858593   845 raft_consensus.cc:2804] T e9fca6802871409da11980e0a2745984 P 6ab3ec272da944d29ba6743d83ba1b00 [term 3 FOLLOWER]: Leader election won for term 3
I20260710 13:17:08.859021   845 raft_consensus.cc:697] T e9fca6802871409da11980e0a2745984 P 6ab3ec272da944d29ba6743d83ba1b00 [term 3 LEADER]: Becoming Leader. State: Replica: 6ab3ec272da944d29ba6743d83ba1b00, State: Running, Role: LEADER
I20260710 13:17:08.859247   566 raft_consensus.cc:2468] T e9fca6802871409da11980e0a2745984 P ea914d2b0c5344d9976a7cab931032e6 [term 3 FOLLOWER]: Leader election vote request: Granting yes vote for candidate 6ab3ec272da944d29ba6743d83ba1b00 in term 3.
I20260710 13:17:08.859807   845 consensus_queue.cc:237] T e9fca6802871409da11980e0a2745984 P 6ab3ec272da944d29ba6743d83ba1b00 [LEADER]: Queue going to LEADER mode. State: All replicated index: 0, Majority replicated index: 2, Committed index: 2, Last appended: 2.2, Last appended by leader: 2, Current term: 3, Majority size: 2, State: 0, Mode: LEADER, active raft config: opid_index: -1 OBSOLETE_local: false peers { permanent_uuid: "ea914d2b0c5344d9976a7cab931032e6" member_type: VOTER last_known_addr { host: "127.0.107.193" port: 33817 } } peers { permanent_uuid: "cc728a1188134b51bf132abca672325f" member_type: VOTER last_known_addr { host: "127.0.107.194" port: 38211 } } peers { permanent_uuid: "6ab3ec272da944d29ba6743d83ba1b00" member_type: VOTER last_known_addr { host: "127.0.107.195" port: 41839 } }
