I20260710 13:17:48.489910  1422 catalog_manager.cc:5028] TS 9e24fa8be96946e09de34d04078b1484 (127.0.107.194:38659): tablet eec3308475f84621803bf16736dbc087 (table test-workload [id=85c30b29e96945feb5410679d0d19e11]) successfully deleted
I20260710 13:17:48.499485  1433 catalog_manager.cc:5697] T ccf7987c57224622ad6b87901cac0ce7 P 9e24fa8be96946e09de34d04078b1484 reported cstate change: config changed from index 2 to 3, ea780891260b42c6b4a2120c9924e2b8 (127.0.107.196) changed from NON_VOTER to VOTER. New cstate: current_term: 1 leader_uuid: "9e24fa8be96946e09de34d04078b1484" committed_config { opid_index: 3 OBSOLETE_local: false peers { permanent_uuid: "21fd501a8ca24c23b2da2e85ec7eeaa9" member_type: VOTER last_known_addr { host: "127.0.107.193" port: 38601 } attrs { replace: true } health_report { overall_health: HEALTHY } } peers { permanent_uuid: "9e24fa8be96946e09de34d04078b1484" member_type: VOTER last_known_addr { host: "127.0.107.194" port: 38659 } health_report { overall_health: HEALTHY } } peers { permanent_uuid: "45b5869a71f04063ba1ad8c6d408ae75" member_type: VOTER last_known_addr { host: "127.0.107.195" port: 40485 } health_report { overall_health: HEALTHY } } peers { permanent_uuid: "ea780891260b42c6b4a2120c9924e2b8" member_type: VOTER last_known_addr { host: "127.0.107.196" port: 41929 } attrs { promote: false } health_report { overall_health: HEALTHY } } }
I20260710 13:17:48.518776  1614 consensus_queue.cc:237] T ccf7987c57224622ad6b87901cac0ce7 P 9e24fa8be96946e09de34d04078b1484 [LEADER]: Queue going to LEADER mode. State: All replicated index: 0, Majority replicated index: 3, Committed index: 3, Last appended: 1.3, Last appended by leader: 0, Current term: 1, Majority size: 2, State: 0, Mode: LEADER, active raft config: opid_index: 4 OBSOLETE_local: false peers { permanent_uuid: "9e24fa8be96946e09de34d04078b1484" member_type: VOTER last_known_addr { host: "127.0.107.194" port: 38659 } } peers { permanent_uuid: "45b5869a71f04063ba1ad8c6d408ae75" member_type: VOTER last_known_addr { host: "127.0.107.195" port: 40485 } } peers { permanent_uuid: "ea780891260b42c6b4a2120c9924e2b8" member_type: VOTER last_known_addr { host: "127.0.107.196" port: 41929 } attrs { promote: false } }
I20260710 13:17:48.528949  1957 raft_consensus.cc:1275] T ccf7987c57224622ad6b87901cac0ce7 P ea780891260b42c6b4a2120c9924e2b8 [term 1 FOLLOWER]: Refusing update from remote peer 9e24fa8be96946e09de34d04078b1484: Log matching property violated. Preceding OpId in replica: term: 1 index: 3. Preceding OpId from leader: term: 1 index: 4. (index mismatch)
I20260710 13:17:48.530586  1862 consensus_queue.cc:1048] T ccf7987c57224622ad6b87901cac0ce7 P 9e24fa8be96946e09de34d04078b1484 [LEADER]: Connected to new peer: Peer: permanent_uuid: "ea780891260b42c6b4a2120c9924e2b8" member_type: VOTER last_known_addr { host: "127.0.107.196" port: 41929 } attrs { promote: false }, Status: LMP_MISMATCH, Last received: 0.0, Next index: 4, Last known committed idx: 3, Time since last communication: 0.000s
I20260710 13:17:48.540377  2066 raft_consensus.cc:2955] T ccf7987c57224622ad6b87901cac0ce7 P 9e24fa8be96946e09de34d04078b1484 [term 1 LEADER]: Committing config change with OpId 1.4: config changed from index 3 to 4, VOTER 21fd501a8ca24c23b2da2e85ec7eeaa9 (127.0.107.193) evicted. New config: { opid_index: 4 OBSOLETE_local: false peers { permanent_uuid: "9e24fa8be96946e09de34d04078b1484" member_type: VOTER last_known_addr { host: "127.0.107.194" port: 38659 } } peers { permanent_uuid: "45b5869a71f04063ba1ad8c6d408ae75" member_type: VOTER last_known_addr { host: "127.0.107.195" port: 40485 } } peers { permanent_uuid: "ea780891260b42c6b4a2120c9924e2b8" member_type: VOTER last_known_addr { host: "127.0.107.196" port: 41929 } attrs { promote: false } } }
I20260710 13:17:48.547729  1957 raft_consensus.cc:2955] T ccf7987c57224622ad6b87901cac0ce7 P ea780891260b42c6b4a2120c9924e2b8 [term 1 FOLLOWER]: Committing config change with OpId 1.4: config changed from index 3 to 4, VOTER 21fd501a8ca24c23b2da2e85ec7eeaa9 (127.0.107.193) evicted. New config: { opid_index: 4 OBSOLETE_local: false peers { permanent_uuid: "9e24fa8be96946e09de34d04078b1484" member_type: VOTER last_known_addr { host: "127.0.107.194" port: 38659 } } peers { permanent_uuid: "45b5869a71f04063ba1ad8c6d408ae75" member_type: VOTER last_known_addr { host: "127.0.107.195" port: 40485 } } peers { permanent_uuid: "ea780891260b42c6b4a2120c9924e2b8" member_type: VOTER last_known_addr { host: "127.0.107.196" port: 41929 } attrs { promote: false } } }
I20260710 13:17:48.561203  1688 raft_consensus.cc:1275] T ccf7987c57224622ad6b87901cac0ce7 P 45b5869a71f04063ba1ad8c6d408ae75 [term 1 FOLLOWER]: Refusing update from remote peer 9e24fa8be96946e09de34d04078b1484: Log matching property violated. Preceding OpId in replica: term: 1 index: 3. Preceding OpId from leader: term: 1 index: 4. (index mismatch)
I20260710 13:17:48.562911  2111 consensus_queue.cc:1048] T ccf7987c57224622ad6b87901cac0ce7 P 9e24fa8be96946e09de34d04078b1484 [LEADER]: Connected to new peer: Peer: permanent_uuid: "45b5869a71f04063ba1ad8c6d408ae75" member_type: VOTER last_known_addr { host: "127.0.107.195" port: 40485 }, Status: LMP_MISMATCH, Last received: 0.0, Next index: 4, Last known committed idx: 3, Time since last communication: 0.000s
I20260710 13:17:48.567519  1688 raft_consensus.cc:2955] T ccf7987c57224622ad6b87901cac0ce7 P 45b5869a71f04063ba1ad8c6d408ae75 [term 1 FOLLOWER]: Committing config change with OpId 1.4: config changed from index 3 to 4, VOTER 21fd501a8ca24c23b2da2e85ec7eeaa9 (127.0.107.193) evicted. New config: { opid_index: 4 OBSOLETE_local: false peers { permanent_uuid: "9e24fa8be96946e09de34d04078b1484" member_type: VOTER last_known_addr { host: "127.0.107.194" port: 38659 } } peers { permanent_uuid: "45b5869a71f04063ba1ad8c6d408ae75" member_type: VOTER last_known_addr { host: "127.0.107.195" port: 40485 } } peers { permanent_uuid: "ea780891260b42c6b4a2120c9924e2b8" member_type: VOTER last_known_addr { host: "127.0.107.196" port: 41929 } attrs { promote: false } } }
I20260710 13:17:48.574288  1422 catalog_manager.cc:5210] ChangeConfig:REMOVE_PEER RPC for tablet ccf7987c57224622ad6b87901cac0ce7 with cas_config_opid_index 3: ChangeConfig:REMOVE_PEER succeeded (attempt 1)
I20260710 13:17:48.583244  1433 catalog_manager.cc:5697] T ccf7987c57224622ad6b87901cac0ce7 P 9e24fa8be96946e09de34d04078b1484 reported cstate change: config changed from index 3 to 4, VOTER 21fd501a8ca24c23b2da2e85ec7eeaa9 (127.0.107.193) evicted. New cstate: current_term: 1 leader_uuid: "9e24fa8be96946e09de34d04078b1484" committed_config { opid_index: 4 OBSOLETE_local: false peers { permanent_uuid: "9e24fa8be96946e09de34d04078b1484" member_type: VOTER last_known_addr { host: "127.0.107.194" port: 38659 } health_report { overall_health: HEALTHY } } peers { permanent_uuid: "45b5869a71f04063ba1ad8c6d408ae75" member_type: VOTER last_known_addr { host: "127.0.107.195" port: 40485 } health_report { overall_health: UNKNOWN } } peers { permanent_uuid: "ea780891260b42c6b4a2120c9924e2b8" member_type: VOTER last_known_addr { host: "127.0.107.196" port: 41929 } attrs { promote: false } health_report { overall_health: HEALTHY } } }
I20260710 13:17:48.605396  1520 tablet_service.cc:1558] Processing DeleteTablet for tablet ccf7987c57224622ad6b87901cac0ce7 with delete_type TABLET_DATA_TOMBSTONED (TS 21fd501a8ca24c23b2da2e85ec7eeaa9 not found in new config with opid_index 4) from {username='slave'} at 127.0.0.1:49320
I20260710 13:17:48.607627  2134 tablet_replica.cc:333] T ccf7987c57224622ad6b87901cac0ce7 P 21fd501a8ca24c23b2da2e85ec7eeaa9: stopping tablet replica
I20260710 13:17:48.608474  2134 raft_consensus.cc:2243] T ccf7987c57224622ad6b87901cac0ce7 P 21fd501a8ca24c23b2da2e85ec7eeaa9 [term 1 FOLLOWER]: Raft consensus shutting down.
I20260710 13:17:48.608954  2134 raft_consensus.cc:2272] T ccf7987c57224622ad6b87901cac0ce7 P 21fd501a8ca24c23b2da2e85ec7eeaa9 [term 1 FOLLOWER]: Raft consensus is shut down!
I20260710 13:17:48.611933  2134 ts_tablet_manager.cc:1916] T ccf7987c57224622ad6b87901cac0ce7 P 21fd501a8ca24c23b2da2e85ec7eeaa9: Deleting tablet data with delete state TABLET_DATA_TOMBSTONED
I20260710 13:17:48.622720  2134 ts_tablet_manager.cc:1929] T ccf7987c57224622ad6b87901cac0ce7 P 21fd501a8ca24c23b2da2e85ec7eeaa9: tablet deleted with delete type TABLET_DATA_TOMBSTONED: last-logged OpId 1.3
I20260710 13:17:48.623029  2134 log.cc:1199] T ccf7987c57224622ad6b87901cac0ce7 P 21fd501a8ca24c23b2da2e85ec7eeaa9: Deleting WAL directory at /tmp/dist-test-taskEOG55z/test-tmp/auto_leader_rebalancer-test.0.LeaderRebalancerTest.AddTserver.1783689432352133-431-0/minicluster-data/ts-0-root/wals/ccf7987c57224622ad6b87901cac0ce7
I20260710 13:17:48.624490  1422 catalog_manager.cc:5028] TS 21fd501a8ca24c23b2da2e85ec7eeaa9 (127.0.107.193:38601): tablet ccf7987c57224622ad6b87901cac0ce7 (table test-workload [id=85c30b29e96945feb5410679d0d19e11]) successfully deleted
I20260710 13:17:49.638588  1609 consensus_queue.cc:237] T 8d2e6806ffe743049434abaf2bccf31e P 9e24fa8be96946e09de34d04078b1484 [LEADER]: Queue going to LEADER mode. State: All replicated index: 0, Majority replicated index: 1, Committed index: 1, Last appended: 1.1, Last appended by leader: 0, Current term: 1, Majority size: 2, State: 0, Mode: LEADER, active raft config: opid_index: 2 OBSOLETE_local: false peers { permanent_uuid: "21fd501a8ca24c23b2da2e85ec7eeaa9" member_type: VOTER last_known_addr { host: "127.0.107.193" port: 38601 } } peers { permanent_uuid: "9e24fa8be96946e09de34d04078b1484" member_type: VOTER last_known_addr { host: "127.0.107.194" port: 38659 } } peers { permanent_uuid: "45b5869a71f04063ba1ad8c6d408ae75" member_type: VOTER last_known_addr { host: "127.0.107.195" port: 40485 } attrs { replace: true } } peers { permanent_uuid: "ea780891260b42c6b4a2120c9924e2b8" member_type: NON_VOTER last_known_addr { host: "127.0.107.196" port: 41929 } attrs { promote: true } }
I20260710 13:17:49.646826  1535 raft_consensus.cc:1275] T 8d2e6806ffe743049434abaf2bccf31e P 21fd501a8ca24c23b2da2e85ec7eeaa9 [term 1 FOLLOWER]: Refusing update from remote peer 9e24fa8be96946e09de34d04078b1484: Log matching property violated. Preceding OpId in replica: term: 1 index: 1. Preceding OpId from leader: term: 1 index: 2. (index mismatch)
I20260710 13:17:49.646855  1685 raft_consensus.cc:1275] T 8d2e6806ffe743049434abaf2bccf31e P 45b5869a71f04063ba1ad8c6d408ae75 [term 1 FOLLOWER]: Refusing update from remote peer 9e24fa8be96946e09de34d04078b1484: Log matching property violated. Preceding OpId in replica: term: 1 index: 1. Preceding OpId from leader: term: 1 index: 2. (index mismatch)
W20260710 13:17:49.646947  1580 consensus_peers.cc:597] T 8d2e6806ffe743049434abaf2bccf31e P 9e24fa8be96946e09de34d04078b1484 -> Peer ea780891260b42c6b4a2120c9924e2b8 (127.0.107.196:41929): Couldn't send request to peer ea780891260b42c6b4a2120c9924e2b8. Error code: TABLET_NOT_FOUND (6). Status: Not found: Tablet not found: 8d2e6806ffe743049434abaf2bccf31e. This is attempt 1: this message will repeat every 5th retry.
I20260710 13:17:49.648267  2136 consensus_queue.cc:1048] T 8d2e6806ffe743049434abaf2bccf31e P 9e24fa8be96946e09de34d04078b1484 [LEADER]: Connected to new peer: Peer: permanent_uuid: "21fd501a8ca24c23b2da2e85ec7eeaa9" member_type: VOTER last_known_addr { host: "127.0.107.193" port: 38601 }, Status: LMP_MISMATCH, Last received: 0.0, Next index: 2, Last known committed idx: 1, Time since last communication: 0.000s
I20260710 13:17:49.649293  2111 consensus_queue.cc:1048] T 8d2e6806ffe743049434abaf2bccf31e P 9e24fa8be96946e09de34d04078b1484 [LEADER]: Connected to new peer: Peer: permanent_uuid: "45b5869a71f04063ba1ad8c6d408ae75" member_type: VOTER last_known_addr { host: "127.0.107.195" port: 40485 } attrs { replace: true }, Status: LMP_MISMATCH, Last received: 0.0, Next index: 2, Last known committed idx: 1, Time since last communication: 0.000s
I20260710 13:17:49.657055  2111 raft_consensus.cc:2955] T 8d2e6806ffe743049434abaf2bccf31e P 9e24fa8be96946e09de34d04078b1484 [term 1 LEADER]: Committing config change with OpId 1.2: config changed from index -1 to 2, NON_VOTER ea780891260b42c6b4a2120c9924e2b8 (127.0.107.196) added. New config: { opid_index: 2 OBSOLETE_local: false peers { permanent_uuid: "21fd501a8ca24c23b2da2e85ec7eeaa9" member_type: VOTER last_known_addr { host: "127.0.107.193" port: 38601 } } peers { permanent_uuid: "9e24fa8be96946e09de34d04078b1484" member_type: VOTER last_known_addr { host: "127.0.107.194" port: 38659 } } peers { permanent_uuid: "45b5869a71f04063ba1ad8c6d408ae75" member_type: VOTER last_known_addr { host: "127.0.107.195" port: 40485 } attrs { replace: true } } peers { permanent_uuid: "ea780891260b42c6b4a2120c9924e2b8" member_type: NON_VOTER last_known_addr { host: "127.0.107.196" port: 41929 } attrs { promote: true } } }
I20260710 13:17:49.659747  1536 raft_consensus.cc:2955] T 8d2e6806ffe743049434abaf2bccf31e P 21fd501a8ca24c23b2da2e85ec7eeaa9 [term 1 FOLLOWER]: Committing config change with OpId 1.2: config changed from index -1 to 2, NON_VOTER ea780891260b42c6b4a2120c9924e2b8 (127.0.107.196) added. New config: { opid_index: 2 OBSOLETE_local: false peers { permanent_uuid: "21fd501a8ca24c23b2da2e85ec7eeaa9" member_type: VOTER last_known_addr { host: "127.0.107.193" port: 38601 } } peers { permanent_uuid: "9e24fa8be96946e09de34d04078b1484" member_type: VOTER last_known_addr { host: "127.0.107.194" port: 38659 } } peers { permanent_uuid: "45b5869a71f04063ba1ad8c6d408ae75" member_type: VOTER last_known_addr { host: "127.0.107.195" port: 40485 } attrs { replace: true } } peers { permanent_uuid: "ea780891260b42c6b4a2120c9924e2b8" member_type: NON_VOTER last_known_addr { host: "127.0.107.196" port: 41929 } attrs { promote: true } } }
I20260710 13:17:49.661381  1685 raft_consensus.cc:2955] T 8d2e6806ffe743049434abaf2bccf31e P 45b5869a71f04063ba1ad8c6d408ae75 [term 1 FOLLOWER]: Committing config change with OpId 1.2: config changed from index -1 to 2, NON_VOTER ea780891260b42c6b4a2120c9924e2b8 (127.0.107.196) added. New config: { opid_index: 2 OBSOLETE_local: false peers { permanent_uuid: "21fd501a8ca24c23b2da2e85ec7eeaa9" member_type: VOTER last_known_addr { host: "127.0.107.193" port: 38601 } } peers { permanent_uuid: "9e24fa8be96946e09de34d04078b1484" member_type: VOTER last_known_addr { host: "127.0.107.194" port: 38659 } } peers { permanent_uuid: "45b5869a71f04063ba1ad8c6d408ae75" member_type: VOTER last_known_addr { host: "127.0.107.195" port: 40485 } attrs { replace: true } } peers { permanent_uuid: "ea780891260b42c6b4a2120c9924e2b8" member_type: NON_VOTER last_known_addr { host: "127.0.107.196" port: 41929 } attrs { promote: true } } }
I20260710 13:17:49.674330  1437 catalog_manager.cc:5697] T 8d2e6806ffe743049434abaf2bccf31e P 45b5869a71f04063ba1ad8c6d408ae75 reported cstate change: config changed from index -1 to 2, NON_VOTER ea780891260b42c6b4a2120c9924e2b8 (127.0.107.196) added. New cstate: current_term: 1 leader_uuid: "9e24fa8be96946e09de34d04078b1484" committed_config { opid_index: 2 OBSOLETE_local: false peers { permanent_uuid: "21fd501a8ca24c23b2da2e85ec7eeaa9" member_type: VOTER last_known_addr { host: "127.0.107.193" port: 38601 } } peers { permanent_uuid: "9e24fa8be96946e09de34d04078b1484" member_type: VOTER last_known_addr { host: "127.0.107.194" port: 38659 } } peers { permanent_uuid: "45b5869a71f04063ba1ad8c6d408ae75" member_type: VOTER last_known_addr { host: "127.0.107.195" port: 40485 } attrs { replace: true } } peers { permanent_uuid: "ea780891260b42c6b4a2120c9924e2b8" member_type: NON_VOTER last_known_addr { host: "127.0.107.196" port: 41929 } attrs { promote: true } } }
I20260710 13:17:49.716656  1609 consensus_queue.cc:237] T ac01b8120ac4482da01e42545d0c587b P 9e24fa8be96946e09de34d04078b1484 [LEADER]: Queue going to LEADER mode. State: All replicated index: 0, Majority replicated index: 1, Committed index: 1, Last appended: 1.1, Last appended by leader: 0, Current term: 1, Majority size: 2, State: 0, Mode: LEADER, active raft config: opid_index: 2 OBSOLETE_local: false peers { permanent_uuid: "21fd501a8ca24c23b2da2e85ec7eeaa9" member_type: VOTER last_known_addr { host: "127.0.107.193" port: 38601 } attrs { replace: true } } peers { permanent_uuid: "9e24fa8be96946e09de34d04078b1484" member_type: VOTER last_known_addr { host: "127.0.107.194" port: 38659 } } peers { permanent_uuid: "45b5869a71f04063ba1ad8c6d408ae75" member_type: VOTER last_known_addr { host: "127.0.107.195" port: 40485 } } peers { permanent_uuid: "ea780891260b42c6b4a2120c9924e2b8" member_type: NON_VOTER last_known_addr { host: "127.0.107.196" port: 41929 } attrs { promote: true } }
I20260710 13:17:49.745566  1685 raft_consensus.cc:1275] T ac01b8120ac4482da01e42545d0c587b P 45b5869a71f04063ba1ad8c6d408ae75 [term 1 FOLLOWER]: Refusing update from remote peer 9e24fa8be96946e09de34d04078b1484: Log matching property violated. Preceding OpId in replica: term: 1 index: 1. Preceding OpId from leader: term: 1 index: 2. (index mismatch)
W20260710 13:17:49.745795  1580 consensus_peers.cc:597] T ac01b8120ac4482da01e42545d0c587b P 9e24fa8be96946e09de34d04078b1484 -> Peer ea780891260b42c6b4a2120c9924e2b8 (127.0.107.196:41929): Couldn't send request to peer ea780891260b42c6b4a2120c9924e2b8. Error code: TABLET_NOT_FOUND (6). Status: Not found: Tablet not found: ac01b8120ac4482da01e42545d0c587b. This is attempt 1: this message will repeat every 5th retry.
I20260710 13:17:49.746452  1536 raft_consensus.cc:1275] T ac01b8120ac4482da01e42545d0c587b P 21fd501a8ca24c23b2da2e85ec7eeaa9 [term 1 FOLLOWER]: Refusing update from remote peer 9e24fa8be96946e09de34d04078b1484: Log matching property violated. Preceding OpId in replica: term: 1 index: 1. Preceding OpId from leader: term: 1 index: 2. (index mismatch)
I20260710 13:17:49.748008  2111 consensus_queue.cc:1048] T ac01b8120ac4482da01e42545d0c587b P 9e24fa8be96946e09de34d04078b1484 [LEADER]: Connected to new peer: Peer: permanent_uuid: "45b5869a71f04063ba1ad8c6d408ae75" member_type: VOTER last_known_addr { host: "127.0.107.195" port: 40485 }, Status: LMP_MISMATCH, Last received: 0.0, Next index: 2, Last known committed idx: 1, Time since last communication: 0.000s
I20260710 13:17:49.750540  2136 consensus_queue.cc:1048] T ac01b8120ac4482da01e42545d0c587b P 9e24fa8be96946e09de34d04078b1484 [LEADER]: Connected to new peer: Peer: permanent_uuid: "21fd501a8ca24c23b2da2e85ec7eeaa9" member_type: VOTER last_known_addr { host: "127.0.107.193" port: 38601 } attrs { replace: true }, Status: LMP_MISMATCH, Last received: 0.0, Next index: 2, Last known committed idx: 1, Time since last communication: 0.000s
I20260710 13:17:49.756764  2111 raft_consensus.cc:2955] T ac01b8120ac4482da01e42545d0c587b P 9e24fa8be96946e09de34d04078b1484 [term 1 LEADER]: Committing config change with OpId 1.2: config changed from index -1 to 2, NON_VOTER ea780891260b42c6b4a2120c9924e2b8 (127.0.107.196) added. New config: { opid_index: 2 OBSOLETE_local: false peers { permanent_uuid: "21fd501a8ca24c23b2da2e85ec7eeaa9" member_type: VOTER last_known_addr { host: "127.0.107.193" port: 38601 } attrs { replace: true } } peers { permanent_uuid: "9e24fa8be96946e09de34d04078b1484" member_type: VOTER last_known_addr { host: "127.0.107.194" port: 38659 } } peers { permanent_uuid: "45b5869a71f04063ba1ad8c6d408ae75" member_type: VOTER last_known_addr { host: "127.0.107.195" port: 40485 } } peers { permanent_uuid: "ea780891260b42c6b4a2120c9924e2b8" member_type: NON_VOTER last_known_addr { host: "127.0.107.196" port: 41929 } attrs { promote: true } } }
I20260710 13:17:49.758894  1685 raft_consensus.cc:2955] T ac01b8120ac4482da01e42545d0c587b P 45b5869a71f04063ba1ad8c6d408ae75 [term 1 FOLLOWER]: Committing config change with OpId 1.2: config changed from index -1 to 2, NON_VOTER ea780891260b42c6b4a2120c9924e2b8 (127.0.107.196) added. New config: { opid_index: 2 OBSOLETE_local: false peers { permanent_uuid: "21fd501a8ca24c23b2da2e85ec7eeaa9" member_type: VOTER last_known_addr { host: "127.0.107.193" port: 38601 } attrs { replace: true } } peers { permanent_uuid: "9e24fa8be96946e09de34d04078b1484" member_type: VOTER last_known_addr { host: "127.0.107.194" port: 38659 } } peers { permanent_uuid: "45b5869a71f04063ba1ad8c6d408ae75" member_type: VOTER last_known_addr { host: "127.0.107.195" port: 40485 } } peers { permanent_uuid: "ea780891260b42c6b4a2120c9924e2b8" member_type: NON_VOTER last_known_addr { host: "127.0.107.196" port: 41929 } attrs { promote: true } } }
I20260710 13:17:49.774075  1535 consensus_queue.cc:237] T 34e76beac4e7443580b02cdd3894e380 P 21fd501a8ca24c23b2da2e85ec7eeaa9 [LEADER]: Queue going to LEADER mode. State: All replicated index: 0, Majority replicated index: 1, Committed index: 1, Last appended: 1.1, Last appended by leader: 0, Current term: 1, Majority size: 2, State: 0, Mode: LEADER, active raft config: opid_index: 2 OBSOLETE_local: false peers { permanent_uuid: "21fd501a8ca24c23b2da2e85ec7eeaa9" member_type: VOTER last_known_addr { host: "127.0.107.193" port: 38601 } } peers { permanent_uuid: "9e24fa8be96946e09de34d04078b1484" member_type: VOTER last_known_addr { host: "127.0.107.194" port: 38659 } } peers { permanent_uuid: "45b5869a71f04063ba1ad8c6d408ae75" member_type: VOTER last_known_addr { host: "127.0.107.195" port: 40485 } attrs { replace: true } } peers { permanent_uuid: "ea780891260b42c6b4a2120c9924e2b8" member_type: NON_VOTER last_known_addr { host: "127.0.107.196" port: 41929 } attrs { promote: true } }
I20260710 13:17:49.774205  1436 catalog_manager.cc:5697] T ac01b8120ac4482da01e42545d0c587b P 45b5869a71f04063ba1ad8c6d408ae75 reported cstate change: config changed from index -1 to 2, NON_VOTER ea780891260b42c6b4a2120c9924e2b8 (127.0.107.196) added. New cstate: current_term: 1 leader_uuid: "9e24fa8be96946e09de34d04078b1484" committed_config { opid_index: 2 OBSOLETE_local: false peers { permanent_uuid: "21fd501a8ca24c23b2da2e85ec7eeaa9" member_type: VOTER last_known_addr { host: "127.0.107.193" port: 38601 } attrs { replace: true } } peers { permanent_uuid: "9e24fa8be96946e09de34d04078b1484" member_type: VOTER last_known_addr { host: "127.0.107.194" port: 38659 } } peers { permanent_uuid: "45b5869a71f04063ba1ad8c6d408ae75" member_type: VOTER last_known_addr { host: "127.0.107.195" port: 40485 } } peers { permanent_uuid: "ea780891260b42c6b4a2120c9924e2b8" member_type: NON_VOTER last_known_addr { host: "127.0.107.196" port: 41929 } attrs { promote: true } } }
I20260710 13:17:49.780606  1536 raft_consensus.cc:2955] T ac01b8120ac4482da01e42545d0c587b P 21fd501a8ca24c23b2da2e85ec7eeaa9 [term 1 FOLLOWER]: Committing config change with OpId 1.2: config changed from index -1 to 2, NON_VOTER ea780891260b42c6b4a2120c9924e2b8 (127.0.107.196) added. New config: { opid_index: 2 OBSOLETE_local: false peers { permanent_uuid: "21fd501a8ca24c23b2da2e85ec7eeaa9" member_type: VOTER last_known_addr { host: "127.0.107.193" port: 38601 } attrs { replace: true } } peers { permanent_uuid: "9e24fa8be96946e09de34d04078b1484" member_type: VOTER last_known_addr { host: "127.0.107.194" port: 38659 } } peers { permanent_uuid: "45b5869a71f04063ba1ad8c6d408ae75" member_type: VOTER last_known_addr { host: "127.0.107.195" port: 40485 } } peers { permanent_uuid: "ea780891260b42c6b4a2120c9924e2b8" member_type: NON_VOTER last_known_addr { host: "127.0.107.196" port: 41929 } attrs { promote: true } } }
I20260710 13:17:49.795071  1685 raft_consensus.cc:1275] T 34e76beac4e7443580b02cdd3894e380 P 45b5869a71f04063ba1ad8c6d408ae75 [term 1 FOLLOWER]: Refusing update from remote peer 21fd501a8ca24c23b2da2e85ec7eeaa9: Log matching property violated. Preceding OpId in replica: term: 1 index: 1. Preceding OpId from leader: term: 1 index: 2. (index mismatch)
I20260710 13:17:49.796957  2144 consensus_queue.cc:1048] T 34e76beac4e7443580b02cdd3894e380 P 21fd501a8ca24c23b2da2e85ec7eeaa9 [LEADER]: Connected to new peer: Peer: permanent_uuid: "45b5869a71f04063ba1ad8c6d408ae75" member_type: VOTER last_known_addr { host: "127.0.107.195" port: 40485 } attrs { replace: true }, Status: LMP_MISMATCH, Last received: 0.0, Next index: 2, Last known committed idx: 1, Time since last communication: 0.000s
W20260710 13:17:49.801419  1505 consensus_peers.cc:597] T 34e76beac4e7443580b02cdd3894e380 P 21fd501a8ca24c23b2da2e85ec7eeaa9 -> Peer ea780891260b42c6b4a2120c9924e2b8 (127.0.107.196:41929): Couldn't send request to peer ea780891260b42c6b4a2120c9924e2b8. Error code: TABLET_NOT_FOUND (6). Status: Not found: Tablet not found: 34e76beac4e7443580b02cdd3894e380. This is attempt 1: this message will repeat every 5th retry.
I20260710 13:17:49.805176  1609 raft_consensus.cc:1275] T 34e76beac4e7443580b02cdd3894e380 P 9e24fa8be96946e09de34d04078b1484 [term 1 FOLLOWER]: Refusing update from remote peer 21fd501a8ca24c23b2da2e85ec7eeaa9: Log matching property violated. Preceding OpId in replica: term: 1 index: 1. Preceding OpId from leader: term: 1 index: 2. (index mismatch)
I20260710 13:17:49.806701  2032 consensus_queue.cc:1048] T 34e76beac4e7443580b02cdd3894e380 P 21fd501a8ca24c23b2da2e85ec7eeaa9 [LEADER]: Connected to new peer: Peer: permanent_uuid: "9e24fa8be96946e09de34d04078b1484" member_type: VOTER last_known_addr { host: "127.0.107.194" port: 38659 }, Status: LMP_MISMATCH, Last received: 0.0, Next index: 2, Last known committed idx: 1, Time since last communication: 0.000s
I20260710 13:17:49.825294  2145 raft_consensus.cc:2955] T 34e76beac4e7443580b02cdd3894e380 P 21fd501a8ca24c23b2da2e85ec7eeaa9 [term 1 LEADER]: Committing config change with OpId 1.2: config changed from index -1 to 2, NON_VOTER ea780891260b42c6b4a2120c9924e2b8 (127.0.107.196) added. New config: { opid_index: 2 OBSOLETE_local: false peers { permanent_uuid: "21fd501a8ca24c23b2da2e85ec7eeaa9" member_type: VOTER last_known_addr { host: "127.0.107.193" port: 38601 } } peers { permanent_uuid: "9e24fa8be96946e09de34d04078b1484" member_type: VOTER last_known_addr { host: "127.0.107.194" port: 38659 } } peers { permanent_uuid: "45b5869a71f04063ba1ad8c6d408ae75" member_type: VOTER last_known_addr { host: "127.0.107.195" port: 40485 } attrs { replace: true } } peers { permanent_uuid: "ea780891260b42c6b4a2120c9924e2b8" member_type: NON_VOTER last_known_addr { host: "127.0.107.196" port: 41929 } attrs { promote: true } } }
I20260710 13:17:49.837299  1685 raft_consensus.cc:2955] T 34e76beac4e7443580b02cdd3894e380 P 45b5869a71f04063ba1ad8c6d408ae75 [term 1 FOLLOWER]: Committing config change with OpId 1.2: config changed from index -1 to 2, NON_VOTER ea780891260b42c6b4a2120c9924e2b8 (127.0.107.196) added. New config: { opid_index: 2 OBSOLETE_local: false peers { permanent_uuid: "21fd501a8ca24c23b2da2e85ec7eeaa9" member_type: VOTER last_known_addr { host: "127.0.107.193" port: 38601 } } peers { permanent_uuid: "9e24fa8be96946e09de34d04078b1484" member_type: VOTER last_known_addr { host: "127.0.107.194" port: 38659 } } peers { permanent_uuid: "45b5869a71f04063ba1ad8c6d408ae75" member_type: VOTER last_known_addr { host: "127.0.107.195" port: 40485 } attrs { replace: true } } peers { permanent_uuid: "ea780891260b42c6b4a2120c9924e2b8" member_type: NON_VOTER last_known_addr { host: "127.0.107.196" port: 41929 } attrs { promote: true } } }
I20260710 13:17:49.841749  1536 consensus_queue.cc:237] T fdd9a7678860454098e7545967b0cdd3 P 21fd501a8ca24c23b2da2e85ec7eeaa9 [LEADER]: Queue going to LEADER mode. State: All replicated index: 0, Majority replicated index: 1, Committed index: 1, Last appended: 1.1, Last appended by leader: 0, Current term: 1, Majority size: 2, State: 0, Mode: LEADER, active raft config: opid_index: 2 OBSOLETE_local: false peers { permanent_uuid: "21fd501a8ca24c23b2da2e85ec7eeaa9" member_type: VOTER last_known_addr { host: "127.0.107.193" port: 38601 } } peers { permanent_uuid: "9e24fa8be96946e09de34d04078b1484" member_type: VOTER last_known_addr { host: "127.0.107.194" port: 38659 } attrs { replace: true } } peers { permanent_uuid: "45b5869a71f04063ba1ad8c6d408ae75" member_type: VOTER last_known_addr { host: "127.0.107.195" port: 40485 } } peers { permanent_uuid: "ea780891260b42c6b4a2120c9924e2b8" member_type: NON_VOTER last_known_addr { host: "127.0.107.196" port: 41929 } attrs { promote: true } }
I20260710 13:17:49.855496  1436 catalog_manager.cc:5697] T 34e76beac4e7443580b02cdd3894e380 P 45b5869a71f04063ba1ad8c6d408ae75 reported cstate change: config changed from index -1 to 2, NON_VOTER ea780891260b42c6b4a2120c9924e2b8 (127.0.107.196) added. New cstate: current_term: 1 leader_uuid: "21fd501a8ca24c23b2da2e85ec7eeaa9" committed_config { opid_index: 2 OBSOLETE_local: false peers { permanent_uuid: "21fd501a8ca24c23b2da2e85ec7eeaa9" member_type: VOTER last_known_addr { host: "127.0.107.193" port: 38601 } } peers { permanent_uuid: "9e24fa8be96946e09de34d04078b1484" member_type: VOTER last_known_addr { host: "127.0.107.194" port: 38659 } } peers { permanent_uuid: "45b5869a71f04063ba1ad8c6d408ae75" member_type: VOTER last_known_addr { host: "127.0.107.195" port: 40485 } attrs { replace: true } } peers { permanent_uuid: "ea780891260b42c6b4a2120c9924e2b8" member_type: NON_VOTER last_known_addr { host: "127.0.107.196" port: 41929 } attrs { promote: true } } }
W20260710 13:17:49.860003  1505 consensus_peers.cc:597] T fdd9a7678860454098e7545967b0cdd3 P 21fd501a8ca24c23b2da2e85ec7eeaa9 -> Peer ea780891260b42c6b4a2120c9924e2b8 (127.0.107.196:41929): Couldn't send request to peer ea780891260b42c6b4a2120c9924e2b8. Error code: TABLET_NOT_FOUND (6). Status: Not found: Tablet not found: fdd9a7678860454098e7545967b0cdd3. This is attempt 1: this message will repeat every 5th retry.
I20260710 13:17:49.862010  1685 raft_consensus.cc:1275] T fdd9a7678860454098e7545967b0cdd3 P 45b5869a71f04063ba1ad8c6d408ae75 [term 1 FOLLOWER]: Refusing update from remote peer 21fd501a8ca24c23b2da2e85ec7eeaa9: Log matching property violated. Preceding OpId in replica: term: 1 index: 1. Preceding OpId from leader: term: 1 index: 2. (index mismatch)
I20260710 13:17:49.863353  2032 consensus_queue.cc:1048] T fdd9a7678860454098e7545967b0cdd3 P 21fd501a8ca24c23b2da2e85ec7eeaa9 [LEADER]: Connected to new peer: Peer: permanent_uuid: "45b5869a71f04063ba1ad8c6d408ae75" member_type: VOTER last_known_addr { host: "127.0.107.195" port: 40485 }, Status: LMP_MISMATCH, Last received: 0.0, Next index: 2, Last known committed idx: 1, Time since last communication: 0.002s
I20260710 13:17:49.875216  1614 raft_consensus.cc:1275] T fdd9a7678860454098e7545967b0cdd3 P 9e24fa8be96946e09de34d04078b1484 [term 1 FOLLOWER]: Refusing update from remote peer 21fd501a8ca24c23b2da2e85ec7eeaa9: Log matching property violated. Preceding OpId in replica: term: 1 index: 1. Preceding OpId from leader: term: 1 index: 2. (index mismatch)
I20260710 13:17:49.878641  2144 consensus_queue.cc:1048] T fdd9a7678860454098e7545967b0cdd3 P 21fd501a8ca24c23b2da2e85ec7eeaa9 [LEADER]: Connected to new peer: Peer: permanent_uuid: "9e24fa8be96946e09de34d04078b1484" member_type: VOTER last_known_addr { host: "127.0.107.194" port: 38659 } attrs { replace: true }, Status: LMP_MISMATCH, Last received: 0.0, Next index: 2, Last known committed idx: 1, Time since last communication: 0.000s
I20260710 13:17:49.881731  1614 raft_consensus.cc:2955] T 34e76beac4e7443580b02cdd3894e380 P 9e24fa8be96946e09de34d04078b1484 [term 1 FOLLOWER]: Committing config change with OpId 1.2: config changed from index -1 to 2, NON_VOTER ea780891260b42c6b4a2120c9924e2b8 (127.0.107.196) added. New config: { opid_index: 2 OBSOLETE_local: false peers { permanent_uuid: "21fd501a8ca24c23b2da2e85ec7eeaa9" member_type: VOTER last_known_addr { host: "127.0.107.193" port: 38601 } } peers { permanent_uuid: "9e24fa8be96946e09de34d04078b1484" member_type: VOTER last_known_addr { host: "127.0.107.194" port: 38659 } } peers { permanent_uuid: "45b5869a71f04063ba1ad8c6d408ae75" member_type: VOTER last_known_addr { host: "127.0.107.195" port: 40485 } attrs { replace: true } } peers { permanent_uuid: "ea780891260b42c6b4a2120c9924e2b8" member_type: NON_VOTER last_known_addr { host: "127.0.107.196" port: 41929 } attrs { promote: true } } }
I20260710 13:17:49.886736  2032 raft_consensus.cc:2955] T fdd9a7678860454098e7545967b0cdd3 P 21fd501a8ca24c23b2da2e85ec7eeaa9 [term 1 LEADER]: Committing config change with OpId 1.2: config changed from index -1 to 2, NON_VOTER ea780891260b42c6b4a2120c9924e2b8 (127.0.107.196) added. New config: { opid_index: 2 OBSOLETE_local: false peers { permanent_uuid: "21fd501a8ca24c23b2da2e85ec7eeaa9" member_type: VOTER last_known_addr { host: "127.0.107.193" port: 38601 } } peers { permanent_uuid: "9e24fa8be96946e09de34d04078b1484" member_type: VOTER last_known_addr { host: "127.0.107.194" port: 38659 } attrs { replace: true } } peers { permanent_uuid: "45b5869a71f04063ba1ad8c6d408ae75" member_type: VOTER last_known_addr { host: "127.0.107.195" port: 40485 } } peers { permanent_uuid: "ea780891260b42c6b4a2120c9924e2b8" member_type: NON_VOTER last_known_addr { host: "127.0.107.196" port: 41929 } attrs { promote: true } } }
I20260710 13:17:49.895995  1686 raft_consensus.cc:2955] T fdd9a7678860454098e7545967b0cdd3 P 45b5869a71f04063ba1ad8c6d408ae75 [term 1 FOLLOWER]: Committing config change with OpId 1.2: config changed from index -1 to 2, NON_VOTER ea780891260b42c6b4a2120c9924e2b8 (127.0.107.196) added. New config: { opid_index: 2 OBSOLETE_local: false peers { permanent_uuid: "21fd501a8ca24c23b2da2e85ec7eeaa9" member_type: VOTER last_known_addr { host: "127.0.107.193" port: 38601 } } peers { permanent_uuid: "9e24fa8be96946e09de34d04078b1484" member_type: VOTER last_known_addr { host: "127.0.107.194" port: 38659 } attrs { replace: true } } peers { permanent_uuid: "45b5869a71f04063ba1ad8c6d408ae75" member_type: VOTER last_known_addr { host: "127.0.107.195" port: 40485 } } peers { permanent_uuid: "ea780891260b42c6b4a2120c9924e2b8" member_type: NON_VOTER last_known_addr { host: "127.0.107.196" port: 41929 } attrs { promote: true } } }
I20260710 13:17:49.916009  1433 catalog_manager.cc:5697] T fdd9a7678860454098e7545967b0cdd3 P 45b5869a71f04063ba1ad8c6d408ae75 reported cstate change: config changed from index -1 to 2, NON_VOTER ea780891260b42c6b4a2120c9924e2b8 (127.0.107.196) added. New cstate: current_term: 1 leader_uuid: "21fd501a8ca24c23b2da2e85ec7eeaa9" committed_config { opid_index: 2 OBSOLETE_local: false peers { permanent_uuid: "21fd501a8ca24c23b2da2e85ec7eeaa9" member_type: VOTER last_known_addr { host: "127.0.107.193" port: 38601 } } peers { permanent_uuid: "9e24fa8be96946e09de34d04078b1484" member_type: VOTER last_known_addr { host: "127.0.107.194" port: 38659 } attrs { replace: true } } peers { permanent_uuid: "45b5869a71f04063ba1ad8c6d408ae75" member_type: VOTER last_known_addr { host: "127.0.107.195" port: 40485 } } peers { permanent_uuid: "ea780891260b42c6b4a2120c9924e2b8" member_type: NON_VOTER last_known_addr { host: "127.0.107.196" port: 41929 } attrs { promote: true } } }
I20260710 13:17:49.929951  1609 raft_consensus.cc:2955] T fdd9a7678860454098e7545967b0cdd3 P 9e24fa8be96946e09de34d04078b1484 [term 1 FOLLOWER]: Committing config change with OpId 1.2: config changed from index -1 to 2, NON_VOTER ea780891260b42c6b4a2120c9924e2b8 (127.0.107.196) added. New config: { opid_index: 2 OBSOLETE_local: false peers { permanent_uuid: "21fd501a8ca24c23b2da2e85ec7eeaa9" member_type: VOTER last_known_addr { host: "127.0.107.193" port: 38601 } } peers { permanent_uuid: "9e24fa8be96946e09de34d04078b1484" member_type: VOTER last_known_addr { host: "127.0.107.194" port: 38659 } attrs { replace: true } } peers { permanent_uuid: "45b5869a71f04063ba1ad8c6d408ae75" member_type: VOTER last_known_addr { host: "127.0.107.195" port: 40485 } } peers { permanent_uuid: "ea780891260b42c6b4a2120c9924e2b8" member_type: NON_VOTER last_known_addr { host: "127.0.107.196" port: 41929 } attrs { promote: true } } }
I20260710 13:17:50.245947  2156 ts_tablet_manager.cc:933] T 8d2e6806ffe743049434abaf2bccf31e P ea780891260b42c6b4a2120c9924e2b8: Initiating tablet copy from peer 9e24fa8be96946e09de34d04078b1484 (127.0.107.194:38659)
I20260710 13:17:50.254597  2156 tablet_copy_client.cc:323] T 8d2e6806ffe743049434abaf2bccf31e P ea780891260b42c6b4a2120c9924e2b8: tablet copy: Beginning tablet copy session from remote peer at address 127.0.107.194:38659
I20260710 13:17:50.256623  1624 tablet_copy_service.cc:140] P 9e24fa8be96946e09de34d04078b1484: Received BeginTabletCopySession request for tablet 8d2e6806ffe743049434abaf2bccf31e from peer ea780891260b42c6b4a2120c9924e2b8 ({username='slave'} at 127.0.0.1:42400)
I20260710 13:17:50.257292  1624 tablet_copy_service.cc:161] P 9e24fa8be96946e09de34d04078b1484: Beginning new tablet copy session on tablet 8d2e6806ffe743049434abaf2bccf31e from peer ea780891260b42c6b4a2120c9924e2b8 at {username='slave'} at 127.0.0.1:42400: session id = ea780891260b42c6b4a2120c9924e2b8-8d2e6806ffe743049434abaf2bccf31e
I20260710 13:17:50.265336  1624 tablet_copy_source_session.cc:215] T 8d2e6806ffe743049434abaf2bccf31e P 9e24fa8be96946e09de34d04078b1484: Tablet Copy: opened 0 blocks and 1 log segments
I20260710 13:17:50.269102  2156 data_dirs.cc:400] Could only allocate 1 dirs of requested 3 for tablet 8d2e6806ffe743049434abaf2bccf31e. 1 dirs total, 0 dirs full, 0 dirs failed
I20260710 13:17:50.286211  2156 tablet_copy_client.cc:806] T 8d2e6806ffe743049434abaf2bccf31e P ea780891260b42c6b4a2120c9924e2b8: tablet copy: Starting download of 0 data blocks...
I20260710 13:17:50.286808  2156 tablet_copy_client.cc:670] T 8d2e6806ffe743049434abaf2bccf31e P ea780891260b42c6b4a2120c9924e2b8: tablet copy: Starting download of 1 WAL segments...
I20260710 13:17:50.291369  2156 tablet_copy_client.cc:538] T 8d2e6806ffe743049434abaf2bccf31e P ea780891260b42c6b4a2120c9924e2b8: tablet copy: Tablet Copy complete. Replacing tablet superblock.
I20260710 13:17:50.303815  2156 tablet_bootstrap.cc:492] T 8d2e6806ffe743049434abaf2bccf31e P ea780891260b42c6b4a2120c9924e2b8: Bootstrap starting.
I20260710 13:17:50.331243  2156 tablet_bootstrap.cc:492] T 8d2e6806ffe743049434abaf2bccf31e P ea780891260b42c6b4a2120c9924e2b8: Bootstrap replayed 1/1 log segments. Stats: ops{read=2 overwritten=0 applied=2 ignored=0} inserts{seen=0 ignored=0} mutations{seen=0 ignored=0} orphaned_commits=0. Pending: 0 replicates
I20260710 13:17:50.332337  2156 tablet_bootstrap.cc:492] T 8d2e6806ffe743049434abaf2bccf31e P ea780891260b42c6b4a2120c9924e2b8: Bootstrap complete.
I20260710 13:17:50.333083  2156 ts_tablet_manager.cc:1403] T 8d2e6806ffe743049434abaf2bccf31e P ea780891260b42c6b4a2120c9924e2b8: Time spent bootstrapping tablet: real 0.030s	user 0.013s	sys 0.010s
I20260710 13:17:50.336357  2156 raft_consensus.cc:359] T 8d2e6806ffe743049434abaf2bccf31e P ea780891260b42c6b4a2120c9924e2b8 [term 1 LEARNER]: Replica starting. Triggering 0 pending ops. Active config: opid_index: 2 OBSOLETE_local: false peers { permanent_uuid: "21fd501a8ca24c23b2da2e85ec7eeaa9" member_type: VOTER last_known_addr { host: "127.0.107.193" port: 38601 } } peers { permanent_uuid: "9e24fa8be96946e09de34d04078b1484" member_type: VOTER last_known_addr { host: "127.0.107.194" port: 38659 } } peers { permanent_uuid: "45b5869a71f04063ba1ad8c6d408ae75" member_type: VOTER last_known_addr { host: "127.0.107.195" port: 40485 } attrs { replace: true } } peers { permanent_uuid: "ea780891260b42c6b4a2120c9924e2b8" member_type: NON_VOTER last_known_addr { host: "127.0.107.196" port: 41929 } attrs { promote: true } }
I20260710 13:17:50.337265  2156 raft_consensus.cc:740] T 8d2e6806ffe743049434abaf2bccf31e P ea780891260b42c6b4a2120c9924e2b8 [term 1 LEARNER]: Becoming Follower/Learner. State: Replica: ea780891260b42c6b4a2120c9924e2b8, State: Initialized, Role: LEARNER
I20260710 13:17:50.337957  2156 consensus_queue.cc:260] T 8d2e6806ffe743049434abaf2bccf31e P ea780891260b42c6b4a2120c9924e2b8 [NON_LEADER]: Queue going to NON_LEADER mode. State: All replicated index: 0, Majority replicated index: 0, Committed index: 2, Last appended: 1.2, Last appended by leader: 2, Current term: 0, Majority size: -1, State: 0, Mode: NON_LEADER, active raft config: opid_index: 2 OBSOLETE_local: false peers { permanent_uuid: "21fd501a8ca24c23b2da2e85ec7eeaa9" member_type: VOTER last_known_addr { host: "127.0.107.193" port: 38601 } } peers { permanent_uuid: "9e24fa8be96946e09de34d04078b1484" member_type: VOTER last_known_addr { host: "127.0.107.194" port: 38659 } } peers { permanent_uuid: "45b5869a71f04063ba1ad8c6d408ae75" member_type: VOTER last_known_addr { host: "127.0.107.195" port: 40485 } attrs { replace: true } } peers { permanent_uuid: "ea780891260b42c6b4a2120c9924e2b8" member_type: NON_VOTER last_known_addr { host: "127.0.107.196" port: 41929 } attrs { promote: true } }
I20260710 13:17:50.342538  2156 ts_tablet_manager.cc:1434] T 8d2e6806ffe743049434abaf2bccf31e P ea780891260b42c6b4a2120c9924e2b8: Time spent starting tablet: real 0.009s	user 0.003s	sys 0.005s
I20260710 13:17:50.344978  1624 tablet_copy_service.cc:342] P 9e24fa8be96946e09de34d04078b1484: Request end of tablet copy session ea780891260b42c6b4a2120c9924e2b8-8d2e6806ffe743049434abaf2bccf31e received from {username='slave'} at 127.0.0.1:42400
I20260710 13:17:50.345605  1624 tablet_copy_service.cc:434] P 9e24fa8be96946e09de34d04078b1484: ending tablet copy session ea780891260b42c6b4a2120c9924e2b8-8d2e6806ffe743049434abaf2bccf31e on tablet 8d2e6806ffe743049434abaf2bccf31e with peer ea780891260b42c6b4a2120c9924e2b8
I20260710 13:17:50.360419  2161 ts_tablet_manager.cc:933] T ac01b8120ac4482da01e42545d0c587b P ea780891260b42c6b4a2120c9924e2b8: Initiating tablet copy from peer 9e24fa8be96946e09de34d04078b1484 (127.0.107.194:38659)
I20260710 13:17:50.367053  2156 ts_tablet_manager.cc:933] T fdd9a7678860454098e7545967b0cdd3 P ea780891260b42c6b4a2120c9924e2b8: Initiating tablet copy from peer 21fd501a8ca24c23b2da2e85ec7eeaa9 (127.0.107.193:38601)
I20260710 13:17:50.370859  2161 tablet_copy_client.cc:323] T ac01b8120ac4482da01e42545d0c587b P ea780891260b42c6b4a2120c9924e2b8: tablet copy: Beginning tablet copy session from remote peer at address 127.0.107.194:38659
I20260710 13:17:50.373060  1624 tablet_copy_service.cc:140] P 9e24fa8be96946e09de34d04078b1484: Received BeginTabletCopySession request for tablet ac01b8120ac4482da01e42545d0c587b from peer ea780891260b42c6b4a2120c9924e2b8 ({username='slave'} at 127.0.0.1:42400)
I20260710 13:17:50.373690  1624 tablet_copy_service.cc:161] P 9e24fa8be96946e09de34d04078b1484: Beginning new tablet copy session on tablet ac01b8120ac4482da01e42545d0c587b from peer ea780891260b42c6b4a2120c9924e2b8 at {username='slave'} at 127.0.0.1:42400: session id = ea780891260b42c6b4a2120c9924e2b8-ac01b8120ac4482da01e42545d0c587b
I20260710 13:17:50.391932  1624 tablet_copy_source_session.cc:215] T ac01b8120ac4482da01e42545d0c587b P 9e24fa8be96946e09de34d04078b1484: Tablet Copy: opened 0 blocks and 1 log segments
I20260710 13:17:50.397861  2161 data_dirs.cc:400] Could only allocate 1 dirs of requested 3 for tablet ac01b8120ac4482da01e42545d0c587b. 1 dirs total, 0 dirs full, 0 dirs failed
I20260710 13:17:50.419966  2164 ts_tablet_manager.cc:933] T 34e76beac4e7443580b02cdd3894e380 P ea780891260b42c6b4a2120c9924e2b8: Initiating tablet copy from peer 21fd501a8ca24c23b2da2e85ec7eeaa9 (127.0.107.193:38601)
I20260710 13:17:50.425618  2156 tablet_copy_client.cc:323] T fdd9a7678860454098e7545967b0cdd3 P ea780891260b42c6b4a2120c9924e2b8: tablet copy: Beginning tablet copy session from remote peer at address 127.0.107.193:38601
I20260710 13:17:50.427690  1548 tablet_copy_service.cc:140] P 21fd501a8ca24c23b2da2e85ec7eeaa9: Received BeginTabletCopySession request for tablet fdd9a7678860454098e7545967b0cdd3 from peer ea780891260b42c6b4a2120c9924e2b8 ({username='slave'} at 127.0.0.1:49362)
I20260710 13:17:50.428267  1548 tablet_copy_service.cc:161] P 21fd501a8ca24c23b2da2e85ec7eeaa9: Beginning new tablet copy session on tablet fdd9a7678860454098e7545967b0cdd3 from peer ea780891260b42c6b4a2120c9924e2b8 at {username='slave'} at 127.0.0.1:49362: session id = ea780891260b42c6b4a2120c9924e2b8-fdd9a7678860454098e7545967b0cdd3
I20260710 13:17:50.438421  1548 tablet_copy_source_session.cc:215] T fdd9a7678860454098e7545967b0cdd3 P 21fd501a8ca24c23b2da2e85ec7eeaa9: Tablet Copy: opened 0 blocks and 1 log segments
I20260710 13:17:50.438835  2161 tablet_copy_client.cc:806] T ac01b8120ac4482da01e42545d0c587b P ea780891260b42c6b4a2120c9924e2b8: tablet copy: Starting download of 0 data blocks...
I20260710 13:17:50.439452  2161 tablet_copy_client.cc:670] T ac01b8120ac4482da01e42545d0c587b P ea780891260b42c6b4a2120c9924e2b8: tablet copy: Starting download of 1 WAL segments...
I20260710 13:17:50.439776  2164 tablet_copy_client.cc:323] T 34e76beac4e7443580b02cdd3894e380 P ea780891260b42c6b4a2120c9924e2b8: tablet copy: Beginning tablet copy session from remote peer at address 127.0.107.193:38601
I20260710 13:17:50.443454  1548 tablet_copy_service.cc:140] P 21fd501a8ca24c23b2da2e85ec7eeaa9: Received BeginTabletCopySession request for tablet 34e76beac4e7443580b02cdd3894e380 from peer ea780891260b42c6b4a2120c9924e2b8 ({username='slave'} at 127.0.0.1:49362)
I20260710 13:17:50.444100  1548 tablet_copy_service.cc:161] P 21fd501a8ca24c23b2da2e85ec7eeaa9: Beginning new tablet copy session on tablet 34e76beac4e7443580b02cdd3894e380 from peer ea780891260b42c6b4a2120c9924e2b8 at {username='slave'} at 127.0.0.1:49362: session id = ea780891260b42c6b4a2120c9924e2b8-34e76beac4e7443580b02cdd3894e380
I20260710 13:17:50.444169  2156 data_dirs.cc:400] Could only allocate 1 dirs of requested 3 for tablet fdd9a7678860454098e7545967b0cdd3. 1 dirs total, 0 dirs full, 0 dirs failed
I20260710 13:17:50.445393  2161 tablet_copy_client.cc:538] T ac01b8120ac4482da01e42545d0c587b P ea780891260b42c6b4a2120c9924e2b8: tablet copy: Tablet Copy complete. Replacing tablet superblock.
I20260710 13:17:50.463088  1548 tablet_copy_source_session.cc:215] T 34e76beac4e7443580b02cdd3894e380 P 21fd501a8ca24c23b2da2e85ec7eeaa9: Tablet Copy: opened 0 blocks and 1 log segments
I20260710 13:17:50.466362  2156 tablet_copy_client.cc:806] T fdd9a7678860454098e7545967b0cdd3 P ea780891260b42c6b4a2120c9924e2b8: tablet copy: Starting download of 0 data blocks...
I20260710 13:17:50.466909  2164 data_dirs.cc:400] Could only allocate 1 dirs of requested 3 for tablet 34e76beac4e7443580b02cdd3894e380. 1 dirs total, 0 dirs full, 0 dirs failed
I20260710 13:17:50.467068  2156 tablet_copy_client.cc:670] T fdd9a7678860454098e7545967b0cdd3 P ea780891260b42c6b4a2120c9924e2b8: tablet copy: Starting download of 1 WAL segments...
I20260710 13:17:50.481638  2156 tablet_copy_client.cc:538] T fdd9a7678860454098e7545967b0cdd3 P ea780891260b42c6b4a2120c9924e2b8: tablet copy: Tablet Copy complete. Replacing tablet superblock.
I20260710 13:17:50.483140  2161 tablet_bootstrap.cc:492] T ac01b8120ac4482da01e42545d0c587b P ea780891260b42c6b4a2120c9924e2b8: Bootstrap starting.
I20260710 13:17:50.492983  2156 tablet_bootstrap.cc:492] T fdd9a7678860454098e7545967b0cdd3 P ea780891260b42c6b4a2120c9924e2b8: Bootstrap starting.
I20260710 13:17:50.507689  2164 tablet_copy_client.cc:806] T 34e76beac4e7443580b02cdd3894e380 P ea780891260b42c6b4a2120c9924e2b8: tablet copy: Starting download of 0 data blocks...
I20260710 13:17:50.508479  2164 tablet_copy_client.cc:670] T 34e76beac4e7443580b02cdd3894e380 P ea780891260b42c6b4a2120c9924e2b8: tablet copy: Starting download of 1 WAL segments...
I20260710 13:17:50.513163  2164 tablet_copy_client.cc:538] T 34e76beac4e7443580b02cdd3894e380 P ea780891260b42c6b4a2120c9924e2b8: tablet copy: Tablet Copy complete. Replacing tablet superblock.
I20260710 13:17:50.523252  2164 tablet_bootstrap.cc:492] T 34e76beac4e7443580b02cdd3894e380 P ea780891260b42c6b4a2120c9924e2b8: Bootstrap starting.
I20260710 13:17:50.531042  2161 tablet_bootstrap.cc:492] T ac01b8120ac4482da01e42545d0c587b P ea780891260b42c6b4a2120c9924e2b8: Bootstrap replayed 1/1 log segments. Stats: ops{read=2 overwritten=0 applied=2 ignored=0} inserts{seen=0 ignored=0} mutations{seen=0 ignored=0} orphaned_commits=0. Pending: 0 replicates
I20260710 13:17:50.532105  2161 tablet_bootstrap.cc:492] T ac01b8120ac4482da01e42545d0c587b P ea780891260b42c6b4a2120c9924e2b8: Bootstrap complete.
I20260710 13:17:50.532843  2161 ts_tablet_manager.cc:1403] T ac01b8120ac4482da01e42545d0c587b P ea780891260b42c6b4a2120c9924e2b8: Time spent bootstrapping tablet: real 0.050s	user 0.018s	sys 0.004s
I20260710 13:17:50.542963  2161 raft_consensus.cc:359] T ac01b8120ac4482da01e42545d0c587b P ea780891260b42c6b4a2120c9924e2b8 [term 1 LEARNER]: Replica starting. Triggering 0 pending ops. Active config: opid_index: 2 OBSOLETE_local: false peers { permanent_uuid: "21fd501a8ca24c23b2da2e85ec7eeaa9" member_type: VOTER last_known_addr { host: "127.0.107.193" port: 38601 } attrs { replace: true } } peers { permanent_uuid: "9e24fa8be96946e09de34d04078b1484" member_type: VOTER last_known_addr { host: "127.0.107.194" port: 38659 } } peers { permanent_uuid: "45b5869a71f04063ba1ad8c6d408ae75" member_type: VOTER last_known_addr { host: "127.0.107.195" port: 40485 } } peers { permanent_uuid: "ea780891260b42c6b4a2120c9924e2b8" member_type: NON_VOTER last_known_addr { host: "127.0.107.196" port: 41929 } attrs { promote: true } }
I20260710 13:17:50.539194  2156 tablet_bootstrap.cc:492] T fdd9a7678860454098e7545967b0cdd3 P ea780891260b42c6b4a2120c9924e2b8: Bootstrap replayed 1/1 log segments. Stats: ops{read=2 overwritten=0 applied=2 ignored=0} inserts{seen=0 ignored=0} mutations{seen=0 ignored=0} orphaned_commits=0. Pending: 0 replicates
I20260710 13:17:50.544875  2156 tablet_bootstrap.cc:492] T fdd9a7678860454098e7545967b0cdd3 P ea780891260b42c6b4a2120c9924e2b8: Bootstrap complete.
I20260710 13:17:50.546285  2156 ts_tablet_manager.cc:1403] T fdd9a7678860454098e7545967b0cdd3 P ea780891260b42c6b4a2120c9924e2b8: Time spent bootstrapping tablet: real 0.054s	user 0.024s	sys 0.012s
