dest_uuid: "51c03f3817f549a882459e190c71ecf2"
 from {username='slave'} at 127.0.0.1:53120
I20260710 13:13:51.689888   566 raft_consensus.cc:493] T 54247d4e167048ae8d023be254ec4037 P 51c03f3817f549a882459e190c71ecf2 [term 1 FOLLOWER]: Starting forced leader election (received explicit request)
I20260710 13:13:51.690228   566 raft_consensus.cc:3060] T 54247d4e167048ae8d023be254ec4037 P 51c03f3817f549a882459e190c71ecf2 [term 1 FOLLOWER]: Advancing to term 2
I20260710 13:13:51.693665   715 raft_consensus.cc:2468] T 27589b1f25a0472583d35f97d5730224 P 5a1f1d142780472f885b8f18f9c92f76 [term 2 FOLLOWER]: Leader election vote request: Granting yes vote for candidate 77cb1c95836f40a2a101c0f66b5da0a5 in term 2.
I20260710 13:13:51.693966   565 raft_consensus.cc:3060] T 27589b1f25a0472583d35f97d5730224 P 51c03f3817f549a882459e190c71ecf2 [term 1 FOLLOWER]: Advancing to term 2
I20260710 13:13:51.695987   604 leader_election.cc:304] T 27589b1f25a0472583d35f97d5730224 P 77cb1c95836f40a2a101c0f66b5da0a5 [CANDIDATE]: Term 2 election: Election decided. Result: candidate won. Election summary: received 2 responses out of 3 voters: 2 yes votes; 0 no votes. yes voters: 5a1f1d142780472f885b8f18f9c92f76, 77cb1c95836f40a2a101c0f66b5da0a5; no voters: 
I20260710 13:13:51.696273   566 raft_consensus.cc:515] T 54247d4e167048ae8d023be254ec4037 P 51c03f3817f549a882459e190c71ecf2 [term 2 FOLLOWER]: Starting forced leader election with config: opid_index: -1 OBSOLETE_local: false peers { permanent_uuid: "51c03f3817f549a882459e190c71ecf2" member_type: VOTER last_known_addr { host: "127.0.107.193" port: 45799 } } peers { permanent_uuid: "77cb1c95836f40a2a101c0f66b5da0a5" member_type: VOTER last_known_addr { host: "127.0.107.194" port: 33651 } } peers { permanent_uuid: "5a1f1d142780472f885b8f18f9c92f76" member_type: VOTER last_known_addr { host: "127.0.107.195" port: 33389 } }
I20260710 13:13:51.696712   768 raft_consensus.cc:2804] T 27589b1f25a0472583d35f97d5730224 P 77cb1c95836f40a2a101c0f66b5da0a5 [term 2 FOLLOWER]: Leader election won for term 2
I20260710 13:13:51.697184   768 raft_consensus.cc:697] T 27589b1f25a0472583d35f97d5730224 P 77cb1c95836f40a2a101c0f66b5da0a5 [term 2 LEADER]: Becoming Leader. State: Replica: 77cb1c95836f40a2a101c0f66b5da0a5, State: Running, Role: LEADER
I20260710 13:13:51.698352   566 leader_election.cc:290] T 54247d4e167048ae8d023be254ec4037 P 51c03f3817f549a882459e190c71ecf2 [CANDIDATE]: Term 2 election: Requested vote from peers 77cb1c95836f40a2a101c0f66b5da0a5 (127.0.107.194:33651), 5a1f1d142780472f885b8f18f9c92f76 (127.0.107.195:33389)
I20260710 13:13:51.698438   768 consensus_queue.cc:237] T 27589b1f25a0472583d35f97d5730224 P 77cb1c95836f40a2a101c0f66b5da0a5 [LEADER]: Queue going to LEADER mode. State: All replicated index: 0, Majority replicated index: 1, Committed index: 1, Last appended: 1.1, Last appended by leader: 1, Current term: 2, Majority size: 2, State: 0, Mode: LEADER, active raft config: opid_index: -1 OBSOLETE_local: false peers { permanent_uuid: "51c03f3817f549a882459e190c71ecf2" member_type: VOTER last_known_addr { host: "127.0.107.193" port: 45799 } } peers { permanent_uuid: "77cb1c95836f40a2a101c0f66b5da0a5" member_type: VOTER last_known_addr { host: "127.0.107.194" port: 33651 } } peers { permanent_uuid: "5a1f1d142780472f885b8f18f9c92f76" member_type: VOTER last_known_addr { host: "127.0.107.195" port: 33389 } }
I20260710 13:13:51.703583   639 tablet_service.cc:1917] Received RequestConsensusVote() RPC: tablet_id: "54247d4e167048ae8d023be254ec4037" candidate_uuid: "51c03f3817f549a882459e190c71ecf2" candidate_term: 2 candidate_status { last_received { term: 1 index: 1 } } ignore_live_leader: true dest_uuid: "77cb1c95836f40a2a101c0f66b5da0a5"
I20260710 13:13:51.704133   639 raft_consensus.cc:3060] T 54247d4e167048ae8d023be254ec4037 P 77cb1c95836f40a2a101c0f66b5da0a5 [term 1 FOLLOWER]: Advancing to term 2
I20260710 13:13:51.706885   463 catalog_manager.cc:5697] T 27589b1f25a0472583d35f97d5730224 P 77cb1c95836f40a2a101c0f66b5da0a5 reported cstate change: term changed from 1 to 2, leader changed from 51c03f3817f549a882459e190c71ecf2 (127.0.107.193) to 77cb1c95836f40a2a101c0f66b5da0a5 (127.0.107.194). New cstate: current_term: 2 leader_uuid: "77cb1c95836f40a2a101c0f66b5da0a5" committed_config { opid_index: -1 OBSOLETE_local: false peers { permanent_uuid: "51c03f3817f549a882459e190c71ecf2" member_type: VOTER last_known_addr { host: "127.0.107.193" port: 45799 } health_report { overall_health: UNKNOWN } } peers { permanent_uuid: "77cb1c95836f40a2a101c0f66b5da0a5" member_type: VOTER last_known_addr { host: "127.0.107.194" port: 33651 } health_report { overall_health: HEALTHY } } peers { permanent_uuid: "5a1f1d142780472f885b8f18f9c92f76" member_type: VOTER last_known_addr { host: "127.0.107.195" port: 33389 } health_report { overall_health: UNKNOWN } } }
I20260710 13:13:51.708289   565 raft_consensus.cc:2468] T 27589b1f25a0472583d35f97d5730224 P 51c03f3817f549a882459e190c71ecf2 [term 2 FOLLOWER]: Leader election vote request: Granting yes vote for candidate 77cb1c95836f40a2a101c0f66b5da0a5 in term 2.
I20260710 13:13:51.703610   715 tablet_service.cc:1917] Received RequestConsensusVote() RPC: tablet_id: "54247d4e167048ae8d023be254ec4037" candidate_uuid: "51c03f3817f549a882459e190c71ecf2" candidate_term: 2 candidate_status { last_received { term: 1 index: 1 } } ignore_live_leader: true dest_uuid: "5a1f1d142780472f885b8f18f9c92f76"
I20260710 13:13:51.710323   715 raft_consensus.cc:3055] T 54247d4e167048ae8d023be254ec4037 P 5a1f1d142780472f885b8f18f9c92f76 [term 1 LEADER]: Stepping down as leader of term 1
I20260710 13:13:51.710642   715 raft_consensus.cc:740] T 54247d4e167048ae8d023be254ec4037 P 5a1f1d142780472f885b8f18f9c92f76 [term 1 LEADER]: Becoming Follower/Learner. State: Replica: 5a1f1d142780472f885b8f18f9c92f76, State: Running, Role: LEADER
I20260710 13:13:51.710680   639 raft_consensus.cc:2468] T 54247d4e167048ae8d023be254ec4037 P 77cb1c95836f40a2a101c0f66b5da0a5 [term 2 FOLLOWER]: Leader election vote request: Granting yes vote for candidate 51c03f3817f549a882459e190c71ecf2 in term 2.
I20260710 13:13:51.711669   715 consensus_queue.cc:260] T 54247d4e167048ae8d023be254ec4037 P 5a1f1d142780472f885b8f18f9c92f76 [NON_LEADER]: Queue going to NON_LEADER mode. State: All replicated index: 0, Majority replicated index: 1, Committed index: 1, Last appended: 1.1, Last appended by leader: 1, Current term: 1, Majority size: -1, State: 0, Mode: NON_LEADER, active raft config: opid_index: -1 OBSOLETE_local: false peers { permanent_uuid: "51c03f3817f549a882459e190c71ecf2" member_type: VOTER last_known_addr { host: "127.0.107.193" port: 45799 } } peers { permanent_uuid: "77cb1c95836f40a2a101c0f66b5da0a5" member_type: VOTER last_known_addr { host: "127.0.107.194" port: 33651 } } peers { permanent_uuid: "5a1f1d142780472f885b8f18f9c92f76" member_type: VOTER last_known_addr { host: "127.0.107.195" port: 33389 } }
I20260710 13:13:51.712195   530 leader_election.cc:304] T 54247d4e167048ae8d023be254ec4037 P 51c03f3817f549a882459e190c71ecf2 [CANDIDATE]: Term 2 election: Election decided. Result: candidate won. Election summary: received 2 responses out of 3 voters: 2 yes votes; 0 no votes. yes voters: 51c03f3817f549a882459e190c71ecf2, 77cb1c95836f40a2a101c0f66b5da0a5; no voters: 
I20260710 13:13:51.712841   715 raft_consensus.cc:3060] T 54247d4e167048ae8d023be254ec4037 P 5a1f1d142780472f885b8f18f9c92f76 [term 1 FOLLOWER]: Advancing to term 2
I20260710 13:13:51.713317   840 raft_consensus.cc:2804] T 54247d4e167048ae8d023be254ec4037 P 51c03f3817f549a882459e190c71ecf2 [term 2 FOLLOWER]: Leader election won for term 2
I20260710 13:13:51.713762   840 raft_consensus.cc:697] T 54247d4e167048ae8d023be254ec4037 P 51c03f3817f549a882459e190c71ecf2 [term 2 LEADER]: Becoming Leader. State: Replica: 51c03f3817f549a882459e190c71ecf2, State: Running, Role: LEADER
I20260710 13:13:51.714505   840 consensus_queue.cc:237] T 54247d4e167048ae8d023be254ec4037 P 51c03f3817f549a882459e190c71ecf2 [LEADER]: Queue going to LEADER mode. State: All replicated index: 0, Majority replicated index: 1, Committed index: 1, Last appended: 1.1, Last appended by leader: 1, Current term: 2, Majority size: 2, State: 0, Mode: LEADER, active raft config: opid_index: -1 OBSOLETE_local: false peers { permanent_uuid: "51c03f3817f549a882459e190c71ecf2" member_type: VOTER last_known_addr { host: "127.0.107.193" port: 45799 } } peers { permanent_uuid: "77cb1c95836f40a2a101c0f66b5da0a5" member_type: VOTER last_known_addr { host: "127.0.107.194" port: 33651 } } peers { permanent_uuid: "5a1f1d142780472f885b8f18f9c92f76" member_type: VOTER last_known_addr { host: "127.0.107.195" port: 33389 } }
I20260710 13:13:51.719909   715 raft_consensus.cc:2468] T 54247d4e167048ae8d023be254ec4037 P 5a1f1d142780472f885b8f18f9c92f76 [term 2 FOLLOWER]: Leader election vote request: Granting yes vote for candidate 51c03f3817f549a882459e190c71ecf2 in term 2.
I20260710 13:13:51.723382   463 catalog_manager.cc:5697] T 54247d4e167048ae8d023be254ec4037 P 51c03f3817f549a882459e190c71ecf2 reported cstate change: term changed from 1 to 2, leader changed from 5a1f1d142780472f885b8f18f9c92f76 (127.0.107.195) to 51c03f3817f549a882459e190c71ecf2 (127.0.107.193). New cstate: current_term: 2 leader_uuid: "51c03f3817f549a882459e190c71ecf2" committed_config { opid_index: -1 OBSOLETE_local: false peers { permanent_uuid: "51c03f3817f549a882459e190c71ecf2" member_type: VOTER last_known_addr { host: "127.0.107.193" port: 45799 } health_report { overall_health: HEALTHY } } peers { permanent_uuid: "77cb1c95836f40a2a101c0f66b5da0a5" member_type: VOTER last_known_addr { host: "127.0.107.194" port: 33651 } health_report { overall_health: UNKNOWN } } peers { permanent_uuid: "5a1f1d142780472f885b8f18f9c92f76" member_type: VOTER last_known_addr { host: "127.0.107.195" port: 33389 } health_report { overall_health: UNKNOWN } } }
I20260710 13:13:51.839571   779 raft_consensus.cc:993] T 55dce8d599b443dfb6cbf6aa35cefd45 P 5a1f1d142780472f885b8f18f9c92f76: : Instructing follower 77cb1c95836f40a2a101c0f66b5da0a5 to start an election
I20260710 13:13:51.840070   780 raft_consensus.cc:1081] T 55dce8d599b443dfb6cbf6aa35cefd45 P 5a1f1d142780472f885b8f18f9c92f76 [term 1 LEADER]: Signalling peer 77cb1c95836f40a2a101c0f66b5da0a5 to start an election
I20260710 13:13:51.841632   639 tablet_service.cc:2044] Received Run Leader Election RPC: tablet_id: "55dce8d599b443dfb6cbf6aa35cefd45"
dest_uuid: "77cb1c95836f40a2a101c0f66b5da0a5"
 from {username='slave'} at 127.0.0.1:48522
I20260710 13:13:51.842212   639 raft_consensus.cc:493] T 55dce8d599b443dfb6cbf6aa35cefd45 P 77cb1c95836f40a2a101c0f66b5da0a5 [term 1 FOLLOWER]: Starting forced leader election (received explicit request)
I20260710 13:13:51.842619   639 raft_consensus.cc:3060] T 55dce8d599b443dfb6cbf6aa35cefd45 P 77cb1c95836f40a2a101c0f66b5da0a5 [term 1 FOLLOWER]: Advancing to term 2
I20260710 13:13:51.847499   639 raft_consensus.cc:515] T 55dce8d599b443dfb6cbf6aa35cefd45 P 77cb1c95836f40a2a101c0f66b5da0a5 [term 2 FOLLOWER]: Starting forced leader election with config: opid_index: -1 OBSOLETE_local: false peers { permanent_uuid: "51c03f3817f549a882459e190c71ecf2" member_type: VOTER last_known_addr { host: "127.0.107.193" port: 45799 } } peers { permanent_uuid: "77cb1c95836f40a2a101c0f66b5da0a5" member_type: VOTER last_known_addr { host: "127.0.107.194" port: 33651 } } peers { permanent_uuid: "5a1f1d142780472f885b8f18f9c92f76" member_type: VOTER last_known_addr { host: "127.0.107.195" port: 33389 } }
I20260710 13:13:51.849068   639 leader_election.cc:290] T 55dce8d599b443dfb6cbf6aa35cefd45 P 77cb1c95836f40a2a101c0f66b5da0a5 [CANDIDATE]: Term 2 election: Requested vote from peers 51c03f3817f549a882459e190c71ecf2 (127.0.107.193:45799), 5a1f1d142780472f885b8f18f9c92f76 (127.0.107.195:33389)
I20260710 13:13:51.849925   565 tablet_service.cc:1917] Received RequestConsensusVote() RPC: tablet_id: "55dce8d599b443dfb6cbf6aa35cefd45" candidate_uuid: "77cb1c95836f40a2a101c0f66b5da0a5" candidate_term: 2 candidate_status { last_received { term: 1 index: 1 } } ignore_live_leader: true dest_uuid: "51c03f3817f549a882459e190c71ecf2"
I20260710 13:13:51.850193   715 tablet_service.cc:1917] Received RequestConsensusVote() RPC: tablet_id: "55dce8d599b443dfb6cbf6aa35cefd45" candidate_uuid: "77cb1c95836f40a2a101c0f66b5da0a5" candidate_term: 2 candidate_status { last_received { term: 1 index: 1 } } ignore_live_leader: true dest_uuid: "5a1f1d142780472f885b8f18f9c92f76"
I20260710 13:13:51.850478   565 raft_consensus.cc:3060] T 55dce8d599b443dfb6cbf6aa35cefd45 P 51c03f3817f549a882459e190c71ecf2 [term 1 FOLLOWER]: Advancing to term 2
I20260710 13:13:51.850735   715 raft_consensus.cc:3055] T 55dce8d599b443dfb6cbf6aa35cefd45 P 5a1f1d142780472f885b8f18f9c92f76 [term 1 LEADER]: Stepping down as leader of term 1
I20260710 13:13:51.851104   715 raft_consensus.cc:740] T 55dce8d599b443dfb6cbf6aa35cefd45 P 5a1f1d142780472f885b8f18f9c92f76 [term 1 LEADER]: Becoming Follower/Learner. State: Replica: 5a1f1d142780472f885b8f18f9c92f76, State: Running, Role: LEADER
I20260710 13:13:51.851817   715 consensus_queue.cc:260] T 55dce8d599b443dfb6cbf6aa35cefd45 P 5a1f1d142780472f885b8f18f9c92f76 [NON_LEADER]: Queue going to NON_LEADER mode. State: All replicated index: 0, Majority replicated index: 1, Committed index: 1, Last appended: 1.1, Last appended by leader: 1, Current term: 1, Majority size: -1, State: 0, Mode: NON_LEADER, active raft config: opid_index: -1 OBSOLETE_local: false peers { permanent_uuid: "51c03f3817f549a882459e190c71ecf2" member_type: VOTER last_known_addr { host: "127.0.107.193" port: 45799 } } peers { permanent_uuid: "77cb1c95836f40a2a101c0f66b5da0a5" member_type: VOTER last_known_addr { host: "127.0.107.194" port: 33651 } } peers { permanent_uuid: "5a1f1d142780472f885b8f18f9c92f76" member_type: VOTER last_known_addr { host: "127.0.107.195" port: 33389 } }
I20260710 13:13:51.852777   715 raft_consensus.cc:3060] T 55dce8d599b443dfb6cbf6aa35cefd45 P 5a1f1d142780472f885b8f18f9c92f76 [term 1 FOLLOWER]: Advancing to term 2
I20260710 13:13:51.855549   565 raft_consensus.cc:2468] T 55dce8d599b443dfb6cbf6aa35cefd45 P 51c03f3817f549a882459e190c71ecf2 [term 2 FOLLOWER]: Leader election vote request: Granting yes vote for candidate 77cb1c95836f40a2a101c0f66b5da0a5 in term 2.
I20260710 13:13:51.856556   605 leader_election.cc:304] T 55dce8d599b443dfb6cbf6aa35cefd45 P 77cb1c95836f40a2a101c0f66b5da0a5 [CANDIDATE]: Term 2 election: Election decided. Result: candidate won. Election summary: received 2 responses out of 3 voters: 2 yes votes; 0 no votes. yes voters: 51c03f3817f549a882459e190c71ecf2, 77cb1c95836f40a2a101c0f66b5da0a5; no voters: 
I20260710 13:13:51.857239   795 raft_consensus.cc:2804] T 55dce8d599b443dfb6cbf6aa35cefd45 P 77cb1c95836f40a2a101c0f66b5da0a5 [term 2 FOLLOWER]: Leader election won for term 2
I20260710 13:13:51.857674   715 raft_consensus.cc:2468] T 55dce8d599b443dfb6cbf6aa35cefd45 P 5a1f1d142780472f885b8f18f9c92f76 [term 2 FOLLOWER]: Leader election vote request: Granting yes vote for candidate 77cb1c95836f40a2a101c0f66b5da0a5 in term 2.
I20260710 13:13:51.857744   795 raft_consensus.cc:697] T 55dce8d599b443dfb6cbf6aa35cefd45 P 77cb1c95836f40a2a101c0f66b5da0a5 [term 2 LEADER]: Becoming Leader. State: Replica: 77cb1c95836f40a2a101c0f66b5da0a5, State: Running, Role: LEADER
I20260710 13:13:51.858712   795 consensus_queue.cc:237] T 55dce8d599b443dfb6cbf6aa35cefd45 P 77cb1c95836f40a2a101c0f66b5da0a5 [LEADER]: Queue going to LEADER mode. State: All replicated index: 0, Majority replicated index: 1, Committed index: 1, Last appended: 1.1, Last appended by leader: 1, Current term: 2, Majority size: 2, State: 0, Mode: LEADER, active raft config: opid_index: -1 OBSOLETE_local: false peers { permanent_uuid: "51c03f3817f549a882459e190c71ecf2" member_type: VOTER last_known_addr { host: "127.0.107.193" port: 45799 } } peers { permanent_uuid: "77cb1c95836f40a2a101c0f66b5da0a5" member_type: VOTER last_known_addr { host: "127.0.107.194" port: 33651 } } peers { permanent_uuid: "5a1f1d142780472f885b8f18f9c92f76" member_type: VOTER last_known_addr { host: "127.0.107.195" port: 33389 } }
I20260710 13:13:51.865505   463 catalog_manager.cc:5697] T 55dce8d599b443dfb6cbf6aa35cefd45 P 77cb1c95836f40a2a101c0f66b5da0a5 reported cstate change: term changed from 1 to 2, leader changed from 5a1f1d142780472f885b8f18f9c92f76 (127.0.107.195) to 77cb1c95836f40a2a101c0f66b5da0a5 (127.0.107.194). New cstate: current_term: 2 leader_uuid: "77cb1c95836f40a2a101c0f66b5da0a5" committed_config { opid_index: -1 OBSOLETE_local: false peers { permanent_uuid: "51c03f3817f549a882459e190c71ecf2" member_type: VOTER last_known_addr { host: "127.0.107.193" port: 45799 } health_report { overall_health: UNKNOWN } } peers { permanent_uuid: "77cb1c95836f40a2a101c0f66b5da0a5" member_type: VOTER last_known_addr { host: "127.0.107.194" port: 33651 } health_report { overall_health: HEALTHY } } peers { permanent_uuid: "5a1f1d142780472f885b8f18f9c92f76" member_type: VOTER last_known_addr { host: "127.0.107.195" port: 33389 } health_report { overall_health: UNKNOWN } } }
I20260710 13:13:51.916059   779 raft_consensus.cc:993] T 6bc65c1a42c541fcba5777f7b8bf7a9c P 5a1f1d142780472f885b8f18f9c92f76: : Instructing follower 77cb1c95836f40a2a101c0f66b5da0a5 to start an election
I20260710 13:13:51.916499   780 raft_consensus.cc:1081] T 6bc65c1a42c541fcba5777f7b8bf7a9c P 5a1f1d142780472f885b8f18f9c92f76 [term 1 LEADER]: Signalling peer 77cb1c95836f40a2a101c0f66b5da0a5 to start an election
I20260710 13:13:51.917982   639 tablet_service.cc:2044] Received Run Leader Election RPC: tablet_id: "6bc65c1a42c541fcba5777f7b8bf7a9c"
dest_uuid: "77cb1c95836f40a2a101c0f66b5da0a5"
 from {username='slave'} at 127.0.0.1:48522
I20260710 13:13:51.918447   639 raft_consensus.cc:493] T 6bc65c1a42c541fcba5777f7b8bf7a9c P 77cb1c95836f40a2a101c0f66b5da0a5 [term 1 FOLLOWER]: Starting forced leader election (received explicit request)
I20260710 13:13:51.918743   639 raft_consensus.cc:3060] T 6bc65c1a42c541fcba5777f7b8bf7a9c P 77cb1c95836f40a2a101c0f66b5da0a5 [term 1 FOLLOWER]: Advancing to term 2
I20260710 13:13:51.922971   639 raft_consensus.cc:515] T 6bc65c1a42c541fcba5777f7b8bf7a9c P 77cb1c95836f40a2a101c0f66b5da0a5 [term 2 FOLLOWER]: Starting forced leader election with config: opid_index: -1 OBSOLETE_local: false peers { permanent_uuid: "51c03f3817f549a882459e190c71ecf2" member_type: VOTER last_known_addr { host: "127.0.107.193" port: 45799 } } peers { permanent_uuid: "77cb1c95836f40a2a101c0f66b5da0a5" member_type: VOTER last_known_addr { host: "127.0.107.194" port: 33651 } } peers { permanent_uuid: "5a1f1d142780472f885b8f18f9c92f76" member_type: VOTER last_known_addr { host: "127.0.107.195" port: 33389 } }
I20260710 13:13:51.924518   639 leader_election.cc:290] T 6bc65c1a42c541fcba5777f7b8bf7a9c P 77cb1c95836f40a2a101c0f66b5da0a5 [CANDIDATE]: Term 2 election: Requested vote from peers 51c03f3817f549a882459e190c71ecf2 (127.0.107.193:45799), 5a1f1d142780472f885b8f18f9c92f76 (127.0.107.195:33389)
I20260710 13:13:51.925340   565 tablet_service.cc:1917] Received RequestConsensusVote() RPC: tablet_id: "6bc65c1a42c541fcba5777f7b8bf7a9c" candidate_uuid: "77cb1c95836f40a2a101c0f66b5da0a5" candidate_term: 2 candidate_status { last_received { term: 1 index: 1 } } ignore_live_leader: true dest_uuid: "51c03f3817f549a882459e190c71ecf2"
I20260710 13:13:51.925495   715 tablet_service.cc:1917] Received RequestConsensusVote() RPC: tablet_id: "6bc65c1a42c541fcba5777f7b8bf7a9c" candidate_uuid: "77cb1c95836f40a2a101c0f66b5da0a5" candidate_term: 2 candidate_status { last_received { term: 1 index: 1 } } ignore_live_leader: true dest_uuid: "5a1f1d142780472f885b8f18f9c92f76"
I20260710 13:13:51.925891   565 raft_consensus.cc:3060] T 6bc65c1a42c541fcba5777f7b8bf7a9c P 51c03f3817f549a882459e190c71ecf2 [term 1 FOLLOWER]: Advancing to term 2
I20260710 13:13:51.925983   715 raft_consensus.cc:3055] T 6bc65c1a42c541fcba5777f7b8bf7a9c P 5a1f1d142780472f885b8f18f9c92f76 [term 1 LEADER]: Stepping down as leader of term 1
I20260710 13:13:51.926342   715 raft_consensus.cc:740] T 6bc65c1a42c541fcba5777f7b8bf7a9c P 5a1f1d142780472f885b8f18f9c92f76 [term 1 LEADER]: Becoming Follower/Learner. State: Replica: 5a1f1d142780472f885b8f18f9c92f76, State: Running, Role: LEADER
I20260710 13:13:51.927157   715 consensus_queue.cc:260] T 6bc65c1a42c541fcba5777f7b8bf7a9c P 5a1f1d142780472f885b8f18f9c92f76 [NON_LEADER]: Queue going to NON_LEADER mode. State: All replicated index: 0, Majority replicated index: 1, Committed index: 1, Last appended: 1.1, Last appended by leader: 1, Current term: 1, Majority size: -1, State: 0, Mode: NON_LEADER, active raft config: opid_index: -1 OBSOLETE_local: false peers { permanent_uuid: "51c03f3817f549a882459e190c71ecf2" member_type: VOTER last_known_addr { host: "127.0.107.193" port: 45799 } } peers { permanent_uuid: "77cb1c95836f40a2a101c0f66b5da0a5" member_type: VOTER last_known_addr { host: "127.0.107.194" port: 33651 } } peers { permanent_uuid: "5a1f1d142780472f885b8f18f9c92f76" member_type: VOTER last_known_addr { host: "127.0.107.195" port: 33389 } }
I20260710 13:13:51.928273   715 raft_consensus.cc:3060] T 6bc65c1a42c541fcba5777f7b8bf7a9c P 5a1f1d142780472f885b8f18f9c92f76 [term 1 FOLLOWER]: Advancing to term 2
I20260710 13:13:51.932320   565 raft_consensus.cc:2468] T 6bc65c1a42c541fcba5777f7b8bf7a9c P 51c03f3817f549a882459e190c71ecf2 [term 2 FOLLOWER]: Leader election vote request: Granting yes vote for candidate 77cb1c95836f40a2a101c0f66b5da0a5 in term 2.
I20260710 13:13:51.933372   605 leader_election.cc:304] T 6bc65c1a42c541fcba5777f7b8bf7a9c P 77cb1c95836f40a2a101c0f66b5da0a5 [CANDIDATE]: Term 2 election: Election decided. Result: candidate won. Election summary: received 2 responses out of 3 voters: 2 yes votes; 0 no votes. yes voters: 51c03f3817f549a882459e190c71ecf2, 77cb1c95836f40a2a101c0f66b5da0a5; no voters: 
I20260710 13:13:51.934047   795 raft_consensus.cc:2804] T 6bc65c1a42c541fcba5777f7b8bf7a9c P 77cb1c95836f40a2a101c0f66b5da0a5 [term 2 FOLLOWER]: Leader election won for term 2
I20260710 13:13:51.934089   715 raft_consensus.cc:2468] T 6bc65c1a42c541fcba5777f7b8bf7a9c P 5a1f1d142780472f885b8f18f9c92f76 [term 2 FOLLOWER]: Leader election vote request: Granting yes vote for candidate 77cb1c95836f40a2a101c0f66b5da0a5 in term 2.
I20260710 13:13:51.934526   795 raft_consensus.cc:697] T 6bc65c1a42c541fcba5777f7b8bf7a9c P 77cb1c95836f40a2a101c0f66b5da0a5 [term 2 LEADER]: Becoming Leader. State: Replica: 77cb1c95836f40a2a101c0f66b5da0a5, State: Running, Role: LEADER
I20260710 13:13:51.935322   795 consensus_queue.cc:237] T 6bc65c1a42c541fcba5777f7b8bf7a9c P 77cb1c95836f40a2a101c0f66b5da0a5 [LEADER]: Queue going to LEADER mode. State: All replicated index: 0, Majority replicated index: 1, Committed index: 1, Last appended: 1.1, Last appended by leader: 1, Current term: 2, Majority size: 2, State: 0, Mode: LEADER, active raft config: opid_index: -1 OBSOLETE_local: false peers { permanent_uuid: "51c03f3817f549a882459e190c71ecf2" member_type: VOTER last_known_addr { host: "127.0.107.193" port: 45799 } } peers { permanent_uuid: "77cb1c95836f40a2a101c0f66b5da0a5" member_type: VOTER last_known_addr { host: "127.0.107.194" port: 33651 } } peers { permanent_uuid: "5a1f1d142780472f885b8f18f9c92f76" member_type: VOTER last_known_addr { host: "127.0.107.195" port: 33389 } }
I20260710 13:13:51.940651   463 catalog_manager.cc:5697] T 6bc65c1a42c541fcba5777f7b8bf7a9c P 77cb1c95836f40a2a101c0f66b5da0a5 reported cstate change: term changed from 1 to 2, leader changed from 5a1f1d142780472f885b8f18f9c92f76 (127.0.107.195) to 77cb1c95836f40a2a101c0f66b5da0a5 (127.0.107.194). New cstate: current_term: 2 leader_uuid: "77cb1c95836f40a2a101c0f66b5da0a5" committed_config { opid_index: -1 OBSOLETE_local: false peers { permanent_uuid: "51c03f3817f549a882459e190c71ecf2" member_type: VOTER last_known_addr { host: "127.0.107.193" port: 45799 } health_report { overall_health: UNKNOWN } } peers { permanent_uuid: "77cb1c95836f40a2a101c0f66b5da0a5" member_type: VOTER last_known_addr { host: "127.0.107.194" port: 33651 } health_report { overall_health: HEALTHY } } peers { permanent_uuid: "5a1f1d142780472f885b8f18f9c92f76" member_type: VOTER last_known_addr { host: "127.0.107.195" port: 33389 } health_report { overall_health: UNKNOWN } } }
I20260710 13:13:51.946813   639 raft_consensus.cc:1275] T 88193dec358b4587b8e77fddfc7a1a95 P 77cb1c95836f40a2a101c0f66b5da0a5 [term 2 FOLLOWER]: Refusing update from remote peer 5a1f1d142780472f885b8f18f9c92f76: Log matching property violated. Preceding OpId in replica: term: 1 index: 1. Preceding OpId from leader: term: 2 index: 2. (index mismatch)
I20260710 13:13:51.948086   780 consensus_queue.cc:1048] T 88193dec358b4587b8e77fddfc7a1a95 P 5a1f1d142780472f885b8f18f9c92f76 [LEADER]: Connected to new peer: Peer: permanent_uuid: "77cb1c95836f40a2a101c0f66b5da0a5" member_type: VOTER last_known_addr { host: "127.0.107.194" port: 33651 }, Status: LMP_MISMATCH, Last received: 0.0, Next index: 2, Last known committed idx: 1, Time since last communication: 0.000s
I20260710 13:13:51.955072   565 raft_consensus.cc:1275] T 88193dec358b4587b8e77fddfc7a1a95 P 51c03f3817f549a882459e190c71ecf2 [term 2 FOLLOWER]: Refusing update from remote peer 5a1f1d142780472f885b8f18f9c92f76: Log matching property violated. Preceding OpId in replica: term: 1 index: 1. Preceding OpId from leader: term: 2 index: 2. (index mismatch)
I20260710 13:13:51.956557   763 consensus_queue.cc:1048] T 88193dec358b4587b8e77fddfc7a1a95 P 5a1f1d142780472f885b8f18f9c92f76 [LEADER]: Connected to new peer: Peer: permanent_uuid: "51c03f3817f549a882459e190c71ecf2" member_type: VOTER last_known_addr { host: "127.0.107.193" port: 45799 }, Status: LMP_MISMATCH, Last received: 0.0, Next index: 2, Last known committed idx: 1, Time since last communication: 0.000s
I20260710 13:13:52.029402   639 raft_consensus.cc:1275] T 846bdb7ee74949a3b6b8c52889bfd1cb P 77cb1c95836f40a2a101c0f66b5da0a5 [term 2 FOLLOWER]: Refusing update from remote peer 51c03f3817f549a882459e190c71ecf2: Log matching property violated. Preceding OpId in replica: term: 1 index: 1. Preceding OpId from leader: term: 2 index: 2. (index mismatch)
I20260710 13:13:52.030779   715 raft_consensus.cc:1275] T 846bdb7ee74949a3b6b8c52889bfd1cb P 5a1f1d142780472f885b8f18f9c92f76 [term 2 FOLLOWER]: Refusing update from remote peer 51c03f3817f549a882459e190c71ecf2: Log matching property violated. Preceding OpId in replica: term: 1 index: 1. Preceding OpId from leader: term: 2 index: 2. (index mismatch)
I20260710 13:13:52.030792   840 consensus_queue.cc:1048] T 846bdb7ee74949a3b6b8c52889bfd1cb P 51c03f3817f549a882459e190c71ecf2 [LEADER]: Connected to new peer: Peer: permanent_uuid: "77cb1c95836f40a2a101c0f66b5da0a5" member_type: VOTER last_known_addr { host: "127.0.107.194" port: 33651 }, Status: LMP_MISMATCH, Last received: 0.0, Next index: 2, Last known committed idx: 1, Time since last communication: 0.000s
I20260710 13:13:52.032049   829 consensus_queue.cc:1048] T 846bdb7ee74949a3b6b8c52889bfd1cb P 51c03f3817f549a882459e190c71ecf2 [LEADER]: Connected to new peer: Peer: permanent_uuid: "5a1f1d142780472f885b8f18f9c92f76" member_type: VOTER last_known_addr { host: "127.0.107.195" port: 33389 }, Status: LMP_MISMATCH, Last received: 0.0, Next index: 2, Last known committed idx: 1, Time since last communication: 0.000s
I20260710 13:13:52.069083   715 raft_consensus.cc:1275] T b613d7dba03744839d90eff9655baef9 P 5a1f1d142780472f885b8f18f9c92f76 [term 2 FOLLOWER]: Refusing update from remote peer 51c03f3817f549a882459e190c71ecf2: Log matching property violated. Preceding OpId in replica: term: 1 index: 1. Preceding OpId from leader: term: 2 index: 2. (index mismatch)
I20260710 13:13:52.070191   829 consensus_queue.cc:1048] T b613d7dba03744839d90eff9655baef9 P 51c03f3817f549a882459e190c71ecf2 [LEADER]: Connected to new peer: Peer: permanent_uuid: "5a1f1d142780472f885b8f18f9c92f76" member_type: VOTER last_known_addr { host: "127.0.107.195" port: 33389 }, Status: LMP_MISMATCH, Last received: 0.0, Next index: 2, Last known committed idx: 1, Time since last communication: 0.000s
I20260710 13:13:52.078056   639 raft_consensus.cc:1275] T b613d7dba03744839d90eff9655baef9 P 77cb1c95836f40a2a101c0f66b5da0a5 [term 2 FOLLOWER]: Refusing update from remote peer 51c03f3817f549a882459e190c71ecf2: Log matching property violated. Preceding OpId in replica: term: 1 index: 1. Preceding OpId from leader: term: 2 index: 2. (index mismatch)
I20260710 13:13:52.079604   764 consensus_queue.cc:1048] T b613d7dba03744839d90eff9655baef9 P 51c03f3817f549a882459e190c71ecf2 [LEADER]: Connected to new peer: Peer: permanent_uuid: "77cb1c95836f40a2a101c0f66b5da0a5" member_type: VOTER last_known_addr { host: "127.0.107.194" port: 33651 }, Status: LMP_MISMATCH, Last received: 0.0, Next index: 2, Last known committed idx: 1, Time since last communication: 0.000s
I20260710 13:13:52.111711   639 raft_consensus.cc:1275] T 54247d4e167048ae8d023be254ec4037 P 77cb1c95836f40a2a101c0f66b5da0a5 [term 2 FOLLOWER]: Refusing update from remote peer 51c03f3817f549a882459e190c71ecf2: Log matching property violated. Preceding OpId in replica: term: 1 index: 1. Preceding OpId from leader: term: 2 index: 2. (index mismatch)
I20260710 13:13:52.112866   764 consensus_queue.cc:1048] T 54247d4e167048ae8d023be254ec4037 P 51c03f3817f549a882459e190c71ecf2 [LEADER]: Connected to new peer: Peer: permanent_uuid: "77cb1c95836f40a2a101c0f66b5da0a5" member_type: VOTER last_known_addr { host: "127.0.107.194" port: 33651 }, Status: LMP_MISMATCH, Last received: 0.0, Next index: 2, Last known committed idx: 1, Time since last communication: 0.000s
I20260710 13:13:52.121039   715 raft_consensus.cc:1275] T 54247d4e167048ae8d023be254ec4037 P 5a1f1d142780472f885b8f18f9c92f76 [term 2 FOLLOWER]: Refusing update from remote peer 51c03f3817f549a882459e190c71ecf2: Log matching property violated. Preceding OpId in replica: term: 1 index: 1. Preceding OpId from leader: term: 2 index: 2. (index mismatch)
I20260710 13:13:52.123847   829 consensus_queue.cc:1048] T 54247d4e167048ae8d023be254ec4037 P 51c03f3817f549a882459e190c71ecf2 [LEADER]: Connected to new peer: Peer: permanent_uuid: "5a1f1d142780472f885b8f18f9c92f76" member_type: VOTER last_known_addr { host: "127.0.107.195" port: 33389 }, Status: LMP_MISMATCH, Last received: 0.0, Next index: 2, Last known committed idx: 1, Time since last communication: 0.001s
I20260710 13:13:52.132681   639 raft_consensus.cc:1275] T 8094b7a1bd92442786a4224329c2aab6 P 77cb1c95836f40a2a101c0f66b5da0a5 [term 2 FOLLOWER]: Refusing update from remote peer 51c03f3817f549a882459e190c71ecf2: Log matching property violated. Preceding OpId in replica: term: 1 index: 1. Preceding OpId from leader: term: 2 index: 2. (index mismatch)
I20260710 13:13:52.133860   840 consensus_queue.cc:1048] T 8094b7a1bd92442786a4224329c2aab6 P 51c03f3817f549a882459e190c71ecf2 [LEADER]: Connected to new peer: Peer: permanent_uuid: "77cb1c95836f40a2a101c0f66b5da0a5" member_type: VOTER last_known_addr { host: "127.0.107.194" port: 33651 }, Status: LMP_MISMATCH, Last received: 0.0, Next index: 2, Last known committed idx: 1, Time since last communication: 0.000s
I20260710 13:13:52.143870   715 raft_consensus.cc:1275] T 8094b7a1bd92442786a4224329c2aab6 P 5a1f1d142780472f885b8f18f9c92f76 [term 2 FOLLOWER]: Refusing update from remote peer 51c03f3817f549a882459e190c71ecf2: Log matching property violated. Preceding OpId in replica: term: 1 index: 1. Preceding OpId from leader: term: 2 index: 2. (index mismatch)
I20260710 13:13:52.145314   840 consensus_queue.cc:1048] T 8094b7a1bd92442786a4224329c2aab6 P 51c03f3817f549a882459e190c71ecf2 [LEADER]: Connected to new peer: Peer: permanent_uuid: "5a1f1d142780472f885b8f18f9c92f76" member_type: VOTER last_known_addr { host: "127.0.107.195" port: 33389 }, Status: LMP_MISMATCH, Last received: 0.0, Next index: 2, Last known committed idx: 1, Time since last communication: 0.000s
I20260710 13:13:52.260103   565 raft_consensus.cc:1275] T 27589b1f25a0472583d35f97d5730224 P 51c03f3817f549a882459e190c71ecf2 [term 2 FOLLOWER]: Refusing update from remote peer 77cb1c95836f40a2a101c0f66b5da0a5: Log matching property violated. Preceding OpId in replica: term: 1 index: 1. Preceding OpId from leader: term: 2 index: 2. (index mismatch)
I20260710 13:13:52.261346   795 consensus_queue.cc:1048] T 27589b1f25a0472583d35f97d5730224 P 77cb1c95836f40a2a101c0f66b5da0a5 [LEADER]: Connected to new peer: Peer: permanent_uuid: "51c03f3817f549a882459e190c71ecf2" member_type: VOTER last_known_addr { host: "127.0.107.193" port: 45799 }, Status: LMP_MISMATCH, Last received: 0.0, Next index: 2, Last known committed idx: 1, Time since last communication: 0.000s
I20260710 13:13:52.266799   714 raft_consensus.cc:1275] T 27589b1f25a0472583d35f97d5730224 P 5a1f1d142780472f885b8f18f9c92f76 [term 2 FOLLOWER]: Refusing update from remote peer 77cb1c95836f40a2a101c0f66b5da0a5: Log matching property violated. Preceding OpId in replica: term: 1 index: 1. Preceding OpId from leader: term: 2 index: 2. (index mismatch)
I20260710 13:13:52.268780   795 consensus_queue.cc:1048] T 27589b1f25a0472583d35f97d5730224 P 77cb1c95836f40a2a101c0f66b5da0a5 [LEADER]: Connected to new peer: Peer: permanent_uuid: "5a1f1d142780472f885b8f18f9c92f76" member_type: VOTER last_known_addr { host: "127.0.107.195" port: 33389 }, Status: LMP_MISMATCH, Last received: 0.0, Next index: 2, Last known committed idx: 1, Time since last communication: 0.000s
I20260710 13:13:52.329293   714 raft_consensus.cc:1275] T 6bc65c1a42c541fcba5777f7b8bf7a9c P 5a1f1d142780472f885b8f18f9c92f76 [term 2 FOLLOWER]: Refusing update from remote peer 77cb1c95836f40a2a101c0f66b5da0a5: Log matching property violated. Preceding OpId in replica: term: 1 index: 1. Preceding OpId from leader: term: 2 index: 2. (index mismatch)
I20260710 13:13:52.330525   795 consensus_queue.cc:1048] T 6bc65c1a42c541fcba5777f7b8bf7a9c P 77cb1c95836f40a2a101c0f66b5da0a5 [LEADER]: Connected to new peer: Peer: permanent_uuid: "5a1f1d142780472f885b8f18f9c92f76" member_type: VOTER last_known_addr { host: "127.0.107.195" port: 33389 }, Status: LMP_MISMATCH, Last received: 0.0, Next index: 2, Last known committed idx: 1, Time since last communication: 0.000s
I20260710 13:13:52.337772   565 raft_consensus.cc:1275] T 6bc65c1a42c541fcba5777f7b8bf7a9c P 51c03f3817f549a882459e190c71ecf2 [term 2 FOLLOWER]: Refusing update from remote peer 77cb1c95836f40a2a101c0f66b5da0a5: Log matching property violated. Preceding OpId in replica: term: 1 index: 1. Preceding OpId from leader: term: 2 index: 2. (index mismatch)
I20260710 13:13:52.339394   768 consensus_queue.cc:1048] T 6bc65c1a42c541fcba5777f7b8bf7a9c P 77cb1c95836f40a2a101c0f66b5da0a5 [LEADER]: Connected to new peer: Peer: permanent_uuid: "51c03f3817f549a882459e190c71ecf2" member_type: VOTER last_known_addr { host: "127.0.107.193" port: 45799 }, Status: LMP_MISMATCH, Last received: 0.0, Next index: 2, Last known committed idx: 1, Time since last communication: 0.001s
I20260710 13:13:52.383708   714 raft_consensus.cc:1275] T 55dce8d599b443dfb6cbf6aa35cefd45 P 5a1f1d142780472f885b8f18f9c92f76 [term 2 FOLLOWER]: Refusing update from remote peer 77cb1c95836f40a2a101c0f66b5da0a5: Log matching property violated. Preceding OpId in replica: term: 1 index: 1. Preceding OpId from leader: term: 2 index: 2. (index mismatch)
I20260710 13:13:52.384824   795 consensus_queue.cc:1048] T 55dce8d599b443dfb6cbf6aa35cefd45 P 77cb1c95836f40a2a101c0f66b5da0a5 [LEADER]: Connected to new peer: Peer: permanent_uuid: "5a1f1d142780472f885b8f18f9c92f76" member_type: VOTER last_known_addr { host: "127.0.107.195" port: 33389 }, Status: LMP_MISMATCH, Last received: 0.0, Next index: 2, Last known committed idx: 1, Time since last communication: 0.000s
I20260710 13:13:52.394569   565 raft_consensus.cc:1275] T 55dce8d599b443dfb6cbf6aa35cefd45 P 51c03f3817f549a882459e190c71ecf2 [term 2 FOLLOWER]: Refusing update from remote peer 77cb1c95836f40a2a101c0f66b5da0a5: Log matching property violated. Preceding OpId in replica: term: 1 index: 1. Preceding OpId from leader: term: 2 index: 2. (index mismatch)
I20260710 13:13:52.395679   768 consensus_queue.cc:1048] T 55dce8d599b443dfb6cbf6aa35cefd45 P 77cb1c95836f40a2a101c0f66b5da0a5 [LEADER]: Connected to new peer: Peer: permanent_uuid: "51c03f3817f549a882459e190c71ecf2" member_type: VOTER last_known_addr { host: "127.0.107.193" port: 45799 }, Status: LMP_MISMATCH, Last received: 0.0, Next index: 2, Last known committed idx: 1, Time since last communication: 0.001s
I20260710 13:13:54.451774   431 auto_leader_rebalancer-test.cc:316] The leader distribution is 
I20260710 13:13:54.452564   431 auto_leader_rebalancer.cc:141] leader rebalance for table test-workload
I20260710 13:13:54.470899   639 tablet_service.cc:2072] Received LeaderStepDown RPC: tablet_id: "6bc65c1a42c541fcba5777f7b8bf7a9c"
dest_uuid: "77cb1c95836f40a2a101c0f66b5da0a5"
mode: GRACEFUL
new_leader_uuid: "5a1f1d142780472f885b8f18f9c92f76"
 from {username='slave'} at 127.0.0.1:44388
I20260710 13:13:54.471421   639 raft_consensus.cc:606] T 6bc65c1a42c541fcba5777f7b8bf7a9c P 77cb1c95836f40a2a101c0f66b5da0a5 [term 2 LEADER]: Received request to transfer leadership to TS 5a1f1d142780472f885b8f18f9c92f76
I20260710 13:13:54.482148   565 tablet_service.cc:2072] Received LeaderStepDown RPC: tablet_id: "8094b7a1bd92442786a4224329c2aab6"
dest_uuid: "51c03f3817f549a882459e190c71ecf2"
mode: GRACEFUL
new_leader_uuid: "5a1f1d142780472f885b8f18f9c92f76"
 from {username='slave'} at 127.0.0.1:35516
I20260710 13:13:54.482642   565 raft_consensus.cc:606] T 8094b7a1bd92442786a4224329c2aab6 P 51c03f3817f549a882459e190c71ecf2 [term 2 LEADER]: Received request to transfer leadership to TS 5a1f1d142780472f885b8f18f9c92f76
I20260710 13:13:54.483688   431 auto_leader_rebalancer.cc:479] table: test-workload, leader rebalance finish, leader transfer count: 2
I20260710 13:13:54.484081   431 auto_leader_rebalancer.cc:554] All tables' leader rebalancing finished this round
I20260710 13:13:54.818785   861 raft_consensus.cc:993] T 8094b7a1bd92442786a4224329c2aab6 P 51c03f3817f549a882459e190c71ecf2: : Instructing follower 5a1f1d142780472f885b8f18f9c92f76 to start an election
I20260710 13:13:54.819226   852 raft_consensus.cc:1081] T 8094b7a1bd92442786a4224329c2aab6 P 51c03f3817f549a882459e190c71ecf2 [term 2 LEADER]: Signalling peer 5a1f1d142780472f885b8f18f9c92f76 to start an election
I20260710 13:13:54.820569   714 tablet_service.cc:2044] Received Run Leader Election RPC: tablet_id: "8094b7a1bd92442786a4224329c2aab6"
dest_uuid: "5a1f1d142780472f885b8f18f9c92f76"
 from {username='slave'} at 127.0.0.1:48358
I20260710 13:13:54.821005   714 raft_consensus.cc:493] T 8094b7a1bd92442786a4224329c2aab6 P 5a1f1d142780472f885b8f18f9c92f76 [term 2 FOLLOWER]: Starting forced leader election (received explicit request)
I20260710 13:13:54.821274   714 raft_consensus.cc:3060] T 8094b7a1bd92442786a4224329c2aab6 P 5a1f1d142780472f885b8f18f9c92f76 [term 2 FOLLOWER]: Advancing to term 3
I20260710 13:13:54.825445   714 raft_consensus.cc:515] T 8094b7a1bd92442786a4224329c2aab6 P 5a1f1d142780472f885b8f18f9c92f76 [term 3 FOLLOWER]: Starting forced leader election with config: opid_index: -1 OBSOLETE_local: false peers { permanent_uuid: "51c03f3817f549a882459e190c71ecf2" member_type: VOTER last_known_addr { host: "127.0.107.193" port: 45799 } } peers { permanent_uuid: "77cb1c95836f40a2a101c0f66b5da0a5" member_type: VOTER last_known_addr { host: "127.0.107.194" port: 33651 } } peers { permanent_uuid: "5a1f1d142780472f885b8f18f9c92f76" member_type: VOTER last_known_addr { host: "127.0.107.195" port: 33389 } }
I20260710 13:13:54.826844   714 leader_election.cc:290] T 8094b7a1bd92442786a4224329c2aab6 P 5a1f1d142780472f885b8f18f9c92f76 [CANDIDATE]: Term 3 election: Requested vote from peers 51c03f3817f549a882459e190c71ecf2 (127.0.107.193:45799), 77cb1c95836f40a2a101c0f66b5da0a5 (127.0.107.194:33651)
I20260710 13:13:54.827606   565 tablet_service.cc:1917] Received RequestConsensusVote() RPC: tablet_id: "8094b7a1bd92442786a4224329c2aab6" candidate_uuid: "5a1f1d142780472f885b8f18f9c92f76" candidate_term: 3 candidate_status { last_received { term: 2 index: 2 } } ignore_live_leader: true dest_uuid: "51c03f3817f549a882459e190c71ecf2"
I20260710 13:13:54.827906   639 tablet_service.cc:1917] Received RequestConsensusVote() RPC: tablet_id: "8094b7a1bd92442786a4224329c2aab6" candidate_uuid: "5a1f1d142780472f885b8f18f9c92f76" candidate_term: 3 candidate_status { last_received { term: 2 index: 2 } } ignore_live_leader: true dest_uuid: "77cb1c95836f40a2a101c0f66b5da0a5"
I20260710 13:13:54.828171   565 raft_consensus.cc:3055] T 8094b7a1bd92442786a4224329c2aab6 P 51c03f3817f549a882459e190c71ecf2 [term 2 LEADER]: Stepping down as leader of term 2
I20260710 13:13:54.828447   639 raft_consensus.cc:3060] T 8094b7a1bd92442786a4224329c2aab6 P 77cb1c95836f40a2a101c0f66b5da0a5 [term 2 FOLLOWER]: Advancing to term 3
I20260710 13:13:54.828519   565 raft_consensus.cc:740] T 8094b7a1bd92442786a4224329c2aab6 P 51c03f3817f549a882459e190c71ecf2 [term 2 LEADER]: Becoming Follower/Learner. State: Replica: 51c03f3817f549a882459e190c71ecf2, State: Running, Role: LEADER
I20260710 13:13:54.829710   565 consensus_queue.cc:260] T 8094b7a1bd92442786a4224329c2aab6 P 51c03f3817f549a882459e190c71ecf2 [NON_LEADER]: Queue going to NON_LEADER mode. State: All replicated index: 0, Majority replicated index: 2, Committed index: 2, Last appended: 2.2, Last appended by leader: 2, Current term: 2, Majority size: -1, State: 0, Mode: NON_LEADER, active raft config: opid_index: -1 OBSOLETE_local: false peers { permanent_uuid: "51c03f3817f549a882459e190c71ecf2" member_type: VOTER last_known_addr { host: "127.0.107.193" port: 45799 } } peers { permanent_uuid: "77cb1c95836f40a2a101c0f66b5da0a5" member_type: VOTER last_known_addr { host: "127.0.107.194" port: 33651 } } peers { permanent_uuid: "5a1f1d142780472f885b8f18f9c92f76" member_type: VOTER last_known_addr { host: "127.0.107.195" port: 33389 } }
I20260710 13:13:54.830863   565 raft_consensus.cc:3060] T 8094b7a1bd92442786a4224329c2aab6 P 51c03f3817f549a882459e190c71ecf2 [term 2 FOLLOWER]: Advancing to term 3
I20260710 13:13:54.835649   639 raft_consensus.cc:2468] T 8094b7a1bd92442786a4224329c2aab6 P 77cb1c95836f40a2a101c0f66b5da0a5 [term 3 FOLLOWER]: Leader election vote request: Granting yes vote for candidate 5a1f1d142780472f885b8f18f9c92f76 in term 3.
I20260710 13:13:54.837433   565 raft_consensus.cc:2468] T 8094b7a1bd92442786a4224329c2aab6 P 51c03f3817f549a882459e190c71ecf2 [term 3 FOLLOWER]: Leader election vote request: Granting yes vote for candidate 5a1f1d142780472f885b8f18f9c92f76 in term 3.
I20260710 13:13:54.838637   679 leader_election.cc:304] T 8094b7a1bd92442786a4224329c2aab6 P 5a1f1d142780472f885b8f18f9c92f76 [CANDIDATE]: Term 3 election: Election decided. Result: candidate won. Election summary: received 2 responses out of 3 voters: 2 yes votes; 0 no votes. yes voters: 51c03f3817f549a882459e190c71ecf2, 5a1f1d142780472f885b8f18f9c92f76; no voters: 
I20260710 13:13:54.839425   763 raft_consensus.cc:2804] T 8094b7a1bd92442786a4224329c2aab6 P 5a1f1d142780472f885b8f18f9c92f76 [term 3 FOLLOWER]: Leader election won for term 3
I20260710 13:13:54.840667   763 raft_consensus.cc:697] T 8094b7a1bd92442786a4224329c2aab6 P 5a1f1d142780472f885b8f18f9c92f76 [term 3 LEADER]: Becoming Leader. State: Replica: 5a1f1d142780472f885b8f18f9c92f76, State: Running, Role: LEADER
I20260710 13:13:54.841392   763 consensus_queue.cc:237] T 8094b7a1bd92442786a4224329c2aab6 P 5a1f1d142780472f885b8f18f9c92f76 [LEADER]: Queue going to LEADER mode. State: All replicated index: 0, Majority replicated index: 2, Committed index: 2, Last appended: 2.2, Last appended by leader: 2, Current term: 3, Majority size: 2, State: 0, Mode: LEADER, active raft config: opid_index: -1 OBSOLETE_local: false peers { permanent_uuid: "51c03f3817f549a882459e190c71ecf2" member_type: VOTER last_known_addr { host: "127.0.107.193" port: 45799 } } peers { permanent_uuid: "77cb1c95836f40a2a101c0f66b5da0a5" member_type: VOTER last_known_addr { host: "127.0.107.194" port: 33651 } } peers { permanent_uuid: "5a1f1d142780472f885b8f18f9c92f76" member_type: VOTER last_known_addr { host: "127.0.107.195" port: 33389 } }
I20260710 13:13:54.847368   460 catalog_manager.cc:5697] T 8094b7a1bd92442786a4224329c2aab6 P 5a1f1d142780472f885b8f18f9c92f76 reported cstate change: term changed from 2 to 3, leader changed from 51c03f3817f549a882459e190c71ecf2 (127.0.107.193) to 5a1f1d142780472f885b8f18f9c92f76 (127.0.107.195). New cstate: current_term: 3 leader_uuid: "5a1f1d142780472f885b8f18f9c92f76" committed_config { opid_index: -1 OBSOLETE_local: false peers { permanent_uuid: "51c03f3817f549a882459e190c71ecf2" member_type: VOTER last_known_addr { host: "127.0.107.193" port: 45799 } health_report { overall_health: UNKNOWN } } peers { permanent_uuid: "77cb1c95836f40a2a101c0f66b5da0a5" member_type: VOTER last_known_addr { host: "127.0.107.194" port: 33651 } health_report { overall_health: UNKNOWN } } peers { permanent_uuid: "5a1f1d142780472f885b8f18f9c92f76" member_type: VOTER last_known_addr { host: "127.0.107.195" port: 33389 } health_report { overall_health: HEALTHY } } }
I20260710 13:13:55.084769   795 raft_consensus.cc:993] T 6bc65c1a42c541fcba5777f7b8bf7a9c P 77cb1c95836f40a2a101c0f66b5da0a5: : Instructing follower 5a1f1d142780472f885b8f18f9c92f76 to start an election
I20260710 13:13:55.085199   868 raft_consensus.cc:1081] T 6bc65c1a42c541fcba5777f7b8bf7a9c P 77cb1c95836f40a2a101c0f66b5da0a5 [term 2 LEADER]: Signalling peer 5a1f1d142780472f885b8f18f9c92f76 to start an election
I20260710 13:13:55.086546   714 tablet_service.cc:2044] Received Run Leader Election RPC: tablet_id: "6bc65c1a42c541fcba5777f7b8bf7a9c"
dest_uuid: "5a1f1d142780472f885b8f18f9c92f76"
 from {username='slave'} at 127.0.0.1:48348
I20260710 13:13:55.086961   714 raft_consensus.cc:493] T 6bc65c1a42c541fcba5777f7b8bf7a9c P 5a1f1d142780472f885b8f18f9c92f76 [term 2 FOLLOWER]: Starting forced leader election (received explicit request)
I20260710 13:13:55.087270   714 raft_consensus.cc:3060] T 6bc65c1a42c541fcba5777f7b8bf7a9c P 5a1f1d142780472f885b8f18f9c92f76 [term 2 FOLLOWER]: Advancing to term 3
I20260710 13:13:55.091905   714 raft_consensus.cc:515] T 6bc65c1a42c541fcba5777f7b8bf7a9c P 5a1f1d142780472f885b8f18f9c92f76 [term 3 FOLLOWER]: Starting forced leader election with config: opid_index: -1 OBSOLETE_local: false peers { permanent_uuid: "51c03f3817f549a882459e190c71ecf2" member_type: VOTER last_known_addr { host: "127.0.107.193" port: 45799 } } peers { permanent_uuid: "77cb1c95836f40a2a101c0f66b5da0a5" member_type: VOTER last_known_addr { host: "127.0.107.194" port: 33651 } } peers { permanent_uuid: "5a1f1d142780472f885b8f18f9c92f76" member_type: VOTER last_known_addr { host: "127.0.107.195" port: 33389 } }
I20260710 13:13:55.093269   714 leader_election.cc:290] T 6bc65c1a42c541fcba5777f7b8bf7a9c P 5a1f1d142780472f885b8f18f9c92f76 [CANDIDATE]: Term 3 election: Requested vote from peers 51c03f3817f549a882459e190c71ecf2 (127.0.107.193:45799), 77cb1c95836f40a2a101c0f66b5da0a5 (127.0.107.194:33651)
I20260710 13:13:55.094074   565 tablet_service.cc:1917] Received RequestConsensusVote() RPC: tablet_id: "6bc65c1a42c541fcba5777f7b8bf7a9c" candidate_uuid: "5a1f1d142780472f885b8f18f9c92f76" candidate_term: 3 candidate_status { last_received { term: 2 index: 2 } } ignore_live_leader: true dest_uuid: "51c03f3817f549a882459e190c71ecf2"
I20260710 13:13:55.094228   639 tablet_service.cc:1917] Received RequestConsensusVote() RPC: tablet_id: "6bc65c1a42c541fcba5777f7b8bf7a9c" candidate_uuid: "5a1f1d142780472f885b8f18f9c92f76" candidate_term: 3 candidate_status { last_received { term: 2 index: 2 } } ignore_live_leader: true dest_uuid: "77cb1c95836f40a2a101c0f66b5da0a5"
I20260710 13:13:55.094614   565 raft_consensus.cc:3060] T 6bc65c1a42c541fcba5777f7b8bf7a9c P 51c03f3817f549a882459e190c71ecf2 [term 2 FOLLOWER]: Advancing to term 3
I20260710 13:13:55.094740   639 raft_consensus.cc:3055] T 6bc65c1a42c541fcba5777f7b8bf7a9c P 77cb1c95836f40a2a101c0f66b5da0a5 [term 2 LEADER]: Stepping down as leader of term 2
I20260710 13:13:55.095106   639 raft_consensus.cc:740] T 6bc65c1a42c541fcba5777f7b8bf7a9c P 77cb1c95836f40a2a101c0f66b5da0a5 [term 2 LEADER]: Becoming Follower/Learner. State: Replica: 77cb1c95836f40a2a101c0f66b5da0a5, State: Running, Role: LEADER
I20260710 13:13:55.095744   639 consensus_queue.cc:260] T 6bc65c1a42c541fcba5777f7b8bf7a9c P 77cb1c95836f40a2a101c0f66b5da0a5 [NON_LEADER]: Queue going to NON_LEADER mode. State: All replicated index: 0, Majority replicated index: 2, Committed index: 2, Last appended: 2.2, Last appended by leader: 2, Current term: 2, Majority size: -1, State: 0, Mode: NON_LEADER, active raft config: opid_index: -1 OBSOLETE_local: false peers { permanent_uuid: "51c03f3817f549a882459e190c71ecf2" member_type: VOTER last_known_addr { host: "127.0.107.193" port: 45799 } } peers { permanent_uuid: "77cb1c95836f40a2a101c0f66b5da0a5" member_type: VOTER last_known_addr { host: "127.0.107.194" port: 33651 } } peers { permanent_uuid: "5a1f1d142780472f885b8f18f9c92f76" member_type: VOTER last_known_addr { host: "127.0.107.195" port: 33389 } }
I20260710 13:13:55.096603   639 raft_consensus.cc:3060] T 6bc65c1a42c541fcba5777f7b8bf7a9c P 77cb1c95836f40a2a101c0f66b5da0a5 [term 2 FOLLOWER]: Advancing to term 3
I20260710 13:13:55.099125   565 raft_consensus.cc:2468] T 6bc65c1a42c541fcba5777f7b8bf7a9c P 51c03f3817f549a882459e190c71ecf2 [term 3 FOLLOWER]: Leader election vote request: Granting yes vote for candidate 5a1f1d142780472f885b8f18f9c92f76 in term 3.
