I20260710 13:17:46.733774  2348 raft_consensus.cc:1081] T a2bd32f8b79a4ee197b772432221b91c P 432fa6fbf2dd47b393c3d97532550789 [term 1 LEADER]: Signalling peer c4be813399a34edf90082a73922daf14 to start an election
I20260710 13:17:46.734808  1999 raft_consensus.cc:515] T 2ff87c8c137643158644cadbd90a427b P c4be813399a34edf90082a73922daf14 [term 2 FOLLOWER]: Starting forced leader election with config: opid_index: 4 OBSOLETE_local: false peers { permanent_uuid: "6b509e4ffa6948368f202dc476af8ff1" member_type: VOTER last_known_addr { host: "127.0.107.193" port: 42903 } } peers { permanent_uuid: "432fa6fbf2dd47b393c3d97532550789" member_type: VOTER last_known_addr { host: "127.0.107.194" port: 40785 } } peers { permanent_uuid: "c4be813399a34edf90082a73922daf14" member_type: VOTER last_known_addr { host: "127.0.107.196" port: 40509 } attrs { promote: false } }
I20260710 13:17:46.735569  2000 tablet_service.cc:2044] Received Run Leader Election RPC: tablet_id: "a2bd32f8b79a4ee197b772432221b91c"
dest_uuid: "c4be813399a34edf90082a73922daf14"
 from {username='slave'} at 127.0.0.1:50402
I20260710 13:17:46.736054  2000 raft_consensus.cc:493] T a2bd32f8b79a4ee197b772432221b91c P c4be813399a34edf90082a73922daf14 [term 1 FOLLOWER]: Starting forced leader election (received explicit request)
I20260710 13:17:46.736434  2000 raft_consensus.cc:3060] T a2bd32f8b79a4ee197b772432221b91c P c4be813399a34edf90082a73922daf14 [term 1 FOLLOWER]: Advancing to term 2
I20260710 13:17:46.737216  1999 leader_election.cc:290] T 2ff87c8c137643158644cadbd90a427b P c4be813399a34edf90082a73922daf14 [CANDIDATE]: Term 2 election: Requested vote from peers 6b509e4ffa6948368f202dc476af8ff1 (127.0.107.193:42903), 432fa6fbf2dd47b393c3d97532550789 (127.0.107.194:40785)
I20260710 13:17:46.738106  1574 tablet_service.cc:1917] Received RequestConsensusVote() RPC: tablet_id: "2ff87c8c137643158644cadbd90a427b" candidate_uuid: "c4be813399a34edf90082a73922daf14" candidate_term: 2 candidate_status { last_received { term: 1 index: 4 } } ignore_live_leader: true dest_uuid: "6b509e4ffa6948368f202dc476af8ff1"
I20260710 13:17:46.738205  1651 tablet_service.cc:1917] Received RequestConsensusVote() RPC: tablet_id: "2ff87c8c137643158644cadbd90a427b" candidate_uuid: "c4be813399a34edf90082a73922daf14" candidate_term: 2 candidate_status { last_received { term: 1 index: 4 } } ignore_live_leader: true dest_uuid: "432fa6fbf2dd47b393c3d97532550789"
I20260710 13:17:46.738724  1574 raft_consensus.cc:3060] T 2ff87c8c137643158644cadbd90a427b P 6b509e4ffa6948368f202dc476af8ff1 [term 1 FOLLOWER]: Advancing to term 2
I20260710 13:17:46.738802  1651 raft_consensus.cc:3055] T 2ff87c8c137643158644cadbd90a427b P 432fa6fbf2dd47b393c3d97532550789 [term 1 LEADER]: Stepping down as leader of term 1
I20260710 13:17:46.739228  1651 raft_consensus.cc:740] T 2ff87c8c137643158644cadbd90a427b P 432fa6fbf2dd47b393c3d97532550789 [term 1 LEADER]: Becoming Follower/Learner. State: Replica: 432fa6fbf2dd47b393c3d97532550789, State: Running, Role: LEADER
I20260710 13:17:46.740027  1651 consensus_queue.cc:260] T 2ff87c8c137643158644cadbd90a427b P 432fa6fbf2dd47b393c3d97532550789 [NON_LEADER]: Queue going to NON_LEADER mode. State: All replicated index: 0, Majority replicated index: 4, Committed index: 4, Last appended: 1.4, Last appended by leader: 4, Current term: 1, Majority size: -1, State: 0, Mode: NON_LEADER, active raft config: opid_index: 4 OBSOLETE_local: false peers { permanent_uuid: "6b509e4ffa6948368f202dc476af8ff1" member_type: VOTER last_known_addr { host: "127.0.107.193" port: 42903 } } peers { permanent_uuid: "432fa6fbf2dd47b393c3d97532550789" member_type: VOTER last_known_addr { host: "127.0.107.194" port: 40785 } } peers { permanent_uuid: "c4be813399a34edf90082a73922daf14" member_type: VOTER last_known_addr { host: "127.0.107.196" port: 40509 } attrs { promote: false } }
I20260710 13:17:46.741056  1651 raft_consensus.cc:3060] T 2ff87c8c137643158644cadbd90a427b P 432fa6fbf2dd47b393c3d97532550789 [term 1 FOLLOWER]: Advancing to term 2
I20260710 13:17:46.745672  2000 raft_consensus.cc:515] T a2bd32f8b79a4ee197b772432221b91c P c4be813399a34edf90082a73922daf14 [term 2 FOLLOWER]: Starting forced leader election with config: opid_index: 4 OBSOLETE_local: false peers { permanent_uuid: "6b509e4ffa6948368f202dc476af8ff1" member_type: VOTER last_known_addr { host: "127.0.107.193" port: 42903 } } peers { permanent_uuid: "432fa6fbf2dd47b393c3d97532550789" member_type: VOTER last_known_addr { host: "127.0.107.194" port: 40785 } } peers { permanent_uuid: "c4be813399a34edf90082a73922daf14" member_type: VOTER last_known_addr { host: "127.0.107.196" port: 40509 } attrs { promote: false } }
I20260710 13:17:46.747654  1651 raft_consensus.cc:2468] T 2ff87c8c137643158644cadbd90a427b P 432fa6fbf2dd47b393c3d97532550789 [term 2 FOLLOWER]: Leader election vote request: Granting yes vote for candidate c4be813399a34edf90082a73922daf14 in term 2.
I20260710 13:17:46.747846  2000 leader_election.cc:290] T a2bd32f8b79a4ee197b772432221b91c P c4be813399a34edf90082a73922daf14 [CANDIDATE]: Term 2 election: Requested vote from peers 6b509e4ffa6948368f202dc476af8ff1 (127.0.107.193:42903), 432fa6fbf2dd47b393c3d97532550789 (127.0.107.194:40785)
I20260710 13:17:46.748656  1576 tablet_service.cc:1917] Received RequestConsensusVote() RPC: tablet_id: "a2bd32f8b79a4ee197b772432221b91c" candidate_uuid: "c4be813399a34edf90082a73922daf14" candidate_term: 2 candidate_status { last_received { term: 1 index: 4 } } ignore_live_leader: true dest_uuid: "6b509e4ffa6948368f202dc476af8ff1"
I20260710 13:17:46.749182  1966 leader_election.cc:304] T 2ff87c8c137643158644cadbd90a427b P c4be813399a34edf90082a73922daf14 [CANDIDATE]: Term 2 election: Election decided. Result: candidate won. Election summary: received 2 responses out of 3 voters: 2 yes votes; 0 no votes. yes voters: 432fa6fbf2dd47b393c3d97532550789, c4be813399a34edf90082a73922daf14; no voters: 
I20260710 13:17:46.749347  1576 raft_consensus.cc:3060] T a2bd32f8b79a4ee197b772432221b91c P 6b509e4ffa6948368f202dc476af8ff1 [term 1 FOLLOWER]: Advancing to term 2
I20260710 13:17:46.749908  1652 tablet_service.cc:1917] Received RequestConsensusVote() RPC: tablet_id: "a2bd32f8b79a4ee197b772432221b91c" candidate_uuid: "c4be813399a34edf90082a73922daf14" candidate_term: 2 candidate_status { last_received { term: 1 index: 4 } } ignore_live_leader: true dest_uuid: "432fa6fbf2dd47b393c3d97532550789"
I20260710 13:17:46.750461  1652 raft_consensus.cc:3055] T a2bd32f8b79a4ee197b772432221b91c P 432fa6fbf2dd47b393c3d97532550789 [term 1 LEADER]: Stepping down as leader of term 1
I20260710 13:17:46.750756  1652 raft_consensus.cc:740] T a2bd32f8b79a4ee197b772432221b91c P 432fa6fbf2dd47b393c3d97532550789 [term 1 LEADER]: Becoming Follower/Learner. State: Replica: 432fa6fbf2dd47b393c3d97532550789, State: Running, Role: LEADER
I20260710 13:17:46.751415  2345 raft_consensus.cc:993] T 11af78030cb947419327aea7d091e439 P 432fa6fbf2dd47b393c3d97532550789: : Instructing follower 6b509e4ffa6948368f202dc476af8ff1 to start an election
I20260710 13:17:46.751619  1652 consensus_queue.cc:260] T a2bd32f8b79a4ee197b772432221b91c P 432fa6fbf2dd47b393c3d97532550789 [NON_LEADER]: Queue going to NON_LEADER mode. State: All replicated index: 0, Majority replicated index: 4, Committed index: 4, Last appended: 1.4, Last appended by leader: 4, Current term: 1, Majority size: -1, State: 0, Mode: NON_LEADER, active raft config: opid_index: 4 OBSOLETE_local: false peers { permanent_uuid: "6b509e4ffa6948368f202dc476af8ff1" member_type: VOTER last_known_addr { host: "127.0.107.193" port: 42903 } } peers { permanent_uuid: "432fa6fbf2dd47b393c3d97532550789" member_type: VOTER last_known_addr { host: "127.0.107.194" port: 40785 } } peers { permanent_uuid: "c4be813399a34edf90082a73922daf14" member_type: VOTER last_known_addr { host: "127.0.107.196" port: 40509 } attrs { promote: false } }
I20260710 13:17:46.752830  1652 raft_consensus.cc:3060] T a2bd32f8b79a4ee197b772432221b91c P 432fa6fbf2dd47b393c3d97532550789 [term 1 FOLLOWER]: Advancing to term 2
I20260710 13:17:46.752924  2348 raft_consensus.cc:1081] T 11af78030cb947419327aea7d091e439 P 432fa6fbf2dd47b393c3d97532550789 [term 1 LEADER]: Signalling peer 6b509e4ffa6948368f202dc476af8ff1 to start an election
I20260710 13:17:46.754681  1577 tablet_service.cc:2044] Received Run Leader Election RPC: tablet_id: "11af78030cb947419327aea7d091e439"
dest_uuid: "6b509e4ffa6948368f202dc476af8ff1"
 from {username='slave'} at 127.0.0.1:51482
I20260710 13:17:46.755296  1577 raft_consensus.cc:493] T 11af78030cb947419327aea7d091e439 P 6b509e4ffa6948368f202dc476af8ff1 [term 1 FOLLOWER]: Starting forced leader election (received explicit request)
I20260710 13:17:46.755666  1577 raft_consensus.cc:3060] T 11af78030cb947419327aea7d091e439 P 6b509e4ffa6948368f202dc476af8ff1 [term 1 FOLLOWER]: Advancing to term 2
I20260710 13:17:46.757128  1576 raft_consensus.cc:2468] T a2bd32f8b79a4ee197b772432221b91c P 6b509e4ffa6948368f202dc476af8ff1 [term 2 FOLLOWER]: Leader election vote request: Granting yes vote for candidate c4be813399a34edf90082a73922daf14 in term 2.
I20260710 13:17:46.759248  2361 raft_consensus.cc:2804] T 2ff87c8c137643158644cadbd90a427b P c4be813399a34edf90082a73922daf14 [term 2 FOLLOWER]: Leader election won for term 2
I20260710 13:17:46.759390  1966 leader_election.cc:304] T a2bd32f8b79a4ee197b772432221b91c P c4be813399a34edf90082a73922daf14 [CANDIDATE]: Term 2 election: Election decided. Result: candidate won. Election summary: received 2 responses out of 3 voters: 2 yes votes; 0 no votes. yes voters: 6b509e4ffa6948368f202dc476af8ff1, c4be813399a34edf90082a73922daf14; no voters: 
I20260710 13:17:46.747572  1574 raft_consensus.cc:2468] T 2ff87c8c137643158644cadbd90a427b P 6b509e4ffa6948368f202dc476af8ff1 [term 2 FOLLOWER]: Leader election vote request: Granting yes vote for candidate c4be813399a34edf90082a73922daf14 in term 2.
I20260710 13:17:46.760084  1652 raft_consensus.cc:2468] T a2bd32f8b79a4ee197b772432221b91c P 432fa6fbf2dd47b393c3d97532550789 [term 2 FOLLOWER]: Leader election vote request: Granting yes vote for candidate c4be813399a34edf90082a73922daf14 in term 2.
I20260710 13:17:46.764945  2364 raft_consensus.cc:2804] T a2bd32f8b79a4ee197b772432221b91c P c4be813399a34edf90082a73922daf14 [term 2 FOLLOWER]: Leader election won for term 2
I20260710 13:17:46.765034  1577 raft_consensus.cc:515] T 11af78030cb947419327aea7d091e439 P 6b509e4ffa6948368f202dc476af8ff1 [term 2 FOLLOWER]: Starting forced leader election with config: opid_index: -1 OBSOLETE_local: false peers { permanent_uuid: "6b509e4ffa6948368f202dc476af8ff1" member_type: VOTER last_known_addr { host: "127.0.107.193" port: 42903 } } peers { permanent_uuid: "432fa6fbf2dd47b393c3d97532550789" member_type: VOTER last_known_addr { host: "127.0.107.194" port: 40785 } } peers { permanent_uuid: "d3c73b1acaa948f3baf198bb435069ba" member_type: VOTER last_known_addr { host: "127.0.107.195" port: 46331 } }
I20260710 13:17:46.765914  2364 raft_consensus.cc:697] T a2bd32f8b79a4ee197b772432221b91c P c4be813399a34edf90082a73922daf14 [term 2 LEADER]: Becoming Leader. State: Replica: c4be813399a34edf90082a73922daf14, State: Running, Role: LEADER
I20260710 13:17:46.766947  2364 consensus_queue.cc:237] T a2bd32f8b79a4ee197b772432221b91c P c4be813399a34edf90082a73922daf14 [LEADER]: Queue going to LEADER mode. State: All replicated index: 0, Majority replicated index: 4, Committed index: 4, Last appended: 1.4, Last appended by leader: 4, Current term: 2, Majority size: 2, State: 0, Mode: LEADER, active raft config: opid_index: 4 OBSOLETE_local: false peers { permanent_uuid: "6b509e4ffa6948368f202dc476af8ff1" member_type: VOTER last_known_addr { host: "127.0.107.193" port: 42903 } } peers { permanent_uuid: "432fa6fbf2dd47b393c3d97532550789" member_type: VOTER last_known_addr { host: "127.0.107.194" port: 40785 } } peers { permanent_uuid: "c4be813399a34edf90082a73922daf14" member_type: VOTER last_known_addr { host: "127.0.107.196" port: 40509 } attrs { promote: false } }
I20260710 13:17:46.768545  1652 tablet_service.cc:1917] Received RequestConsensusVote() RPC: tablet_id: "11af78030cb947419327aea7d091e439" candidate_uuid: "6b509e4ffa6948368f202dc476af8ff1" candidate_term: 2 candidate_status { last_received { term: 1 index: 1 } } ignore_live_leader: true dest_uuid: "432fa6fbf2dd47b393c3d97532550789"
I20260710 13:17:46.768774  1725 tablet_service.cc:1917] Received RequestConsensusVote() RPC: tablet_id: "11af78030cb947419327aea7d091e439" candidate_uuid: "6b509e4ffa6948368f202dc476af8ff1" candidate_term: 2 candidate_status { last_received { term: 1 index: 1 } } ignore_live_leader: true dest_uuid: "d3c73b1acaa948f3baf198bb435069ba"
I20260710 13:17:46.769304  1652 raft_consensus.cc:3055] T 11af78030cb947419327aea7d091e439 P 432fa6fbf2dd47b393c3d97532550789 [term 1 LEADER]: Stepping down as leader of term 1
I20260710 13:17:46.769326  1725 raft_consensus.cc:3060] T 11af78030cb947419327aea7d091e439 P d3c73b1acaa948f3baf198bb435069ba [term 1 FOLLOWER]: Advancing to term 2
I20260710 13:17:46.769923  1652 raft_consensus.cc:740] T 11af78030cb947419327aea7d091e439 P 432fa6fbf2dd47b393c3d97532550789 [term 1 LEADER]: Becoming Follower/Learner. State: Replica: 432fa6fbf2dd47b393c3d97532550789, State: Running, Role: LEADER
I20260710 13:17:46.771121  1652 consensus_queue.cc:260] T 11af78030cb947419327aea7d091e439 P 432fa6fbf2dd47b393c3d97532550789 [NON_LEADER]: Queue going to NON_LEADER mode. State: All replicated index: 0, Majority replicated index: 1, Committed index: 1, Last appended: 1.1, Last appended by leader: 1, Current term: 1, Majority size: -1, State: 0, Mode: NON_LEADER, active raft config: opid_index: -1 OBSOLETE_local: false peers { permanent_uuid: "6b509e4ffa6948368f202dc476af8ff1" member_type: VOTER last_known_addr { host: "127.0.107.193" port: 42903 } } peers { permanent_uuid: "432fa6fbf2dd47b393c3d97532550789" member_type: VOTER last_known_addr { host: "127.0.107.194" port: 40785 } } peers { permanent_uuid: "d3c73b1acaa948f3baf198bb435069ba" member_type: VOTER last_known_addr { host: "127.0.107.195" port: 46331 } }
I20260710 13:17:46.772503  1652 raft_consensus.cc:3060] T 11af78030cb947419327aea7d091e439 P 432fa6fbf2dd47b393c3d97532550789 [term 1 FOLLOWER]: Advancing to term 2
I20260710 13:17:46.767877  1577 leader_election.cc:290] T 11af78030cb947419327aea7d091e439 P 6b509e4ffa6948368f202dc476af8ff1 [CANDIDATE]: Term 2 election: Requested vote from peers 432fa6fbf2dd47b393c3d97532550789 (127.0.107.194:40785), d3c73b1acaa948f3baf198bb435069ba (127.0.107.195:46331)
I20260710 13:17:46.781579  1725 raft_consensus.cc:2468] T 11af78030cb947419327aea7d091e439 P d3c73b1acaa948f3baf198bb435069ba [term 2 FOLLOWER]: Leader election vote request: Granting yes vote for candidate 6b509e4ffa6948368f202dc476af8ff1 in term 2.
I20260710 13:17:46.782621  2361 raft_consensus.cc:697] T 2ff87c8c137643158644cadbd90a427b P c4be813399a34edf90082a73922daf14 [term 2 LEADER]: Becoming Leader. State: Replica: c4be813399a34edf90082a73922daf14, State: Running, Role: LEADER
I20260710 13:17:46.782745  1542 leader_election.cc:304] T 11af78030cb947419327aea7d091e439 P 6b509e4ffa6948368f202dc476af8ff1 [CANDIDATE]: Term 2 election: Election decided. Result: candidate won. Election summary: received 2 responses out of 3 voters: 2 yes votes; 0 no votes. yes voters: 6b509e4ffa6948368f202dc476af8ff1, d3c73b1acaa948f3baf198bb435069ba; no voters: 
I20260710 13:17:46.783568  2340 raft_consensus.cc:2804] T 11af78030cb947419327aea7d091e439 P 6b509e4ffa6948368f202dc476af8ff1 [term 2 FOLLOWER]: Leader election won for term 2
I20260710 13:17:46.784031  2340 raft_consensus.cc:697] T 11af78030cb947419327aea7d091e439 P 6b509e4ffa6948368f202dc476af8ff1 [term 2 LEADER]: Becoming Leader. State: Replica: 6b509e4ffa6948368f202dc476af8ff1, State: Running, Role: LEADER
I20260710 13:17:46.783632  2361 consensus_queue.cc:237] T 2ff87c8c137643158644cadbd90a427b P c4be813399a34edf90082a73922daf14 [LEADER]: Queue going to LEADER mode. State: All replicated index: 0, Majority replicated index: 4, Committed index: 4, Last appended: 1.4, Last appended by leader: 4, Current term: 2, Majority size: 2, State: 0, Mode: LEADER, active raft config: opid_index: 4 OBSOLETE_local: false peers { permanent_uuid: "6b509e4ffa6948368f202dc476af8ff1" member_type: VOTER last_known_addr { host: "127.0.107.193" port: 42903 } } peers { permanent_uuid: "432fa6fbf2dd47b393c3d97532550789" member_type: VOTER last_known_addr { host: "127.0.107.194" port: 40785 } } peers { permanent_uuid: "c4be813399a34edf90082a73922daf14" member_type: VOTER last_known_addr { host: "127.0.107.196" port: 40509 } attrs { promote: false } }
I20260710 13:17:46.784283  1652 raft_consensus.cc:2468] T 11af78030cb947419327aea7d091e439 P 432fa6fbf2dd47b393c3d97532550789 [term 2 FOLLOWER]: Leader election vote request: Granting yes vote for candidate 6b509e4ffa6948368f202dc476af8ff1 in term 2.
I20260710 13:17:46.785019  2340 consensus_queue.cc:237] T 11af78030cb947419327aea7d091e439 P 6b509e4ffa6948368f202dc476af8ff1 [LEADER]: Queue going to LEADER mode. State: All replicated index: 0, Majority replicated index: 1, Committed index: 1, Last appended: 1.1, Last appended by leader: 1, Current term: 2, Majority size: 2, State: 0, Mode: LEADER, active raft config: opid_index: -1 OBSOLETE_local: false peers { permanent_uuid: "6b509e4ffa6948368f202dc476af8ff1" member_type: VOTER last_known_addr { host: "127.0.107.193" port: 42903 } } peers { permanent_uuid: "432fa6fbf2dd47b393c3d97532550789" member_type: VOTER last_known_addr { host: "127.0.107.194" port: 40785 } } peers { permanent_uuid: "d3c73b1acaa948f3baf198bb435069ba" member_type: VOTER last_known_addr { host: "127.0.107.195" port: 46331 } }
I20260710 13:17:46.793285  1472 catalog_manager.cc:5697] T 2ff87c8c137643158644cadbd90a427b P c4be813399a34edf90082a73922daf14 reported cstate change: term changed from 1 to 2, leader changed from 432fa6fbf2dd47b393c3d97532550789 (127.0.107.194) to c4be813399a34edf90082a73922daf14 (127.0.107.196). New cstate: current_term: 2 leader_uuid: "c4be813399a34edf90082a73922daf14" committed_config { opid_index: 4 OBSOLETE_local: false peers { permanent_uuid: "6b509e4ffa6948368f202dc476af8ff1" member_type: VOTER last_known_addr { host: "127.0.107.193" port: 42903 } health_report { overall_health: UNKNOWN } } peers { permanent_uuid: "432fa6fbf2dd47b393c3d97532550789" member_type: VOTER last_known_addr { host: "127.0.107.194" port: 40785 } health_report { overall_health: UNKNOWN } } peers { permanent_uuid: "c4be813399a34edf90082a73922daf14" member_type: VOTER last_known_addr { host: "127.0.107.196" port: 40509 } attrs { promote: false } health_report { overall_health: HEALTHY } } }
I20260710 13:17:46.795099  1474 catalog_manager.cc:5697] T 11af78030cb947419327aea7d091e439 P 6b509e4ffa6948368f202dc476af8ff1 reported cstate change: term changed from 1 to 2, leader changed from 432fa6fbf2dd47b393c3d97532550789 (127.0.107.194) to 6b509e4ffa6948368f202dc476af8ff1 (127.0.107.193). New cstate: current_term: 2 leader_uuid: "6b509e4ffa6948368f202dc476af8ff1" committed_config { opid_index: -1 OBSOLETE_local: false peers { permanent_uuid: "6b509e4ffa6948368f202dc476af8ff1" member_type: VOTER last_known_addr { host: "127.0.107.193" port: 42903 } health_report { overall_health: HEALTHY } } peers { permanent_uuid: "432fa6fbf2dd47b393c3d97532550789" member_type: VOTER last_known_addr { host: "127.0.107.194" port: 40785 } health_report { overall_health: UNKNOWN } } peers { permanent_uuid: "d3c73b1acaa948f3baf198bb435069ba" member_type: VOTER last_known_addr { host: "127.0.107.195" port: 46331 } health_report { overall_health: UNKNOWN } } }
I20260710 13:17:46.805552  1474 catalog_manager.cc:5697] T a2bd32f8b79a4ee197b772432221b91c P c4be813399a34edf90082a73922daf14 reported cstate change: term changed from 1 to 2, leader changed from 432fa6fbf2dd47b393c3d97532550789 (127.0.107.194) to c4be813399a34edf90082a73922daf14 (127.0.107.196). New cstate: current_term: 2 leader_uuid: "c4be813399a34edf90082a73922daf14" committed_config { opid_index: 4 OBSOLETE_local: false peers { permanent_uuid: "6b509e4ffa6948368f202dc476af8ff1" member_type: VOTER last_known_addr { host: "127.0.107.193" port: 42903 } health_report { overall_health: UNKNOWN } } peers { permanent_uuid: "432fa6fbf2dd47b393c3d97532550789" member_type: VOTER last_known_addr { host: "127.0.107.194" port: 40785 } health_report { overall_health: UNKNOWN } } peers { permanent_uuid: "c4be813399a34edf90082a73922daf14" member_type: VOTER last_known_addr { host: "127.0.107.196" port: 40509 } attrs { promote: false } health_report { overall_health: HEALTHY } } }
I20260710 13:17:46.816606  2345 raft_consensus.cc:993] T 19a9e82b0dd54c638bd1d2c74d5822af P 432fa6fbf2dd47b393c3d97532550789: : Instructing follower 6b509e4ffa6948368f202dc476af8ff1 to start an election
I20260710 13:17:46.817108  2362 raft_consensus.cc:1081] T 19a9e82b0dd54c638bd1d2c74d5822af P 432fa6fbf2dd47b393c3d97532550789 [term 1 LEADER]: Signalling peer 6b509e4ffa6948368f202dc476af8ff1 to start an election
I20260710 13:17:46.818363  1577 tablet_service.cc:2044] Received Run Leader Election RPC: tablet_id: "19a9e82b0dd54c638bd1d2c74d5822af"
dest_uuid: "6b509e4ffa6948368f202dc476af8ff1"
 from {username='slave'} at 127.0.0.1:51482
I20260710 13:17:46.818815  1577 raft_consensus.cc:493] T 19a9e82b0dd54c638bd1d2c74d5822af P 6b509e4ffa6948368f202dc476af8ff1 [term 1 FOLLOWER]: Starting forced leader election (received explicit request)
I20260710 13:17:46.819082  1577 raft_consensus.cc:3060] T 19a9e82b0dd54c638bd1d2c74d5822af P 6b509e4ffa6948368f202dc476af8ff1 [term 1 FOLLOWER]: Advancing to term 2
I20260710 13:17:46.823256  1577 raft_consensus.cc:515] T 19a9e82b0dd54c638bd1d2c74d5822af P 6b509e4ffa6948368f202dc476af8ff1 [term 2 FOLLOWER]: Starting forced leader election with config: opid_index: -1 OBSOLETE_local: false peers { permanent_uuid: "6b509e4ffa6948368f202dc476af8ff1" member_type: VOTER last_known_addr { host: "127.0.107.193" port: 42903 } } peers { permanent_uuid: "432fa6fbf2dd47b393c3d97532550789" member_type: VOTER last_known_addr { host: "127.0.107.194" port: 40785 } } peers { permanent_uuid: "d3c73b1acaa948f3baf198bb435069ba" member_type: VOTER last_known_addr { host: "127.0.107.195" port: 46331 } }
I20260710 13:17:46.825037  1577 leader_election.cc:290] T 19a9e82b0dd54c638bd1d2c74d5822af P 6b509e4ffa6948368f202dc476af8ff1 [CANDIDATE]: Term 2 election: Requested vote from peers 432fa6fbf2dd47b393c3d97532550789 (127.0.107.194:40785), d3c73b1acaa948f3baf198bb435069ba (127.0.107.195:46331)
I20260710 13:17:46.825541  1652 tablet_service.cc:1917] Received RequestConsensusVote() RPC: tablet_id: "19a9e82b0dd54c638bd1d2c74d5822af" candidate_uuid: "6b509e4ffa6948368f202dc476af8ff1" candidate_term: 2 candidate_status { last_received { term: 1 index: 1 } } ignore_live_leader: true dest_uuid: "432fa6fbf2dd47b393c3d97532550789"
I20260710 13:17:46.825939  1725 tablet_service.cc:1917] Received RequestConsensusVote() RPC: tablet_id: "19a9e82b0dd54c638bd1d2c74d5822af" candidate_uuid: "6b509e4ffa6948368f202dc476af8ff1" candidate_term: 2 candidate_status { last_received { term: 1 index: 1 } } ignore_live_leader: true dest_uuid: "d3c73b1acaa948f3baf198bb435069ba"
I20260710 13:17:46.826236  1652 raft_consensus.cc:3055] T 19a9e82b0dd54c638bd1d2c74d5822af P 432fa6fbf2dd47b393c3d97532550789 [term 1 LEADER]: Stepping down as leader of term 1
I20260710 13:17:46.826789  1725 raft_consensus.cc:3060] T 19a9e82b0dd54c638bd1d2c74d5822af P d3c73b1acaa948f3baf198bb435069ba [term 1 FOLLOWER]: Advancing to term 2
I20260710 13:17:46.826789  1652 raft_consensus.cc:740] T 19a9e82b0dd54c638bd1d2c74d5822af P 432fa6fbf2dd47b393c3d97532550789 [term 1 LEADER]: Becoming Follower/Learner. State: Replica: 432fa6fbf2dd47b393c3d97532550789, State: Running, Role: LEADER
I20260710 13:17:46.827670  1652 consensus_queue.cc:260] T 19a9e82b0dd54c638bd1d2c74d5822af P 432fa6fbf2dd47b393c3d97532550789 [NON_LEADER]: Queue going to NON_LEADER mode. State: All replicated index: 0, Majority replicated index: 1, Committed index: 1, Last appended: 1.1, Last appended by leader: 1, Current term: 1, Majority size: -1, State: 0, Mode: NON_LEADER, active raft config: opid_index: -1 OBSOLETE_local: false peers { permanent_uuid: "6b509e4ffa6948368f202dc476af8ff1" member_type: VOTER last_known_addr { host: "127.0.107.193" port: 42903 } } peers { permanent_uuid: "432fa6fbf2dd47b393c3d97532550789" member_type: VOTER last_known_addr { host: "127.0.107.194" port: 40785 } } peers { permanent_uuid: "d3c73b1acaa948f3baf198bb435069ba" member_type: VOTER last_known_addr { host: "127.0.107.195" port: 46331 } }
I20260710 13:17:46.828521  1652 raft_consensus.cc:3060] T 19a9e82b0dd54c638bd1d2c74d5822af P 432fa6fbf2dd47b393c3d97532550789 [term 1 FOLLOWER]: Advancing to term 2
I20260710 13:17:46.833202  1725 raft_consensus.cc:2468] T 19a9e82b0dd54c638bd1d2c74d5822af P d3c73b1acaa948f3baf198bb435069ba [term 2 FOLLOWER]: Leader election vote request: Granting yes vote for candidate 6b509e4ffa6948368f202dc476af8ff1 in term 2.
I20260710 13:17:46.834391  1542 leader_election.cc:304] T 19a9e82b0dd54c638bd1d2c74d5822af P 6b509e4ffa6948368f202dc476af8ff1 [CANDIDATE]: Term 2 election: Election decided. Result: candidate won. Election summary: received 2 responses out of 3 voters: 2 yes votes; 0 no votes. yes voters: 6b509e4ffa6948368f202dc476af8ff1, d3c73b1acaa948f3baf198bb435069ba; no voters: 
I20260710 13:17:46.835167  2340 raft_consensus.cc:2804] T 19a9e82b0dd54c638bd1d2c74d5822af P 6b509e4ffa6948368f202dc476af8ff1 [term 2 FOLLOWER]: Leader election won for term 2
I20260710 13:17:46.835418  1652 raft_consensus.cc:2468] T 19a9e82b0dd54c638bd1d2c74d5822af P 432fa6fbf2dd47b393c3d97532550789 [term 2 FOLLOWER]: Leader election vote request: Granting yes vote for candidate 6b509e4ffa6948368f202dc476af8ff1 in term 2.
I20260710 13:17:46.835920  2340 raft_consensus.cc:697] T 19a9e82b0dd54c638bd1d2c74d5822af P 6b509e4ffa6948368f202dc476af8ff1 [term 2 LEADER]: Becoming Leader. State: Replica: 6b509e4ffa6948368f202dc476af8ff1, State: Running, Role: LEADER
I20260710 13:17:46.836895  2340 consensus_queue.cc:237] T 19a9e82b0dd54c638bd1d2c74d5822af P 6b509e4ffa6948368f202dc476af8ff1 [LEADER]: Queue going to LEADER mode. State: All replicated index: 0, Majority replicated index: 1, Committed index: 1, Last appended: 1.1, Last appended by leader: 1, Current term: 2, Majority size: 2, State: 0, Mode: LEADER, active raft config: opid_index: -1 OBSOLETE_local: false peers { permanent_uuid: "6b509e4ffa6948368f202dc476af8ff1" member_type: VOTER last_known_addr { host: "127.0.107.193" port: 42903 } } peers { permanent_uuid: "432fa6fbf2dd47b393c3d97532550789" member_type: VOTER last_known_addr { host: "127.0.107.194" port: 40785 } } peers { permanent_uuid: "d3c73b1acaa948f3baf198bb435069ba" member_type: VOTER last_known_addr { host: "127.0.107.195" port: 46331 } }
I20260710 13:17:46.843640  1474 catalog_manager.cc:5697] T 19a9e82b0dd54c638bd1d2c74d5822af P 6b509e4ffa6948368f202dc476af8ff1 reported cstate change: term changed from 1 to 2, leader changed from 432fa6fbf2dd47b393c3d97532550789 (127.0.107.194) to 6b509e4ffa6948368f202dc476af8ff1 (127.0.107.193). New cstate: current_term: 2 leader_uuid: "6b509e4ffa6948368f202dc476af8ff1" committed_config { opid_index: -1 OBSOLETE_local: false peers { permanent_uuid: "6b509e4ffa6948368f202dc476af8ff1" member_type: VOTER last_known_addr { host: "127.0.107.193" port: 42903 } health_report { overall_health: HEALTHY } } peers { permanent_uuid: "432fa6fbf2dd47b393c3d97532550789" member_type: VOTER last_known_addr { host: "127.0.107.194" port: 40785 } health_report { overall_health: UNKNOWN } } peers { permanent_uuid: "d3c73b1acaa948f3baf198bb435069ba" member_type: VOTER last_known_addr { host: "127.0.107.195" port: 46331 } health_report { overall_health: UNKNOWN } } }
I20260710 13:17:47.053875  1652 raft_consensus.cc:1275] T 88aa5b1bb3e141e1a7908767cd0a9ed8 P 432fa6fbf2dd47b393c3d97532550789 [term 2 FOLLOWER]: Refusing update from remote peer 6b509e4ffa6948368f202dc476af8ff1: Log matching property violated. Preceding OpId in replica: term: 1 index: 1. Preceding OpId from leader: term: 2 index: 2. (index mismatch)
I20260710 13:17:47.055159  2340 consensus_queue.cc:1048] T 88aa5b1bb3e141e1a7908767cd0a9ed8 P 6b509e4ffa6948368f202dc476af8ff1 [LEADER]: Connected to new peer: Peer: permanent_uuid: "432fa6fbf2dd47b393c3d97532550789" member_type: VOTER last_known_addr { host: "127.0.107.194" port: 40785 }, Status: LMP_MISMATCH, Last received: 0.0, Next index: 2, Last known committed idx: 1, Time since last communication: 0.000s
I20260710 13:17:47.072346  1725 raft_consensus.cc:1275] T 88aa5b1bb3e141e1a7908767cd0a9ed8 P d3c73b1acaa948f3baf198bb435069ba [term 2 FOLLOWER]: Refusing update from remote peer 6b509e4ffa6948368f202dc476af8ff1: Log matching property violated. Preceding OpId in replica: term: 1 index: 1. Preceding OpId from leader: term: 2 index: 2. (index mismatch)
I20260710 13:17:47.075874  2372 consensus_queue.cc:1048] T 88aa5b1bb3e141e1a7908767cd0a9ed8 P 6b509e4ffa6948368f202dc476af8ff1 [LEADER]: Connected to new peer: Peer: permanent_uuid: "d3c73b1acaa948f3baf198bb435069ba" member_type: VOTER last_known_addr { host: "127.0.107.195" port: 46331 }, Status: LMP_MISMATCH, Last received: 0.0, Next index: 2, Last known committed idx: 1, Time since last communication: 0.001s
I20260710 13:17:47.092347  2362 raft_consensus.cc:993] T 8558ddae264e492591ea547b7ec01692 P 432fa6fbf2dd47b393c3d97532550789: : Instructing follower c4be813399a34edf90082a73922daf14 to start an election
I20260710 13:17:47.092880  2345 raft_consensus.cc:1081] T 8558ddae264e492591ea547b7ec01692 P 432fa6fbf2dd47b393c3d97532550789 [term 1 LEADER]: Signalling peer c4be813399a34edf90082a73922daf14 to start an election
I20260710 13:17:47.094336  2000 tablet_service.cc:2044] Received Run Leader Election RPC: tablet_id: "8558ddae264e492591ea547b7ec01692"
dest_uuid: "c4be813399a34edf90082a73922daf14"
 from {username='slave'} at 127.0.0.1:50402
I20260710 13:17:47.094820  2000 raft_consensus.cc:493] T 8558ddae264e492591ea547b7ec01692 P c4be813399a34edf90082a73922daf14 [term 1 FOLLOWER]: Starting forced leader election (received explicit request)
I20260710 13:17:47.095232  2000 raft_consensus.cc:3060] T 8558ddae264e492591ea547b7ec01692 P c4be813399a34edf90082a73922daf14 [term 1 FOLLOWER]: Advancing to term 2
I20260710 13:17:47.100950  2000 raft_consensus.cc:515] T 8558ddae264e492591ea547b7ec01692 P c4be813399a34edf90082a73922daf14 [term 2 FOLLOWER]: Starting forced leader election with config: opid_index: 4 OBSOLETE_local: false peers { permanent_uuid: "432fa6fbf2dd47b393c3d97532550789" member_type: VOTER last_known_addr { host: "127.0.107.194" port: 40785 } } peers { permanent_uuid: "d3c73b1acaa948f3baf198bb435069ba" member_type: VOTER last_known_addr { host: "127.0.107.195" port: 46331 } } peers { permanent_uuid: "c4be813399a34edf90082a73922daf14" member_type: VOTER last_known_addr { host: "127.0.107.196" port: 40509 } attrs { promote: false } }
I20260710 13:17:47.102710  2000 leader_election.cc:290] T 8558ddae264e492591ea547b7ec01692 P c4be813399a34edf90082a73922daf14 [CANDIDATE]: Term 2 election: Requested vote from peers 432fa6fbf2dd47b393c3d97532550789 (127.0.107.194:40785), d3c73b1acaa948f3baf198bb435069ba (127.0.107.195:46331)
I20260710 13:17:47.103284  1652 tablet_service.cc:1917] Received RequestConsensusVote() RPC: tablet_id: "8558ddae264e492591ea547b7ec01692" candidate_uuid: "c4be813399a34edf90082a73922daf14" candidate_term: 2 candidate_status { last_received { term: 1 index: 4 } } ignore_live_leader: true dest_uuid: "432fa6fbf2dd47b393c3d97532550789"
I20260710 13:17:47.103854  1652 raft_consensus.cc:3055] T 8558ddae264e492591ea547b7ec01692 P 432fa6fbf2dd47b393c3d97532550789 [term 1 LEADER]: Stepping down as leader of term 1
I20260710 13:17:47.103938  1725 tablet_service.cc:1917] Received RequestConsensusVote() RPC: tablet_id: "8558ddae264e492591ea547b7ec01692" candidate_uuid: "c4be813399a34edf90082a73922daf14" candidate_term: 2 candidate_status { last_received { term: 1 index: 4 } } ignore_live_leader: true dest_uuid: "d3c73b1acaa948f3baf198bb435069ba"
I20260710 13:17:47.104158  1652 raft_consensus.cc:740] T 8558ddae264e492591ea547b7ec01692 P 432fa6fbf2dd47b393c3d97532550789 [term 1 LEADER]: Becoming Follower/Learner. State: Replica: 432fa6fbf2dd47b393c3d97532550789, State: Running, Role: LEADER
I20260710 13:17:47.104640  1725 raft_consensus.cc:3060] T 8558ddae264e492591ea547b7ec01692 P d3c73b1acaa948f3baf198bb435069ba [term 1 FOLLOWER]: Advancing to term 2
I20260710 13:17:47.105059  1652 consensus_queue.cc:260] T 8558ddae264e492591ea547b7ec01692 P 432fa6fbf2dd47b393c3d97532550789 [NON_LEADER]: Queue going to NON_LEADER mode. State: All replicated index: 0, Majority replicated index: 4, Committed index: 4, Last appended: 1.4, Last appended by leader: 4, Current term: 1, Majority size: -1, State: 0, Mode: NON_LEADER, active raft config: opid_index: 4 OBSOLETE_local: false peers { permanent_uuid: "432fa6fbf2dd47b393c3d97532550789" member_type: VOTER last_known_addr { host: "127.0.107.194" port: 40785 } } peers { permanent_uuid: "d3c73b1acaa948f3baf198bb435069ba" member_type: VOTER last_known_addr { host: "127.0.107.195" port: 46331 } } peers { permanent_uuid: "c4be813399a34edf90082a73922daf14" member_type: VOTER last_known_addr { host: "127.0.107.196" port: 40509 } attrs { promote: false } }
I20260710 13:17:47.106069  1652 raft_consensus.cc:3060] T 8558ddae264e492591ea547b7ec01692 P 432fa6fbf2dd47b393c3d97532550789 [term 1 FOLLOWER]: Advancing to term 2
I20260710 13:17:47.109261  1725 raft_consensus.cc:2468] T 8558ddae264e492591ea547b7ec01692 P d3c73b1acaa948f3baf198bb435069ba [term 2 FOLLOWER]: Leader election vote request: Granting yes vote for candidate c4be813399a34edf90082a73922daf14 in term 2.
I20260710 13:17:47.110266  1966 leader_election.cc:304] T 8558ddae264e492591ea547b7ec01692 P c4be813399a34edf90082a73922daf14 [CANDIDATE]: Term 2 election: Election decided. Result: candidate won. Election summary: received 2 responses out of 3 voters: 2 yes votes; 0 no votes. yes voters: c4be813399a34edf90082a73922daf14, d3c73b1acaa948f3baf198bb435069ba; no voters: 
I20260710 13:17:47.110404  1652 raft_consensus.cc:2468] T 8558ddae264e492591ea547b7ec01692 P 432fa6fbf2dd47b393c3d97532550789 [term 2 FOLLOWER]: Leader election vote request: Granting yes vote for candidate c4be813399a34edf90082a73922daf14 in term 2.
I20260710 13:17:47.111001  2361 raft_consensus.cc:2804] T 8558ddae264e492591ea547b7ec01692 P c4be813399a34edf90082a73922daf14 [term 2 FOLLOWER]: Leader election won for term 2
I20260710 13:17:47.111523  2361 raft_consensus.cc:697] T 8558ddae264e492591ea547b7ec01692 P c4be813399a34edf90082a73922daf14 [term 2 LEADER]: Becoming Leader. State: Replica: c4be813399a34edf90082a73922daf14, State: Running, Role: LEADER
I20260710 13:17:47.112461  2361 consensus_queue.cc:237] T 8558ddae264e492591ea547b7ec01692 P c4be813399a34edf90082a73922daf14 [LEADER]: Queue going to LEADER mode. State: All replicated index: 0, Majority replicated index: 4, Committed index: 4, Last appended: 1.4, Last appended by leader: 4, Current term: 2, Majority size: 2, State: 0, Mode: LEADER, active raft config: opid_index: 4 OBSOLETE_local: false peers { permanent_uuid: "432fa6fbf2dd47b393c3d97532550789" member_type: VOTER last_known_addr { host: "127.0.107.194" port: 40785 } } peers { permanent_uuid: "d3c73b1acaa948f3baf198bb435069ba" member_type: VOTER last_known_addr { host: "127.0.107.195" port: 46331 } } peers { permanent_uuid: "c4be813399a34edf90082a73922daf14" member_type: VOTER last_known_addr { host: "127.0.107.196" port: 40509 } attrs { promote: false } }
I20260710 13:17:47.119596  1474 catalog_manager.cc:5697] T 8558ddae264e492591ea547b7ec01692 P c4be813399a34edf90082a73922daf14 reported cstate change: term changed from 1 to 2, leader changed from 432fa6fbf2dd47b393c3d97532550789 (127.0.107.194) to c4be813399a34edf90082a73922daf14 (127.0.107.196). New cstate: current_term: 2 leader_uuid: "c4be813399a34edf90082a73922daf14" committed_config { opid_index: 4 OBSOLETE_local: false peers { permanent_uuid: "432fa6fbf2dd47b393c3d97532550789" member_type: VOTER last_known_addr { host: "127.0.107.194" port: 40785 } health_report { overall_health: UNKNOWN } } peers { permanent_uuid: "d3c73b1acaa948f3baf198bb435069ba" member_type: VOTER last_known_addr { host: "127.0.107.195" port: 46331 } health_report { overall_health: UNKNOWN } } peers { permanent_uuid: "c4be813399a34edf90082a73922daf14" member_type: VOTER last_known_addr { host: "127.0.107.196" port: 40509 } attrs { promote: false } health_report { overall_health: HEALTHY } } }
I20260710 13:17:47.238516  1652 raft_consensus.cc:1275] T 11af78030cb947419327aea7d091e439 P 432fa6fbf2dd47b393c3d97532550789 [term 2 FOLLOWER]: Refusing update from remote peer 6b509e4ffa6948368f202dc476af8ff1: Log matching property violated. Preceding OpId in replica: term: 1 index: 1. Preceding OpId from leader: term: 2 index: 2. (index mismatch)
I20260710 13:17:47.239759  2372 consensus_queue.cc:1048] T 11af78030cb947419327aea7d091e439 P 6b509e4ffa6948368f202dc476af8ff1 [LEADER]: Connected to new peer: Peer: permanent_uuid: "432fa6fbf2dd47b393c3d97532550789" member_type: VOTER last_known_addr { host: "127.0.107.194" port: 40785 }, Status: LMP_MISMATCH, Last received: 0.0, Next index: 2, Last known committed idx: 1, Time since last communication: 0.000s
I20260710 13:17:47.244648  1725 raft_consensus.cc:1275] T 19a9e82b0dd54c638bd1d2c74d5822af P d3c73b1acaa948f3baf198bb435069ba [term 2 FOLLOWER]: Refusing update from remote peer 6b509e4ffa6948368f202dc476af8ff1: Log matching property violated. Preceding OpId in replica: term: 1 index: 1. Preceding OpId from leader: term: 2 index: 2. (index mismatch)
I20260710 13:17:47.246081  2372 consensus_queue.cc:1048] T 19a9e82b0dd54c638bd1d2c74d5822af P 6b509e4ffa6948368f202dc476af8ff1 [LEADER]: Connected to new peer: Peer: permanent_uuid: "d3c73b1acaa948f3baf198bb435069ba" member_type: VOTER last_known_addr { host: "127.0.107.195" port: 46331 }, Status: LMP_MISMATCH, Last received: 0.0, Next index: 2, Last known committed idx: 1, Time since last communication: 0.000s
I20260710 13:17:47.249861  1574 raft_consensus.cc:1275] T a2bd32f8b79a4ee197b772432221b91c P 6b509e4ffa6948368f202dc476af8ff1 [term 2 FOLLOWER]: Refusing update from remote peer c4be813399a34edf90082a73922daf14: Log matching property violated. Preceding OpId in replica: term: 1 index: 4. Preceding OpId from leader: term: 2 index: 5. (index mismatch)
I20260710 13:17:47.254961  2361 consensus_queue.cc:1048] T a2bd32f8b79a4ee197b772432221b91c P c4be813399a34edf90082a73922daf14 [LEADER]: Connected to new peer: Peer: permanent_uuid: "6b509e4ffa6948368f202dc476af8ff1" member_type: VOTER last_known_addr { host: "127.0.107.193" port: 42903 }, Status: LMP_MISMATCH, Last received: 0.0, Next index: 5, Last known committed idx: 4, Time since last communication: 0.000s
I20260710 13:17:47.255307  1723 raft_consensus.cc:1275] T 11af78030cb947419327aea7d091e439 P d3c73b1acaa948f3baf198bb435069ba [term 2 FOLLOWER]: Refusing update from remote peer 6b509e4ffa6948368f202dc476af8ff1: Log matching property violated. Preceding OpId in replica: term: 1 index: 1. Preceding OpId from leader: term: 2 index: 2. (index mismatch)
I20260710 13:17:47.256680  2372 consensus_queue.cc:1048] T 11af78030cb947419327aea7d091e439 P 6b509e4ffa6948368f202dc476af8ff1 [LEADER]: Connected to new peer: Peer: permanent_uuid: "d3c73b1acaa948f3baf198bb435069ba" member_type: VOTER last_known_addr { host: "127.0.107.195" port: 46331 }, Status: LMP_MISMATCH, Last received: 0.0, Next index: 2, Last known committed idx: 1, Time since last communication: 0.000s
I20260710 13:17:47.262792  1651 raft_consensus.cc:1275] T 19a9e82b0dd54c638bd1d2c74d5822af P 432fa6fbf2dd47b393c3d97532550789 [term 2 FOLLOWER]: Refusing update from remote peer 6b509e4ffa6948368f202dc476af8ff1: Log matching property violated. Preceding OpId in replica: term: 1 index: 1. Preceding OpId from leader: term: 2 index: 2. (index mismatch)
I20260710 13:17:47.264230  2340 consensus_queue.cc:1048] T 19a9e82b0dd54c638bd1d2c74d5822af P 6b509e4ffa6948368f202dc476af8ff1 [LEADER]: Connected to new peer: Peer: permanent_uuid: "432fa6fbf2dd47b393c3d97532550789" member_type: VOTER last_known_addr { host: "127.0.107.194" port: 40785 }, Status: LMP_MISMATCH, Last received: 0.0, Next index: 2, Last known committed idx: 1, Time since last communication: 0.000s
I20260710 13:17:47.291394  1651 raft_consensus.cc:1275] T a2bd32f8b79a4ee197b772432221b91c P 432fa6fbf2dd47b393c3d97532550789 [term 2 FOLLOWER]: Refusing update from remote peer c4be813399a34edf90082a73922daf14: Log matching property violated. Preceding OpId in replica: term: 1 index: 4. Preceding OpId from leader: term: 2 index: 5. (index mismatch)
I20260710 13:17:47.293871  2363 consensus_queue.cc:1048] T a2bd32f8b79a4ee197b772432221b91c P c4be813399a34edf90082a73922daf14 [LEADER]: Connected to new peer: Peer: permanent_uuid: "432fa6fbf2dd47b393c3d97532550789" member_type: VOTER last_known_addr { host: "127.0.107.194" port: 40785 }, Status: LMP_MISMATCH, Last received: 0.0, Next index: 5, Last known committed idx: 4, Time since last communication: 0.001s
I20260710 13:17:47.363511  1574 raft_consensus.cc:1275] T 2ff87c8c137643158644cadbd90a427b P 6b509e4ffa6948368f202dc476af8ff1 [term 2 FOLLOWER]: Refusing update from remote peer c4be813399a34edf90082a73922daf14: Log matching property violated. Preceding OpId in replica: term: 1 index: 4. Preceding OpId from leader: term: 2 index: 5. (index mismatch)
I20260710 13:17:47.364549  2383 consensus_queue.cc:1048] T 2ff87c8c137643158644cadbd90a427b P c4be813399a34edf90082a73922daf14 [LEADER]: Connected to new peer: Peer: permanent_uuid: "6b509e4ffa6948368f202dc476af8ff1" member_type: VOTER last_known_addr { host: "127.0.107.193" port: 42903 }, Status: LMP_MISMATCH, Last received: 0.0, Next index: 5, Last known committed idx: 4, Time since last communication: 0.000s
I20260710 13:17:47.375530  1651 raft_consensus.cc:1275] T 2ff87c8c137643158644cadbd90a427b P 432fa6fbf2dd47b393c3d97532550789 [term 2 FOLLOWER]: Refusing update from remote peer c4be813399a34edf90082a73922daf14: Log matching property violated. Preceding OpId in replica: term: 1 index: 4. Preceding OpId from leader: term: 2 index: 5. (index mismatch)
I20260710 13:17:47.377054  2363 consensus_queue.cc:1048] T 2ff87c8c137643158644cadbd90a427b P c4be813399a34edf90082a73922daf14 [LEADER]: Connected to new peer: Peer: permanent_uuid: "432fa6fbf2dd47b393c3d97532550789" member_type: VOTER last_known_addr { host: "127.0.107.194" port: 40785 }, Status: LMP_MISMATCH, Last received: 0.0, Next index: 5, Last known committed idx: 4, Time since last communication: 0.000s
I20260710 13:17:47.552019   431 auto_leader_rebalancer.cc:141] leader rebalance for table test-workload
I20260710 13:17:47.567986   431 auto_leader_rebalancer.cc:141] leader rebalance for table test-workload
I20260710 13:17:47.583341  1651 tablet_service.cc:2072] Received LeaderStepDown RPC: tablet_id: "2ad248fe59204234a2fbea38ac8a39ec"
dest_uuid: "432fa6fbf2dd47b393c3d97532550789"
mode: GRACEFUL
new_leader_uuid: "c4be813399a34edf90082a73922daf14"
 from {username='slave'} at 127.0.0.1:50552
I20260710 13:17:47.583913  1651 raft_consensus.cc:606] T 2ad248fe59204234a2fbea38ac8a39ec P 432fa6fbf2dd47b393c3d97532550789 [term 1 LEADER]: Received request to transfer leadership to TS c4be813399a34edf90082a73922daf14
I20260710 13:17:47.586407  1651 tablet_service.cc:2072] Received LeaderStepDown RPC: tablet_id: "4b32bc3342f1447a916114470e352b9e"
dest_uuid: "432fa6fbf2dd47b393c3d97532550789"
mode: GRACEFUL
new_leader_uuid: "c4be813399a34edf90082a73922daf14"
 from {username='slave'} at 127.0.0.1:50552
I20260710 13:17:47.586871  1651 raft_consensus.cc:606] T 4b32bc3342f1447a916114470e352b9e P 432fa6fbf2dd47b393c3d97532550789 [term 1 LEADER]: Received request to transfer leadership to TS c4be813399a34edf90082a73922daf14
I20260710 13:17:47.589412  1651 tablet_service.cc:2072] Received LeaderStepDown RPC: tablet_id: "6880b423431b459f8ba2db3d82987045"
dest_uuid: "432fa6fbf2dd47b393c3d97532550789"
mode: GRACEFUL
new_leader_uuid: "c4be813399a34edf90082a73922daf14"
 from {username='slave'} at 127.0.0.1:50552
I20260710 13:17:47.589923  1651 raft_consensus.cc:606] T 6880b423431b459f8ba2db3d82987045 P 432fa6fbf2dd47b393c3d97532550789 [term 1 LEADER]: Received request to transfer leadership to TS c4be813399a34edf90082a73922daf14
I20260710 13:17:47.590862   431 auto_leader_rebalancer.cc:479] table: test-workload, leader rebalance finish, leader transfer count: 3
I20260710 13:17:47.591538   431 auto_leader_rebalancer.cc:554] All tables' leader rebalancing finished this round
I20260710 13:17:47.621829  2345 raft_consensus.cc:993] T 2ad248fe59204234a2fbea38ac8a39ec P 432fa6fbf2dd47b393c3d97532550789: : Instructing follower c4be813399a34edf90082a73922daf14 to start an election
I20260710 13:17:47.622292  2345 raft_consensus.cc:1081] T 2ad248fe59204234a2fbea38ac8a39ec P 432fa6fbf2dd47b393c3d97532550789 [term 1 LEADER]: Signalling peer c4be813399a34edf90082a73922daf14 to start an election
I20260710 13:17:47.623840  2000 tablet_service.cc:2044] Received Run Leader Election RPC: tablet_id: "2ad248fe59204234a2fbea38ac8a39ec"
dest_uuid: "c4be813399a34edf90082a73922daf14"
 from {username='slave'} at 127.0.0.1:50402
I20260710 13:17:47.624398  2000 raft_consensus.cc:493] T 2ad248fe59204234a2fbea38ac8a39ec P c4be813399a34edf90082a73922daf14 [term 1 FOLLOWER]: Starting forced leader election (received explicit request)
I20260710 13:17:47.624699  2000 raft_consensus.cc:3060] T 2ad248fe59204234a2fbea38ac8a39ec P c4be813399a34edf90082a73922daf14 [term 1 FOLLOWER]: Advancing to term 2
I20260710 13:17:47.629721  2000 raft_consensus.cc:515] T 2ad248fe59204234a2fbea38ac8a39ec P c4be813399a34edf90082a73922daf14 [term 2 FOLLOWER]: Starting forced leader election with config: opid_index: 4 OBSOLETE_local: false peers { permanent_uuid: "6b509e4ffa6948368f202dc476af8ff1" member_type: VOTER last_known_addr { host: "127.0.107.193" port: 42903 } } peers { permanent_uuid: "432fa6fbf2dd47b393c3d97532550789" member_type: VOTER last_known_addr { host: "127.0.107.194" port: 40785 } } peers { permanent_uuid: "c4be813399a34edf90082a73922daf14" member_type: VOTER last_known_addr { host: "127.0.107.196" port: 40509 } attrs { promote: false } }
I20260710 13:17:47.631150  2000 leader_election.cc:290] T 2ad248fe59204234a2fbea38ac8a39ec P c4be813399a34edf90082a73922daf14 [CANDIDATE]: Term 2 election: Requested vote from peers 6b509e4ffa6948368f202dc476af8ff1 (127.0.107.193:42903), 432fa6fbf2dd47b393c3d97532550789 (127.0.107.194:40785)
I20260710 13:17:47.631906  1574 tablet_service.cc:1917] Received RequestConsensusVote() RPC: tablet_id: "2ad248fe59204234a2fbea38ac8a39ec" candidate_uuid: "c4be813399a34edf90082a73922daf14" candidate_term: 2 candidate_status { last_received { term: 1 index: 4 } } ignore_live_leader: true dest_uuid: "6b509e4ffa6948368f202dc476af8ff1"
I20260710 13:17:47.632121  1651 tablet_service.cc:1917] Received RequestConsensusVote() RPC: tablet_id: "2ad248fe59204234a2fbea38ac8a39ec" candidate_uuid: "c4be813399a34edf90082a73922daf14" candidate_term: 2 candidate_status { last_received { term: 1 index: 4 } } ignore_live_leader: true dest_uuid: "432fa6fbf2dd47b393c3d97532550789"
I20260710 13:17:47.632539  1574 raft_consensus.cc:3060] T 2ad248fe59204234a2fbea38ac8a39ec P 6b509e4ffa6948368f202dc476af8ff1 [term 1 FOLLOWER]: Advancing to term 2
I20260710 13:17:47.632668  1651 raft_consensus.cc:3055] T 2ad248fe59204234a2fbea38ac8a39ec P 432fa6fbf2dd47b393c3d97532550789 [term 1 LEADER]: Stepping down as leader of term 1
I20260710 13:17:47.633029  1651 raft_consensus.cc:740] T 2ad248fe59204234a2fbea38ac8a39ec P 432fa6fbf2dd47b393c3d97532550789 [term 1 LEADER]: Becoming Follower/Learner. State: Replica: 432fa6fbf2dd47b393c3d97532550789, State: Running, Role: LEADER
I20260710 13:17:47.633745  1651 consensus_queue.cc:260] T 2ad248fe59204234a2fbea38ac8a39ec P 432fa6fbf2dd47b393c3d97532550789 [NON_LEADER]: Queue going to NON_LEADER mode. State: All replicated index: 0, Majority replicated index: 4, Committed index: 4, Last appended: 1.4, Last appended by leader: 4, Current term: 1, Majority size: -1, State: 0, Mode: NON_LEADER, active raft config: opid_index: 4 OBSOLETE_local: false peers { permanent_uuid: "6b509e4ffa6948368f202dc476af8ff1" member_type: VOTER last_known_addr { host: "127.0.107.193" port: 42903 } } peers { permanent_uuid: "432fa6fbf2dd47b393c3d97532550789" member_type: VOTER last_known_addr { host: "127.0.107.194" port: 40785 } } peers { permanent_uuid: "c4be813399a34edf90082a73922daf14" member_type: VOTER last_known_addr { host: "127.0.107.196" port: 40509 } attrs { promote: false } }
I20260710 13:17:47.634577  1651 raft_consensus.cc:3060] T 2ad248fe59204234a2fbea38ac8a39ec P 432fa6fbf2dd47b393c3d97532550789 [term 1 FOLLOWER]: Advancing to term 2
I20260710 13:17:47.637233  1574 raft_consensus.cc:2468] T 2ad248fe59204234a2fbea38ac8a39ec P 6b509e4ffa6948368f202dc476af8ff1 [term 2 FOLLOWER]: Leader election vote request: Granting yes vote for candidate c4be813399a34edf90082a73922daf14 in term 2.
I20260710 13:17:47.638239  1966 leader_election.cc:304] T 2ad248fe59204234a2fbea38ac8a39ec P c4be813399a34edf90082a73922daf14 [CANDIDATE]: Term 2 election: Election decided. Result: candidate won. Election summary: received 2 responses out of 3 voters: 2 yes votes; 0 no votes. yes voters: 6b509e4ffa6948368f202dc476af8ff1, c4be813399a34edf90082a73922daf14; no voters: 
I20260710 13:17:47.638917  2363 raft_consensus.cc:2804] T 2ad248fe59204234a2fbea38ac8a39ec P c4be813399a34edf90082a73922daf14 [term 2 FOLLOWER]: Leader election won for term 2
