I20260710 13:17:21.711797  1921 consensus_queue.cc:1048] T 5259db5f171e4ffdae0a3bae6dd5dafa P b99c24e46c68411d84b41667c30dfd86 [LEADER]: Connected to new peer: Peer: permanent_uuid: "9b8c4941ec764b1f87694a172a1d6a5d" member_type: VOTER last_known_addr { host: "127.0.107.194" port: 37567 }, Status: LMP_MISMATCH, Last received: 0.0, Next index: 1, Last known committed idx: 0, Time since last communication: 0.022s
I20260710 13:17:21.742641  1769 tablet_service.cc:1917] Received RequestConsensusVote() RPC: tablet_id: "8648d516e95747bda3571a3432ed065c" candidate_uuid: "66056c9a6b8244b28b1ca9640a56f4f8" candidate_term: 1 candidate_status { last_received { term: 0 index: 0 } } ignore_live_leader: false dest_uuid: "b99c24e46c68411d84b41667c30dfd86"
I20260710 13:17:21.743508  1769 raft_consensus.cc:3060] T 8648d516e95747bda3571a3432ed065c P b99c24e46c68411d84b41667c30dfd86 [term 0 FOLLOWER]: Advancing to term 1
I20260710 13:17:21.746780  1691 tablet_service.cc:1917] Received RequestConsensusVote() RPC: tablet_id: "8648d516e95747bda3571a3432ed065c" candidate_uuid: "66056c9a6b8244b28b1ca9640a56f4f8" candidate_term: 1 candidate_status { last_received { term: 0 index: 0 } } ignore_live_leader: false dest_uuid: "9b8c4941ec764b1f87694a172a1d6a5d"
W20260710 13:17:21.748708  1584 leader_election.cc:343] T 8648d516e95747bda3571a3432ed065c P 66056c9a6b8244b28b1ca9640a56f4f8 [CANDIDATE]: Term 1 election: Tablet error from VoteRequest() call to peer 9b8c4941ec764b1f87694a172a1d6a5d (127.0.107.194:37567): Illegal state: must be running to vote when last-logged opid is not known
I20260710 13:17:21.755139  1812 ts_tablet_manager.cc:1434] T 0394621d13a9492f9e9c3ea3fef014ef P 66056c9a6b8244b28b1ca9640a56f4f8: Time spent starting tablet: real 0.073s	user 0.008s	sys 0.000s
I20260710 13:17:21.758060  1809 tablet_bootstrap.cc:492] T 8b79ef312ae84be1ac17e7a1b98dbadd P b99c24e46c68411d84b41667c30dfd86: No bootstrap required, opened a new log
I20260710 13:17:21.758562  1809 ts_tablet_manager.cc:1403] T 8b79ef312ae84be1ac17e7a1b98dbadd P b99c24e46c68411d84b41667c30dfd86: Time spent bootstrapping tablet: real 0.222s	user 0.014s	sys 0.008s
I20260710 13:17:21.760520  1769 raft_consensus.cc:2468] T 8648d516e95747bda3571a3432ed065c P b99c24e46c68411d84b41667c30dfd86 [term 1 FOLLOWER]: Leader election vote request: Granting yes vote for candidate 66056c9a6b8244b28b1ca9640a56f4f8 in term 1.
I20260710 13:17:21.760751  1694 raft_consensus.cc:2468] T b2e5543681364104a4383e0d755bc28e P 9b8c4941ec764b1f87694a172a1d6a5d [term 1 FOLLOWER]: Leader election vote request: Granting yes vote for candidate 66056c9a6b8244b28b1ca9640a56f4f8 in term 1.
I20260710 13:17:21.762295  1812 tablet_bootstrap.cc:492] T 01d87ccd86a141e3a61a1e0f422a121d P 66056c9a6b8244b28b1ca9640a56f4f8: Bootstrap starting.
I20260710 13:17:21.762569  1584 leader_election.cc:304] T b2e5543681364104a4383e0d755bc28e P 66056c9a6b8244b28b1ca9640a56f4f8 [CANDIDATE]: Term 1 election: Election decided. Result: candidate won. Election summary: received 3 responses out of 3 voters: 2 yes votes; 1 no votes. yes voters: 66056c9a6b8244b28b1ca9640a56f4f8, 9b8c4941ec764b1f87694a172a1d6a5d; no voters: b99c24e46c68411d84b41667c30dfd86
I20260710 13:17:21.764154  1867 raft_consensus.cc:2804] T b2e5543681364104a4383e0d755bc28e P 66056c9a6b8244b28b1ca9640a56f4f8 [term 1 FOLLOWER]: Leader election won for term 1
I20260710 13:17:21.764780  1867 raft_consensus.cc:697] T b2e5543681364104a4383e0d755bc28e P 66056c9a6b8244b28b1ca9640a56f4f8 [term 1 LEADER]: Becoming Leader. State: Replica: 66056c9a6b8244b28b1ca9640a56f4f8, State: Running, Role: LEADER
I20260710 13:17:21.757565  1820 leader_election.cc:290] T 8648d516e95747bda3571a3432ed065c P 66056c9a6b8244b28b1ca9640a56f4f8 [CANDIDATE]: Term 1 election: Requested vote from peers 9b8c4941ec764b1f87694a172a1d6a5d (127.0.107.194:37567), b99c24e46c68411d84b41667c30dfd86 (127.0.107.195:37185)
I20260710 13:17:21.762200  1583 leader_election.cc:304] T 8648d516e95747bda3571a3432ed065c P 66056c9a6b8244b28b1ca9640a56f4f8 [CANDIDATE]: Term 1 election: Election decided. Result: candidate won. Election summary: received 3 responses out of 3 voters: 2 yes votes; 1 no votes. yes voters: 66056c9a6b8244b28b1ca9640a56f4f8, b99c24e46c68411d84b41667c30dfd86; no voters: 9b8c4941ec764b1f87694a172a1d6a5d
I20260710 13:17:21.766337  1867 consensus_queue.cc:237] T b2e5543681364104a4383e0d755bc28e P 66056c9a6b8244b28b1ca9640a56f4f8 [LEADER]: Queue going to LEADER mode. State: All replicated index: 0, Majority replicated index: 0, Committed index: 0, Last appended: 0.0, Last appended by leader: 0, Current term: 1, Majority size: 2, State: 0, Mode: LEADER, active raft config: opid_index: -1 OBSOLETE_local: false peers { permanent_uuid: "66056c9a6b8244b28b1ca9640a56f4f8" member_type: VOTER last_known_addr { host: "127.0.107.193" port: 45249 } } peers { permanent_uuid: "9b8c4941ec764b1f87694a172a1d6a5d" member_type: VOTER last_known_addr { host: "127.0.107.194" port: 37567 } } peers { permanent_uuid: "b99c24e46c68411d84b41667c30dfd86" member_type: VOTER last_known_addr { host: "127.0.107.195" port: 37185 } }
I20260710 13:17:21.768797  1899 raft_consensus.cc:2804] T 8648d516e95747bda3571a3432ed065c P 66056c9a6b8244b28b1ca9640a56f4f8 [term 1 FOLLOWER]: Leader election won for term 1
I20260710 13:17:21.771473  1899 raft_consensus.cc:697] T 8648d516e95747bda3571a3432ed065c P 66056c9a6b8244b28b1ca9640a56f4f8 [term 1 LEADER]: Becoming Leader. State: Replica: 66056c9a6b8244b28b1ca9640a56f4f8, State: Running, Role: LEADER
I20260710 13:17:21.772719  1899 consensus_queue.cc:237] T 8648d516e95747bda3571a3432ed065c P 66056c9a6b8244b28b1ca9640a56f4f8 [LEADER]: Queue going to LEADER mode. State: All replicated index: 0, Majority replicated index: 0, Committed index: 0, Last appended: 0.0, Last appended by leader: 0, Current term: 1, Majority size: 2, State: 0, Mode: LEADER, active raft config: opid_index: -1 OBSOLETE_local: false peers { permanent_uuid: "66056c9a6b8244b28b1ca9640a56f4f8" member_type: VOTER last_known_addr { host: "127.0.107.193" port: 45249 } } peers { permanent_uuid: "9b8c4941ec764b1f87694a172a1d6a5d" member_type: VOTER last_known_addr { host: "127.0.107.194" port: 37567 } } peers { permanent_uuid: "b99c24e46c68411d84b41667c30dfd86" member_type: VOTER last_known_addr { host: "127.0.107.195" port: 37185 } }
W20260710 13:17:21.775246  1732 consensus_peers.cc:597] T c001bf01a0cb4f7c9a1f96d7d8c02a78 P b99c24e46c68411d84b41667c30dfd86 -> Peer 66056c9a6b8244b28b1ca9640a56f4f8 (127.0.107.193:45249): Couldn't send request to peer 66056c9a6b8244b28b1ca9640a56f4f8. Error code: TABLET_NOT_RUNNING (12). Status: Illegal state: Tablet not RUNNING: INITIALIZED. This is attempt 1: this message will repeat every 5th retry.
I20260710 13:17:21.781469  1809 raft_consensus.cc:359] T 8b79ef312ae84be1ac17e7a1b98dbadd P b99c24e46c68411d84b41667c30dfd86 [term 0 FOLLOWER]: Replica starting. Triggering 0 pending ops. Active config: opid_index: -1 OBSOLETE_local: false peers { permanent_uuid: "66056c9a6b8244b28b1ca9640a56f4f8" member_type: VOTER last_known_addr { host: "127.0.107.193" port: 45249 } } peers { permanent_uuid: "9b8c4941ec764b1f87694a172a1d6a5d" member_type: VOTER last_known_addr { host: "127.0.107.194" port: 37567 } } peers { permanent_uuid: "b99c24e46c68411d84b41667c30dfd86" member_type: VOTER last_known_addr { host: "127.0.107.195" port: 37185 } }
I20260710 13:17:21.782347  1809 raft_consensus.cc:385] T 8b79ef312ae84be1ac17e7a1b98dbadd P b99c24e46c68411d84b41667c30dfd86 [term 0 FOLLOWER]: Consensus starting up: Expiring failure detector timer to make a prompt election more likely
I20260710 13:17:21.782624  1809 raft_consensus.cc:740] T 8b79ef312ae84be1ac17e7a1b98dbadd P b99c24e46c68411d84b41667c30dfd86 [term 0 FOLLOWER]: Becoming Follower/Learner. State: Replica: b99c24e46c68411d84b41667c30dfd86, State: Initialized, Role: FOLLOWER
I20260710 13:17:21.796835  1810 tablet_bootstrap.cc:492] T cdf21701a01042a78f5b394167e1e06c P 9b8c4941ec764b1f87694a172a1d6a5d: No bootstrap required, opened a new log
I20260710 13:17:21.812563  1810 ts_tablet_manager.cc:1403] T cdf21701a01042a78f5b394167e1e06c P 9b8c4941ec764b1f87694a172a1d6a5d: Time spent bootstrapping tablet: real 0.220s	user 0.030s	sys 0.032s
I20260710 13:17:21.814486  1809 consensus_queue.cc:260] T 8b79ef312ae84be1ac17e7a1b98dbadd P b99c24e46c68411d84b41667c30dfd86 [NON_LEADER]: Queue going to NON_LEADER mode. State: All replicated index: 0, Majority replicated index: 0, Committed index: 0, Last appended: 0.0, Last appended by leader: 0, Current term: 0, Majority size: -1, State: 0, Mode: NON_LEADER, active raft config: opid_index: -1 OBSOLETE_local: false peers { permanent_uuid: "66056c9a6b8244b28b1ca9640a56f4f8" member_type: VOTER last_known_addr { host: "127.0.107.193" port: 45249 } } peers { permanent_uuid: "9b8c4941ec764b1f87694a172a1d6a5d" member_type: VOTER last_known_addr { host: "127.0.107.194" port: 37567 } } peers { permanent_uuid: "b99c24e46c68411d84b41667c30dfd86" member_type: VOTER last_known_addr { host: "127.0.107.195" port: 37185 } }
I20260710 13:17:21.820827  1810 raft_consensus.cc:359] T cdf21701a01042a78f5b394167e1e06c P 9b8c4941ec764b1f87694a172a1d6a5d [term 0 FOLLOWER]: Replica starting. Triggering 0 pending ops. Active config: opid_index: -1 OBSOLETE_local: false peers { permanent_uuid: "66056c9a6b8244b28b1ca9640a56f4f8" member_type: VOTER last_known_addr { host: "127.0.107.193" port: 45249 } } peers { permanent_uuid: "9b8c4941ec764b1f87694a172a1d6a5d" member_type: VOTER last_known_addr { host: "127.0.107.194" port: 37567 } } peers { permanent_uuid: "b99c24e46c68411d84b41667c30dfd86" member_type: VOTER last_known_addr { host: "127.0.107.195" port: 37185 } }
I20260710 13:17:21.821708  1810 raft_consensus.cc:385] T cdf21701a01042a78f5b394167e1e06c P 9b8c4941ec764b1f87694a172a1d6a5d [term 0 FOLLOWER]: Consensus starting up: Expiring failure detector timer to make a prompt election more likely
I20260710 13:17:21.822036  1810 raft_consensus.cc:740] T cdf21701a01042a78f5b394167e1e06c P 9b8c4941ec764b1f87694a172a1d6a5d [term 0 FOLLOWER]: Becoming Follower/Learner. State: Replica: 9b8c4941ec764b1f87694a172a1d6a5d, State: Initialized, Role: FOLLOWER
I20260710 13:17:21.823036  1810 consensus_queue.cc:260] T cdf21701a01042a78f5b394167e1e06c P 9b8c4941ec764b1f87694a172a1d6a5d [NON_LEADER]: Queue going to NON_LEADER mode. State: All replicated index: 0, Majority replicated index: 0, Committed index: 0, Last appended: 0.0, Last appended by leader: 0, Current term: 0, Majority size: -1, State: 0, Mode: NON_LEADER, active raft config: opid_index: -1 OBSOLETE_local: false peers { permanent_uuid: "66056c9a6b8244b28b1ca9640a56f4f8" member_type: VOTER last_known_addr { host: "127.0.107.193" port: 45249 } } peers { permanent_uuid: "9b8c4941ec764b1f87694a172a1d6a5d" member_type: VOTER last_known_addr { host: "127.0.107.194" port: 37567 } } peers { permanent_uuid: "b99c24e46c68411d84b41667c30dfd86" member_type: VOTER last_known_addr { host: "127.0.107.195" port: 37185 } }
I20260710 13:17:21.826196  1809 ts_tablet_manager.cc:1434] T 8b79ef312ae84be1ac17e7a1b98dbadd P b99c24e46c68411d84b41667c30dfd86: Time spent starting tablet: real 0.067s	user 0.006s	sys 0.002s
I20260710 13:17:21.834977  1809 tablet_bootstrap.cc:492] T b1bdc89352ef413f89633dd23853e715 P b99c24e46c68411d84b41667c30dfd86: Bootstrap starting.
I20260710 13:17:21.838514  1812 tablet_bootstrap.cc:654] T 01d87ccd86a141e3a61a1e0f422a121d P 66056c9a6b8244b28b1ca9640a56f4f8: Neither blocks nor log segments found. Creating new log.
I20260710 13:17:21.847958  1810 ts_tablet_manager.cc:1434] T cdf21701a01042a78f5b394167e1e06c P 9b8c4941ec764b1f87694a172a1d6a5d: Time spent starting tablet: real 0.035s	user 0.006s	sys 0.001s
I20260710 13:17:21.852941  1810 tablet_bootstrap.cc:492] T 73c4c66808144d54a81c885d88747fa8 P 9b8c4941ec764b1f87694a172a1d6a5d: Bootstrap starting.
I20260710 13:17:21.853124  1692 raft_consensus.cc:3060] T cdf21701a01042a78f5b394167e1e06c P 9b8c4941ec764b1f87694a172a1d6a5d [term 0 FOLLOWER]: Advancing to term 1
I20260710 13:17:21.856549  1515 catalog_manager.cc:5697] T b2e5543681364104a4383e0d755bc28e P 66056c9a6b8244b28b1ca9640a56f4f8 reported cstate change: term changed from 0 to 1, leader changed from <none> to 66056c9a6b8244b28b1ca9640a56f4f8 (127.0.107.193). New cstate: current_term: 1 leader_uuid: "66056c9a6b8244b28b1ca9640a56f4f8" committed_config { opid_index: -1 OBSOLETE_local: false peers { permanent_uuid: "66056c9a6b8244b28b1ca9640a56f4f8" member_type: VOTER last_known_addr { host: "127.0.107.193" port: 45249 } health_report { overall_health: HEALTHY } } peers { permanent_uuid: "9b8c4941ec764b1f87694a172a1d6a5d" member_type: VOTER last_known_addr { host: "127.0.107.194" port: 37567 } health_report { overall_health: UNKNOWN } } peers { permanent_uuid: "b99c24e46c68411d84b41667c30dfd86" member_type: VOTER last_known_addr { host: "127.0.107.195" port: 37185 } health_report { overall_health: UNKNOWN } } }
I20260710 13:17:21.872567  1867 consensus_queue.cc:1048] T cdf21701a01042a78f5b394167e1e06c P 66056c9a6b8244b28b1ca9640a56f4f8 [LEADER]: Connected to new peer: Peer: permanent_uuid: "9b8c4941ec764b1f87694a172a1d6a5d" member_type: VOTER last_known_addr { host: "127.0.107.194" port: 37567 }, Status: LMP_MISMATCH, Last received: 0.0, Next index: 1, Last known committed idx: 0, Time since last communication: 0.000s
I20260710 13:17:21.881503  1867 raft_consensus.cc:493] T 0394621d13a9492f9e9c3ea3fef014ef P 66056c9a6b8244b28b1ca9640a56f4f8 [term 0 FOLLOWER]: Starting pre-election (no leader contacted us within the election timeout)
I20260710 13:17:21.882171  1867 raft_consensus.cc:515] T 0394621d13a9492f9e9c3ea3fef014ef P 66056c9a6b8244b28b1ca9640a56f4f8 [term 0 FOLLOWER]: Starting pre-election with config: opid_index: -1 OBSOLETE_local: false peers { permanent_uuid: "66056c9a6b8244b28b1ca9640a56f4f8" member_type: VOTER last_known_addr { host: "127.0.107.193" port: 45249 } } peers { permanent_uuid: "9b8c4941ec764b1f87694a172a1d6a5d" member_type: VOTER last_known_addr { host: "127.0.107.194" port: 37567 } } peers { permanent_uuid: "b99c24e46c68411d84b41667c30dfd86" member_type: VOTER last_known_addr { host: "127.0.107.195" port: 37185 } }
I20260710 13:17:21.885878  1867 leader_election.cc:290] T 0394621d13a9492f9e9c3ea3fef014ef P 66056c9a6b8244b28b1ca9640a56f4f8 [CANDIDATE]: Term 1 pre-election: Requested pre-vote from peers 9b8c4941ec764b1f87694a172a1d6a5d (127.0.107.194:37567), b99c24e46c68411d84b41667c30dfd86 (127.0.107.195:37185)
I20260710 13:17:21.884259  1921 consensus_queue.cc:1048] T c001bf01a0cb4f7c9a1f96d7d8c02a78 P b99c24e46c68411d84b41667c30dfd86 [LEADER]: Connected to new peer: Peer: permanent_uuid: "9b8c4941ec764b1f87694a172a1d6a5d" member_type: VOTER last_known_addr { host: "127.0.107.194" port: 37567 }, Status: LMP_MISMATCH, Last received: 0.0, Next index: 1, Last known committed idx: 0, Time since last communication: 0.003s
I20260710 13:17:21.887785  1694 tablet_service.cc:1917] Received RequestConsensusVote() RPC: tablet_id: "0394621d13a9492f9e9c3ea3fef014ef" candidate_uuid: "66056c9a6b8244b28b1ca9640a56f4f8" candidate_term: 1 candidate_status { last_received { term: 0 index: 0 } } ignore_live_leader: false dest_uuid: "9b8c4941ec764b1f87694a172a1d6a5d" is_pre_election: true
I20260710 13:17:21.889345  1769 tablet_service.cc:1917] Received RequestConsensusVote() RPC: tablet_id: "0394621d13a9492f9e9c3ea3fef014ef" candidate_uuid: "66056c9a6b8244b28b1ca9640a56f4f8" candidate_term: 1 candidate_status { last_received { term: 0 index: 0 } } ignore_live_leader: false dest_uuid: "b99c24e46c68411d84b41667c30dfd86" is_pre_election: true
I20260710 13:17:21.890050  1769 raft_consensus.cc:2468] T 0394621d13a9492f9e9c3ea3fef014ef P b99c24e46c68411d84b41667c30dfd86 [term 0 FOLLOWER]: Leader pre-election vote request: Granting yes vote for candidate 66056c9a6b8244b28b1ca9640a56f4f8 in term 0.
I20260710 13:17:21.891615  1583 leader_election.cc:304] T 0394621d13a9492f9e9c3ea3fef014ef P 66056c9a6b8244b28b1ca9640a56f4f8 [CANDIDATE]: Term 1 pre-election: Election decided. Result: candidate won. Election summary: received 2 responses out of 3 voters: 2 yes votes; 0 no votes. yes voters: 66056c9a6b8244b28b1ca9640a56f4f8, b99c24e46c68411d84b41667c30dfd86; no voters: 
W20260710 13:17:21.892797  1584 leader_election.cc:343] T 0394621d13a9492f9e9c3ea3fef014ef P 66056c9a6b8244b28b1ca9640a56f4f8 [CANDIDATE]: Term 1 pre-election: Tablet error from VoteRequest() call to peer 9b8c4941ec764b1f87694a172a1d6a5d (127.0.107.194:37567): Illegal state: must be running to vote when last-logged opid is not known
I20260710 13:17:21.892822  1867 raft_consensus.cc:2804] T 0394621d13a9492f9e9c3ea3fef014ef P 66056c9a6b8244b28b1ca9640a56f4f8 [term 0 FOLLOWER]: Leader pre-election won for term 1
I20260710 13:17:21.893644  1867 raft_consensus.cc:493] T 0394621d13a9492f9e9c3ea3fef014ef P 66056c9a6b8244b28b1ca9640a56f4f8 [term 0 FOLLOWER]: Starting leader election (no leader contacted us within the election timeout)
I20260710 13:17:21.894165  1867 raft_consensus.cc:3060] T 0394621d13a9492f9e9c3ea3fef014ef P 66056c9a6b8244b28b1ca9640a56f4f8 [term 0 FOLLOWER]: Advancing to term 1
I20260710 13:17:21.899194  1809 tablet_bootstrap.cc:654] T b1bdc89352ef413f89633dd23853e715 P b99c24e46c68411d84b41667c30dfd86: Neither blocks nor log segments found. Creating new log.
I20260710 13:17:21.899497  1810 tablet_bootstrap.cc:654] T 73c4c66808144d54a81c885d88747fa8 P 9b8c4941ec764b1f87694a172a1d6a5d: Neither blocks nor log segments found. Creating new log.
I20260710 13:17:21.902715  1812 tablet_bootstrap.cc:492] T 01d87ccd86a141e3a61a1e0f422a121d P 66056c9a6b8244b28b1ca9640a56f4f8: No bootstrap required, opened a new log
I20260710 13:17:21.909703  1869 consensus_queue.cc:1048] T cdf21701a01042a78f5b394167e1e06c P 66056c9a6b8244b28b1ca9640a56f4f8 [LEADER]: Connected to new peer: Peer: permanent_uuid: "b99c24e46c68411d84b41667c30dfd86" member_type: VOTER last_known_addr { host: "127.0.107.195" port: 37185 }, Status: LMP_MISMATCH, Last received: 0.0, Next index: 1, Last known committed idx: 0, Time since last communication: 0.001s
I20260710 13:17:21.915091  1837 raft_consensus.cc:493] T c6080d4690f94697a866ead5de625c9d P b99c24e46c68411d84b41667c30dfd86 [term 0 FOLLOWER]: Starting pre-election (no leader contacted us within the election timeout)
I20260710 13:17:21.922665  1837 raft_consensus.cc:515] T c6080d4690f94697a866ead5de625c9d P b99c24e46c68411d84b41667c30dfd86 [term 0 FOLLOWER]: Starting pre-election with config: opid_index: -1 OBSOLETE_local: false peers { permanent_uuid: "66056c9a6b8244b28b1ca9640a56f4f8" member_type: VOTER last_known_addr { host: "127.0.107.193" port: 45249 } } peers { permanent_uuid: "9b8c4941ec764b1f87694a172a1d6a5d" member_type: VOTER last_known_addr { host: "127.0.107.194" port: 37567 } } peers { permanent_uuid: "b99c24e46c68411d84b41667c30dfd86" member_type: VOTER last_known_addr { host: "127.0.107.195" port: 37185 } }
I20260710 13:17:21.925871  1837 leader_election.cc:290] T c6080d4690f94697a866ead5de625c9d P b99c24e46c68411d84b41667c30dfd86 [CANDIDATE]: Term 1 pre-election: Requested pre-vote from peers 66056c9a6b8244b28b1ca9640a56f4f8 (127.0.107.193:45249), 9b8c4941ec764b1f87694a172a1d6a5d (127.0.107.194:37567)
I20260710 13:17:21.927508  1692 tablet_service.cc:1917] Received RequestConsensusVote() RPC: tablet_id: "c6080d4690f94697a866ead5de625c9d" candidate_uuid: "b99c24e46c68411d84b41667c30dfd86" candidate_term: 1 candidate_status { last_received { term: 0 index: 0 } } ignore_live_leader: false dest_uuid: "9b8c4941ec764b1f87694a172a1d6a5d" is_pre_election: true
I20260710 13:17:21.929688  1812 ts_tablet_manager.cc:1403] T 01d87ccd86a141e3a61a1e0f422a121d P 66056c9a6b8244b28b1ca9640a56f4f8: Time spent bootstrapping tablet: real 0.168s	user 0.017s	sys 0.012s
I20260710 13:17:21.929780  1618 tablet_service.cc:1917] Received RequestConsensusVote() RPC: tablet_id: "c6080d4690f94697a866ead5de625c9d" candidate_uuid: "b99c24e46c68411d84b41667c30dfd86" candidate_term: 1 candidate_status { last_received { term: 0 index: 0 } } ignore_live_leader: false dest_uuid: "66056c9a6b8244b28b1ca9640a56f4f8" is_pre_election: true
I20260710 13:17:21.915357  1515 catalog_manager.cc:5697] T 8648d516e95747bda3571a3432ed065c P 66056c9a6b8244b28b1ca9640a56f4f8 reported cstate change: term changed from 0 to 1, leader changed from <none> to 66056c9a6b8244b28b1ca9640a56f4f8 (127.0.107.193). New cstate: current_term: 1 leader_uuid: "66056c9a6b8244b28b1ca9640a56f4f8" committed_config { opid_index: -1 OBSOLETE_local: false peers { permanent_uuid: "66056c9a6b8244b28b1ca9640a56f4f8" member_type: VOTER last_known_addr { host: "127.0.107.193" port: 45249 } health_report { overall_health: HEALTHY } } peers { permanent_uuid: "9b8c4941ec764b1f87694a172a1d6a5d" member_type: VOTER last_known_addr { host: "127.0.107.194" port: 37567 } health_report { overall_health: UNKNOWN } } peers { permanent_uuid: "b99c24e46c68411d84b41667c30dfd86" member_type: VOTER last_known_addr { host: "127.0.107.195" port: 37185 } health_report { overall_health: UNKNOWN } } }
W20260710 13:17:21.933442  1733 leader_election.cc:343] T c6080d4690f94697a866ead5de625c9d P b99c24e46c68411d84b41667c30dfd86 [CANDIDATE]: Term 1 pre-election: Tablet error from VoteRequest() call to peer 9b8c4941ec764b1f87694a172a1d6a5d (127.0.107.194:37567): Illegal state: must be running to vote when last-logged opid is not known
W20260710 13:17:21.935680  1732 leader_election.cc:343] T c6080d4690f94697a866ead5de625c9d P b99c24e46c68411d84b41667c30dfd86 [CANDIDATE]: Term 1 pre-election: Tablet error from VoteRequest() call to peer 66056c9a6b8244b28b1ca9640a56f4f8 (127.0.107.193:45249): Illegal state: must be running to vote when last-logged opid is not known
I20260710 13:17:21.937690  1732 leader_election.cc:304] T c6080d4690f94697a866ead5de625c9d P b99c24e46c68411d84b41667c30dfd86 [CANDIDATE]: Term 1 pre-election: Election decided. Result: candidate lost. Election summary: received 3 responses out of 3 voters: 1 yes votes; 2 no votes. yes voters: b99c24e46c68411d84b41667c30dfd86; no voters: 66056c9a6b8244b28b1ca9640a56f4f8, 9b8c4941ec764b1f87694a172a1d6a5d
I20260710 13:17:21.939492  1921 raft_consensus.cc:2749] T c6080d4690f94697a866ead5de625c9d P b99c24e46c68411d84b41667c30dfd86 [term 0 FOLLOWER]: Leader pre-election lost for term 1. Reason: could not achieve majority
I20260710 13:17:21.940442  1810 tablet_bootstrap.cc:492] T 73c4c66808144d54a81c885d88747fa8 P 9b8c4941ec764b1f87694a172a1d6a5d: No bootstrap required, opened a new log
I20260710 13:17:21.941478  1867 raft_consensus.cc:515] T 0394621d13a9492f9e9c3ea3fef014ef P 66056c9a6b8244b28b1ca9640a56f4f8 [term 1 FOLLOWER]: Starting leader election with config: opid_index: -1 OBSOLETE_local: false peers { permanent_uuid: "66056c9a6b8244b28b1ca9640a56f4f8" member_type: VOTER last_known_addr { host: "127.0.107.193" port: 45249 } } peers { permanent_uuid: "9b8c4941ec764b1f87694a172a1d6a5d" member_type: VOTER last_known_addr { host: "127.0.107.194" port: 37567 } } peers { permanent_uuid: "b99c24e46c68411d84b41667c30dfd86" member_type: VOTER last_known_addr { host: "127.0.107.195" port: 37185 } }
I20260710 13:17:21.944783  1812 raft_consensus.cc:359] T 01d87ccd86a141e3a61a1e0f422a121d P 66056c9a6b8244b28b1ca9640a56f4f8 [term 0 FOLLOWER]: Replica starting. Triggering 0 pending ops. Active config: opid_index: -1 OBSOLETE_local: false peers { permanent_uuid: "66056c9a6b8244b28b1ca9640a56f4f8" member_type: VOTER last_known_addr { host: "127.0.107.193" port: 45249 } } peers { permanent_uuid: "9b8c4941ec764b1f87694a172a1d6a5d" member_type: VOTER last_known_addr { host: "127.0.107.194" port: 37567 } } peers { permanent_uuid: "b99c24e46c68411d84b41667c30dfd86" member_type: VOTER last_known_addr { host: "127.0.107.195" port: 37185 } }
I20260710 13:17:21.945513  1812 raft_consensus.cc:385] T 01d87ccd86a141e3a61a1e0f422a121d P 66056c9a6b8244b28b1ca9640a56f4f8 [term 0 FOLLOWER]: Consensus starting up: Expiring failure detector timer to make a prompt election more likely
I20260710 13:17:21.951889  1867 leader_election.cc:290] T 0394621d13a9492f9e9c3ea3fef014ef P 66056c9a6b8244b28b1ca9640a56f4f8 [CANDIDATE]: Term 1 election: Requested vote from peers 9b8c4941ec764b1f87694a172a1d6a5d (127.0.107.194:37567), b99c24e46c68411d84b41667c30dfd86 (127.0.107.195:37185)
I20260710 13:17:21.945210  1694 tablet_service.cc:1917] Received RequestConsensusVote() RPC: tablet_id: "0394621d13a9492f9e9c3ea3fef014ef" candidate_uuid: "66056c9a6b8244b28b1ca9640a56f4f8" candidate_term: 1 candidate_status { last_received { term: 0 index: 0 } } ignore_live_leader: false dest_uuid: "9b8c4941ec764b1f87694a172a1d6a5d"
I20260710 13:17:21.956038  1812 raft_consensus.cc:740] T 01d87ccd86a141e3a61a1e0f422a121d P 66056c9a6b8244b28b1ca9640a56f4f8 [term 0 FOLLOWER]: Becoming Follower/Learner. State: Replica: 66056c9a6b8244b28b1ca9640a56f4f8, State: Initialized, Role: FOLLOWER
I20260710 13:17:21.945828  1768 tablet_service.cc:1917] Received RequestConsensusVote() RPC: tablet_id: "0394621d13a9492f9e9c3ea3fef014ef" candidate_uuid: "66056c9a6b8244b28b1ca9640a56f4f8" candidate_term: 1 candidate_status { last_received { term: 0 index: 0 } } ignore_live_leader: false dest_uuid: "b99c24e46c68411d84b41667c30dfd86"
I20260710 13:17:21.957002  1768 raft_consensus.cc:3060] T 0394621d13a9492f9e9c3ea3fef014ef P b99c24e46c68411d84b41667c30dfd86 [term 0 FOLLOWER]: Advancing to term 1
W20260710 13:17:21.957299  1584 leader_election.cc:343] T 0394621d13a9492f9e9c3ea3fef014ef P 66056c9a6b8244b28b1ca9640a56f4f8 [CANDIDATE]: Term 1 election: Tablet error from VoteRequest() call to peer 9b8c4941ec764b1f87694a172a1d6a5d (127.0.107.194:37567): Illegal state: must be running to vote when last-logged opid is not known
I20260710 13:17:21.959939  1812 consensus_queue.cc:260] T 01d87ccd86a141e3a61a1e0f422a121d P 66056c9a6b8244b28b1ca9640a56f4f8 [NON_LEADER]: Queue going to NON_LEADER mode. State: All replicated index: 0, Majority replicated index: 0, Committed index: 0, Last appended: 0.0, Last appended by leader: 0, Current term: 0, Majority size: -1, State: 0, Mode: NON_LEADER, active raft config: opid_index: -1 OBSOLETE_local: false peers { permanent_uuid: "66056c9a6b8244b28b1ca9640a56f4f8" member_type: VOTER last_known_addr { host: "127.0.107.193" port: 45249 } } peers { permanent_uuid: "9b8c4941ec764b1f87694a172a1d6a5d" member_type: VOTER last_known_addr { host: "127.0.107.194" port: 37567 } } peers { permanent_uuid: "b99c24e46c68411d84b41667c30dfd86" member_type: VOTER last_known_addr { host: "127.0.107.195" port: 37185 } }
I20260710 13:17:21.962345  1812 ts_tablet_manager.cc:1434] T 01d87ccd86a141e3a61a1e0f422a121d P 66056c9a6b8244b28b1ca9640a56f4f8: Time spent starting tablet: real 0.032s	user 0.003s	sys 0.004s
I20260710 13:17:21.963538  1812 tablet_bootstrap.cc:492] T 782f32dced50453d85865eaa3dd5e20a P 66056c9a6b8244b28b1ca9640a56f4f8: Bootstrap starting.
I20260710 13:17:21.964090  1817 raft_consensus.cc:493] T 01d87ccd86a141e3a61a1e0f422a121d P 9b8c4941ec764b1f87694a172a1d6a5d [term 0 FOLLOWER]: Starting pre-election (no leader contacted us within the election timeout)
I20260710 13:17:21.964691  1817 raft_consensus.cc:515] T 01d87ccd86a141e3a61a1e0f422a121d P 9b8c4941ec764b1f87694a172a1d6a5d [term 0 FOLLOWER]: Starting pre-election with config: opid_index: -1 OBSOLETE_local: false peers { permanent_uuid: "66056c9a6b8244b28b1ca9640a56f4f8" member_type: VOTER last_known_addr { host: "127.0.107.193" port: 45249 } } peers { permanent_uuid: "9b8c4941ec764b1f87694a172a1d6a5d" member_type: VOTER last_known_addr { host: "127.0.107.194" port: 37567 } } peers { permanent_uuid: "b99c24e46c68411d84b41667c30dfd86" member_type: VOTER last_known_addr { host: "127.0.107.195" port: 37185 } }
I20260710 13:17:21.969422  1809 tablet_bootstrap.cc:492] T b1bdc89352ef413f89633dd23853e715 P b99c24e46c68411d84b41667c30dfd86: No bootstrap required, opened a new log
I20260710 13:17:21.969180  1618 tablet_service.cc:1917] Received RequestConsensusVote() RPC: tablet_id: "01d87ccd86a141e3a61a1e0f422a121d" candidate_uuid: "9b8c4941ec764b1f87694a172a1d6a5d" candidate_term: 1 candidate_status { last_received { term: 0 index: 0 } } ignore_live_leader: false dest_uuid: "66056c9a6b8244b28b1ca9640a56f4f8" is_pre_election: true
I20260710 13:17:21.969949  1809 ts_tablet_manager.cc:1403] T b1bdc89352ef413f89633dd23853e715 P b99c24e46c68411d84b41667c30dfd86: Time spent bootstrapping tablet: real 0.135s	user 0.010s	sys 0.006s
I20260710 13:17:21.970073  1618 raft_consensus.cc:2468] T 01d87ccd86a141e3a61a1e0f422a121d P 66056c9a6b8244b28b1ca9640a56f4f8 [term 0 FOLLOWER]: Leader pre-election vote request: Granting yes vote for candidate 9b8c4941ec764b1f87694a172a1d6a5d in term 0.
I20260710 13:17:21.971778  1658 leader_election.cc:304] T 01d87ccd86a141e3a61a1e0f422a121d P 9b8c4941ec764b1f87694a172a1d6a5d [CANDIDATE]: Term 1 pre-election: Election decided. Result: candidate won. Election summary: received 2 responses out of 3 voters: 2 yes votes; 0 no votes. yes voters: 66056c9a6b8244b28b1ca9640a56f4f8, 9b8c4941ec764b1f87694a172a1d6a5d; no voters: 
I20260710 13:17:21.972796  1894 raft_consensus.cc:2804] T 01d87ccd86a141e3a61a1e0f422a121d P 9b8c4941ec764b1f87694a172a1d6a5d [term 0 FOLLOWER]: Leader pre-election won for term 1
I20260710 13:17:21.972988  1812 tablet_bootstrap.cc:654] T 782f32dced50453d85865eaa3dd5e20a P 66056c9a6b8244b28b1ca9640a56f4f8: Neither blocks nor log segments found. Creating new log.
I20260710 13:17:21.973275  1894 raft_consensus.cc:493] T 01d87ccd86a141e3a61a1e0f422a121d P 9b8c4941ec764b1f87694a172a1d6a5d [term 0 FOLLOWER]: Starting leader election (no leader contacted us within the election timeout)
I20260710 13:17:21.973763  1894 raft_consensus.cc:3060] T 01d87ccd86a141e3a61a1e0f422a121d P 9b8c4941ec764b1f87694a172a1d6a5d [term 0 FOLLOWER]: Advancing to term 1
I20260710 13:17:21.973990  1809 raft_consensus.cc:359] T b1bdc89352ef413f89633dd23853e715 P b99c24e46c68411d84b41667c30dfd86 [term 0 FOLLOWER]: Replica starting. Triggering 0 pending ops. Active config: opid_index: -1 OBSOLETE_local: false peers { permanent_uuid: "66056c9a6b8244b28b1ca9640a56f4f8" member_type: VOTER last_known_addr { host: "127.0.107.193" port: 45249 } } peers { permanent_uuid: "9b8c4941ec764b1f87694a172a1d6a5d" member_type: VOTER last_known_addr { host: "127.0.107.194" port: 37567 } } peers { permanent_uuid: "b99c24e46c68411d84b41667c30dfd86" member_type: VOTER last_known_addr { host: "127.0.107.195" port: 37185 } }
I20260710 13:17:21.977214  1809 raft_consensus.cc:385] T b1bdc89352ef413f89633dd23853e715 P b99c24e46c68411d84b41667c30dfd86 [term 0 FOLLOWER]: Consensus starting up: Expiring failure detector timer to make a prompt election more likely
I20260710 13:17:21.977479  1809 raft_consensus.cc:740] T b1bdc89352ef413f89633dd23853e715 P b99c24e46c68411d84b41667c30dfd86 [term 0 FOLLOWER]: Becoming Follower/Learner. State: Replica: b99c24e46c68411d84b41667c30dfd86, State: Initialized, Role: FOLLOWER
I20260710 13:17:21.978241  1809 consensus_queue.cc:260] T b1bdc89352ef413f89633dd23853e715 P b99c24e46c68411d84b41667c30dfd86 [NON_LEADER]: Queue going to NON_LEADER mode. State: All replicated index: 0, Majority replicated index: 0, Committed index: 0, Last appended: 0.0, Last appended by leader: 0, Current term: 0, Majority size: -1, State: 0, Mode: NON_LEADER, active raft config: opid_index: -1 OBSOLETE_local: false peers { permanent_uuid: "66056c9a6b8244b28b1ca9640a56f4f8" member_type: VOTER last_known_addr { host: "127.0.107.193" port: 45249 } } peers { permanent_uuid: "9b8c4941ec764b1f87694a172a1d6a5d" member_type: VOTER last_known_addr { host: "127.0.107.194" port: 37567 } } peers { permanent_uuid: "b99c24e46c68411d84b41667c30dfd86" member_type: VOTER last_known_addr { host: "127.0.107.195" port: 37185 } }
I20260710 13:17:21.980536  1809 ts_tablet_manager.cc:1434] T b1bdc89352ef413f89633dd23853e715 P b99c24e46c68411d84b41667c30dfd86: Time spent starting tablet: real 0.010s	user 0.003s	sys 0.003s
I20260710 13:17:21.980350  1817 leader_election.cc:290] T 01d87ccd86a141e3a61a1e0f422a121d P 9b8c4941ec764b1f87694a172a1d6a5d [CANDIDATE]: Term 1 pre-election: Requested pre-vote from peers 66056c9a6b8244b28b1ca9640a56f4f8 (127.0.107.193:45249), b99c24e46c68411d84b41667c30dfd86 (127.0.107.195:37185)
I20260710 13:17:21.981659  1809 tablet_bootstrap.cc:492] T 01d87ccd86a141e3a61a1e0f422a121d P b99c24e46c68411d84b41667c30dfd86: Bootstrap starting.
I20260710 13:17:21.982513  1769 tablet_service.cc:1917] Received RequestConsensusVote() RPC: tablet_id: "01d87ccd86a141e3a61a1e0f422a121d" candidate_uuid: "9b8c4941ec764b1f87694a172a1d6a5d" candidate_term: 1 candidate_status { last_received { term: 0 index: 0 } } ignore_live_leader: false dest_uuid: "b99c24e46c68411d84b41667c30dfd86" is_pre_election: true
I20260710 13:17:21.983790  1921 consensus_queue.cc:1048] T 73c4c66808144d54a81c885d88747fa8 P b99c24e46c68411d84b41667c30dfd86 [LEADER]: Connected to new peer: Peer: permanent_uuid: "66056c9a6b8244b28b1ca9640a56f4f8" member_type: VOTER last_known_addr { host: "127.0.107.193" port: 45249 }, Status: LMP_MISMATCH, Last received: 0.0, Next index: 1, Last known committed idx: 0, Time since last communication: 0.001s
I20260710 13:17:21.985131  1837 raft_consensus.cc:493] T 8b79ef312ae84be1ac17e7a1b98dbadd P b99c24e46c68411d84b41667c30dfd86 [term 0 FOLLOWER]: Starting pre-election (no leader contacted us within the election timeout)
I20260710 13:17:21.985801  1837 raft_consensus.cc:515] T 8b79ef312ae84be1ac17e7a1b98dbadd P b99c24e46c68411d84b41667c30dfd86 [term 0 FOLLOWER]: Starting pre-election with config: opid_index: -1 OBSOLETE_local: false peers { permanent_uuid: "66056c9a6b8244b28b1ca9640a56f4f8" member_type: VOTER last_known_addr { host: "127.0.107.193" port: 45249 } } peers { permanent_uuid: "9b8c4941ec764b1f87694a172a1d6a5d" member_type: VOTER last_known_addr { host: "127.0.107.194" port: 37567 } } peers { permanent_uuid: "b99c24e46c68411d84b41667c30dfd86" member_type: VOTER last_known_addr { host: "127.0.107.195" port: 37185 } }
W20260710 13:17:21.987072  1658 leader_election.cc:343] T 01d87ccd86a141e3a61a1e0f422a121d P 9b8c4941ec764b1f87694a172a1d6a5d [CANDIDATE]: Term 1 pre-election: Tablet error from VoteRequest() call to peer b99c24e46c68411d84b41667c30dfd86 (127.0.107.195:37185): Illegal state: must be running to vote when last-logged opid is not known
I20260710 13:17:21.987911  1768 raft_consensus.cc:2468] T 0394621d13a9492f9e9c3ea3fef014ef P b99c24e46c68411d84b41667c30dfd86 [term 1 FOLLOWER]: Leader election vote request: Granting yes vote for candidate 66056c9a6b8244b28b1ca9640a56f4f8 in term 1.
I20260710 13:17:21.990273  1810 ts_tablet_manager.cc:1403] T 73c4c66808144d54a81c885d88747fa8 P 9b8c4941ec764b1f87694a172a1d6a5d: Time spent bootstrapping tablet: real 0.138s	user 0.009s	sys 0.011s
I20260710 13:17:21.992265  1694 tablet_service.cc:1917] Received RequestConsensusVote() RPC: tablet_id: "8b79ef312ae84be1ac17e7a1b98dbadd" candidate_uuid: "b99c24e46c68411d84b41667c30dfd86" candidate_term: 1 candidate_status { last_received { term: 0 index: 0 } } ignore_live_leader: false dest_uuid: "9b8c4941ec764b1f87694a172a1d6a5d" is_pre_election: true
I20260710 13:17:21.993572  1619 tablet_service.cc:1917] Received RequestConsensusVote() RPC: tablet_id: "8b79ef312ae84be1ac17e7a1b98dbadd" candidate_uuid: "b99c24e46c68411d84b41667c30dfd86" candidate_term: 1 candidate_status { last_received { term: 0 index: 0 } } ignore_live_leader: false dest_uuid: "66056c9a6b8244b28b1ca9640a56f4f8" is_pre_election: true
W20260710 13:17:21.994069  1733 leader_election.cc:343] T 8b79ef312ae84be1ac17e7a1b98dbadd P b99c24e46c68411d84b41667c30dfd86 [CANDIDATE]: Term 1 pre-election: Tablet error from VoteRequest() call to peer 9b8c4941ec764b1f87694a172a1d6a5d (127.0.107.194:37567): Illegal state: must be running to vote when last-logged opid is not known
I20260710 13:17:21.993697  1837 leader_election.cc:290] T 8b79ef312ae84be1ac17e7a1b98dbadd P b99c24e46c68411d84b41667c30dfd86 [CANDIDATE]: Term 1 pre-election: Requested pre-vote from peers 66056c9a6b8244b28b1ca9640a56f4f8 (127.0.107.193:45249), 9b8c4941ec764b1f87694a172a1d6a5d (127.0.107.194:37567)
W20260710 13:17:21.995734  1732 leader_election.cc:343] T 8b79ef312ae84be1ac17e7a1b98dbadd P b99c24e46c68411d84b41667c30dfd86 [CANDIDATE]: Term 1 pre-election: Tablet error from VoteRequest() call to peer 66056c9a6b8244b28b1ca9640a56f4f8 (127.0.107.193:45249): Illegal state: must be running to vote when last-logged opid is not known
I20260710 13:17:21.999336  1732 leader_election.cc:304] T 8b79ef312ae84be1ac17e7a1b98dbadd P b99c24e46c68411d84b41667c30dfd86 [CANDIDATE]: Term 1 pre-election: Election decided. Result: candidate lost. Election summary: received 3 responses out of 3 voters: 1 yes votes; 2 no votes. yes voters: b99c24e46c68411d84b41667c30dfd86; no voters: 66056c9a6b8244b28b1ca9640a56f4f8, 9b8c4941ec764b1f87694a172a1d6a5d
I20260710 13:17:21.996434  1583 leader_election.cc:304] T 0394621d13a9492f9e9c3ea3fef014ef P 66056c9a6b8244b28b1ca9640a56f4f8 [CANDIDATE]: Term 1 election: Election decided. Result: candidate won. Election summary: received 3 responses out of 3 voters: 2 yes votes; 1 no votes. yes voters: 66056c9a6b8244b28b1ca9640a56f4f8, b99c24e46c68411d84b41667c30dfd86; no voters: 9b8c4941ec764b1f87694a172a1d6a5d
I20260710 13:17:22.001350  1867 raft_consensus.cc:2804] T 0394621d13a9492f9e9c3ea3fef014ef P 66056c9a6b8244b28b1ca9640a56f4f8 [term 1 FOLLOWER]: Leader election won for term 1
I20260710 13:17:22.001976  1867 raft_consensus.cc:697] T 0394621d13a9492f9e9c3ea3fef014ef P 66056c9a6b8244b28b1ca9640a56f4f8 [term 1 LEADER]: Becoming Leader. State: Replica: 66056c9a6b8244b28b1ca9640a56f4f8, State: Running, Role: LEADER
I20260710 13:17:22.003198  1837 raft_consensus.cc:2749] T 8b79ef312ae84be1ac17e7a1b98dbadd P b99c24e46c68411d84b41667c30dfd86 [term 0 FOLLOWER]: Leader pre-election lost for term 1. Reason: could not achieve majority
I20260710 13:17:22.003934  1867 consensus_queue.cc:237] T 0394621d13a9492f9e9c3ea3fef014ef P 66056c9a6b8244b28b1ca9640a56f4f8 [LEADER]: Queue going to LEADER mode. State: All replicated index: 0, Majority replicated index: 0, Committed index: 0, Last appended: 0.0, Last appended by leader: 0, Current term: 1, Majority size: 2, State: 0, Mode: LEADER, active raft config: opid_index: -1 OBSOLETE_local: false peers { permanent_uuid: "66056c9a6b8244b28b1ca9640a56f4f8" member_type: VOTER last_known_addr { host: "127.0.107.193" port: 45249 } } peers { permanent_uuid: "9b8c4941ec764b1f87694a172a1d6a5d" member_type: VOTER last_known_addr { host: "127.0.107.194" port: 37567 } } peers { permanent_uuid: "b99c24e46c68411d84b41667c30dfd86" member_type: VOTER last_known_addr { host: "127.0.107.195" port: 37185 } }
I20260710 13:17:22.008606  1809 tablet_bootstrap.cc:654] T 01d87ccd86a141e3a61a1e0f422a121d P b99c24e46c68411d84b41667c30dfd86: Neither blocks nor log segments found. Creating new log.
W20260710 13:17:22.012311  1733 consensus_peers.cc:597] T 73c4c66808144d54a81c885d88747fa8 P b99c24e46c68411d84b41667c30dfd86 -> Peer 9b8c4941ec764b1f87694a172a1d6a5d (127.0.107.194:37567): Couldn't send request to peer 9b8c4941ec764b1f87694a172a1d6a5d. Error code: TABLET_NOT_RUNNING (12). Status: Illegal state: Tablet not RUNNING: BOOTSTRAPPING. This is attempt 1: this message will repeat every 5th retry.
I20260710 13:17:22.019536  1812 tablet_bootstrap.cc:492] T 782f32dced50453d85865eaa3dd5e20a P 66056c9a6b8244b28b1ca9640a56f4f8: No bootstrap required, opened a new log
I20260710 13:17:22.020051  1812 ts_tablet_manager.cc:1403] T 782f32dced50453d85865eaa3dd5e20a P 66056c9a6b8244b28b1ca9640a56f4f8: Time spent bootstrapping tablet: real 0.057s	user 0.010s	sys 0.017s
I20260710 13:17:22.025300  1812 raft_consensus.cc:359] T 782f32dced50453d85865eaa3dd5e20a P 66056c9a6b8244b28b1ca9640a56f4f8 [term 0 FOLLOWER]: Replica starting. Triggering 0 pending ops. Active config: opid_index: -1 OBSOLETE_local: false peers { permanent_uuid: "66056c9a6b8244b28b1ca9640a56f4f8" member_type: VOTER last_known_addr { host: "127.0.107.193" port: 45249 } } peers { permanent_uuid: "9b8c4941ec764b1f87694a172a1d6a5d" member_type: VOTER last_known_addr { host: "127.0.107.194" port: 37567 } } peers { permanent_uuid: "b99c24e46c68411d84b41667c30dfd86" member_type: VOTER last_known_addr { host: "127.0.107.195" port: 37185 } }
I20260710 13:17:22.025992  1812 raft_consensus.cc:385] T 782f32dced50453d85865eaa3dd5e20a P 66056c9a6b8244b28b1ca9640a56f4f8 [term 0 FOLLOWER]: Consensus starting up: Expiring failure detector timer to make a prompt election more likely
I20260710 13:17:22.026263  1812 raft_consensus.cc:740] T 782f32dced50453d85865eaa3dd5e20a P 66056c9a6b8244b28b1ca9640a56f4f8 [term 0 FOLLOWER]: Becoming Follower/Learner. State: Replica: 66056c9a6b8244b28b1ca9640a56f4f8, State: Initialized, Role: FOLLOWER
I20260710 13:17:22.027110  1812 consensus_queue.cc:260] T 782f32dced50453d85865eaa3dd5e20a P 66056c9a6b8244b28b1ca9640a56f4f8 [NON_LEADER]: Queue going to NON_LEADER mode. State: All replicated index: 0, Majority replicated index: 0, Committed index: 0, Last appended: 0.0, Last appended by leader: 0, Current term: 0, Majority size: -1, State: 0, Mode: NON_LEADER, active raft config: opid_index: -1 OBSOLETE_local: false peers { permanent_uuid: "66056c9a6b8244b28b1ca9640a56f4f8" member_type: VOTER last_known_addr { host: "127.0.107.193" port: 45249 } } peers { permanent_uuid: "9b8c4941ec764b1f87694a172a1d6a5d" member_type: VOTER last_known_addr { host: "127.0.107.194" port: 37567 } } peers { permanent_uuid: "b99c24e46c68411d84b41667c30dfd86" member_type: VOTER last_known_addr { host: "127.0.107.195" port: 37185 } }
I20260710 13:17:22.019058  1810 raft_consensus.cc:359] T 73c4c66808144d54a81c885d88747fa8 P 9b8c4941ec764b1f87694a172a1d6a5d [term 0 FOLLOWER]: Replica starting. Triggering 0 pending ops. Active config: opid_index: -1 OBSOLETE_local: false peers { permanent_uuid: "66056c9a6b8244b28b1ca9640a56f4f8" member_type: VOTER last_known_addr { host: "127.0.107.193" port: 45249 } } peers { permanent_uuid: "9b8c4941ec764b1f87694a172a1d6a5d" member_type: VOTER last_known_addr { host: "127.0.107.194" port: 37567 } } peers { permanent_uuid: "b99c24e46c68411d84b41667c30dfd86" member_type: VOTER last_known_addr { host: "127.0.107.195" port: 37185 } }
I20260710 13:17:22.029073  1810 raft_consensus.cc:385] T 73c4c66808144d54a81c885d88747fa8 P 9b8c4941ec764b1f87694a172a1d6a5d [term 0 FOLLOWER]: Consensus starting up: Expiring failure detector timer to make a prompt election more likely
I20260710 13:17:22.029340  1810 raft_consensus.cc:740] T 73c4c66808144d54a81c885d88747fa8 P 9b8c4941ec764b1f87694a172a1d6a5d [term 0 FOLLOWER]: Becoming Follower/Learner. State: Replica: 9b8c4941ec764b1f87694a172a1d6a5d, State: Initialized, Role: FOLLOWER
I20260710 13:17:22.031294  1812 ts_tablet_manager.cc:1434] T 782f32dced50453d85865eaa3dd5e20a P 66056c9a6b8244b28b1ca9640a56f4f8: Time spent starting tablet: real 0.011s	user 0.001s	sys 0.007s
I20260710 13:17:22.030544  1894 raft_consensus.cc:515] T 01d87ccd86a141e3a61a1e0f422a121d P 9b8c4941ec764b1f87694a172a1d6a5d [term 1 FOLLOWER]: Starting leader election with config: opid_index: -1 OBSOLETE_local: false peers { permanent_uuid: "66056c9a6b8244b28b1ca9640a56f4f8" member_type: VOTER last_known_addr { host: "127.0.107.193" port: 45249 } } peers { permanent_uuid: "9b8c4941ec764b1f87694a172a1d6a5d" member_type: VOTER last_known_addr { host: "127.0.107.194" port: 37567 } } peers { permanent_uuid: "b99c24e46c68411d84b41667c30dfd86" member_type: VOTER last_known_addr { host: "127.0.107.195" port: 37185 } }
I20260710 13:17:22.032593  1812 tablet_bootstrap.cc:492] T c6080d4690f94697a866ead5de625c9d P 66056c9a6b8244b28b1ca9640a56f4f8: Bootstrap starting.
I20260710 13:17:22.043880  1809 tablet_bootstrap.cc:492] T 01d87ccd86a141e3a61a1e0f422a121d P b99c24e46c68411d84b41667c30dfd86: No bootstrap required, opened a new log
I20260710 13:17:22.044301  1809 ts_tablet_manager.cc:1403] T 01d87ccd86a141e3a61a1e0f422a121d P b99c24e46c68411d84b41667c30dfd86: Time spent bootstrapping tablet: real 0.063s	user 0.004s	sys 0.021s
I20260710 13:17:22.044782  1820 raft_consensus.cc:493] T 782f32dced50453d85865eaa3dd5e20a P 66056c9a6b8244b28b1ca9640a56f4f8 [term 0 FOLLOWER]: Starting pre-election (no leader contacted us within the election timeout)
I20260710 13:17:22.045425  1820 raft_consensus.cc:515] T 782f32dced50453d85865eaa3dd5e20a P 66056c9a6b8244b28b1ca9640a56f4f8 [term 0 FOLLOWER]: Starting pre-election with config: opid_index: -1 OBSOLETE_local: false peers { permanent_uuid: "66056c9a6b8244b28b1ca9640a56f4f8" member_type: VOTER last_known_addr { host: "127.0.107.193" port: 45249 } } peers { permanent_uuid: "9b8c4941ec764b1f87694a172a1d6a5d" member_type: VOTER last_known_addr { host: "127.0.107.194" port: 37567 } } peers { permanent_uuid: "b99c24e46c68411d84b41667c30dfd86" member_type: VOTER last_known_addr { host: "127.0.107.195" port: 37185 } }
I20260710 13:17:22.048198  1809 raft_consensus.cc:359] T 01d87ccd86a141e3a61a1e0f422a121d P b99c24e46c68411d84b41667c30dfd86 [term 0 FOLLOWER]: Replica starting. Triggering 0 pending ops. Active config: opid_index: -1 OBSOLETE_local: false peers { permanent_uuid: "66056c9a6b8244b28b1ca9640a56f4f8" member_type: VOTER last_known_addr { host: "127.0.107.193" port: 45249 } } peers { permanent_uuid: "9b8c4941ec764b1f87694a172a1d6a5d" member_type: VOTER last_known_addr { host: "127.0.107.194" port: 37567 } } peers { permanent_uuid: "b99c24e46c68411d84b41667c30dfd86" member_type: VOTER last_known_addr { host: "127.0.107.195" port: 37185 } }
I20260710 13:17:22.048868  1809 raft_consensus.cc:385] T 01d87ccd86a141e3a61a1e0f422a121d P b99c24e46c68411d84b41667c30dfd86 [term 0 FOLLOWER]: Consensus starting up: Expiring failure detector timer to make a prompt election more likely
I20260710 13:17:22.049131  1809 raft_consensus.cc:740] T 01d87ccd86a141e3a61a1e0f422a121d P b99c24e46c68411d84b41667c30dfd86 [term 0 FOLLOWER]: Becoming Follower/Learner. State: Replica: b99c24e46c68411d84b41667c30dfd86, State: Initialized, Role: FOLLOWER
I20260710 13:17:22.049993  1809 consensus_queue.cc:260] T 01d87ccd86a141e3a61a1e0f422a121d P b99c24e46c68411d84b41667c30dfd86 [NON_LEADER]: Queue going to NON_LEADER mode. State: All replicated index: 0, Majority replicated index: 0, Committed index: 0, Last appended: 0.0, Last appended by leader: 0, Current term: 0, Majority size: -1, State: 0, Mode: NON_LEADER, active raft config: opid_index: -1 OBSOLETE_local: false peers { permanent_uuid: "66056c9a6b8244b28b1ca9640a56f4f8" member_type: VOTER last_known_addr { host: "127.0.107.193" port: 45249 } } peers { permanent_uuid: "9b8c4941ec764b1f87694a172a1d6a5d" member_type: VOTER last_known_addr { host: "127.0.107.194" port: 37567 } } peers { permanent_uuid: "b99c24e46c68411d84b41667c30dfd86" member_type: VOTER last_known_addr { host: "127.0.107.195" port: 37185 } }
I20260710 13:17:22.051903  1619 tablet_service.cc:1917] Received RequestConsensusVote() RPC: tablet_id: "01d87ccd86a141e3a61a1e0f422a121d" candidate_uuid: "9b8c4941ec764b1f87694a172a1d6a5d" candidate_term: 1 candidate_status { last_received { term: 0 index: 0 } } ignore_live_leader: false dest_uuid: "66056c9a6b8244b28b1ca9640a56f4f8"
I20260710 13:17:22.052724  1619 raft_consensus.cc:3060] T 01d87ccd86a141e3a61a1e0f422a121d P 66056c9a6b8244b28b1ca9640a56f4f8 [term 0 FOLLOWER]: Advancing to term 1
I20260710 13:17:22.053249  1809 ts_tablet_manager.cc:1434] T 01d87ccd86a141e3a61a1e0f422a121d P b99c24e46c68411d84b41667c30dfd86: Time spent starting tablet: real 0.009s	user 0.006s	sys 0.002s
I20260710 13:17:22.053553  1768 tablet_service.cc:1917] Received RequestConsensusVote() RPC: tablet_id: "782f32dced50453d85865eaa3dd5e20a" candidate_uuid: "66056c9a6b8244b28b1ca9640a56f4f8" candidate_term: 1 candidate_status { last_received { term: 0 index: 0 } } ignore_live_leader: false dest_uuid: "b99c24e46c68411d84b41667c30dfd86" is_pre_election: true
I20260710 13:17:22.054378  1809 tablet_bootstrap.cc:492] T b2e5543681364104a4383e0d755bc28e P b99c24e46c68411d84b41667c30dfd86: Bootstrap starting.
I20260710 13:17:22.055354  1820 leader_election.cc:290] T 782f32dced50453d85865eaa3dd5e20a P 66056c9a6b8244b28b1ca9640a56f4f8 [CANDIDATE]: Term 1 pre-election: Requested pre-vote from peers 9b8c4941ec764b1f87694a172a1d6a5d (127.0.107.194:37567), b99c24e46c68411d84b41667c30dfd86 (127.0.107.195:37185)
I20260710 13:17:22.052030  1694 tablet_service.cc:1917] Received RequestConsensusVote() RPC: tablet_id: "782f32dced50453d85865eaa3dd5e20a" candidate_uuid: "66056c9a6b8244b28b1ca9640a56f4f8" candidate_term: 1 candidate_status { last_received { term: 0 index: 0 } } ignore_live_leader: false dest_uuid: "9b8c4941ec764b1f87694a172a1d6a5d" is_pre_election: true
I20260710 13:17:22.057487  1584 leader_election.cc:304] T 782f32dced50453d85865eaa3dd5e20a P 66056c9a6b8244b28b1ca9640a56f4f8 [CANDIDATE]: Term 1 pre-election: Election decided. Result: candidate lost. Election summary: received 3 responses out of 3 voters: 1 yes votes; 2 no votes. yes voters: 66056c9a6b8244b28b1ca9640a56f4f8; no voters: 9b8c4941ec764b1f87694a172a1d6a5d, b99c24e46c68411d84b41667c30dfd86
I20260710 13:17:22.059121  1820 raft_consensus.cc:2749] T 782f32dced50453d85865eaa3dd5e20a P 66056c9a6b8244b28b1ca9640a56f4f8 [term 0 FOLLOWER]: Leader pre-election lost for term 1. Reason: could not achieve majority
I20260710 13:17:22.060245  1894 leader_election.cc:290] T 01d87ccd86a141e3a61a1e0f422a121d P 9b8c4941ec764b1f87694a172a1d6a5d [CANDIDATE]: Term 1 election: Requested vote from peers 66056c9a6b8244b28b1ca9640a56f4f8 (127.0.107.193:45249), b99c24e46c68411d84b41667c30dfd86 (127.0.107.195:37185)
