I20260710 13:16:44.517309   760 tablet_bootstrap.cc:492] T 8f28a1f0afb5400eacd222e37168689c P 57a30e14ce944c88bfcf94e3f6fcdfbd: No bootstrap required, opened a new log
I20260710 13:16:44.517688   760 ts_tablet_manager.cc:1403] T 8f28a1f0afb5400eacd222e37168689c P 57a30e14ce944c88bfcf94e3f6fcdfbd: Time spent bootstrapping tablet: real 0.095s	user 0.017s	sys 0.003s
I20260710 13:16:44.522190   760 raft_consensus.cc:359] T 8f28a1f0afb5400eacd222e37168689c P 57a30e14ce944c88bfcf94e3f6fcdfbd [term 0 FOLLOWER]: Replica starting. Triggering 0 pending ops. Active config: opid_index: -1 OBSOLETE_local: false peers { permanent_uuid: "b037b4161b144462af76d2ce0d1a9cad" member_type: VOTER last_known_addr { host: "127.0.107.193" port: 43881 } } peers { permanent_uuid: "91c50712e4754a6aadcff88db4cfdbd2" member_type: VOTER last_known_addr { host: "127.0.107.195" port: 39233 } } peers { permanent_uuid: "57a30e14ce944c88bfcf94e3f6fcdfbd" member_type: VOTER last_known_addr { host: "127.0.107.194" port: 34017 } }
I20260710 13:16:44.522922   760 raft_consensus.cc:385] T 8f28a1f0afb5400eacd222e37168689c P 57a30e14ce944c88bfcf94e3f6fcdfbd [term 0 FOLLOWER]: Consensus starting up: Expiring failure detector timer to make a prompt election more likely
I20260710 13:16:44.523191   760 raft_consensus.cc:740] T 8f28a1f0afb5400eacd222e37168689c P 57a30e14ce944c88bfcf94e3f6fcdfbd [term 0 FOLLOWER]: Becoming Follower/Learner. State: Replica: 57a30e14ce944c88bfcf94e3f6fcdfbd, State: Initialized, Role: FOLLOWER
I20260710 13:16:44.523820   760 consensus_queue.cc:260] T 8f28a1f0afb5400eacd222e37168689c P 57a30e14ce944c88bfcf94e3f6fcdfbd [NON_LEADER]: Queue going to NON_LEADER mode. State: All replicated index: 0, Majority replicated index: 0, Committed index: 0, Last appended: 0.0, Last appended by leader: 0, Current term: 0, Majority size: -1, State: 0, Mode: NON_LEADER, active raft config: opid_index: -1 OBSOLETE_local: false peers { permanent_uuid: "b037b4161b144462af76d2ce0d1a9cad" member_type: VOTER last_known_addr { host: "127.0.107.193" port: 43881 } } peers { permanent_uuid: "91c50712e4754a6aadcff88db4cfdbd2" member_type: VOTER last_known_addr { host: "127.0.107.195" port: 39233 } } peers { permanent_uuid: "57a30e14ce944c88bfcf94e3f6fcdfbd" member_type: VOTER last_known_addr { host: "127.0.107.194" port: 34017 } }
I20260710 13:16:44.531736   758 tablet_bootstrap.cc:492] T e0b1cdee39d34c60b60c6ff338b218b0 P b037b4161b144462af76d2ce0d1a9cad: No bootstrap required, opened a new log
I20260710 13:16:44.532255   758 ts_tablet_manager.cc:1403] T e0b1cdee39d34c60b60c6ff338b218b0 P b037b4161b144462af76d2ce0d1a9cad: Time spent bootstrapping tablet: real 0.025s	user 0.008s	sys 0.004s
I20260710 13:16:44.537631   758 raft_consensus.cc:359] T e0b1cdee39d34c60b60c6ff338b218b0 P b037b4161b144462af76d2ce0d1a9cad [term 0 FOLLOWER]: Replica starting. Triggering 0 pending ops. Active config: opid_index: -1 OBSOLETE_local: false peers { permanent_uuid: "b037b4161b144462af76d2ce0d1a9cad" member_type: VOTER last_known_addr { host: "127.0.107.193" port: 43881 } } peers { permanent_uuid: "57a30e14ce944c88bfcf94e3f6fcdfbd" member_type: VOTER last_known_addr { host: "127.0.107.194" port: 34017 } } peers { permanent_uuid: "91c50712e4754a6aadcff88db4cfdbd2" member_type: VOTER last_known_addr { host: "127.0.107.195" port: 39233 } }
I20260710 13:16:44.538409   758 raft_consensus.cc:385] T e0b1cdee39d34c60b60c6ff338b218b0 P b037b4161b144462af76d2ce0d1a9cad [term 0 FOLLOWER]: Consensus starting up: Expiring failure detector timer to make a prompt election more likely
I20260710 13:16:44.538718   758 raft_consensus.cc:740] T e0b1cdee39d34c60b60c6ff338b218b0 P b037b4161b144462af76d2ce0d1a9cad [term 0 FOLLOWER]: Becoming Follower/Learner. State: Replica: b037b4161b144462af76d2ce0d1a9cad, State: Initialized, Role: FOLLOWER
I20260710 13:16:44.539422   758 consensus_queue.cc:260] T e0b1cdee39d34c60b60c6ff338b218b0 P b037b4161b144462af76d2ce0d1a9cad [NON_LEADER]: Queue going to NON_LEADER mode. State: All replicated index: 0, Majority replicated index: 0, Committed index: 0, Last appended: 0.0, Last appended by leader: 0, Current term: 0, Majority size: -1, State: 0, Mode: NON_LEADER, active raft config: opid_index: -1 OBSOLETE_local: false peers { permanent_uuid: "b037b4161b144462af76d2ce0d1a9cad" member_type: VOTER last_known_addr { host: "127.0.107.193" port: 43881 } } peers { permanent_uuid: "57a30e14ce944c88bfcf94e3f6fcdfbd" member_type: VOTER last_known_addr { host: "127.0.107.194" port: 34017 } } peers { permanent_uuid: "91c50712e4754a6aadcff88db4cfdbd2" member_type: VOTER last_known_addr { host: "127.0.107.195" port: 39233 } }
I20260710 13:16:44.541574   758 ts_tablet_manager.cc:1434] T e0b1cdee39d34c60b60c6ff338b218b0 P b037b4161b144462af76d2ce0d1a9cad: Time spent starting tablet: real 0.009s	user 0.000s	sys 0.006s
I20260710 13:16:44.542033   760 ts_tablet_manager.cc:1434] T 8f28a1f0afb5400eacd222e37168689c P 57a30e14ce944c88bfcf94e3f6fcdfbd: Time spent starting tablet: real 0.024s	user 0.009s	sys 0.004s
I20260710 13:16:44.542564   666 heartbeater.cc:499] Master 127.0.107.254:44935 was elected leader, sending a full tablet report...
I20260710 13:16:44.542886   760 tablet_bootstrap.cc:492] T 39f5c03035634d94b74ba84b7b5cfcd9 P 57a30e14ce944c88bfcf94e3f6fcdfbd: Bootstrap starting.
I20260710 13:16:44.542346   758 tablet_bootstrap.cc:492] T 45ef8b0b451a47869b6a9b0dcd9b12d4 P b037b4161b144462af76d2ce0d1a9cad: Bootstrap starting.
I20260710 13:16:44.550985   759 tablet_bootstrap.cc:492] T 39f5c03035634d94b74ba84b7b5cfcd9 P 91c50712e4754a6aadcff88db4cfdbd2: No bootstrap required, opened a new log
I20260710 13:16:44.551383   759 ts_tablet_manager.cc:1403] T 39f5c03035634d94b74ba84b7b5cfcd9 P 91c50712e4754a6aadcff88db4cfdbd2: Time spent bootstrapping tablet: real 0.051s	user 0.004s	sys 0.012s
I20260710 13:16:44.551746   758 tablet_bootstrap.cc:654] T 45ef8b0b451a47869b6a9b0dcd9b12d4 P b037b4161b144462af76d2ce0d1a9cad: Neither blocks nor log segments found. Creating new log.
I20260710 13:16:44.555219   759 raft_consensus.cc:359] T 39f5c03035634d94b74ba84b7b5cfcd9 P 91c50712e4754a6aadcff88db4cfdbd2 [term 0 FOLLOWER]: Replica starting. Triggering 0 pending ops. Active config: opid_index: -1 OBSOLETE_local: false peers { permanent_uuid: "b037b4161b144462af76d2ce0d1a9cad" member_type: VOTER last_known_addr { host: "127.0.107.193" port: 43881 } } peers { permanent_uuid: "57a30e14ce944c88bfcf94e3f6fcdfbd" member_type: VOTER last_known_addr { host: "127.0.107.194" port: 34017 } } peers { permanent_uuid: "91c50712e4754a6aadcff88db4cfdbd2" member_type: VOTER last_known_addr { host: "127.0.107.195" port: 39233 } }
I20260710 13:16:44.555974   759 raft_consensus.cc:385] T 39f5c03035634d94b74ba84b7b5cfcd9 P 91c50712e4754a6aadcff88db4cfdbd2 [term 0 FOLLOWER]: Consensus starting up: Expiring failure detector timer to make a prompt election more likely
I20260710 13:16:44.556350   760 tablet_bootstrap.cc:654] T 39f5c03035634d94b74ba84b7b5cfcd9 P 57a30e14ce944c88bfcf94e3f6fcdfbd: Neither blocks nor log segments found. Creating new log.
I20260710 13:16:44.556324   759 raft_consensus.cc:740] T 39f5c03035634d94b74ba84b7b5cfcd9 P 91c50712e4754a6aadcff88db4cfdbd2 [term 0 FOLLOWER]: Becoming Follower/Learner. State: Replica: 91c50712e4754a6aadcff88db4cfdbd2, State: Initialized, Role: FOLLOWER
I20260710 13:16:44.557402   759 consensus_queue.cc:260] T 39f5c03035634d94b74ba84b7b5cfcd9 P 91c50712e4754a6aadcff88db4cfdbd2 [NON_LEADER]: Queue going to NON_LEADER mode. State: All replicated index: 0, Majority replicated index: 0, Committed index: 0, Last appended: 0.0, Last appended by leader: 0, Current term: 0, Majority size: -1, State: 0, Mode: NON_LEADER, active raft config: opid_index: -1 OBSOLETE_local: false peers { permanent_uuid: "b037b4161b144462af76d2ce0d1a9cad" member_type: VOTER last_known_addr { host: "127.0.107.193" port: 43881 } } peers { permanent_uuid: "57a30e14ce944c88bfcf94e3f6fcdfbd" member_type: VOTER last_known_addr { host: "127.0.107.194" port: 34017 } } peers { permanent_uuid: "91c50712e4754a6aadcff88db4cfdbd2" member_type: VOTER last_known_addr { host: "127.0.107.195" port: 39233 } }
I20260710 13:16:44.558692   765 raft_consensus.cc:493] T e0b1cdee39d34c60b60c6ff338b218b0 P 91c50712e4754a6aadcff88db4cfdbd2 [term 0 FOLLOWER]: Starting pre-election (no leader contacted us within the election timeout)
I20260710 13:16:44.559173   765 raft_consensus.cc:515] T e0b1cdee39d34c60b60c6ff338b218b0 P 91c50712e4754a6aadcff88db4cfdbd2 [term 0 FOLLOWER]: Starting pre-election with config: opid_index: -1 OBSOLETE_local: false peers { permanent_uuid: "b037b4161b144462af76d2ce0d1a9cad" member_type: VOTER last_known_addr { host: "127.0.107.193" port: 43881 } } peers { permanent_uuid: "57a30e14ce944c88bfcf94e3f6fcdfbd" member_type: VOTER last_known_addr { host: "127.0.107.194" port: 34017 } } peers { permanent_uuid: "91c50712e4754a6aadcff88db4cfdbd2" member_type: VOTER last_known_addr { host: "127.0.107.195" port: 39233 } }
I20260710 13:16:44.563288   765 leader_election.cc:290] T e0b1cdee39d34c60b60c6ff338b218b0 P 91c50712e4754a6aadcff88db4cfdbd2 [CANDIDATE]: Term 1 pre-election: Requested pre-vote from peers b037b4161b144462af76d2ce0d1a9cad (127.0.107.193:43881), 57a30e14ce944c88bfcf94e3f6fcdfbd (127.0.107.194:34017)
I20260710 13:16:44.564203   759 ts_tablet_manager.cc:1434] T 39f5c03035634d94b74ba84b7b5cfcd9 P 91c50712e4754a6aadcff88db4cfdbd2: Time spent starting tablet: real 0.013s	user 0.007s	sys 0.000s
I20260710 13:16:44.574462   759 tablet_bootstrap.cc:492] T fed87b7872a249f59d5f02e7dd5da3e9 P 91c50712e4754a6aadcff88db4cfdbd2: Bootstrap starting.
I20260710 13:16:44.584200   760 tablet_bootstrap.cc:492] T 39f5c03035634d94b74ba84b7b5cfcd9 P 57a30e14ce944c88bfcf94e3f6fcdfbd: No bootstrap required, opened a new log
I20260710 13:16:44.584614   760 ts_tablet_manager.cc:1403] T 39f5c03035634d94b74ba84b7b5cfcd9 P 57a30e14ce944c88bfcf94e3f6fcdfbd: Time spent bootstrapping tablet: real 0.042s	user 0.020s	sys 0.001s
I20260710 13:16:44.585393   759 tablet_bootstrap.cc:654] T fed87b7872a249f59d5f02e7dd5da3e9 P 91c50712e4754a6aadcff88db4cfdbd2: Neither blocks nor log segments found. Creating new log.
I20260710 13:16:44.589618   758 tablet_bootstrap.cc:492] T 45ef8b0b451a47869b6a9b0dcd9b12d4 P b037b4161b144462af76d2ce0d1a9cad: No bootstrap required, opened a new log
I20260710 13:16:44.590049   758 ts_tablet_manager.cc:1403] T 45ef8b0b451a47869b6a9b0dcd9b12d4 P b037b4161b144462af76d2ce0d1a9cad: Time spent bootstrapping tablet: real 0.048s	user 0.003s	sys 0.011s
I20260710 13:16:44.591617   760 raft_consensus.cc:359] T 39f5c03035634d94b74ba84b7b5cfcd9 P 57a30e14ce944c88bfcf94e3f6fcdfbd [term 0 FOLLOWER]: Replica starting. Triggering 0 pending ops. Active config: opid_index: -1 OBSOLETE_local: false peers { permanent_uuid: "b037b4161b144462af76d2ce0d1a9cad" member_type: VOTER last_known_addr { host: "127.0.107.193" port: 43881 } } peers { permanent_uuid: "57a30e14ce944c88bfcf94e3f6fcdfbd" member_type: VOTER last_known_addr { host: "127.0.107.194" port: 34017 } } peers { permanent_uuid: "91c50712e4754a6aadcff88db4cfdbd2" member_type: VOTER last_known_addr { host: "127.0.107.195" port: 39233 } }
I20260710 13:16:44.592275   760 raft_consensus.cc:385] T 39f5c03035634d94b74ba84b7b5cfcd9 P 57a30e14ce944c88bfcf94e3f6fcdfbd [term 0 FOLLOWER]: Consensus starting up: Expiring failure detector timer to make a prompt election more likely
I20260710 13:16:44.592726   760 raft_consensus.cc:740] T 39f5c03035634d94b74ba84b7b5cfcd9 P 57a30e14ce944c88bfcf94e3f6fcdfbd [term 0 FOLLOWER]: Becoming Follower/Learner. State: Replica: 57a30e14ce944c88bfcf94e3f6fcdfbd, State: Initialized, Role: FOLLOWER
I20260710 13:16:44.593437   760 consensus_queue.cc:260] T 39f5c03035634d94b74ba84b7b5cfcd9 P 57a30e14ce944c88bfcf94e3f6fcdfbd [NON_LEADER]: Queue going to NON_LEADER mode. State: All replicated index: 0, Majority replicated index: 0, Committed index: 0, Last appended: 0.0, Last appended by leader: 0, Current term: 0, Majority size: -1, State: 0, Mode: NON_LEADER, active raft config: opid_index: -1 OBSOLETE_local: false peers { permanent_uuid: "b037b4161b144462af76d2ce0d1a9cad" member_type: VOTER last_known_addr { host: "127.0.107.193" port: 43881 } } peers { permanent_uuid: "57a30e14ce944c88bfcf94e3f6fcdfbd" member_type: VOTER last_known_addr { host: "127.0.107.194" port: 34017 } } peers { permanent_uuid: "91c50712e4754a6aadcff88db4cfdbd2" member_type: VOTER last_known_addr { host: "127.0.107.195" port: 39233 } }
I20260710 13:16:44.593984   758 raft_consensus.cc:359] T 45ef8b0b451a47869b6a9b0dcd9b12d4 P b037b4161b144462af76d2ce0d1a9cad [term 0 FOLLOWER]: Replica starting. Triggering 0 pending ops. Active config: opid_index: -1 OBSOLETE_local: false peers { permanent_uuid: "b037b4161b144462af76d2ce0d1a9cad" member_type: VOTER last_known_addr { host: "127.0.107.193" port: 43881 } } peers { permanent_uuid: "57a30e14ce944c88bfcf94e3f6fcdfbd" member_type: VOTER last_known_addr { host: "127.0.107.194" port: 34017 } } peers { permanent_uuid: "91c50712e4754a6aadcff88db4cfdbd2" member_type: VOTER last_known_addr { host: "127.0.107.195" port: 39233 } }
I20260710 13:16:44.595539   758 raft_consensus.cc:385] T 45ef8b0b451a47869b6a9b0dcd9b12d4 P b037b4161b144462af76d2ce0d1a9cad [term 0 FOLLOWER]: Consensus starting up: Expiring failure detector timer to make a prompt election more likely
I20260710 13:16:44.595906   758 raft_consensus.cc:740] T 45ef8b0b451a47869b6a9b0dcd9b12d4 P b037b4161b144462af76d2ce0d1a9cad [term 0 FOLLOWER]: Becoming Follower/Learner. State: Replica: b037b4161b144462af76d2ce0d1a9cad, State: Initialized, Role: FOLLOWER
I20260710 13:16:44.596657   758 consensus_queue.cc:260] T 45ef8b0b451a47869b6a9b0dcd9b12d4 P b037b4161b144462af76d2ce0d1a9cad [NON_LEADER]: Queue going to NON_LEADER mode. State: All replicated index: 0, Majority replicated index: 0, Committed index: 0, Last appended: 0.0, Last appended by leader: 0, Current term: 0, Majority size: -1, State: 0, Mode: NON_LEADER, active raft config: opid_index: -1 OBSOLETE_local: false peers { permanent_uuid: "b037b4161b144462af76d2ce0d1a9cad" member_type: VOTER last_known_addr { host: "127.0.107.193" port: 43881 } } peers { permanent_uuid: "57a30e14ce944c88bfcf94e3f6fcdfbd" member_type: VOTER last_known_addr { host: "127.0.107.194" port: 34017 } } peers { permanent_uuid: "91c50712e4754a6aadcff88db4cfdbd2" member_type: VOTER last_known_addr { host: "127.0.107.195" port: 39233 } }
I20260710 13:16:44.598922   760 ts_tablet_manager.cc:1434] T 39f5c03035634d94b74ba84b7b5cfcd9 P 57a30e14ce944c88bfcf94e3f6fcdfbd: Time spent starting tablet: real 0.014s	user 0.004s	sys 0.003s
I20260710 13:16:44.599799   760 tablet_bootstrap.cc:492] T 21d21b0c96d54cdfb342ec187ee4241d P 57a30e14ce944c88bfcf94e3f6fcdfbd: Bootstrap starting.
I20260710 13:16:44.606581   758 ts_tablet_manager.cc:1434] T 45ef8b0b451a47869b6a9b0dcd9b12d4 P b037b4161b144462af76d2ce0d1a9cad: Time spent starting tablet: real 0.016s	user 0.007s	sys 0.000s
I20260710 13:16:44.607859   769 raft_consensus.cc:493] T 39f5c03035634d94b74ba84b7b5cfcd9 P 91c50712e4754a6aadcff88db4cfdbd2 [term 0 FOLLOWER]: Starting pre-election (no leader contacted us within the election timeout)
I20260710 13:16:44.610831   769 raft_consensus.cc:515] T 39f5c03035634d94b74ba84b7b5cfcd9 P 91c50712e4754a6aadcff88db4cfdbd2 [term 0 FOLLOWER]: Starting pre-election with config: opid_index: -1 OBSOLETE_local: false peers { permanent_uuid: "b037b4161b144462af76d2ce0d1a9cad" member_type: VOTER last_known_addr { host: "127.0.107.193" port: 43881 } } peers { permanent_uuid: "57a30e14ce944c88bfcf94e3f6fcdfbd" member_type: VOTER last_known_addr { host: "127.0.107.194" port: 34017 } } peers { permanent_uuid: "91c50712e4754a6aadcff88db4cfdbd2" member_type: VOTER last_known_addr { host: "127.0.107.195" port: 39233 } }
I20260710 13:16:44.615136   769 leader_election.cc:290] T 39f5c03035634d94b74ba84b7b5cfcd9 P 91c50712e4754a6aadcff88db4cfdbd2 [CANDIDATE]: Term 1 pre-election: Requested pre-vote from peers b037b4161b144462af76d2ce0d1a9cad (127.0.107.193:43881), 57a30e14ce944c88bfcf94e3f6fcdfbd (127.0.107.194:34017)
I20260710 13:16:44.617856   758 tablet_bootstrap.cc:492] T 1ca5684dfd304dffaadd14215968f850 P b037b4161b144462af76d2ce0d1a9cad: Bootstrap starting.
I20260710 13:16:44.621943   566 tablet_service.cc:1917] Received RequestConsensusVote() RPC: tablet_id: "e0b1cdee39d34c60b60c6ff338b218b0" candidate_uuid: "91c50712e4754a6aadcff88db4cfdbd2" candidate_term: 1 candidate_status { last_received { term: 0 index: 0 } } ignore_live_leader: false dest_uuid: "b037b4161b144462af76d2ce0d1a9cad" is_pre_election: true
I20260710 13:16:44.623178   565 tablet_service.cc:1917] Received RequestConsensusVote() RPC: tablet_id: "39f5c03035634d94b74ba84b7b5cfcd9" candidate_uuid: "91c50712e4754a6aadcff88db4cfdbd2" candidate_term: 1 candidate_status { last_received { term: 0 index: 0 } } ignore_live_leader: false dest_uuid: "b037b4161b144462af76d2ce0d1a9cad" is_pre_election: true
I20260710 13:16:44.623062   566 raft_consensus.cc:2468] T e0b1cdee39d34c60b60c6ff338b218b0 P b037b4161b144462af76d2ce0d1a9cad [term 0 FOLLOWER]: Leader pre-election vote request: Granting yes vote for candidate 91c50712e4754a6aadcff88db4cfdbd2 in term 0.
I20260710 13:16:44.624029   565 raft_consensus.cc:2468] T 39f5c03035634d94b74ba84b7b5cfcd9 P b037b4161b144462af76d2ce0d1a9cad [term 0 FOLLOWER]: Leader pre-election vote request: Granting yes vote for candidate 91c50712e4754a6aadcff88db4cfdbd2 in term 0.
I20260710 13:16:44.627007   759 tablet_bootstrap.cc:492] T fed87b7872a249f59d5f02e7dd5da3e9 P 91c50712e4754a6aadcff88db4cfdbd2: No bootstrap required, opened a new log
I20260710 13:16:44.627424   759 ts_tablet_manager.cc:1403] T fed87b7872a249f59d5f02e7dd5da3e9 P 91c50712e4754a6aadcff88db4cfdbd2: Time spent bootstrapping tablet: real 0.053s	user 0.013s	sys 0.006s
I20260710 13:16:44.630271   759 raft_consensus.cc:359] T fed87b7872a249f59d5f02e7dd5da3e9 P 91c50712e4754a6aadcff88db4cfdbd2 [term 0 FOLLOWER]: Replica starting. Triggering 0 pending ops. Active config: opid_index: -1 OBSOLETE_local: false peers { permanent_uuid: "b037b4161b144462af76d2ce0d1a9cad" member_type: VOTER last_known_addr { host: "127.0.107.193" port: 43881 } } peers { permanent_uuid: "57a30e14ce944c88bfcf94e3f6fcdfbd" member_type: VOTER last_known_addr { host: "127.0.107.194" port: 34017 } } peers { permanent_uuid: "91c50712e4754a6aadcff88db4cfdbd2" member_type: VOTER last_known_addr { host: "127.0.107.195" port: 39233 } }
I20260710 13:16:44.630887   759 raft_consensus.cc:385] T fed87b7872a249f59d5f02e7dd5da3e9 P 91c50712e4754a6aadcff88db4cfdbd2 [term 0 FOLLOWER]: Consensus starting up: Expiring failure detector timer to make a prompt election more likely
I20260710 13:16:44.631155   759 raft_consensus.cc:740] T fed87b7872a249f59d5f02e7dd5da3e9 P 91c50712e4754a6aadcff88db4cfdbd2 [term 0 FOLLOWER]: Becoming Follower/Learner. State: Replica: 91c50712e4754a6aadcff88db4cfdbd2, State: Initialized, Role: FOLLOWER
I20260710 13:16:44.631812   759 consensus_queue.cc:260] T fed87b7872a249f59d5f02e7dd5da3e9 P 91c50712e4754a6aadcff88db4cfdbd2 [NON_LEADER]: Queue going to NON_LEADER mode. State: All replicated index: 0, Majority replicated index: 0, Committed index: 0, Last appended: 0.0, Last appended by leader: 0, Current term: 0, Majority size: -1, State: 0, Mode: NON_LEADER, active raft config: opid_index: -1 OBSOLETE_local: false peers { permanent_uuid: "b037b4161b144462af76d2ce0d1a9cad" member_type: VOTER last_known_addr { host: "127.0.107.193" port: 43881 } } peers { permanent_uuid: "57a30e14ce944c88bfcf94e3f6fcdfbd" member_type: VOTER last_known_addr { host: "127.0.107.194" port: 34017 } } peers { permanent_uuid: "91c50712e4754a6aadcff88db4cfdbd2" member_type: VOTER last_known_addr { host: "127.0.107.195" port: 39233 } }
I20260710 13:16:44.632503   769 raft_consensus.cc:493] T fed87b7872a249f59d5f02e7dd5da3e9 P 91c50712e4754a6aadcff88db4cfdbd2 [term 0 FOLLOWER]: Starting pre-election (no leader contacted us within the election timeout)
I20260710 13:16:44.630650   758 tablet_bootstrap.cc:654] T 1ca5684dfd304dffaadd14215968f850 P b037b4161b144462af76d2ce0d1a9cad: Neither blocks nor log segments found. Creating new log.
I20260710 13:16:44.632932   769 raft_consensus.cc:515] T fed87b7872a249f59d5f02e7dd5da3e9 P 91c50712e4754a6aadcff88db4cfdbd2 [term 0 FOLLOWER]: Starting pre-election with config: opid_index: -1 OBSOLETE_local: false peers { permanent_uuid: "b037b4161b144462af76d2ce0d1a9cad" member_type: VOTER last_known_addr { host: "127.0.107.193" port: 43881 } } peers { permanent_uuid: "57a30e14ce944c88bfcf94e3f6fcdfbd" member_type: VOTER last_known_addr { host: "127.0.107.194" port: 34017 } } peers { permanent_uuid: "91c50712e4754a6aadcff88db4cfdbd2" member_type: VOTER last_known_addr { host: "127.0.107.195" port: 39233 } }
I20260710 13:16:44.632417   680 leader_election.cc:304] T e0b1cdee39d34c60b60c6ff338b218b0 P 91c50712e4754a6aadcff88db4cfdbd2 [CANDIDATE]: Term 1 pre-election: Election decided. Result: candidate won. Election summary: received 2 responses out of 3 voters: 2 yes votes; 0 no votes. yes voters: 91c50712e4754a6aadcff88db4cfdbd2, b037b4161b144462af76d2ce0d1a9cad; no voters: 
I20260710 13:16:44.634179   760 tablet_bootstrap.cc:654] T 21d21b0c96d54cdfb342ec187ee4241d P 57a30e14ce944c88bfcf94e3f6fcdfbd: Neither blocks nor log segments found. Creating new log.
I20260710 13:16:44.634461   765 raft_consensus.cc:2804] T e0b1cdee39d34c60b60c6ff338b218b0 P 91c50712e4754a6aadcff88db4cfdbd2 [term 0 FOLLOWER]: Leader pre-election won for term 1
I20260710 13:16:44.636391   565 tablet_service.cc:1917] Received RequestConsensusVote() RPC: tablet_id: "fed87b7872a249f59d5f02e7dd5da3e9" candidate_uuid: "91c50712e4754a6aadcff88db4cfdbd2" candidate_term: 1 candidate_status { last_received { term: 0 index: 0 } } ignore_live_leader: false dest_uuid: "b037b4161b144462af76d2ce0d1a9cad" is_pre_election: true
I20260710 13:16:44.636770   765 raft_consensus.cc:493] T e0b1cdee39d34c60b60c6ff338b218b0 P 91c50712e4754a6aadcff88db4cfdbd2 [term 0 FOLLOWER]: Starting leader election (no leader contacted us within the election timeout)
I20260710 13:16:44.637054   765 raft_consensus.cc:3060] T e0b1cdee39d34c60b60c6ff338b218b0 P 91c50712e4754a6aadcff88db4cfdbd2 [term 0 FOLLOWER]: Advancing to term 1
I20260710 13:16:44.637959   680 leader_election.cc:304] T 39f5c03035634d94b74ba84b7b5cfcd9 P 91c50712e4754a6aadcff88db4cfdbd2 [CANDIDATE]: Term 1 pre-election: Election decided. Result: candidate won. Election summary: received 2 responses out of 3 voters: 2 yes votes; 0 no votes. yes voters: 91c50712e4754a6aadcff88db4cfdbd2, b037b4161b144462af76d2ce0d1a9cad; no voters: 
I20260710 13:16:44.635727   759 ts_tablet_manager.cc:1434] T fed87b7872a249f59d5f02e7dd5da3e9 P 91c50712e4754a6aadcff88db4cfdbd2: Time spent starting tablet: real 0.008s	user 0.006s	sys 0.000s
I20260710 13:16:44.640698   759 tablet_bootstrap.cc:492] T 45ef8b0b451a47869b6a9b0dcd9b12d4 P 91c50712e4754a6aadcff88db4cfdbd2: Bootstrap starting.
I20260710 13:16:44.634621   769 leader_election.cc:290] T fed87b7872a249f59d5f02e7dd5da3e9 P 91c50712e4754a6aadcff88db4cfdbd2 [CANDIDATE]: Term 1 pre-election: Requested pre-vote from peers b037b4161b144462af76d2ce0d1a9cad (127.0.107.193:43881), 57a30e14ce944c88bfcf94e3f6fcdfbd (127.0.107.194:34017)
I20260710 13:16:44.641759   769 raft_consensus.cc:2804] T 39f5c03035634d94b74ba84b7b5cfcd9 P 91c50712e4754a6aadcff88db4cfdbd2 [term 0 FOLLOWER]: Leader pre-election won for term 1
I20260710 13:16:44.642028   769 raft_consensus.cc:493] T 39f5c03035634d94b74ba84b7b5cfcd9 P 91c50712e4754a6aadcff88db4cfdbd2 [term 0 FOLLOWER]: Starting leader election (no leader contacted us within the election timeout)
I20260710 13:16:44.642330   769 raft_consensus.cc:3060] T 39f5c03035634d94b74ba84b7b5cfcd9 P 91c50712e4754a6aadcff88db4cfdbd2 [term 0 FOLLOWER]: Advancing to term 1
I20260710 13:16:44.645107   765 raft_consensus.cc:515] T e0b1cdee39d34c60b60c6ff338b218b0 P 91c50712e4754a6aadcff88db4cfdbd2 [term 1 FOLLOWER]: Starting leader election with config: opid_index: -1 OBSOLETE_local: false peers { permanent_uuid: "b037b4161b144462af76d2ce0d1a9cad" member_type: VOTER last_known_addr { host: "127.0.107.193" port: 43881 } } peers { permanent_uuid: "57a30e14ce944c88bfcf94e3f6fcdfbd" member_type: VOTER last_known_addr { host: "127.0.107.194" port: 34017 } } peers { permanent_uuid: "91c50712e4754a6aadcff88db4cfdbd2" member_type: VOTER last_known_addr { host: "127.0.107.195" port: 39233 } }
W20260710 13:16:44.645591   680 leader_election.cc:343] T fed87b7872a249f59d5f02e7dd5da3e9 P 91c50712e4754a6aadcff88db4cfdbd2 [CANDIDATE]: Term 1 pre-election: Tablet error from VoteRequest() call to peer b037b4161b144462af76d2ce0d1a9cad (127.0.107.193:43881): Illegal state: must be running to vote when last-logged opid is not known
I20260710 13:16:44.646588   759 tablet_bootstrap.cc:654] T 45ef8b0b451a47869b6a9b0dcd9b12d4 P 91c50712e4754a6aadcff88db4cfdbd2: Neither blocks nor log segments found. Creating new log.
I20260710 13:16:44.647449   641 tablet_service.cc:1917] Received RequestConsensusVote() RPC: tablet_id: "e0b1cdee39d34c60b60c6ff338b218b0" candidate_uuid: "91c50712e4754a6aadcff88db4cfdbd2" candidate_term: 1 candidate_status { last_received { term: 0 index: 0 } } ignore_live_leader: false dest_uuid: "57a30e14ce944c88bfcf94e3f6fcdfbd" is_pre_election: true
I20260710 13:16:44.649435   765 leader_election.cc:290] T e0b1cdee39d34c60b60c6ff338b218b0 P 91c50712e4754a6aadcff88db4cfdbd2 [CANDIDATE]: Term 1 election: Requested vote from peers b037b4161b144462af76d2ce0d1a9cad (127.0.107.193:43881), 57a30e14ce944c88bfcf94e3f6fcdfbd (127.0.107.194:34017)
I20260710 13:16:44.651903   565 tablet_service.cc:1917] Received RequestConsensusVote() RPC: tablet_id: "e0b1cdee39d34c60b60c6ff338b218b0" candidate_uuid: "91c50712e4754a6aadcff88db4cfdbd2" candidate_term: 1 candidate_status { last_received { term: 0 index: 0 } } ignore_live_leader: false dest_uuid: "b037b4161b144462af76d2ce0d1a9cad"
I20260710 13:16:44.652438   565 raft_consensus.cc:3060] T e0b1cdee39d34c60b60c6ff338b218b0 P b037b4161b144462af76d2ce0d1a9cad [term 0 FOLLOWER]: Advancing to term 1
I20260710 13:16:44.654599   769 raft_consensus.cc:515] T 39f5c03035634d94b74ba84b7b5cfcd9 P 91c50712e4754a6aadcff88db4cfdbd2 [term 1 FOLLOWER]: Starting leader election with config: opid_index: -1 OBSOLETE_local: false peers { permanent_uuid: "b037b4161b144462af76d2ce0d1a9cad" member_type: VOTER last_known_addr { host: "127.0.107.193" port: 43881 } } peers { permanent_uuid: "57a30e14ce944c88bfcf94e3f6fcdfbd" member_type: VOTER last_known_addr { host: "127.0.107.194" port: 34017 } } peers { permanent_uuid: "91c50712e4754a6aadcff88db4cfdbd2" member_type: VOTER last_known_addr { host: "127.0.107.195" port: 39233 } }
I20260710 13:16:44.657008   769 leader_election.cc:290] T 39f5c03035634d94b74ba84b7b5cfcd9 P 91c50712e4754a6aadcff88db4cfdbd2 [CANDIDATE]: Term 1 election: Requested vote from peers b037b4161b144462af76d2ce0d1a9cad (127.0.107.193:43881), 57a30e14ce944c88bfcf94e3f6fcdfbd (127.0.107.194:34017)
I20260710 13:16:44.658514   768 raft_consensus.cc:493] T 8f28a1f0afb5400eacd222e37168689c P 57a30e14ce944c88bfcf94e3f6fcdfbd [term 0 FOLLOWER]: Starting pre-election (no leader contacted us within the election timeout)
I20260710 13:16:44.649711   641 tablet_service.cc:1917] Received RequestConsensusVote() RPC: tablet_id: "39f5c03035634d94b74ba84b7b5cfcd9" candidate_uuid: "91c50712e4754a6aadcff88db4cfdbd2" candidate_term: 1 candidate_status { last_received { term: 0 index: 0 } } ignore_live_leader: false dest_uuid: "57a30e14ce944c88bfcf94e3f6fcdfbd" is_pre_election: true
I20260710 13:16:44.659183   641 raft_consensus.cc:2468] T 39f5c03035634d94b74ba84b7b5cfcd9 P 57a30e14ce944c88bfcf94e3f6fcdfbd [term 0 FOLLOWER]: Leader pre-election vote request: Granting yes vote for candidate 91c50712e4754a6aadcff88db4cfdbd2 in term 0.
I20260710 13:16:44.658933   768 raft_consensus.cc:515] T 8f28a1f0afb5400eacd222e37168689c P 57a30e14ce944c88bfcf94e3f6fcdfbd [term 0 FOLLOWER]: Starting pre-election with config: opid_index: -1 OBSOLETE_local: false peers { permanent_uuid: "b037b4161b144462af76d2ce0d1a9cad" member_type: VOTER last_known_addr { host: "127.0.107.193" port: 43881 } } peers { permanent_uuid: "91c50712e4754a6aadcff88db4cfdbd2" member_type: VOTER last_known_addr { host: "127.0.107.195" port: 39233 } } peers { permanent_uuid: "57a30e14ce944c88bfcf94e3f6fcdfbd" member_type: VOTER last_known_addr { host: "127.0.107.194" port: 34017 } }
I20260710 13:16:44.650954   640 tablet_service.cc:1917] Received RequestConsensusVote() RPC: tablet_id: "fed87b7872a249f59d5f02e7dd5da3e9" candidate_uuid: "91c50712e4754a6aadcff88db4cfdbd2" candidate_term: 1 candidate_status { last_received { term: 0 index: 0 } } ignore_live_leader: false dest_uuid: "57a30e14ce944c88bfcf94e3f6fcdfbd" is_pre_election: true
I20260710 13:16:44.661849   768 leader_election.cc:290] T 8f28a1f0afb5400eacd222e37168689c P 57a30e14ce944c88bfcf94e3f6fcdfbd [CANDIDATE]: Term 1 pre-election: Requested pre-vote from peers b037b4161b144462af76d2ce0d1a9cad (127.0.107.193:43881), 91c50712e4754a6aadcff88db4cfdbd2 (127.0.107.195:39233)
I20260710 13:16:44.663693   760 tablet_bootstrap.cc:492] T 21d21b0c96d54cdfb342ec187ee4241d P 57a30e14ce944c88bfcf94e3f6fcdfbd: No bootstrap required, opened a new log
W20260710 13:16:44.668669   680 leader_election.cc:343] T e0b1cdee39d34c60b60c6ff338b218b0 P 91c50712e4754a6aadcff88db4cfdbd2 [CANDIDATE]: Term 1 pre-election: Tablet error from VoteRequest() call to peer 57a30e14ce944c88bfcf94e3f6fcdfbd (127.0.107.194:34017): Illegal state: must be running to vote when last-logged opid is not known
I20260710 13:16:44.668184   760 ts_tablet_manager.cc:1403] T 21d21b0c96d54cdfb342ec187ee4241d P 57a30e14ce944c88bfcf94e3f6fcdfbd: Time spent bootstrapping tablet: real 0.069s	user 0.004s	sys 0.012s
I20260710 13:16:44.668732   640 tablet_service.cc:1917] Received RequestConsensusVote() RPC: tablet_id: "e0b1cdee39d34c60b60c6ff338b218b0" candidate_uuid: "91c50712e4754a6aadcff88db4cfdbd2" candidate_term: 1 candidate_status { last_received { term: 0 index: 0 } } ignore_live_leader: false dest_uuid: "57a30e14ce944c88bfcf94e3f6fcdfbd"
I20260710 13:16:44.673448   565 raft_consensus.cc:2468] T e0b1cdee39d34c60b60c6ff338b218b0 P b037b4161b144462af76d2ce0d1a9cad [term 1 FOLLOWER]: Leader election vote request: Granting yes vote for candidate 91c50712e4754a6aadcff88db4cfdbd2 in term 1.
W20260710 13:16:44.678913   680 leader_election.cc:343] T fed87b7872a249f59d5f02e7dd5da3e9 P 91c50712e4754a6aadcff88db4cfdbd2 [CANDIDATE]: Term 1 pre-election: Tablet error from VoteRequest() call to peer 57a30e14ce944c88bfcf94e3f6fcdfbd (127.0.107.194:34017): Illegal state: must be running to vote when last-logged opid is not known
I20260710 13:16:44.679301   680 leader_election.cc:304] T fed87b7872a249f59d5f02e7dd5da3e9 P 91c50712e4754a6aadcff88db4cfdbd2 [CANDIDATE]: Term 1 pre-election: Election decided. Result: candidate lost. Election summary: received 3 responses out of 3 voters: 1 yes votes; 2 no votes. yes voters: 91c50712e4754a6aadcff88db4cfdbd2; no voters: 57a30e14ce944c88bfcf94e3f6fcdfbd, b037b4161b144462af76d2ce0d1a9cad
I20260710 13:16:44.679958   769 raft_consensus.cc:2749] T fed87b7872a249f59d5f02e7dd5da3e9 P 91c50712e4754a6aadcff88db4cfdbd2 [term 0 FOLLOWER]: Leader pre-election lost for term 1. Reason: could not achieve majority
I20260710 13:16:44.681378   566 tablet_service.cc:1917] Received RequestConsensusVote() RPC: tablet_id: "39f5c03035634d94b74ba84b7b5cfcd9" candidate_uuid: "91c50712e4754a6aadcff88db4cfdbd2" candidate_term: 1 candidate_status { last_received { term: 0 index: 0 } } ignore_live_leader: false dest_uuid: "b037b4161b144462af76d2ce0d1a9cad"
I20260710 13:16:44.681551   758 tablet_bootstrap.cc:492] T 1ca5684dfd304dffaadd14215968f850 P b037b4161b144462af76d2ce0d1a9cad: No bootstrap required, opened a new log
I20260710 13:16:44.681931   566 raft_consensus.cc:3060] T 39f5c03035634d94b74ba84b7b5cfcd9 P b037b4161b144462af76d2ce0d1a9cad [term 0 FOLLOWER]: Advancing to term 1
I20260710 13:16:44.682073   758 ts_tablet_manager.cc:1403] T 1ca5684dfd304dffaadd14215968f850 P b037b4161b144462af76d2ce0d1a9cad: Time spent bootstrapping tablet: real 0.064s	user 0.013s	sys 0.007s
I20260710 13:16:44.682650   760 raft_consensus.cc:359] T 21d21b0c96d54cdfb342ec187ee4241d P 57a30e14ce944c88bfcf94e3f6fcdfbd [term 0 FOLLOWER]: Replica starting. Triggering 0 pending ops. Active config: opid_index: -1 OBSOLETE_local: false peers { permanent_uuid: "b037b4161b144462af76d2ce0d1a9cad" member_type: VOTER last_known_addr { host: "127.0.107.193" port: 43881 } } peers { permanent_uuid: "57a30e14ce944c88bfcf94e3f6fcdfbd" member_type: VOTER last_known_addr { host: "127.0.107.194" port: 34017 } } peers { permanent_uuid: "91c50712e4754a6aadcff88db4cfdbd2" member_type: VOTER last_known_addr { host: "127.0.107.195" port: 39233 } }
I20260710 13:16:44.684139   760 raft_consensus.cc:385] T 21d21b0c96d54cdfb342ec187ee4241d P 57a30e14ce944c88bfcf94e3f6fcdfbd [term 0 FOLLOWER]: Consensus starting up: Expiring failure detector timer to make a prompt election more likely
I20260710 13:16:44.684794   760 raft_consensus.cc:740] T 21d21b0c96d54cdfb342ec187ee4241d P 57a30e14ce944c88bfcf94e3f6fcdfbd [term 0 FOLLOWER]: Becoming Follower/Learner. State: Replica: 57a30e14ce944c88bfcf94e3f6fcdfbd, State: Initialized, Role: FOLLOWER
I20260710 13:16:44.686563   760 consensus_queue.cc:260] T 21d21b0c96d54cdfb342ec187ee4241d P 57a30e14ce944c88bfcf94e3f6fcdfbd [NON_LEADER]: Queue going to NON_LEADER mode. State: All replicated index: 0, Majority replicated index: 0, Committed index: 0, Last appended: 0.0, Last appended by leader: 0, Current term: 0, Majority size: -1, State: 0, Mode: NON_LEADER, active raft config: opid_index: -1 OBSOLETE_local: false peers { permanent_uuid: "b037b4161b144462af76d2ce0d1a9cad" member_type: VOTER last_known_addr { host: "127.0.107.193" port: 43881 } } peers { permanent_uuid: "57a30e14ce944c88bfcf94e3f6fcdfbd" member_type: VOTER last_known_addr { host: "127.0.107.194" port: 34017 } } peers { permanent_uuid: "91c50712e4754a6aadcff88db4cfdbd2" member_type: VOTER last_known_addr { host: "127.0.107.195" port: 39233 } }
I20260710 13:16:44.687664   759 tablet_bootstrap.cc:492] T 45ef8b0b451a47869b6a9b0dcd9b12d4 P 91c50712e4754a6aadcff88db4cfdbd2: No bootstrap required, opened a new log
I20260710 13:16:44.684909   758 raft_consensus.cc:359] T 1ca5684dfd304dffaadd14215968f850 P b037b4161b144462af76d2ce0d1a9cad [term 0 FOLLOWER]: Replica starting. Triggering 0 pending ops. Active config: opid_index: -1 OBSOLETE_local: false peers { permanent_uuid: "b037b4161b144462af76d2ce0d1a9cad" member_type: VOTER last_known_addr { host: "127.0.107.193" port: 43881 } } peers { permanent_uuid: "57a30e14ce944c88bfcf94e3f6fcdfbd" member_type: VOTER last_known_addr { host: "127.0.107.194" port: 34017 } } peers { permanent_uuid: "91c50712e4754a6aadcff88db4cfdbd2" member_type: VOTER last_known_addr { host: "127.0.107.195" port: 39233 } }
I20260710 13:16:44.688237   759 ts_tablet_manager.cc:1403] T 45ef8b0b451a47869b6a9b0dcd9b12d4 P 91c50712e4754a6aadcff88db4cfdbd2: Time spent bootstrapping tablet: real 0.048s	user 0.017s	sys 0.017s
I20260710 13:16:44.689713   760 ts_tablet_manager.cc:1434] T 21d21b0c96d54cdfb342ec187ee4241d P 57a30e14ce944c88bfcf94e3f6fcdfbd: Time spent starting tablet: real 0.013s	user 0.005s	sys 0.000s
I20260710 13:16:44.688095   640 tablet_service.cc:1917] Received RequestConsensusVote() RPC: tablet_id: "39f5c03035634d94b74ba84b7b5cfcd9" candidate_uuid: "91c50712e4754a6aadcff88db4cfdbd2" candidate_term: 1 candidate_status { last_received { term: 0 index: 0 } } ignore_live_leader: false dest_uuid: "57a30e14ce944c88bfcf94e3f6fcdfbd"
I20260710 13:16:44.690263   640 raft_consensus.cc:3060] T 39f5c03035634d94b74ba84b7b5cfcd9 P 57a30e14ce944c88bfcf94e3f6fcdfbd [term 0 FOLLOWER]: Advancing to term 1
I20260710 13:16:44.690760   760 tablet_bootstrap.cc:492] T 1ca5684dfd304dffaadd14215968f850 P 57a30e14ce944c88bfcf94e3f6fcdfbd: Bootstrap starting.
I20260710 13:16:44.690929   759 raft_consensus.cc:359] T 45ef8b0b451a47869b6a9b0dcd9b12d4 P 91c50712e4754a6aadcff88db4cfdbd2 [term 0 FOLLOWER]: Replica starting. Triggering 0 pending ops. Active config: opid_index: -1 OBSOLETE_local: false peers { permanent_uuid: "b037b4161b144462af76d2ce0d1a9cad" member_type: VOTER last_known_addr { host: "127.0.107.193" port: 43881 } } peers { permanent_uuid: "57a30e14ce944c88bfcf94e3f6fcdfbd" member_type: VOTER last_known_addr { host: "127.0.107.194" port: 34017 } } peers { permanent_uuid: "91c50712e4754a6aadcff88db4cfdbd2" member_type: VOTER last_known_addr { host: "127.0.107.195" port: 39233 } }
I20260710 13:16:44.691586   759 raft_consensus.cc:385] T 45ef8b0b451a47869b6a9b0dcd9b12d4 P 91c50712e4754a6aadcff88db4cfdbd2 [term 0 FOLLOWER]: Consensus starting up: Expiring failure detector timer to make a prompt election more likely
I20260710 13:16:44.691625   758 raft_consensus.cc:385] T 1ca5684dfd304dffaadd14215968f850 P b037b4161b144462af76d2ce0d1a9cad [term 0 FOLLOWER]: Consensus starting up: Expiring failure detector timer to make a prompt election more likely
I20260710 13:16:44.691953   759 raft_consensus.cc:740] T 45ef8b0b451a47869b6a9b0dcd9b12d4 P 91c50712e4754a6aadcff88db4cfdbd2 [term 0 FOLLOWER]: Becoming Follower/Learner. State: Replica: 91c50712e4754a6aadcff88db4cfdbd2, State: Initialized, Role: FOLLOWER
I20260710 13:16:44.692103   758 raft_consensus.cc:740] T 1ca5684dfd304dffaadd14215968f850 P b037b4161b144462af76d2ce0d1a9cad [term 0 FOLLOWER]: Becoming Follower/Learner. State: Replica: b037b4161b144462af76d2ce0d1a9cad, State: Initialized, Role: FOLLOWER
I20260710 13:16:44.692664   759 consensus_queue.cc:260] T 45ef8b0b451a47869b6a9b0dcd9b12d4 P 91c50712e4754a6aadcff88db4cfdbd2 [NON_LEADER]: Queue going to NON_LEADER mode. State: All replicated index: 0, Majority replicated index: 0, Committed index: 0, Last appended: 0.0, Last appended by leader: 0, Current term: 0, Majority size: -1, State: 0, Mode: NON_LEADER, active raft config: opid_index: -1 OBSOLETE_local: false peers { permanent_uuid: "b037b4161b144462af76d2ce0d1a9cad" member_type: VOTER last_known_addr { host: "127.0.107.193" port: 43881 } } peers { permanent_uuid: "57a30e14ce944c88bfcf94e3f6fcdfbd" member_type: VOTER last_known_addr { host: "127.0.107.194" port: 34017 } } peers { permanent_uuid: "91c50712e4754a6aadcff88db4cfdbd2" member_type: VOTER last_known_addr { host: "127.0.107.195" port: 39233 } }
I20260710 13:16:44.692965   758 consensus_queue.cc:260] T 1ca5684dfd304dffaadd14215968f850 P b037b4161b144462af76d2ce0d1a9cad [NON_LEADER]: Queue going to NON_LEADER mode. State: All replicated index: 0, Majority replicated index: 0, Committed index: 0, Last appended: 0.0, Last appended by leader: 0, Current term: 0, Majority size: -1, State: 0, Mode: NON_LEADER, active raft config: opid_index: -1 OBSOLETE_local: false peers { permanent_uuid: "b037b4161b144462af76d2ce0d1a9cad" member_type: VOTER last_known_addr { host: "127.0.107.193" port: 43881 } } peers { permanent_uuid: "57a30e14ce944c88bfcf94e3f6fcdfbd" member_type: VOTER last_known_addr { host: "127.0.107.194" port: 34017 } } peers { permanent_uuid: "91c50712e4754a6aadcff88db4cfdbd2" member_type: VOTER last_known_addr { host: "127.0.107.195" port: 39233 } }
I20260710 13:16:44.695474   758 ts_tablet_manager.cc:1434] T 1ca5684dfd304dffaadd14215968f850 P b037b4161b144462af76d2ce0d1a9cad: Time spent starting tablet: real 0.013s	user 0.001s	sys 0.005s
I20260710 13:16:44.699589   759 ts_tablet_manager.cc:1434] T 45ef8b0b451a47869b6a9b0dcd9b12d4 P 91c50712e4754a6aadcff88db4cfdbd2: Time spent starting tablet: real 0.011s	user 0.005s	sys 0.001s
I20260710 13:16:44.700925   758 tablet_bootstrap.cc:492] T fed87b7872a249f59d5f02e7dd5da3e9 P b037b4161b144462af76d2ce0d1a9cad: Bootstrap starting.
I20260710 13:16:44.701506   759 tablet_bootstrap.cc:492] T 5474dca0c5304acbb58d83d07bc1caf6 P 91c50712e4754a6aadcff88db4cfdbd2: Bootstrap starting.
I20260710 13:16:44.709161   566 raft_consensus.cc:2468] T 39f5c03035634d94b74ba84b7b5cfcd9 P b037b4161b144462af76d2ce0d1a9cad [term 1 FOLLOWER]: Leader election vote request: Granting yes vote for candidate 91c50712e4754a6aadcff88db4cfdbd2 in term 1.
I20260710 13:16:44.709867   769 raft_consensus.cc:493] T 45ef8b0b451a47869b6a9b0dcd9b12d4 P 91c50712e4754a6aadcff88db4cfdbd2 [term 0 FOLLOWER]: Starting pre-election (no leader contacted us within the election timeout)
I20260710 13:16:44.710378   769 raft_consensus.cc:515] T 45ef8b0b451a47869b6a9b0dcd9b12d4 P 91c50712e4754a6aadcff88db4cfdbd2 [term 0 FOLLOWER]: Starting pre-election with config: opid_index: -1 OBSOLETE_local: false peers { permanent_uuid: "b037b4161b144462af76d2ce0d1a9cad" member_type: VOTER last_known_addr { host: "127.0.107.193" port: 43881 } } peers { permanent_uuid: "57a30e14ce944c88bfcf94e3f6fcdfbd" member_type: VOTER last_known_addr { host: "127.0.107.194" port: 34017 } } peers { permanent_uuid: "91c50712e4754a6aadcff88db4cfdbd2" member_type: VOTER last_known_addr { host: "127.0.107.195" port: 39233 } }
I20260710 13:16:44.710863   760 tablet_bootstrap.cc:654] T 1ca5684dfd304dffaadd14215968f850 P 57a30e14ce944c88bfcf94e3f6fcdfbd: Neither blocks nor log segments found. Creating new log.
I20260710 13:16:44.712312   769 leader_election.cc:290] T 45ef8b0b451a47869b6a9b0dcd9b12d4 P 91c50712e4754a6aadcff88db4cfdbd2 [CANDIDATE]: Term 1 pre-election: Requested pre-vote from peers b037b4161b144462af76d2ce0d1a9cad (127.0.107.193:43881), 57a30e14ce944c88bfcf94e3f6fcdfbd (127.0.107.194:34017)
I20260710 13:16:44.708918   565 tablet_service.cc:1917] Received RequestConsensusVote() RPC: tablet_id: "8f28a1f0afb5400eacd222e37168689c" candidate_uuid: "57a30e14ce944c88bfcf94e3f6fcdfbd" candidate_term: 1 candidate_status { last_received { term: 0 index: 0 } } ignore_live_leader: false dest_uuid: "b037b4161b144462af76d2ce0d1a9cad" is_pre_election: true
W20260710 13:16:44.717788   606 leader_election.cc:343] T 8f28a1f0afb5400eacd222e37168689c P 57a30e14ce944c88bfcf94e3f6fcdfbd [CANDIDATE]: Term 1 pre-election: Tablet error from VoteRequest() call to peer b037b4161b144462af76d2ce0d1a9cad (127.0.107.193:43881): Illegal state: must be running to vote when last-logged opid is not known
I20260710 13:16:44.719527   640 raft_consensus.cc:2468] T 39f5c03035634d94b74ba84b7b5cfcd9 P 57a30e14ce944c88bfcf94e3f6fcdfbd [term 1 FOLLOWER]: Leader election vote request: Granting yes vote for candidate 91c50712e4754a6aadcff88db4cfdbd2 in term 1.
I20260710 13:16:44.722251   759 tablet_bootstrap.cc:654] T 5474dca0c5304acbb58d83d07bc1caf6 P 91c50712e4754a6aadcff88db4cfdbd2: Neither blocks nor log segments found. Creating new log.
W20260710 13:16:44.723989   680 leader_election.cc:343] T e0b1cdee39d34c60b60c6ff338b218b0 P 91c50712e4754a6aadcff88db4cfdbd2 [CANDIDATE]: Term 1 election: Tablet error from VoteRequest() call to peer 57a30e14ce944c88bfcf94e3f6fcdfbd (127.0.107.194:34017): Illegal state: must be running to vote when last-logged opid is not known
I20260710 13:16:44.724915   680 leader_election.cc:304] T 39f5c03035634d94b74ba84b7b5cfcd9 P 91c50712e4754a6aadcff88db4cfdbd2 [CANDIDATE]: Term 1 election: Election decided. Result: candidate won. Election summary: received 2 responses out of 3 voters: 2 yes votes; 0 no votes. yes voters: 57a30e14ce944c88bfcf94e3f6fcdfbd, 91c50712e4754a6aadcff88db4cfdbd2; no voters: 
I20260710 13:16:44.725769   769 raft_consensus.cc:2804] T 39f5c03035634d94b74ba84b7b5cfcd9 P 91c50712e4754a6aadcff88db4cfdbd2 [term 1 FOLLOWER]: Leader election won for term 1
I20260710 13:16:44.725700   758 tablet_bootstrap.cc:654] T fed87b7872a249f59d5f02e7dd5da3e9 P b037b4161b144462af76d2ce0d1a9cad: Neither blocks nor log segments found. Creating new log.
I20260710 13:16:44.726287   769 raft_consensus.cc:697] T 39f5c03035634d94b74ba84b7b5cfcd9 P 91c50712e4754a6aadcff88db4cfdbd2 [term 1 LEADER]: Becoming Leader. State: Replica: 91c50712e4754a6aadcff88db4cfdbd2, State: Running, Role: LEADER
I20260710 13:16:44.726548   680 leader_election.cc:304] T e0b1cdee39d34c60b60c6ff338b218b0 P 91c50712e4754a6aadcff88db4cfdbd2 [CANDIDATE]: Term 1 election: Election decided. Result: candidate won. Election summary: received 3 responses out of 3 voters: 2 yes votes; 1 no votes. yes voters: 91c50712e4754a6aadcff88db4cfdbd2, b037b4161b144462af76d2ce0d1a9cad; no voters: 57a30e14ce944c88bfcf94e3f6fcdfbd
I20260710 13:16:44.727139   769 consensus_queue.cc:237] T 39f5c03035634d94b74ba84b7b5cfcd9 P 91c50712e4754a6aadcff88db4cfdbd2 [LEADER]: Queue going to LEADER mode. State: All replicated index: 0, Majority replicated index: 0, Committed index: 0, Last appended: 0.0, Last appended by leader: 0, Current term: 1, Majority size: 2, State: 0, Mode: LEADER, active raft config: opid_index: -1 OBSOLETE_local: false peers { permanent_uuid: "b037b4161b144462af76d2ce0d1a9cad" member_type: VOTER last_known_addr { host: "127.0.107.193" port: 43881 } } peers { permanent_uuid: "57a30e14ce944c88bfcf94e3f6fcdfbd" member_type: VOTER last_known_addr { host: "127.0.107.194" port: 34017 } } peers { permanent_uuid: "91c50712e4754a6aadcff88db4cfdbd2" member_type: VOTER last_known_addr { host: "127.0.107.195" port: 39233 } }
I20260710 13:16:44.727983   776 raft_consensus.cc:2804] T e0b1cdee39d34c60b60c6ff338b218b0 P 91c50712e4754a6aadcff88db4cfdbd2 [term 1 FOLLOWER]: Leader election won for term 1
I20260710 13:16:44.728466   776 raft_consensus.cc:697] T e0b1cdee39d34c60b60c6ff338b218b0 P 91c50712e4754a6aadcff88db4cfdbd2 [term 1 LEADER]: Becoming Leader. State: Replica: 91c50712e4754a6aadcff88db4cfdbd2, State: Running, Role: LEADER
I20260710 13:16:44.728778   565 tablet_service.cc:1917] Received RequestConsensusVote() RPC: tablet_id: "45ef8b0b451a47869b6a9b0dcd9b12d4" candidate_uuid: "91c50712e4754a6aadcff88db4cfdbd2" candidate_term: 1 candidate_status { last_received { term: 0 index: 0 } } ignore_live_leader: false dest_uuid: "b037b4161b144462af76d2ce0d1a9cad" is_pre_election: true
I20260710 13:16:44.729354   565 raft_consensus.cc:2468] T 45ef8b0b451a47869b6a9b0dcd9b12d4 P b037b4161b144462af76d2ce0d1a9cad [term 0 FOLLOWER]: Leader pre-election vote request: Granting yes vote for candidate 91c50712e4754a6aadcff88db4cfdbd2 in term 0.
I20260710 13:16:44.729250   776 consensus_queue.cc:237] T e0b1cdee39d34c60b60c6ff338b218b0 P 91c50712e4754a6aadcff88db4cfdbd2 [LEADER]: Queue going to LEADER mode. State: All replicated index: 0, Majority replicated index: 0, Committed index: 0, Last appended: 0.0, Last appended by leader: 0, Current term: 1, Majority size: 2, State: 0, Mode: LEADER, active raft config: opid_index: -1 OBSOLETE_local: false peers { permanent_uuid: "b037b4161b144462af76d2ce0d1a9cad" member_type: VOTER last_known_addr { host: "127.0.107.193" port: 43881 } } peers { permanent_uuid: "57a30e14ce944c88bfcf94e3f6fcdfbd" member_type: VOTER last_known_addr { host: "127.0.107.194" port: 34017 } } peers { permanent_uuid: "91c50712e4754a6aadcff88db4cfdbd2" member_type: VOTER last_known_addr { host: "127.0.107.195" port: 39233 } }
I20260710 13:16:44.731128   680 leader_election.cc:304] T 45ef8b0b451a47869b6a9b0dcd9b12d4 P 91c50712e4754a6aadcff88db4cfdbd2 [CANDIDATE]: Term 1 pre-election: Election decided. Result: candidate won. Election summary: received 2 responses out of 3 voters: 2 yes votes; 0 no votes. yes voters: 91c50712e4754a6aadcff88db4cfdbd2, b037b4161b144462af76d2ce0d1a9cad; no voters: 
I20260710 13:16:44.731853   765 raft_consensus.cc:2804] T 45ef8b0b451a47869b6a9b0dcd9b12d4 P 91c50712e4754a6aadcff88db4cfdbd2 [term 0 FOLLOWER]: Leader pre-election won for term 1
I20260710 13:16:44.732218   765 raft_consensus.cc:493] T 45ef8b0b451a47869b6a9b0dcd9b12d4 P 91c50712e4754a6aadcff88db4cfdbd2 [term 0 FOLLOWER]: Starting leader election (no leader contacted us within the election timeout)
I20260710 13:16:44.732589   765 raft_consensus.cc:3060] T 45ef8b0b451a47869b6a9b0dcd9b12d4 P 91c50712e4754a6aadcff88db4cfdbd2 [term 0 FOLLOWER]: Advancing to term 1
I20260710 13:16:44.735157   640 tablet_service.cc:1917] Received RequestConsensusVote() RPC: tablet_id: "45ef8b0b451a47869b6a9b0dcd9b12d4" candidate_uuid: "91c50712e4754a6aadcff88db4cfdbd2" candidate_term: 1 candidate_status { last_received { term: 0 index: 0 } } ignore_live_leader: false dest_uuid: "57a30e14ce944c88bfcf94e3f6fcdfbd" is_pre_election: true
I20260710 13:16:44.739861   765 raft_consensus.cc:515] T 45ef8b0b451a47869b6a9b0dcd9b12d4 P 91c50712e4754a6aadcff88db4cfdbd2 [term 1 FOLLOWER]: Starting leader election with config: opid_index: -1 OBSOLETE_local: false peers { permanent_uuid: "b037b4161b144462af76d2ce0d1a9cad" member_type: VOTER last_known_addr { host: "127.0.107.193" port: 43881 } } peers { permanent_uuid: "57a30e14ce944c88bfcf94e3f6fcdfbd" member_type: VOTER last_known_addr { host: "127.0.107.194" port: 34017 } } peers { permanent_uuid: "91c50712e4754a6aadcff88db4cfdbd2" member_type: VOTER last_known_addr { host: "127.0.107.195" port: 39233 } }
W20260710 13:16:44.741539   680 leader_election.cc:343] T 45ef8b0b451a47869b6a9b0dcd9b12d4 P 91c50712e4754a6aadcff88db4cfdbd2 [CANDIDATE]: Term 1 pre-election: Tablet error from VoteRequest() call to peer 57a30e14ce944c88bfcf94e3f6fcdfbd (127.0.107.194:34017): Illegal state: must be running to vote when last-logged opid is not known
I20260710 13:16:44.741778   765 leader_election.cc:290] T 45ef8b0b451a47869b6a9b0dcd9b12d4 P 91c50712e4754a6aadcff88db4cfdbd2 [CANDIDATE]: Term 1 election: Requested vote from peers b037b4161b144462af76d2ce0d1a9cad (127.0.107.193:43881), 57a30e14ce944c88bfcf94e3f6fcdfbd (127.0.107.194:34017)
