I20260710 13:17:18.381474  1621 tablet_service.cc:1917] Received RequestConsensusVote() RPC: tablet_id: "a19b10da24564b51b0cecf471397370a" candidate_uuid: "f8ad0604ab58415a873c05930df5d642" candidate_term: 1 candidate_status { last_received { term: 0 index: 0 } } ignore_live_leader: false dest_uuid: "a6391da0dab54306a32267e8027df9a9"
W20260710 13:17:18.382951  1666 leader_election.cc:343] T a19b10da24564b51b0cecf471397370a P f8ad0604ab58415a873c05930df5d642 [CANDIDATE]: Term 1 election: Tablet error from VoteRequest() call to peer a6391da0dab54306a32267e8027df9a9 (127.0.107.194:33717): Illegal state: must be running to vote when last-logged opid is not known
I20260710 13:17:18.385720  1742 tablet_bootstrap.cc:492] T 1f3da737179549b084de54bf2e34da6e P a6391da0dab54306a32267e8027df9a9: No bootstrap required, opened a new log
I20260710 13:17:18.386130  1742 ts_tablet_manager.cc:1403] T 1f3da737179549b084de54bf2e34da6e P a6391da0dab54306a32267e8027df9a9: Time spent bootstrapping tablet: real 0.057s	user 0.019s	sys 0.033s
I20260710 13:17:18.388695  1742 raft_consensus.cc:359] T 1f3da737179549b084de54bf2e34da6e P a6391da0dab54306a32267e8027df9a9 [term 0 FOLLOWER]: Replica starting. Triggering 0 pending ops. Active config: opid_index: -1 OBSOLETE_local: false peers { permanent_uuid: "38a8fb9e860541a982a4bd8635243a7d" member_type: VOTER last_known_addr { host: "127.0.107.193" port: 37213 } } peers { permanent_uuid: "a6391da0dab54306a32267e8027df9a9" member_type: VOTER last_known_addr { host: "127.0.107.194" port: 33717 } } peers { permanent_uuid: "f8ad0604ab58415a873c05930df5d642" member_type: VOTER last_known_addr { host: "127.0.107.195" port: 43325 } }
I20260710 13:17:18.389324  1742 raft_consensus.cc:385] T 1f3da737179549b084de54bf2e34da6e P a6391da0dab54306a32267e8027df9a9 [term 0 FOLLOWER]: Consensus starting up: Expiring failure detector timer to make a prompt election more likely
I20260710 13:17:18.389577  1742 raft_consensus.cc:740] T 1f3da737179549b084de54bf2e34da6e P a6391da0dab54306a32267e8027df9a9 [term 0 FOLLOWER]: Becoming Follower/Learner. State: Replica: a6391da0dab54306a32267e8027df9a9, State: Initialized, Role: FOLLOWER
I20260710 13:17:18.390337  1742 consensus_queue.cc:260] T 1f3da737179549b084de54bf2e34da6e P a6391da0dab54306a32267e8027df9a9 [NON_LEADER]: Queue going to NON_LEADER mode. State: All replicated index: 0, Majority replicated index: 0, Committed index: 0, Last appended: 0.0, Last appended by leader: 0, Current term: 0, Majority size: -1, State: 0, Mode: NON_LEADER, active raft config: opid_index: -1 OBSOLETE_local: false peers { permanent_uuid: "38a8fb9e860541a982a4bd8635243a7d" member_type: VOTER last_known_addr { host: "127.0.107.193" port: 37213 } } peers { permanent_uuid: "a6391da0dab54306a32267e8027df9a9" member_type: VOTER last_known_addr { host: "127.0.107.194" port: 33717 } } peers { permanent_uuid: "f8ad0604ab58415a873c05930df5d642" member_type: VOTER last_known_addr { host: "127.0.107.195" port: 43325 } }
I20260710 13:17:18.390210  1446 catalog_manager.cc:5697] T a19b10da24564b51b0cecf471397370a P f8ad0604ab58415a873c05930df5d642 reported cstate change: term changed from 0 to 1, leader changed from <none> to f8ad0604ab58415a873c05930df5d642 (127.0.107.195). New cstate: current_term: 1 leader_uuid: "f8ad0604ab58415a873c05930df5d642" committed_config { opid_index: -1 OBSOLETE_local: false peers { permanent_uuid: "38a8fb9e860541a982a4bd8635243a7d" member_type: VOTER last_known_addr { host: "127.0.107.193" port: 37213 } health_report { overall_health: UNKNOWN } } peers { permanent_uuid: "a6391da0dab54306a32267e8027df9a9" member_type: VOTER last_known_addr { host: "127.0.107.194" port: 33717 } health_report { overall_health: UNKNOWN } } peers { permanent_uuid: "f8ad0604ab58415a873c05930df5d642" member_type: VOTER last_known_addr { host: "127.0.107.195" port: 43325 } health_report { overall_health: HEALTHY } } }
I20260710 13:17:18.393072  1742 ts_tablet_manager.cc:1434] T 1f3da737179549b084de54bf2e34da6e P a6391da0dab54306a32267e8027df9a9: Time spent starting tablet: real 0.007s	user 0.007s	sys 0.000s
I20260710 13:17:18.394102  1742 tablet_bootstrap.cc:492] T a19b10da24564b51b0cecf471397370a P a6391da0dab54306a32267e8027df9a9: Bootstrap starting.
I20260710 13:17:18.400341  1742 tablet_bootstrap.cc:654] T a19b10da24564b51b0cecf471397370a P a6391da0dab54306a32267e8027df9a9: Neither blocks nor log segments found. Creating new log.
I20260710 13:17:18.422304  1742 tablet_bootstrap.cc:492] T a19b10da24564b51b0cecf471397370a P a6391da0dab54306a32267e8027df9a9: No bootstrap required, opened a new log
I20260710 13:17:18.422778  1742 ts_tablet_manager.cc:1403] T a19b10da24564b51b0cecf471397370a P a6391da0dab54306a32267e8027df9a9: Time spent bootstrapping tablet: real 0.029s	user 0.018s	sys 0.006s
I20260710 13:17:18.425899  1742 raft_consensus.cc:359] T a19b10da24564b51b0cecf471397370a P a6391da0dab54306a32267e8027df9a9 [term 0 FOLLOWER]: Replica starting. Triggering 0 pending ops. Active config: opid_index: -1 OBSOLETE_local: false peers { permanent_uuid: "38a8fb9e860541a982a4bd8635243a7d" member_type: VOTER last_known_addr { host: "127.0.107.193" port: 37213 } } peers { permanent_uuid: "a6391da0dab54306a32267e8027df9a9" member_type: VOTER last_known_addr { host: "127.0.107.194" port: 33717 } } peers { permanent_uuid: "f8ad0604ab58415a873c05930df5d642" member_type: VOTER last_known_addr { host: "127.0.107.195" port: 43325 } }
I20260710 13:17:18.426586  1742 raft_consensus.cc:385] T a19b10da24564b51b0cecf471397370a P a6391da0dab54306a32267e8027df9a9 [term 0 FOLLOWER]: Consensus starting up: Expiring failure detector timer to make a prompt election more likely
I20260710 13:17:18.426858  1742 raft_consensus.cc:740] T a19b10da24564b51b0cecf471397370a P a6391da0dab54306a32267e8027df9a9 [term 0 FOLLOWER]: Becoming Follower/Learner. State: Replica: a6391da0dab54306a32267e8027df9a9, State: Initialized, Role: FOLLOWER
I20260710 13:17:18.427444  1742 consensus_queue.cc:260] T a19b10da24564b51b0cecf471397370a P a6391da0dab54306a32267e8027df9a9 [NON_LEADER]: Queue going to NON_LEADER mode. State: All replicated index: 0, Majority replicated index: 0, Committed index: 0, Last appended: 0.0, Last appended by leader: 0, Current term: 0, Majority size: -1, State: 0, Mode: NON_LEADER, active raft config: opid_index: -1 OBSOLETE_local: false peers { permanent_uuid: "38a8fb9e860541a982a4bd8635243a7d" member_type: VOTER last_known_addr { host: "127.0.107.193" port: 37213 } } peers { permanent_uuid: "a6391da0dab54306a32267e8027df9a9" member_type: VOTER last_known_addr { host: "127.0.107.194" port: 33717 } } peers { permanent_uuid: "f8ad0604ab58415a873c05930df5d642" member_type: VOTER last_known_addr { host: "127.0.107.195" port: 43325 } }
W20260710 13:17:18.428723  1497 auto_rebalancer.cc:288] Could not retrieve cluster info: Service unavailable: Tablet not running
I20260710 13:17:18.429538  1742 ts_tablet_manager.cc:1434] T a19b10da24564b51b0cecf471397370a P a6391da0dab54306a32267e8027df9a9: Time spent starting tablet: real 0.006s	user 0.007s	sys 0.000s
I20260710 13:17:18.430335  1742 tablet_bootstrap.cc:492] T b7bf80a500b2495a8d13b7b6da33f1ee P a6391da0dab54306a32267e8027df9a9: Bootstrap starting.
I20260710 13:17:18.435133  1742 tablet_bootstrap.cc:654] T b7bf80a500b2495a8d13b7b6da33f1ee P a6391da0dab54306a32267e8027df9a9: Neither blocks nor log segments found. Creating new log.
I20260710 13:17:18.440249  1742 tablet_bootstrap.cc:492] T b7bf80a500b2495a8d13b7b6da33f1ee P a6391da0dab54306a32267e8027df9a9: No bootstrap required, opened a new log
I20260710 13:17:18.440758  1742 ts_tablet_manager.cc:1403] T b7bf80a500b2495a8d13b7b6da33f1ee P a6391da0dab54306a32267e8027df9a9: Time spent bootstrapping tablet: real 0.011s	user 0.009s	sys 0.000s
I20260710 13:17:18.443580  1742 raft_consensus.cc:359] T b7bf80a500b2495a8d13b7b6da33f1ee P a6391da0dab54306a32267e8027df9a9 [term 0 FOLLOWER]: Replica starting. Triggering 0 pending ops. Active config: opid_index: -1 OBSOLETE_local: false peers { permanent_uuid: "38a8fb9e860541a982a4bd8635243a7d" member_type: VOTER last_known_addr { host: "127.0.107.193" port: 37213 } } peers { permanent_uuid: "a6391da0dab54306a32267e8027df9a9" member_type: VOTER last_known_addr { host: "127.0.107.194" port: 33717 } } peers { permanent_uuid: "f8ad0604ab58415a873c05930df5d642" member_type: VOTER last_known_addr { host: "127.0.107.195" port: 43325 } }
I20260710 13:17:18.444123  1742 raft_consensus.cc:385] T b7bf80a500b2495a8d13b7b6da33f1ee P a6391da0dab54306a32267e8027df9a9 [term 0 FOLLOWER]: Consensus starting up: Expiring failure detector timer to make a prompt election more likely
I20260710 13:17:18.444377  1742 raft_consensus.cc:740] T b7bf80a500b2495a8d13b7b6da33f1ee P a6391da0dab54306a32267e8027df9a9 [term 0 FOLLOWER]: Becoming Follower/Learner. State: Replica: a6391da0dab54306a32267e8027df9a9, State: Initialized, Role: FOLLOWER
I20260710 13:17:18.444948  1742 consensus_queue.cc:260] T b7bf80a500b2495a8d13b7b6da33f1ee P a6391da0dab54306a32267e8027df9a9 [NON_LEADER]: Queue going to NON_LEADER mode. State: All replicated index: 0, Majority replicated index: 0, Committed index: 0, Last appended: 0.0, Last appended by leader: 0, Current term: 0, Majority size: -1, State: 0, Mode: NON_LEADER, active raft config: opid_index: -1 OBSOLETE_local: false peers { permanent_uuid: "38a8fb9e860541a982a4bd8635243a7d" member_type: VOTER last_known_addr { host: "127.0.107.193" port: 37213 } } peers { permanent_uuid: "a6391da0dab54306a32267e8027df9a9" member_type: VOTER last_known_addr { host: "127.0.107.194" port: 33717 } } peers { permanent_uuid: "f8ad0604ab58415a873c05930df5d642" member_type: VOTER last_known_addr { host: "127.0.107.195" port: 43325 } }
I20260710 13:17:18.446409  1742 ts_tablet_manager.cc:1434] T b7bf80a500b2495a8d13b7b6da33f1ee P a6391da0dab54306a32267e8027df9a9: Time spent starting tablet: real 0.005s	user 0.001s	sys 0.003s
I20260710 13:17:18.488651  1848 consensus_queue.cc:1048] T 0ac2275665574cbe8108e97f3c688c9d P f8ad0604ab58415a873c05930df5d642 [LEADER]: Connected to new peer: Peer: permanent_uuid: "38a8fb9e860541a982a4bd8635243a7d" member_type: VOTER last_known_addr { host: "127.0.107.193" port: 37213 }, Status: LMP_MISMATCH, Last received: 0.0, Next index: 1, Last known committed idx: 0, Time since last communication: 0.000s
I20260710 13:17:18.501271  1853 consensus_queue.cc:1048] T 0ac2275665574cbe8108e97f3c688c9d P f8ad0604ab58415a873c05930df5d642 [LEADER]: Connected to new peer: Peer: permanent_uuid: "a6391da0dab54306a32267e8027df9a9" member_type: VOTER last_known_addr { host: "127.0.107.194" port: 33717 }, Status: LMP_MISMATCH, Last received: 0.0, Next index: 1, Last known committed idx: 0, Time since last communication: 0.000s
I20260710 13:17:18.511008  1625 raft_consensus.cc:3060] T 028d5b3181c0493e98a2d5ad34ac0797 P a6391da0dab54306a32267e8027df9a9 [term 0 FOLLOWER]: Advancing to term 1
I20260710 13:17:18.515309  1621 raft_consensus.cc:3060] T 4558e77695f0478db99c0cf79234d0d5 P a6391da0dab54306a32267e8027df9a9 [term 0 FOLLOWER]: Advancing to term 1
I20260710 13:17:18.527632  1853 raft_consensus.cc:493] T b7bf80a500b2495a8d13b7b6da33f1ee P f8ad0604ab58415a873c05930df5d642 [term 0 FOLLOWER]: Starting pre-election (no leader contacted us within the election timeout)
I20260710 13:17:18.528474  1853 raft_consensus.cc:515] T b7bf80a500b2495a8d13b7b6da33f1ee P f8ad0604ab58415a873c05930df5d642 [term 0 FOLLOWER]: Starting pre-election with config: opid_index: -1 OBSOLETE_local: false peers { permanent_uuid: "38a8fb9e860541a982a4bd8635243a7d" member_type: VOTER last_known_addr { host: "127.0.107.193" port: 37213 } } peers { permanent_uuid: "a6391da0dab54306a32267e8027df9a9" member_type: VOTER last_known_addr { host: "127.0.107.194" port: 33717 } } peers { permanent_uuid: "f8ad0604ab58415a873c05930df5d642" member_type: VOTER last_known_addr { host: "127.0.107.195" port: 43325 } }
I20260710 13:17:18.530471  1853 leader_election.cc:290] T b7bf80a500b2495a8d13b7b6da33f1ee P f8ad0604ab58415a873c05930df5d642 [CANDIDATE]: Term 1 pre-election: Requested pre-vote from peers 38a8fb9e860541a982a4bd8635243a7d (127.0.107.193:37213), a6391da0dab54306a32267e8027df9a9 (127.0.107.194:33717)
I20260710 13:17:18.532613  1546 tablet_service.cc:1917] Received RequestConsensusVote() RPC: tablet_id: "b7bf80a500b2495a8d13b7b6da33f1ee" candidate_uuid: "f8ad0604ab58415a873c05930df5d642" candidate_term: 1 candidate_status { last_received { term: 0 index: 0 } } ignore_live_leader: false dest_uuid: "38a8fb9e860541a982a4bd8635243a7d" is_pre_election: true
I20260710 13:17:18.533277  1546 raft_consensus.cc:2468] T b7bf80a500b2495a8d13b7b6da33f1ee P 38a8fb9e860541a982a4bd8635243a7d [term 0 FOLLOWER]: Leader pre-election vote request: Granting yes vote for candidate f8ad0604ab58415a873c05930df5d642 in term 0.
I20260710 13:17:18.533674  1625 tablet_service.cc:1917] Received RequestConsensusVote() RPC: tablet_id: "b7bf80a500b2495a8d13b7b6da33f1ee" candidate_uuid: "f8ad0604ab58415a873c05930df5d642" candidate_term: 1 candidate_status { last_received { term: 0 index: 0 } } ignore_live_leader: false dest_uuid: "a6391da0dab54306a32267e8027df9a9" is_pre_election: true
I20260710 13:17:18.534341  1625 raft_consensus.cc:2468] T b7bf80a500b2495a8d13b7b6da33f1ee P a6391da0dab54306a32267e8027df9a9 [term 0 FOLLOWER]: Leader pre-election vote request: Granting yes vote for candidate f8ad0604ab58415a873c05930df5d642 in term 0.
I20260710 13:17:18.534488  1666 leader_election.cc:304] T b7bf80a500b2495a8d13b7b6da33f1ee P f8ad0604ab58415a873c05930df5d642 [CANDIDATE]: Term 1 pre-election: Election decided. Result: candidate won. Election summary: received 2 responses out of 3 voters: 2 yes votes; 0 no votes. yes voters: 38a8fb9e860541a982a4bd8635243a7d, f8ad0604ab58415a873c05930df5d642; no voters: 
I20260710 13:17:18.535807  1853 raft_consensus.cc:2804] T b7bf80a500b2495a8d13b7b6da33f1ee P f8ad0604ab58415a873c05930df5d642 [term 0 FOLLOWER]: Leader pre-election won for term 1
I20260710 13:17:18.536715  1853 raft_consensus.cc:493] T b7bf80a500b2495a8d13b7b6da33f1ee P f8ad0604ab58415a873c05930df5d642 [term 0 FOLLOWER]: Starting leader election (no leader contacted us within the election timeout)
I20260710 13:17:18.537072  1853 raft_consensus.cc:3060] T b7bf80a500b2495a8d13b7b6da33f1ee P f8ad0604ab58415a873c05930df5d642 [term 0 FOLLOWER]: Advancing to term 1
I20260710 13:17:18.544624  1853 raft_consensus.cc:515] T b7bf80a500b2495a8d13b7b6da33f1ee P f8ad0604ab58415a873c05930df5d642 [term 1 FOLLOWER]: Starting leader election with config: opid_index: -1 OBSOLETE_local: false peers { permanent_uuid: "38a8fb9e860541a982a4bd8635243a7d" member_type: VOTER last_known_addr { host: "127.0.107.193" port: 37213 } } peers { permanent_uuid: "a6391da0dab54306a32267e8027df9a9" member_type: VOTER last_known_addr { host: "127.0.107.194" port: 33717 } } peers { permanent_uuid: "f8ad0604ab58415a873c05930df5d642" member_type: VOTER last_known_addr { host: "127.0.107.195" port: 43325 } }
I20260710 13:17:18.547492  1853 leader_election.cc:290] T b7bf80a500b2495a8d13b7b6da33f1ee P f8ad0604ab58415a873c05930df5d642 [CANDIDATE]: Term 1 election: Requested vote from peers 38a8fb9e860541a982a4bd8635243a7d (127.0.107.193:37213), a6391da0dab54306a32267e8027df9a9 (127.0.107.194:33717)
I20260710 13:17:18.547492  1546 tablet_service.cc:1917] Received RequestConsensusVote() RPC: tablet_id: "b7bf80a500b2495a8d13b7b6da33f1ee" candidate_uuid: "f8ad0604ab58415a873c05930df5d642" candidate_term: 1 candidate_status { last_received { term: 0 index: 0 } } ignore_live_leader: false dest_uuid: "38a8fb9e860541a982a4bd8635243a7d"
I20260710 13:17:18.548254  1546 raft_consensus.cc:3060] T b7bf80a500b2495a8d13b7b6da33f1ee P 38a8fb9e860541a982a4bd8635243a7d [term 0 FOLLOWER]: Advancing to term 1
I20260710 13:17:18.548660  1621 tablet_service.cc:1917] Received RequestConsensusVote() RPC: tablet_id: "b7bf80a500b2495a8d13b7b6da33f1ee" candidate_uuid: "f8ad0604ab58415a873c05930df5d642" candidate_term: 1 candidate_status { last_received { term: 0 index: 0 } } ignore_live_leader: false dest_uuid: "a6391da0dab54306a32267e8027df9a9"
I20260710 13:17:18.554932  1546 raft_consensus.cc:2468] T b7bf80a500b2495a8d13b7b6da33f1ee P 38a8fb9e860541a982a4bd8635243a7d [term 1 FOLLOWER]: Leader election vote request: Granting yes vote for candidate f8ad0604ab58415a873c05930df5d642 in term 1.
I20260710 13:17:18.556432  1666 leader_election.cc:304] T b7bf80a500b2495a8d13b7b6da33f1ee P f8ad0604ab58415a873c05930df5d642 [CANDIDATE]: Term 1 election: Election decided. Result: candidate won. Election summary: received 2 responses out of 3 voters: 2 yes votes; 0 no votes. yes voters: 38a8fb9e860541a982a4bd8635243a7d, f8ad0604ab58415a873c05930df5d642; no voters: 
I20260710 13:17:18.557281  1853 raft_consensus.cc:2804] T b7bf80a500b2495a8d13b7b6da33f1ee P f8ad0604ab58415a873c05930df5d642 [term 1 FOLLOWER]: Leader election won for term 1
I20260710 13:17:18.557744  1853 raft_consensus.cc:697] T b7bf80a500b2495a8d13b7b6da33f1ee P f8ad0604ab58415a873c05930df5d642 [term 1 LEADER]: Becoming Leader. State: Replica: f8ad0604ab58415a873c05930df5d642, State: Running, Role: LEADER
I20260710 13:17:18.558506  1853 consensus_queue.cc:237] T b7bf80a500b2495a8d13b7b6da33f1ee P f8ad0604ab58415a873c05930df5d642 [LEADER]: Queue going to LEADER mode. State: All replicated index: 0, Majority replicated index: 0, Committed index: 0, Last appended: 0.0, Last appended by leader: 0, Current term: 1, Majority size: 2, State: 0, Mode: LEADER, active raft config: opid_index: -1 OBSOLETE_local: false peers { permanent_uuid: "38a8fb9e860541a982a4bd8635243a7d" member_type: VOTER last_known_addr { host: "127.0.107.193" port: 37213 } } peers { permanent_uuid: "a6391da0dab54306a32267e8027df9a9" member_type: VOTER last_known_addr { host: "127.0.107.194" port: 33717 } } peers { permanent_uuid: "f8ad0604ab58415a873c05930df5d642" member_type: VOTER last_known_addr { host: "127.0.107.195" port: 43325 } }
I20260710 13:17:18.549716  1621 raft_consensus.cc:3060] T b7bf80a500b2495a8d13b7b6da33f1ee P a6391da0dab54306a32267e8027df9a9 [term 0 FOLLOWER]: Advancing to term 1
I20260710 13:17:18.574747  1767 consensus_queue.cc:1048] T 6495d5bc9f54473ab47e2475cf987761 P 38a8fb9e860541a982a4bd8635243a7d [LEADER]: Connected to new peer: Peer: permanent_uuid: "f8ad0604ab58415a873c05930df5d642" member_type: VOTER last_known_addr { host: "127.0.107.195" port: 43325 }, Status: LMP_MISMATCH, Last received: 0.0, Next index: 1, Last known committed idx: 0, Time since last communication: 0.000s
I20260710 13:17:18.578013  1621 raft_consensus.cc:2468] T b7bf80a500b2495a8d13b7b6da33f1ee P a6391da0dab54306a32267e8027df9a9 [term 1 FOLLOWER]: Leader election vote request: Granting yes vote for candidate f8ad0604ab58415a873c05930df5d642 in term 1.
I20260710 13:17:18.578672  1800 raft_consensus.cc:493] T 2bcaa6fb7c2d496599dfecce9513444f P a6391da0dab54306a32267e8027df9a9 [term 0 FOLLOWER]: Starting pre-election (no leader contacted us within the election timeout)
I20260710 13:17:18.579259  1800 raft_consensus.cc:515] T 2bcaa6fb7c2d496599dfecce9513444f P a6391da0dab54306a32267e8027df9a9 [term 0 FOLLOWER]: Starting pre-election with config: opid_index: -1 OBSOLETE_local: false peers { permanent_uuid: "38a8fb9e860541a982a4bd8635243a7d" member_type: VOTER last_known_addr { host: "127.0.107.193" port: 37213 } } peers { permanent_uuid: "a6391da0dab54306a32267e8027df9a9" member_type: VOTER last_known_addr { host: "127.0.107.194" port: 33717 } } peers { permanent_uuid: "f8ad0604ab58415a873c05930df5d642" member_type: VOTER last_known_addr { host: "127.0.107.195" port: 43325 } }
I20260710 13:17:18.581400  1800 leader_election.cc:290] T 2bcaa6fb7c2d496599dfecce9513444f P a6391da0dab54306a32267e8027df9a9 [CANDIDATE]: Term 1 pre-election: Requested pre-vote from peers 38a8fb9e860541a982a4bd8635243a7d (127.0.107.193:37213), f8ad0604ab58415a873c05930df5d642 (127.0.107.195:43325)
I20260710 13:17:18.584100  1446 catalog_manager.cc:5697] T b7bf80a500b2495a8d13b7b6da33f1ee P f8ad0604ab58415a873c05930df5d642 reported cstate change: term changed from 0 to 1, leader changed from <none> to f8ad0604ab58415a873c05930df5d642 (127.0.107.195). New cstate: current_term: 1 leader_uuid: "f8ad0604ab58415a873c05930df5d642" committed_config { opid_index: -1 OBSOLETE_local: false peers { permanent_uuid: "38a8fb9e860541a982a4bd8635243a7d" member_type: VOTER last_known_addr { host: "127.0.107.193" port: 37213 } health_report { overall_health: UNKNOWN } } peers { permanent_uuid: "a6391da0dab54306a32267e8027df9a9" member_type: VOTER last_known_addr { host: "127.0.107.194" port: 33717 } health_report { overall_health: UNKNOWN } } peers { permanent_uuid: "f8ad0604ab58415a873c05930df5d642" member_type: VOTER last_known_addr { host: "127.0.107.195" port: 43325 } health_report { overall_health: HEALTHY } } }
I20260710 13:17:18.586162  1546 tablet_service.cc:1917] Received RequestConsensusVote() RPC: tablet_id: "2bcaa6fb7c2d496599dfecce9513444f" candidate_uuid: "a6391da0dab54306a32267e8027df9a9" candidate_term: 1 candidate_status { last_received { term: 0 index: 0 } } ignore_live_leader: false dest_uuid: "38a8fb9e860541a982a4bd8635243a7d" is_pre_election: true
I20260710 13:17:18.587072  1546 raft_consensus.cc:2468] T 2bcaa6fb7c2d496599dfecce9513444f P 38a8fb9e860541a982a4bd8635243a7d [term 0 FOLLOWER]: Leader pre-election vote request: Granting yes vote for candidate a6391da0dab54306a32267e8027df9a9 in term 0.
I20260710 13:17:18.589449  1592 leader_election.cc:304] T 2bcaa6fb7c2d496599dfecce9513444f P a6391da0dab54306a32267e8027df9a9 [CANDIDATE]: Term 1 pre-election: Election decided. Result: candidate won. Election summary: received 2 responses out of 3 voters: 2 yes votes; 0 no votes. yes voters: 38a8fb9e860541a982a4bd8635243a7d, a6391da0dab54306a32267e8027df9a9; no voters: 
I20260710 13:17:18.591674  1799 raft_consensus.cc:2804] T 2bcaa6fb7c2d496599dfecce9513444f P a6391da0dab54306a32267e8027df9a9 [term 0 FOLLOWER]: Leader pre-election won for term 1
I20260710 13:17:18.592188  1799 raft_consensus.cc:493] T 2bcaa6fb7c2d496599dfecce9513444f P a6391da0dab54306a32267e8027df9a9 [term 0 FOLLOWER]: Starting leader election (no leader contacted us within the election timeout)
I20260710 13:17:18.592639  1799 raft_consensus.cc:3060] T 2bcaa6fb7c2d496599dfecce9513444f P a6391da0dab54306a32267e8027df9a9 [term 0 FOLLOWER]: Advancing to term 1
I20260710 13:17:18.601045  1698 tablet_service.cc:1917] Received RequestConsensusVote() RPC: tablet_id: "2bcaa6fb7c2d496599dfecce9513444f" candidate_uuid: "a6391da0dab54306a32267e8027df9a9" candidate_term: 1 candidate_status { last_received { term: 0 index: 0 } } ignore_live_leader: false dest_uuid: "f8ad0604ab58415a873c05930df5d642" is_pre_election: true
I20260710 13:17:18.601800  1698 raft_consensus.cc:2468] T 2bcaa6fb7c2d496599dfecce9513444f P f8ad0604ab58415a873c05930df5d642 [term 0 FOLLOWER]: Leader pre-election vote request: Granting yes vote for candidate a6391da0dab54306a32267e8027df9a9 in term 0.
I20260710 13:17:18.607687  1799 raft_consensus.cc:515] T 2bcaa6fb7c2d496599dfecce9513444f P a6391da0dab54306a32267e8027df9a9 [term 1 FOLLOWER]: Starting leader election with config: opid_index: -1 OBSOLETE_local: false peers { permanent_uuid: "38a8fb9e860541a982a4bd8635243a7d" member_type: VOTER last_known_addr { host: "127.0.107.193" port: 37213 } } peers { permanent_uuid: "a6391da0dab54306a32267e8027df9a9" member_type: VOTER last_known_addr { host: "127.0.107.194" port: 33717 } } peers { permanent_uuid: "f8ad0604ab58415a873c05930df5d642" member_type: VOTER last_known_addr { host: "127.0.107.195" port: 43325 } }
I20260710 13:17:18.610553  1799 leader_election.cc:290] T 2bcaa6fb7c2d496599dfecce9513444f P a6391da0dab54306a32267e8027df9a9 [CANDIDATE]: Term 1 election: Requested vote from peers 38a8fb9e860541a982a4bd8635243a7d (127.0.107.193:37213), f8ad0604ab58415a873c05930df5d642 (127.0.107.195:43325)
I20260710 13:17:18.613550  1698 tablet_service.cc:1917] Received RequestConsensusVote() RPC: tablet_id: "2bcaa6fb7c2d496599dfecce9513444f" candidate_uuid: "a6391da0dab54306a32267e8027df9a9" candidate_term: 1 candidate_status { last_received { term: 0 index: 0 } } ignore_live_leader: false dest_uuid: "f8ad0604ab58415a873c05930df5d642"
I20260710 13:17:18.614166  1698 raft_consensus.cc:3060] T 2bcaa6fb7c2d496599dfecce9513444f P f8ad0604ab58415a873c05930df5d642 [term 0 FOLLOWER]: Advancing to term 1
I20260710 13:17:18.611752  1546 tablet_service.cc:1917] Received RequestConsensusVote() RPC: tablet_id: "2bcaa6fb7c2d496599dfecce9513444f" candidate_uuid: "a6391da0dab54306a32267e8027df9a9" candidate_term: 1 candidate_status { last_received { term: 0 index: 0 } } ignore_live_leader: false dest_uuid: "38a8fb9e860541a982a4bd8635243a7d"
I20260710 13:17:18.614724  1546 raft_consensus.cc:3060] T 2bcaa6fb7c2d496599dfecce9513444f P 38a8fb9e860541a982a4bd8635243a7d [term 0 FOLLOWER]: Advancing to term 1
I20260710 13:17:18.623673  1698 raft_consensus.cc:2468] T 2bcaa6fb7c2d496599dfecce9513444f P f8ad0604ab58415a873c05930df5d642 [term 1 FOLLOWER]: Leader election vote request: Granting yes vote for candidate a6391da0dab54306a32267e8027df9a9 in term 1.
I20260710 13:17:18.625973  1546 raft_consensus.cc:2468] T 2bcaa6fb7c2d496599dfecce9513444f P 38a8fb9e860541a982a4bd8635243a7d [term 1 FOLLOWER]: Leader election vote request: Granting yes vote for candidate a6391da0dab54306a32267e8027df9a9 in term 1.
I20260710 13:17:18.626148  1589 leader_election.cc:304] T 2bcaa6fb7c2d496599dfecce9513444f P a6391da0dab54306a32267e8027df9a9 [CANDIDATE]: Term 1 election: Election decided. Result: candidate won. Election summary: received 2 responses out of 3 voters: 2 yes votes; 0 no votes. yes voters: a6391da0dab54306a32267e8027df9a9, f8ad0604ab58415a873c05930df5d642; no voters: 
I20260710 13:17:18.626977  1800 raft_consensus.cc:2804] T 2bcaa6fb7c2d496599dfecce9513444f P a6391da0dab54306a32267e8027df9a9 [term 1 FOLLOWER]: Leader election won for term 1
I20260710 13:17:18.627465  1800 raft_consensus.cc:697] T 2bcaa6fb7c2d496599dfecce9513444f P a6391da0dab54306a32267e8027df9a9 [term 1 LEADER]: Becoming Leader. State: Replica: a6391da0dab54306a32267e8027df9a9, State: Running, Role: LEADER
I20260710 13:17:18.628342  1800 consensus_queue.cc:237] T 2bcaa6fb7c2d496599dfecce9513444f P a6391da0dab54306a32267e8027df9a9 [LEADER]: Queue going to LEADER mode. State: All replicated index: 0, Majority replicated index: 0, Committed index: 0, Last appended: 0.0, Last appended by leader: 0, Current term: 1, Majority size: 2, State: 0, Mode: LEADER, active raft config: opid_index: -1 OBSOLETE_local: false peers { permanent_uuid: "38a8fb9e860541a982a4bd8635243a7d" member_type: VOTER last_known_addr { host: "127.0.107.193" port: 37213 } } peers { permanent_uuid: "a6391da0dab54306a32267e8027df9a9" member_type: VOTER last_known_addr { host: "127.0.107.194" port: 33717 } } peers { permanent_uuid: "f8ad0604ab58415a873c05930df5d642" member_type: VOTER last_known_addr { host: "127.0.107.195" port: 43325 } }
I20260710 13:17:18.630350  1772 consensus_queue.cc:1048] T 6495d5bc9f54473ab47e2475cf987761 P 38a8fb9e860541a982a4bd8635243a7d [LEADER]: Connected to new peer: Peer: permanent_uuid: "a6391da0dab54306a32267e8027df9a9" member_type: VOTER last_known_addr { host: "127.0.107.194" port: 33717 }, Status: LMP_MISMATCH, Last received: 0.0, Next index: 1, Last known committed idx: 0, Time since last communication: 0.000s
I20260710 13:17:18.634842  1846 raft_consensus.cc:493] T 1f3da737179549b084de54bf2e34da6e P a6391da0dab54306a32267e8027df9a9 [term 0 FOLLOWER]: Starting pre-election (no leader contacted us within the election timeout)
I20260710 13:17:18.635502  1846 raft_consensus.cc:515] T 1f3da737179549b084de54bf2e34da6e P a6391da0dab54306a32267e8027df9a9 [term 0 FOLLOWER]: Starting pre-election with config: opid_index: -1 OBSOLETE_local: false peers { permanent_uuid: "38a8fb9e860541a982a4bd8635243a7d" member_type: VOTER last_known_addr { host: "127.0.107.193" port: 37213 } } peers { permanent_uuid: "a6391da0dab54306a32267e8027df9a9" member_type: VOTER last_known_addr { host: "127.0.107.194" port: 33717 } } peers { permanent_uuid: "f8ad0604ab58415a873c05930df5d642" member_type: VOTER last_known_addr { host: "127.0.107.195" port: 43325 } }
I20260710 13:17:18.639528  1846 leader_election.cc:290] T 1f3da737179549b084de54bf2e34da6e P a6391da0dab54306a32267e8027df9a9 [CANDIDATE]: Term 1 pre-election: Requested pre-vote from peers 38a8fb9e860541a982a4bd8635243a7d (127.0.107.193:37213), f8ad0604ab58415a873c05930df5d642 (127.0.107.195:43325)
I20260710 13:17:18.644096  1694 tablet_service.cc:1917] Received RequestConsensusVote() RPC: tablet_id: "1f3da737179549b084de54bf2e34da6e" candidate_uuid: "a6391da0dab54306a32267e8027df9a9" candidate_term: 1 candidate_status { last_received { term: 0 index: 0 } } ignore_live_leader: false dest_uuid: "f8ad0604ab58415a873c05930df5d642" is_pre_election: true
I20260710 13:17:18.672734  1694 raft_consensus.cc:2468] T 1f3da737179549b084de54bf2e34da6e P f8ad0604ab58415a873c05930df5d642 [term 0 FOLLOWER]: Leader pre-election vote request: Granting yes vote for candidate a6391da0dab54306a32267e8027df9a9 in term 0.
I20260710 13:17:18.647042  1551 tablet_service.cc:1917] Received RequestConsensusVote() RPC: tablet_id: "1f3da737179549b084de54bf2e34da6e" candidate_uuid: "a6391da0dab54306a32267e8027df9a9" candidate_term: 1 candidate_status { last_received { term: 0 index: 0 } } ignore_live_leader: false dest_uuid: "38a8fb9e860541a982a4bd8635243a7d" is_pre_election: true
I20260710 13:17:18.673784  1551 raft_consensus.cc:2468] T 1f3da737179549b084de54bf2e34da6e P 38a8fb9e860541a982a4bd8635243a7d [term 0 FOLLOWER]: Leader pre-election vote request: Granting yes vote for candidate a6391da0dab54306a32267e8027df9a9 in term 0.
I20260710 13:17:18.674312  1853 consensus_queue.cc:1048] T 79152153a35444dbbc3393879c06452b P f8ad0604ab58415a873c05930df5d642 [LEADER]: Connected to new peer: Peer: permanent_uuid: "a6391da0dab54306a32267e8027df9a9" member_type: VOTER last_known_addr { host: "127.0.107.194" port: 33717 }, Status: LMP_MISMATCH, Last received: 0.0, Next index: 1, Last known committed idx: 0, Time since last communication: 0.000s
I20260710 13:17:18.675066  1589 leader_election.cc:304] T 1f3da737179549b084de54bf2e34da6e P a6391da0dab54306a32267e8027df9a9 [CANDIDATE]: Term 1 pre-election: Election decided. Result: candidate won. Election summary: received 2 responses out of 3 voters: 2 yes votes; 0 no votes. yes voters: a6391da0dab54306a32267e8027df9a9, f8ad0604ab58415a873c05930df5d642; no voters: 
I20260710 13:17:18.676115  1846 raft_consensus.cc:2804] T 1f3da737179549b084de54bf2e34da6e P a6391da0dab54306a32267e8027df9a9 [term 0 FOLLOWER]: Leader pre-election won for term 1
I20260710 13:17:18.676533  1846 raft_consensus.cc:493] T 1f3da737179549b084de54bf2e34da6e P a6391da0dab54306a32267e8027df9a9 [term 0 FOLLOWER]: Starting leader election (no leader contacted us within the election timeout)
I20260710 13:17:18.676936  1846 raft_consensus.cc:3060] T 1f3da737179549b084de54bf2e34da6e P a6391da0dab54306a32267e8027df9a9 [term 0 FOLLOWER]: Advancing to term 1
I20260710 13:17:18.669688  1446 catalog_manager.cc:5697] T 2bcaa6fb7c2d496599dfecce9513444f P a6391da0dab54306a32267e8027df9a9 reported cstate change: term changed from 0 to 1, leader changed from <none> to a6391da0dab54306a32267e8027df9a9 (127.0.107.194). New cstate: current_term: 1 leader_uuid: "a6391da0dab54306a32267e8027df9a9" committed_config { opid_index: -1 OBSOLETE_local: false peers { permanent_uuid: "38a8fb9e860541a982a4bd8635243a7d" member_type: VOTER last_known_addr { host: "127.0.107.193" port: 37213 } health_report { overall_health: UNKNOWN } } peers { permanent_uuid: "a6391da0dab54306a32267e8027df9a9" member_type: VOTER last_known_addr { host: "127.0.107.194" port: 33717 } health_report { overall_health: HEALTHY } } peers { permanent_uuid: "f8ad0604ab58415a873c05930df5d642" member_type: VOTER last_known_addr { host: "127.0.107.195" port: 43325 } health_report { overall_health: UNKNOWN } } }
I20260710 13:17:18.692055  1846 raft_consensus.cc:515] T 1f3da737179549b084de54bf2e34da6e P a6391da0dab54306a32267e8027df9a9 [term 1 FOLLOWER]: Starting leader election with config: opid_index: -1 OBSOLETE_local: false peers { permanent_uuid: "38a8fb9e860541a982a4bd8635243a7d" member_type: VOTER last_known_addr { host: "127.0.107.193" port: 37213 } } peers { permanent_uuid: "a6391da0dab54306a32267e8027df9a9" member_type: VOTER last_known_addr { host: "127.0.107.194" port: 33717 } } peers { permanent_uuid: "f8ad0604ab58415a873c05930df5d642" member_type: VOTER last_known_addr { host: "127.0.107.195" port: 43325 } }
I20260710 13:17:18.694795  1551 tablet_service.cc:1917] Received RequestConsensusVote() RPC: tablet_id: "1f3da737179549b084de54bf2e34da6e" candidate_uuid: "a6391da0dab54306a32267e8027df9a9" candidate_term: 1 candidate_status { last_received { term: 0 index: 0 } } ignore_live_leader: false dest_uuid: "38a8fb9e860541a982a4bd8635243a7d"
I20260710 13:17:18.694887  1848 consensus_queue.cc:1048] T 79152153a35444dbbc3393879c06452b P f8ad0604ab58415a873c05930df5d642 [LEADER]: Connected to new peer: Peer: permanent_uuid: "38a8fb9e860541a982a4bd8635243a7d" member_type: VOTER last_known_addr { host: "127.0.107.193" port: 37213 }, Status: LMP_MISMATCH, Last received: 0.0, Next index: 1, Last known committed idx: 0, Time since last communication: 0.000s
I20260710 13:17:18.695384  1551 raft_consensus.cc:3060] T 1f3da737179549b084de54bf2e34da6e P 38a8fb9e860541a982a4bd8635243a7d [term 0 FOLLOWER]: Advancing to term 1
I20260710 13:17:18.703300  1551 raft_consensus.cc:2468] T 1f3da737179549b084de54bf2e34da6e P 38a8fb9e860541a982a4bd8635243a7d [term 1 FOLLOWER]: Leader election vote request: Granting yes vote for candidate a6391da0dab54306a32267e8027df9a9 in term 1.
I20260710 13:17:18.705427  1698 tablet_service.cc:1917] Received RequestConsensusVote() RPC: tablet_id: "1f3da737179549b084de54bf2e34da6e" candidate_uuid: "a6391da0dab54306a32267e8027df9a9" candidate_term: 1 candidate_status { last_received { term: 0 index: 0 } } ignore_live_leader: false dest_uuid: "f8ad0604ab58415a873c05930df5d642"
I20260710 13:17:18.709744  1698 raft_consensus.cc:3060] T 1f3da737179549b084de54bf2e34da6e P f8ad0604ab58415a873c05930df5d642 [term 0 FOLLOWER]: Advancing to term 1
I20260710 13:17:18.715893  1800 raft_consensus.cc:493] T a19b10da24564b51b0cecf471397370a P a6391da0dab54306a32267e8027df9a9 [term 0 FOLLOWER]: Starting pre-election (no leader contacted us within the election timeout)
I20260710 13:17:18.716477  1800 raft_consensus.cc:515] T a19b10da24564b51b0cecf471397370a P a6391da0dab54306a32267e8027df9a9 [term 0 FOLLOWER]: Starting pre-election with config: opid_index: -1 OBSOLETE_local: false peers { permanent_uuid: "38a8fb9e860541a982a4bd8635243a7d" member_type: VOTER last_known_addr { host: "127.0.107.193" port: 37213 } } peers { permanent_uuid: "a6391da0dab54306a32267e8027df9a9" member_type: VOTER last_known_addr { host: "127.0.107.194" port: 33717 } } peers { permanent_uuid: "f8ad0604ab58415a873c05930df5d642" member_type: VOTER last_known_addr { host: "127.0.107.195" port: 43325 } }
I20260710 13:17:18.718557  1800 leader_election.cc:290] T a19b10da24564b51b0cecf471397370a P a6391da0dab54306a32267e8027df9a9 [CANDIDATE]: Term 1 pre-election: Requested pre-vote from peers 38a8fb9e860541a982a4bd8635243a7d (127.0.107.193:37213), f8ad0604ab58415a873c05930df5d642 (127.0.107.195:43325)
I20260710 13:17:18.719331  1846 leader_election.cc:290] T 1f3da737179549b084de54bf2e34da6e P a6391da0dab54306a32267e8027df9a9 [CANDIDATE]: Term 1 election: Requested vote from peers 38a8fb9e860541a982a4bd8635243a7d (127.0.107.193:37213), f8ad0604ab58415a873c05930df5d642 (127.0.107.195:43325)
I20260710 13:17:18.719727  1694 tablet_service.cc:1917] Received RequestConsensusVote() RPC: tablet_id: "a19b10da24564b51b0cecf471397370a" candidate_uuid: "a6391da0dab54306a32267e8027df9a9" candidate_term: 1 candidate_status { last_received { term: 0 index: 0 } } ignore_live_leader: false dest_uuid: "f8ad0604ab58415a873c05930df5d642" is_pre_election: true
I20260710 13:17:18.721302  1592 leader_election.cc:304] T 1f3da737179549b084de54bf2e34da6e P a6391da0dab54306a32267e8027df9a9 [CANDIDATE]: Term 1 election: Election decided. Result: candidate won. Election summary: received 2 responses out of 3 voters: 2 yes votes; 0 no votes. yes voters: 38a8fb9e860541a982a4bd8635243a7d, a6391da0dab54306a32267e8027df9a9; no voters: 
I20260710 13:17:18.722167  1846 raft_consensus.cc:2804] T 1f3da737179549b084de54bf2e34da6e P a6391da0dab54306a32267e8027df9a9 [term 1 FOLLOWER]: Leader election won for term 1
I20260710 13:17:18.722679  1846 raft_consensus.cc:697] T 1f3da737179549b084de54bf2e34da6e P a6391da0dab54306a32267e8027df9a9 [term 1 LEADER]: Becoming Leader. State: Replica: a6391da0dab54306a32267e8027df9a9, State: Running, Role: LEADER
I20260710 13:17:18.722282  1698 raft_consensus.cc:2468] T 1f3da737179549b084de54bf2e34da6e P f8ad0604ab58415a873c05930df5d642 [term 1 FOLLOWER]: Leader election vote request: Granting yes vote for candidate a6391da0dab54306a32267e8027df9a9 in term 1.
I20260710 13:17:18.730048  1551 tablet_service.cc:1917] Received RequestConsensusVote() RPC: tablet_id: "a19b10da24564b51b0cecf471397370a" candidate_uuid: "a6391da0dab54306a32267e8027df9a9" candidate_term: 1 candidate_status { last_received { term: 0 index: 0 } } ignore_live_leader: false dest_uuid: "38a8fb9e860541a982a4bd8635243a7d" is_pre_election: true
I20260710 13:17:18.723526  1846 consensus_queue.cc:237] T 1f3da737179549b084de54bf2e34da6e P a6391da0dab54306a32267e8027df9a9 [LEADER]: Queue going to LEADER mode. State: All replicated index: 0, Majority replicated index: 0, Committed index: 0, Last appended: 0.0, Last appended by leader: 0, Current term: 1, Majority size: 2, State: 0, Mode: LEADER, active raft config: opid_index: -1 OBSOLETE_local: false peers { permanent_uuid: "38a8fb9e860541a982a4bd8635243a7d" member_type: VOTER last_known_addr { host: "127.0.107.193" port: 37213 } } peers { permanent_uuid: "a6391da0dab54306a32267e8027df9a9" member_type: VOTER last_known_addr { host: "127.0.107.194" port: 33717 } } peers { permanent_uuid: "f8ad0604ab58415a873c05930df5d642" member_type: VOTER last_known_addr { host: "127.0.107.195" port: 43325 } }
I20260710 13:17:18.730921  1551 raft_consensus.cc:2393] T a19b10da24564b51b0cecf471397370a P 38a8fb9e860541a982a4bd8635243a7d [term 1 FOLLOWER]: Leader pre-election vote request: Denying vote to candidate a6391da0dab54306a32267e8027df9a9 in current term 1: Already voted for candidate f8ad0604ab58415a873c05930df5d642 in this term.
I20260710 13:17:18.732126  1592 leader_election.cc:304] T a19b10da24564b51b0cecf471397370a P a6391da0dab54306a32267e8027df9a9 [CANDIDATE]: Term 1 pre-election: Election decided. Result: candidate lost. Election summary: received 3 responses out of 3 voters: 1 yes votes; 2 no votes. yes voters: a6391da0dab54306a32267e8027df9a9; no voters: 38a8fb9e860541a982a4bd8635243a7d, f8ad0604ab58415a873c05930df5d642
I20260710 13:17:18.733310  1800 raft_consensus.cc:3060] T a19b10da24564b51b0cecf471397370a P a6391da0dab54306a32267e8027df9a9 [term 0 FOLLOWER]: Advancing to term 1
I20260710 13:17:18.739852  1800 raft_consensus.cc:2749] T a19b10da24564b51b0cecf471397370a P a6391da0dab54306a32267e8027df9a9 [term 1 FOLLOWER]: Leader pre-election lost for term 1. Reason: could not achieve majority
I20260710 13:17:18.741376  1449 catalog_manager.cc:5697] T 1f3da737179549b084de54bf2e34da6e P a6391da0dab54306a32267e8027df9a9 reported cstate change: term changed from 0 to 1, leader changed from <none> to a6391da0dab54306a32267e8027df9a9 (127.0.107.194). New cstate: current_term: 1 leader_uuid: "a6391da0dab54306a32267e8027df9a9" committed_config { opid_index: -1 OBSOLETE_local: false peers { permanent_uuid: "38a8fb9e860541a982a4bd8635243a7d" member_type: VOTER last_known_addr { host: "127.0.107.193" port: 37213 } health_report { overall_health: UNKNOWN } } peers { permanent_uuid: "a6391da0dab54306a32267e8027df9a9" member_type: VOTER last_known_addr { host: "127.0.107.194" port: 33717 } health_report { overall_health: HEALTHY } } peers { permanent_uuid: "f8ad0604ab58415a873c05930df5d642" member_type: VOTER last_known_addr { host: "127.0.107.195" port: 43325 } health_report { overall_health: UNKNOWN } } }
I20260710 13:17:18.971007  1848 consensus_queue.cc:1048] T a19b10da24564b51b0cecf471397370a P f8ad0604ab58415a873c05930df5d642 [LEADER]: Connected to new peer: Peer: permanent_uuid: "38a8fb9e860541a982a4bd8635243a7d" member_type: VOTER last_known_addr { host: "127.0.107.193" port: 37213 }, Status: LMP_MISMATCH, Last received: 0.0, Next index: 1, Last known committed idx: 0, Time since last communication: 0.000s
I20260710 13:17:18.983395  1848 consensus_queue.cc:1048] T a19b10da24564b51b0cecf471397370a P f8ad0604ab58415a873c05930df5d642 [LEADER]: Connected to new peer: Peer: permanent_uuid: "a6391da0dab54306a32267e8027df9a9" member_type: VOTER last_known_addr { host: "127.0.107.194" port: 33717 }, Status: LMP_MISMATCH, Last received: 0.0, Next index: 1, Last known committed idx: 0, Time since last communication: 0.000s
I20260710 13:17:19.021842  1846 consensus_queue.cc:1048] T 2bcaa6fb7c2d496599dfecce9513444f P a6391da0dab54306a32267e8027df9a9 [LEADER]: Connected to new peer: Peer: permanent_uuid: "f8ad0604ab58415a873c05930df5d642" member_type: VOTER last_known_addr { host: "127.0.107.195" port: 43325 }, Status: LMP_MISMATCH, Last received: 0.0, Next index: 1, Last known committed idx: 0, Time since last communication: 0.000s
I20260710 13:17:19.038347  1799 consensus_queue.cc:1048] T 2bcaa6fb7c2d496599dfecce9513444f P a6391da0dab54306a32267e8027df9a9 [LEADER]: Connected to new peer: Peer: permanent_uuid: "38a8fb9e860541a982a4bd8635243a7d" member_type: VOTER last_known_addr { host: "127.0.107.193" port: 37213 }, Status: LMP_MISMATCH, Last received: 0.0, Next index: 1, Last known committed idx: 0, Time since last communication: 0.000s
I20260710 13:17:19.052631  1848 consensus_queue.cc:1048] T b7bf80a500b2495a8d13b7b6da33f1ee P f8ad0604ab58415a873c05930df5d642 [LEADER]: Connected to new peer: Peer: permanent_uuid: "a6391da0dab54306a32267e8027df9a9" member_type: VOTER last_known_addr { host: "127.0.107.194" port: 33717 }, Status: LMP_MISMATCH, Last received: 0.0, Next index: 1, Last known committed idx: 0, Time since last communication: 0.000s
I20260710 13:17:19.066260  1744 consensus_queue.cc:1048] T b7bf80a500b2495a8d13b7b6da33f1ee P f8ad0604ab58415a873c05930df5d642 [LEADER]: Connected to new peer: Peer: permanent_uuid: "38a8fb9e860541a982a4bd8635243a7d" member_type: VOTER last_known_addr { host: "127.0.107.193" port: 37213 }, Status: LMP_MISMATCH, Last received: 0.0, Next index: 1, Last known committed idx: 0, Time since last communication: 0.001s
I20260710 13:17:19.131389  1799 consensus_queue.cc:1048] T 1f3da737179549b084de54bf2e34da6e P a6391da0dab54306a32267e8027df9a9 [LEADER]: Connected to new peer: Peer: permanent_uuid: "f8ad0604ab58415a873c05930df5d642" member_type: VOTER last_known_addr { host: "127.0.107.195" port: 43325 }, Status: LMP_MISMATCH, Last received: 0.0, Next index: 1, Last known committed idx: 0, Time since last communication: 0.000s
I20260710 13:17:19.144513  1800 consensus_queue.cc:1048] T 1f3da737179549b084de54bf2e34da6e P a6391da0dab54306a32267e8027df9a9 [LEADER]: Connected to new peer: Peer: permanent_uuid: "38a8fb9e860541a982a4bd8635243a7d" member_type: VOTER last_known_addr { host: "127.0.107.193" port: 37213 }, Status: LMP_MISMATCH, Last received: 0.0, Next index: 1, Last known committed idx: 0, Time since last communication: 0.000s
I20260710 13:17:19.535439   431 file_cache.cc:504] Constructed file cache file cache with capacity 419430
W20260710 13:17:19.542098  1935 instance_detector.cc:116] could not retrieve AWS instance metadata: Network error: curl error: HTTP response code said error: The requested URL returned error: 404
W20260710 13:17:19.543563  1936 instance_detector.cc:116] could not retrieve Azure instance metadata: Network error: curl error: HTTP response code said error: The requested URL returned error: 404
I20260710 13:17:19.551270   431 server_base.cc:1061] running on GCE node
W20260710 13:17:19.552299  1938 instance_detector.cc:116] could not retrieve OpenStack instance metadata: Network error: curl error: HTTP response code said error: The requested URL returned error: 404
I20260710 13:17:19.553506   431 hybrid_clock.cc:584] initializing the hybrid clock with 'system_unsync' time source
W20260710 13:17:19.553758   431 system_unsync_time.cc:38] NTP support is disabled. Clock error bounds will not be accurate. This configuration is not suitable for distributed clusters.
I20260710 13:17:19.553960   431 hybrid_clock.cc:648] HybridClock initialized: now 1783689439553936 us; error 0 us; skew 500 ppm
I20260710 13:17:19.554548   431 server_base.cc:861] Flag tcmalloc_max_total_thread_cache_bytes is not working since tcmalloc is not enabled.
I20260710 13:17:19.557668   431 webserver.cc:533] Webserver started at http://127.0.107.196:44757/ using document root <none> and password file <none>
I20260710 13:17:19.558202   431 fs_manager.cc:362] Metadata directory not provided
I20260710 13:17:19.558426   431 fs_manager.cc:368] Using write-ahead log directory (fs_wal_dir) as metadata directory
I20260710 13:17:19.558717   431 server_base.cc:909] This appears to be a new deployment of Kudu; creating new FS layout
I20260710 13:17:19.566370   431 fs_manager.cc:1068] Generated new instance metadata in path /tmp/dist-test-taskgE0SBB/test-tmp/auto_leader_rebalancer-test.0.LeaderRebalancerTest.AddTserver.1783689410043431-431-0/minicluster-data/ts-3-root/instance:
uuid: "33730dd5670b4e0388927e2d7e1c6bc7"
format_stamp: "Formatted at 2026-07-10 13:17:19 on dist-test-slave-0606"
I20260710 13:17:19.572845   431 fs_manager.cc:696] Time spent creating directory manager: real 0.006s	user 0.003s	sys 0.003s
I20260710 13:17:19.577104  1943 log_block_manager.cc:4127] Time spent loading block containers with low live blocks: real 0.000s	user 0.000s	sys 0.000s
I20260710 13:17:19.578003   431 fs_manager.cc:730] Time spent opening block manager: real 0.003s	user 0.004s	sys 0.000s
I20260710 13:17:19.578346   431 fs_manager.cc:647] Opened local filesystem: /tmp/dist-test-taskgE0SBB/test-tmp/auto_leader_rebalancer-test.0.LeaderRebalancerTest.AddTserver.1783689410043431-431-0/minicluster-data/ts-3-root
uuid: "33730dd5670b4e0388927e2d7e1c6bc7"
format_stamp: "Formatted at 2026-07-10 13:17:19 on dist-test-slave-0606"
I20260710 13:17:19.578665   431 fs_report.cc:389] FS layout report
--------------------
wal directory: /tmp/dist-test-taskgE0SBB/test-tmp/auto_leader_rebalancer-test.0.LeaderRebalancerTest.AddTserver.1783689410043431-431-0/minicluster-data/ts-3-root
metadata directory: /tmp/dist-test-taskgE0SBB/test-tmp/auto_leader_rebalancer-test.0.LeaderRebalancerTest.AddTserver.1783689410043431-431-0/minicluster-data/ts-3-root
1 data directories: /tmp/dist-test-taskgE0SBB/test-tmp/auto_leader_rebalancer-test.0.LeaderRebalancerTest.AddTserver.1783689410043431-431-0/minicluster-data/ts-3-root/data
Total live blocks: 0
Total live bytes: 0
Total live bytes (after alignment): 0
Total number of LBM containers: 0 (0 full)
Did not check for missing blocks
Did not check for orphaned blocks
Total full LBM containers with extra space: 0 (0 repaired)
Total full LBM container extra space in bytes: 0 (0 repaired)
Total incomplete LBM containers: 0 (0 repaired)
Total LBM partial records: 0 (0 repaired)
Total corrupted LBM metadata records in RocksDB: 0 (0 repaired)
I20260710 13:17:19.593398   431 rpc_server.cc:225] running with OpenSSL 1.1.1  11 Sep 2018
I20260710 13:17:19.595052   431 kserver.cc:163] Server-wide thread pool size limit: 3276
I20260710 13:17:19.599241   431 txn_system_client.cc:432] TxnSystemClient initialization is disabled...
I20260710 13:17:19.604429   431 ts_tablet_manager.cc:585] Loaded tablet metadata (0 total tablets, 0 live tablets)
I20260710 13:17:19.604730   431 ts_tablet_manager.cc:531] Time spent load tablet metadata: real 0.000s	user 0.000s	sys 0.000s
I20260710 13:17:19.605021   431 ts_tablet_manager.cc:616] Registered 0 tablets
I20260710 13:17:19.605229   431 ts_tablet_manager.cc:595] Time spent register tablets: real 0.000s	user 0.000s	sys 0.000s
W20260710 13:17:19.693169  1514 outbound_call.cc:321] RPC callback for RPC call kudu.consensus.ConsensusService.UpdateConsensus -> {remote=127.0.107.195:43325, user_credentials={real_user=slave}} blocked reactor thread for 43802.4us
W20260710 13:17:19.694840  1517 outbound_call.cc:321] RPC callback for RPC call kudu.consensus.ConsensusService.UpdateConsensus -> {remote=127.0.107.194:33717, user_credentials={real_user=slave}} blocked reactor thread for 49751.2us
I20260710 13:17:19.766348   431 rpc_server.cc:307] RPC server started. Bound to: 127.0.107.196:42667
I20260710 13:17:19.766448  2008 acceptor_pool.cc:272] collecting diagnostics on the listening RPC socket 127.0.107.196:42667 every 8 connection(s)
I20260710 13:17:19.776340   431 auto_leader_rebalancer-test.cc:388] add a tserver: 33730dd5670b4e0388927e2d7e1c6bc7
I20260710 13:17:19.792603  2009 heartbeater.cc:344] Connected to a master server at 127.0.107.254:35867
I20260710 13:17:19.793111  2009 heartbeater.cc:461] Registering TS with master...
I20260710 13:17:19.794078  2009 heartbeater.cc:507] Master 127.0.107.254:35867 requested a full tablet report, sending...
I20260710 13:17:19.796228  1448 ts_manager.cc:194] Registered new tserver with Master: 33730dd5670b4e0388927e2d7e1c6bc7 (127.0.107.196:42667)
I20260710 13:17:19.797467  1448 master_service.cc:502] Signed X509 certificate for tserver {username='slave'} at 127.0.0.1:34608
