I20260710 13:16:28.386422  6870 tablet_service.cc:1917] Received RequestConsensusVote() RPC: tablet_id: "c1b067e3017d459a9bd1c4e34e5b1c49" candidate_uuid: "a3b3005b5cee4152b9edce64fcb9a5cb" candidate_term: 1 candidate_status { last_received { term: 0 index: 0 } } ignore_live_leader: false dest_uuid: "5f0eed44fc214a51bfe9873a5a6a4c5f"
I20260710 13:16:28.387032  6870 raft_consensus.cc:3060] T c1b067e3017d459a9bd1c4e34e5b1c49 P 5f0eed44fc214a51bfe9873a5a6a4c5f [term 0 FOLLOWER]: Advancing to term 1
I20260710 13:16:28.387269  6792 raft_consensus.cc:2468] T 33e6b5ac838549d191e576a5496eb084 P a3b3005b5cee4152b9edce64fcb9a5cb [term 1 FOLLOWER]: Leader election vote request: Granting yes vote for candidate 04e6f62d11894594b954edd3b831d29f in term 1.
I20260710 13:16:28.393772  6943 tablet_service.cc:1917] Received RequestConsensusVote() RPC: tablet_id: "c1b067e3017d459a9bd1c4e34e5b1c49" candidate_uuid: "a3b3005b5cee4152b9edce64fcb9a5cb" candidate_term: 1 candidate_status { last_received { term: 0 index: 0 } } ignore_live_leader: false dest_uuid: "04e6f62d11894594b954edd3b831d29f"
I20260710 13:16:28.395237  6908 leader_election.cc:304] T 33e6b5ac838549d191e576a5496eb084 P 04e6f62d11894594b954edd3b831d29f [CANDIDATE]: Term 1 election: Election decided. Result: candidate won. Election summary: received 2 responses out of 3 voters: 2 yes votes; 0 no votes. yes voters: 04e6f62d11894594b954edd3b831d29f, a3b3005b5cee4152b9edce64fcb9a5cb; no voters: 
I20260710 13:16:28.392905  7027 raft_consensus.cc:515] T b983f2c3ae194001b81b3e82721ccc58 P a3b3005b5cee4152b9edce64fcb9a5cb [term 1 FOLLOWER]: Starting leader election with config: opid_index: -1 OBSOLETE_local: false peers { permanent_uuid: "a3b3005b5cee4152b9edce64fcb9a5cb" member_type: VOTER last_known_addr { host: "127.5.145.1" port: 34381 } } peers { permanent_uuid: "5f0eed44fc214a51bfe9873a5a6a4c5f" member_type: VOTER last_known_addr { host: "127.5.145.2" port: 32961 } } peers { permanent_uuid: "04e6f62d11894594b954edd3b831d29f" member_type: VOTER last_known_addr { host: "127.5.145.3" port: 40513 } }
W20260710 13:16:28.396224  6761 leader_election.cc:343] T c1b067e3017d459a9bd1c4e34e5b1c49 P a3b3005b5cee4152b9edce64fcb9a5cb [CANDIDATE]: Term 1 election: Tablet error from VoteRequest() call to peer 04e6f62d11894594b954edd3b831d29f (127.5.145.3:40513): Illegal state: must be running to vote when last-logged opid is not known
I20260710 13:16:28.397404  6867 tablet_service.cc:1917] Received RequestConsensusVote() RPC: tablet_id: "33e6b5ac838549d191e576a5496eb084" candidate_uuid: "04e6f62d11894594b954edd3b831d29f" candidate_term: 1 candidate_status { last_received { term: 0 index: 0 } } ignore_live_leader: false dest_uuid: "5f0eed44fc214a51bfe9873a5a6a4c5f"
I20260710 13:16:28.398046  6867 raft_consensus.cc:3060] T 33e6b5ac838549d191e576a5496eb084 P 5f0eed44fc214a51bfe9873a5a6a4c5f [term 0 FOLLOWER]: Advancing to term 1
I20260710 13:16:28.399232  7025 consensus_queue.cc:1048] T df51ce85bb0246fbbfd51670ff74fb2e P 5f0eed44fc214a51bfe9873a5a6a4c5f [LEADER]: Connected to new peer: Peer: permanent_uuid: "a3b3005b5cee4152b9edce64fcb9a5cb" member_type: VOTER last_known_addr { host: "127.5.145.1" port: 34381 }, Status: LMP_MISMATCH, Last received: 0.0, Next index: 1, Last known committed idx: 0, Time since last communication: 0.000s
I20260710 13:16:28.400049  6868 tablet_service.cc:1917] Received RequestConsensusVote() RPC: tablet_id: "b983f2c3ae194001b81b3e82721ccc58" candidate_uuid: "a3b3005b5cee4152b9edce64fcb9a5cb" candidate_term: 1 candidate_status { last_received { term: 0 index: 0 } } ignore_live_leader: false dest_uuid: "5f0eed44fc214a51bfe9873a5a6a4c5f"
I20260710 13:16:28.400633  6868 raft_consensus.cc:3060] T b983f2c3ae194001b81b3e82721ccc58 P 5f0eed44fc214a51bfe9873a5a6a4c5f [term 0 FOLLOWER]: Advancing to term 1
I20260710 13:16:28.402863  7027 leader_election.cc:290] T b983f2c3ae194001b81b3e82721ccc58 P a3b3005b5cee4152b9edce64fcb9a5cb [CANDIDATE]: Term 1 election: Requested vote from peers 5f0eed44fc214a51bfe9873a5a6a4c5f (127.5.145.2:32961), 04e6f62d11894594b954edd3b831d29f (127.5.145.3:40513)
I20260710 13:16:28.405026  7021 raft_consensus.cc:2804] T 33e6b5ac838549d191e576a5496eb084 P 04e6f62d11894594b954edd3b831d29f [term 1 FOLLOWER]: Leader election won for term 1
I20260710 13:16:28.405562  7021 raft_consensus.cc:697] T 33e6b5ac838549d191e576a5496eb084 P 04e6f62d11894594b954edd3b831d29f [term 1 LEADER]: Becoming Leader. State: Replica: 04e6f62d11894594b954edd3b831d29f, State: Running, Role: LEADER
I20260710 13:16:28.406431  7021 consensus_queue.cc:237] T 33e6b5ac838549d191e576a5496eb084 P 04e6f62d11894594b954edd3b831d29f [LEADER]: Queue going to LEADER mode. State: All replicated index: 0, Majority replicated index: 0, Committed index: 0, Last appended: 0.0, Last appended by leader: 0, Current term: 1, Majority size: 2, State: 0, Mode: LEADER, active raft config: opid_index: -1 OBSOLETE_local: false peers { permanent_uuid: "a3b3005b5cee4152b9edce64fcb9a5cb" member_type: VOTER last_known_addr { host: "127.5.145.1" port: 34381 } } peers { permanent_uuid: "5f0eed44fc214a51bfe9873a5a6a4c5f" member_type: VOTER last_known_addr { host: "127.5.145.2" port: 32961 } } peers { permanent_uuid: "04e6f62d11894594b954edd3b831d29f" member_type: VOTER last_known_addr { host: "127.5.145.3" port: 40513 } }
I20260710 13:16:28.408275  6909 leader_election.cc:304] T b7221acc19e84fd384105837d381aa16 P 04e6f62d11894594b954edd3b831d29f [CANDIDATE]: Term 1 pre-election: Election decided. Result: candidate lost. Election summary: received 3 responses out of 3 voters: 1 yes votes; 2 no votes. yes voters: 04e6f62d11894594b954edd3b831d29f; no voters: 5f0eed44fc214a51bfe9873a5a6a4c5f, a3b3005b5cee4152b9edce64fcb9a5cb
I20260710 13:16:28.409217  7022 raft_consensus.cc:3060] T b7221acc19e84fd384105837d381aa16 P 04e6f62d11894594b954edd3b831d29f [term 0 FOLLOWER]: Advancing to term 1
I20260710 13:16:28.410554  6943 tablet_service.cc:1917] Received RequestConsensusVote() RPC: tablet_id: "b983f2c3ae194001b81b3e82721ccc58" candidate_uuid: "a3b3005b5cee4152b9edce64fcb9a5cb" candidate_term: 1 candidate_status { last_received { term: 0 index: 0 } } ignore_live_leader: false dest_uuid: "04e6f62d11894594b954edd3b831d29f"
I20260710 13:16:28.411300  6867 raft_consensus.cc:2468] T 33e6b5ac838549d191e576a5496eb084 P 5f0eed44fc214a51bfe9873a5a6a4c5f [term 1 FOLLOWER]: Leader election vote request: Granting yes vote for candidate 04e6f62d11894594b954edd3b831d29f in term 1.
W20260710 13:16:28.411754  6761 leader_election.cc:343] T b983f2c3ae194001b81b3e82721ccc58 P a3b3005b5cee4152b9edce64fcb9a5cb [CANDIDATE]: Term 1 election: Tablet error from VoteRequest() call to peer 04e6f62d11894594b954edd3b831d29f (127.5.145.3:40513): Illegal state: must be running to vote when last-logged opid is not known
I20260710 13:16:28.413854  6870 raft_consensus.cc:2468] T c1b067e3017d459a9bd1c4e34e5b1c49 P 5f0eed44fc214a51bfe9873a5a6a4c5f [term 1 FOLLOWER]: Leader election vote request: Granting yes vote for candidate a3b3005b5cee4152b9edce64fcb9a5cb in term 1.
I20260710 13:16:28.414939  6760 leader_election.cc:304] T c1b067e3017d459a9bd1c4e34e5b1c49 P a3b3005b5cee4152b9edce64fcb9a5cb [CANDIDATE]: Term 1 election: Election decided. Result: candidate won. Election summary: received 3 responses out of 3 voters: 2 yes votes; 1 no votes. yes voters: 5f0eed44fc214a51bfe9873a5a6a4c5f, a3b3005b5cee4152b9edce64fcb9a5cb; no voters: 04e6f62d11894594b954edd3b831d29f
I20260710 13:16:28.416042  7026 raft_consensus.cc:2804] T c1b067e3017d459a9bd1c4e34e5b1c49 P a3b3005b5cee4152b9edce64fcb9a5cb [term 1 FOLLOWER]: Leader election won for term 1
I20260710 13:16:28.416503  7026 raft_consensus.cc:697] T c1b067e3017d459a9bd1c4e34e5b1c49 P a3b3005b5cee4152b9edce64fcb9a5cb [term 1 LEADER]: Becoming Leader. State: Replica: a3b3005b5cee4152b9edce64fcb9a5cb, State: Running, Role: LEADER
I20260710 13:16:28.417268  7026 consensus_queue.cc:237] T c1b067e3017d459a9bd1c4e34e5b1c49 P a3b3005b5cee4152b9edce64fcb9a5cb [LEADER]: Queue going to LEADER mode. State: All replicated index: 0, Majority replicated index: 0, Committed index: 0, Last appended: 0.0, Last appended by leader: 0, Current term: 1, Majority size: 2, State: 0, Mode: LEADER, active raft config: opid_index: -1 OBSOLETE_local: false peers { permanent_uuid: "a3b3005b5cee4152b9edce64fcb9a5cb" member_type: VOTER last_known_addr { host: "127.5.145.1" port: 34381 } } peers { permanent_uuid: "5f0eed44fc214a51bfe9873a5a6a4c5f" member_type: VOTER last_known_addr { host: "127.5.145.2" port: 32961 } } peers { permanent_uuid: "04e6f62d11894594b954edd3b831d29f" member_type: VOTER last_known_addr { host: "127.5.145.3" port: 40513 } }
I20260710 13:16:28.418870  7020 raft_consensus.cc:515] T 682e56f21df4478d9f07cb88ad60d980 P 04e6f62d11894594b954edd3b831d29f [term 1 FOLLOWER]: Starting leader election with config: opid_index: -1 OBSOLETE_local: false peers { permanent_uuid: "a3b3005b5cee4152b9edce64fcb9a5cb" member_type: VOTER last_known_addr { host: "127.5.145.1" port: 34381 } } peers { permanent_uuid: "5f0eed44fc214a51bfe9873a5a6a4c5f" member_type: VOTER last_known_addr { host: "127.5.145.2" port: 32961 } } peers { permanent_uuid: "04e6f62d11894594b954edd3b831d29f" member_type: VOTER last_known_addr { host: "127.5.145.3" port: 40513 } }
I20260710 13:16:28.421077  7020 leader_election.cc:290] T 682e56f21df4478d9f07cb88ad60d980 P 04e6f62d11894594b954edd3b831d29f [CANDIDATE]: Term 1 election: Requested vote from peers a3b3005b5cee4152b9edce64fcb9a5cb (127.5.145.1:34381), 5f0eed44fc214a51bfe9873a5a6a4c5f (127.5.145.2:32961)
I20260710 13:16:28.421602  6792 tablet_service.cc:1917] Received RequestConsensusVote() RPC: tablet_id: "682e56f21df4478d9f07cb88ad60d980" candidate_uuid: "04e6f62d11894594b954edd3b831d29f" candidate_term: 1 candidate_status { last_received { term: 0 index: 0 } } ignore_live_leader: false dest_uuid: "a3b3005b5cee4152b9edce64fcb9a5cb"
I20260710 13:16:28.422209  6870 tablet_service.cc:1917] Received RequestConsensusVote() RPC: tablet_id: "682e56f21df4478d9f07cb88ad60d980" candidate_uuid: "04e6f62d11894594b954edd3b831d29f" candidate_term: 1 candidate_status { last_received { term: 0 index: 0 } } ignore_live_leader: false dest_uuid: "5f0eed44fc214a51bfe9873a5a6a4c5f"
I20260710 13:16:28.422848  6870 raft_consensus.cc:3060] T 682e56f21df4478d9f07cb88ad60d980 P 5f0eed44fc214a51bfe9873a5a6a4c5f [term 0 FOLLOWER]: Advancing to term 1
W20260710 13:16:28.423332  6908 leader_election.cc:343] T 682e56f21df4478d9f07cb88ad60d980 P 04e6f62d11894594b954edd3b831d29f [CANDIDATE]: Term 1 election: Tablet error from VoteRequest() call to peer a3b3005b5cee4152b9edce64fcb9a5cb (127.5.145.1:34381): Illegal state: must be running to vote when last-logged opid is not known
I20260710 13:16:28.426244  6986 tablet_bootstrap.cc:654] T 682e56f21df4478d9f07cb88ad60d980 P a3b3005b5cee4152b9edce64fcb9a5cb: Neither blocks nor log segments found. Creating new log.
I20260710 13:16:28.428825  6984 tablet_bootstrap.cc:492] T 2f6ae365a54d474db76f899f932964a1 P 5f0eed44fc214a51bfe9873a5a6a4c5f: No bootstrap required, opened a new log
I20260710 13:16:28.429296  6984 ts_tablet_manager.cc:1403] T 2f6ae365a54d474db76f899f932964a1 P 5f0eed44fc214a51bfe9873a5a6a4c5f: Time spent bootstrapping tablet: real 0.199s	user 0.038s	sys 0.078s
I20260710 13:16:28.432968  6985 tablet_bootstrap.cc:492] T c1b067e3017d459a9bd1c4e34e5b1c49 P 04e6f62d11894594b954edd3b831d29f: No bootstrap required, opened a new log
I20260710 13:16:28.433519  6985 ts_tablet_manager.cc:1403] T c1b067e3017d459a9bd1c4e34e5b1c49 P 04e6f62d11894594b954edd3b831d29f: Time spent bootstrapping tablet: real 0.228s	user 0.045s	sys 0.088s
I20260710 13:16:28.432222  6984 raft_consensus.cc:359] T 2f6ae365a54d474db76f899f932964a1 P 5f0eed44fc214a51bfe9873a5a6a4c5f [term 0 FOLLOWER]: Replica starting. Triggering 0 pending ops. Active config: opid_index: -1 OBSOLETE_local: false peers { permanent_uuid: "a3b3005b5cee4152b9edce64fcb9a5cb" member_type: VOTER last_known_addr { host: "127.5.145.1" port: 34381 } } peers { permanent_uuid: "5f0eed44fc214a51bfe9873a5a6a4c5f" member_type: VOTER last_known_addr { host: "127.5.145.2" port: 32961 } } peers { permanent_uuid: "04e6f62d11894594b954edd3b831d29f" member_type: VOTER last_known_addr { host: "127.5.145.3" port: 40513 } }
I20260710 13:16:28.434880  6984 raft_consensus.cc:385] T 2f6ae365a54d474db76f899f932964a1 P 5f0eed44fc214a51bfe9873a5a6a4c5f [term 0 FOLLOWER]: Consensus starting up: Expiring failure detector timer to make a prompt election more likely
I20260710 13:16:28.435173  6984 raft_consensus.cc:740] T 2f6ae365a54d474db76f899f932964a1 P 5f0eed44fc214a51bfe9873a5a6a4c5f [term 0 FOLLOWER]: Becoming Follower/Learner. State: Replica: 5f0eed44fc214a51bfe9873a5a6a4c5f, State: Initialized, Role: FOLLOWER
I20260710 13:16:28.437042  6984 consensus_queue.cc:260] T 2f6ae365a54d474db76f899f932964a1 P 5f0eed44fc214a51bfe9873a5a6a4c5f [NON_LEADER]: Queue going to NON_LEADER mode. State: All replicated index: 0, Majority replicated index: 0, Committed index: 0, Last appended: 0.0, Last appended by leader: 0, Current term: 0, Majority size: -1, State: 0, Mode: NON_LEADER, active raft config: opid_index: -1 OBSOLETE_local: false peers { permanent_uuid: "a3b3005b5cee4152b9edce64fcb9a5cb" member_type: VOTER last_known_addr { host: "127.5.145.1" port: 34381 } } peers { permanent_uuid: "5f0eed44fc214a51bfe9873a5a6a4c5f" member_type: VOTER last_known_addr { host: "127.5.145.2" port: 32961 } } peers { permanent_uuid: "04e6f62d11894594b954edd3b831d29f" member_type: VOTER last_known_addr { host: "127.5.145.3" port: 40513 } }
I20260710 13:16:28.443625  7022 raft_consensus.cc:2749] T b7221acc19e84fd384105837d381aa16 P 04e6f62d11894594b954edd3b831d29f [term 1 FOLLOWER]: Leader pre-election lost for term 1. Reason: could not achieve majority
I20260710 13:16:28.445132  6985 raft_consensus.cc:359] T c1b067e3017d459a9bd1c4e34e5b1c49 P 04e6f62d11894594b954edd3b831d29f [term 0 FOLLOWER]: Replica starting. Triggering 0 pending ops. Active config: opid_index: -1 OBSOLETE_local: false peers { permanent_uuid: "a3b3005b5cee4152b9edce64fcb9a5cb" member_type: VOTER last_known_addr { host: "127.5.145.1" port: 34381 } } peers { permanent_uuid: "5f0eed44fc214a51bfe9873a5a6a4c5f" member_type: VOTER last_known_addr { host: "127.5.145.2" port: 32961 } } peers { permanent_uuid: "04e6f62d11894594b954edd3b831d29f" member_type: VOTER last_known_addr { host: "127.5.145.3" port: 40513 } }
I20260710 13:16:28.445727  6985 raft_consensus.cc:385] T c1b067e3017d459a9bd1c4e34e5b1c49 P 04e6f62d11894594b954edd3b831d29f [term 0 FOLLOWER]: Consensus starting up: Expiring failure detector timer to make a prompt election more likely
I20260710 13:16:28.445962  6985 raft_consensus.cc:740] T c1b067e3017d459a9bd1c4e34e5b1c49 P 04e6f62d11894594b954edd3b831d29f [term 0 FOLLOWER]: Becoming Follower/Learner. State: Replica: 04e6f62d11894594b954edd3b831d29f, State: Initialized, Role: FOLLOWER
I20260710 13:16:28.446585  6985 consensus_queue.cc:260] T c1b067e3017d459a9bd1c4e34e5b1c49 P 04e6f62d11894594b954edd3b831d29f [NON_LEADER]: Queue going to NON_LEADER mode. State: All replicated index: 0, Majority replicated index: 0, Committed index: 0, Last appended: 0.0, Last appended by leader: 0, Current term: 0, Majority size: -1, State: 0, Mode: NON_LEADER, active raft config: opid_index: -1 OBSOLETE_local: false peers { permanent_uuid: "a3b3005b5cee4152b9edce64fcb9a5cb" member_type: VOTER last_known_addr { host: "127.5.145.1" port: 34381 } } peers { permanent_uuid: "5f0eed44fc214a51bfe9873a5a6a4c5f" member_type: VOTER last_known_addr { host: "127.5.145.2" port: 32961 } } peers { permanent_uuid: "04e6f62d11894594b954edd3b831d29f" member_type: VOTER last_known_addr { host: "127.5.145.3" port: 40513 } }
I20260710 13:16:28.447417  6690 catalog_manager.cc:5697] T c1b067e3017d459a9bd1c4e34e5b1c49 P a3b3005b5cee4152b9edce64fcb9a5cb reported cstate change: term changed from 0 to 1, leader changed from <none> to a3b3005b5cee4152b9edce64fcb9a5cb (127.5.145.1). New cstate: current_term: 1 leader_uuid: "a3b3005b5cee4152b9edce64fcb9a5cb" committed_config { opid_index: -1 OBSOLETE_local: false peers { permanent_uuid: "a3b3005b5cee4152b9edce64fcb9a5cb" member_type: VOTER last_known_addr { host: "127.5.145.1" port: 34381 } health_report { overall_health: HEALTHY } } peers { permanent_uuid: "5f0eed44fc214a51bfe9873a5a6a4c5f" member_type: VOTER last_known_addr { host: "127.5.145.2" port: 32961 } health_report { overall_health: UNKNOWN } } peers { permanent_uuid: "04e6f62d11894594b954edd3b831d29f" member_type: VOTER last_known_addr { host: "127.5.145.3" port: 40513 } health_report { overall_health: UNKNOWN } } }
I20260710 13:16:28.448975  6868 raft_consensus.cc:2468] T b983f2c3ae194001b81b3e82721ccc58 P 5f0eed44fc214a51bfe9873a5a6a4c5f [term 1 FOLLOWER]: Leader election vote request: Granting yes vote for candidate a3b3005b5cee4152b9edce64fcb9a5cb in term 1.
I20260710 13:16:28.450259  6985 ts_tablet_manager.cc:1434] T c1b067e3017d459a9bd1c4e34e5b1c49 P 04e6f62d11894594b954edd3b831d29f: Time spent starting tablet: real 0.016s	user 0.007s	sys 0.000s
I20260710 13:16:28.451126  6985 tablet_bootstrap.cc:492] T b983f2c3ae194001b81b3e82721ccc58 P 04e6f62d11894594b954edd3b831d29f: Bootstrap starting.
I20260710 13:16:28.452244  6986 tablet_bootstrap.cc:492] T 682e56f21df4478d9f07cb88ad60d980 P a3b3005b5cee4152b9edce64fcb9a5cb: No bootstrap required, opened a new log
I20260710 13:16:28.452723  6986 ts_tablet_manager.cc:1403] T 682e56f21df4478d9f07cb88ad60d980 P a3b3005b5cee4152b9edce64fcb9a5cb: Time spent bootstrapping tablet: real 0.078s	user 0.005s	sys 0.007s
I20260710 13:16:28.456373  6984 ts_tablet_manager.cc:1434] T 2f6ae365a54d474db76f899f932964a1 P 5f0eed44fc214a51bfe9873a5a6a4c5f: Time spent starting tablet: real 0.027s	user 0.005s	sys 0.001s
I20260710 13:16:28.457388  6984 tablet_bootstrap.cc:492] T 52a46e170a454ae2962eaff5edddcf1d P 5f0eed44fc214a51bfe9873a5a6a4c5f: Bootstrap starting.
I20260710 13:16:28.457427  6986 raft_consensus.cc:359] T 682e56f21df4478d9f07cb88ad60d980 P a3b3005b5cee4152b9edce64fcb9a5cb [term 0 FOLLOWER]: Replica starting. Triggering 0 pending ops. Active config: opid_index: -1 OBSOLETE_local: false peers { permanent_uuid: "a3b3005b5cee4152b9edce64fcb9a5cb" member_type: VOTER last_known_addr { host: "127.5.145.1" port: 34381 } } peers { permanent_uuid: "5f0eed44fc214a51bfe9873a5a6a4c5f" member_type: VOTER last_known_addr { host: "127.5.145.2" port: 32961 } } peers { permanent_uuid: "04e6f62d11894594b954edd3b831d29f" member_type: VOTER last_known_addr { host: "127.5.145.3" port: 40513 } }
I20260710 13:16:28.458840  6985 tablet_bootstrap.cc:654] T b983f2c3ae194001b81b3e82721ccc58 P 04e6f62d11894594b954edd3b831d29f: Neither blocks nor log segments found. Creating new log.
I20260710 13:16:28.459386  6760 leader_election.cc:304] T b983f2c3ae194001b81b3e82721ccc58 P a3b3005b5cee4152b9edce64fcb9a5cb [CANDIDATE]: Term 1 election: Election decided. Result: candidate won. Election summary: received 3 responses out of 3 voters: 2 yes votes; 1 no votes. yes voters: 5f0eed44fc214a51bfe9873a5a6a4c5f, a3b3005b5cee4152b9edce64fcb9a5cb; no voters: 04e6f62d11894594b954edd3b831d29f
I20260710 13:16:28.461426  7027 raft_consensus.cc:2804] T b983f2c3ae194001b81b3e82721ccc58 P a3b3005b5cee4152b9edce64fcb9a5cb [term 1 FOLLOWER]: Leader election won for term 1
I20260710 13:16:28.461951  7027 raft_consensus.cc:697] T b983f2c3ae194001b81b3e82721ccc58 P a3b3005b5cee4152b9edce64fcb9a5cb [term 1 LEADER]: Becoming Leader. State: Replica: a3b3005b5cee4152b9edce64fcb9a5cb, State: Running, Role: LEADER
I20260710 13:16:28.462819  7027 consensus_queue.cc:237] T b983f2c3ae194001b81b3e82721ccc58 P a3b3005b5cee4152b9edce64fcb9a5cb [LEADER]: Queue going to LEADER mode. State: All replicated index: 0, Majority replicated index: 0, Committed index: 0, Last appended: 0.0, Last appended by leader: 0, Current term: 1, Majority size: 2, State: 0, Mode: LEADER, active raft config: opid_index: -1 OBSOLETE_local: false peers { permanent_uuid: "a3b3005b5cee4152b9edce64fcb9a5cb" member_type: VOTER last_known_addr { host: "127.5.145.1" port: 34381 } } peers { permanent_uuid: "5f0eed44fc214a51bfe9873a5a6a4c5f" member_type: VOTER last_known_addr { host: "127.5.145.2" port: 32961 } } peers { permanent_uuid: "04e6f62d11894594b954edd3b831d29f" member_type: VOTER last_known_addr { host: "127.5.145.3" port: 40513 } }
I20260710 13:16:28.447373  6870 raft_consensus.cc:2468] T 682e56f21df4478d9f07cb88ad60d980 P 5f0eed44fc214a51bfe9873a5a6a4c5f [term 1 FOLLOWER]: Leader election vote request: Granting yes vote for candidate 04e6f62d11894594b954edd3b831d29f in term 1.
I20260710 13:16:28.466073  6909 leader_election.cc:304] T 682e56f21df4478d9f07cb88ad60d980 P 04e6f62d11894594b954edd3b831d29f [CANDIDATE]: Term 1 election: Election decided. Result: candidate won. Election summary: received 3 responses out of 3 voters: 2 yes votes; 1 no votes. yes voters: 04e6f62d11894594b954edd3b831d29f, 5f0eed44fc214a51bfe9873a5a6a4c5f; no voters: a3b3005b5cee4152b9edce64fcb9a5cb
I20260710 13:16:28.467288  7022 raft_consensus.cc:2804] T 682e56f21df4478d9f07cb88ad60d980 P 04e6f62d11894594b954edd3b831d29f [term 1 FOLLOWER]: Leader election won for term 1
I20260710 13:16:28.469280  7020 raft_consensus.cc:493] T 53641f26cb194b55a33311649c6168db P 04e6f62d11894594b954edd3b831d29f [term 0 FOLLOWER]: Starting pre-election (no leader contacted us within the election timeout)
I20260710 13:16:28.469661  7022 raft_consensus.cc:697] T 682e56f21df4478d9f07cb88ad60d980 P 04e6f62d11894594b954edd3b831d29f [term 1 LEADER]: Becoming Leader. State: Replica: 04e6f62d11894594b954edd3b831d29f, State: Running, Role: LEADER
I20260710 13:16:28.469774  7020 raft_consensus.cc:515] T 53641f26cb194b55a33311649c6168db P 04e6f62d11894594b954edd3b831d29f [term 0 FOLLOWER]: Starting pre-election with config: opid_index: -1 OBSOLETE_local: false peers { permanent_uuid: "a3b3005b5cee4152b9edce64fcb9a5cb" member_type: VOTER last_known_addr { host: "127.5.145.1" port: 34381 } } peers { permanent_uuid: "5f0eed44fc214a51bfe9873a5a6a4c5f" member_type: VOTER last_known_addr { host: "127.5.145.2" port: 32961 } } peers { permanent_uuid: "04e6f62d11894594b954edd3b831d29f" member_type: VOTER last_known_addr { host: "127.5.145.3" port: 40513 } }
I20260710 13:16:28.458257  6986 raft_consensus.cc:385] T 682e56f21df4478d9f07cb88ad60d980 P a3b3005b5cee4152b9edce64fcb9a5cb [term 0 FOLLOWER]: Consensus starting up: Expiring failure detector timer to make a prompt election more likely
I20260710 13:16:28.474000  6986 raft_consensus.cc:740] T 682e56f21df4478d9f07cb88ad60d980 P a3b3005b5cee4152b9edce64fcb9a5cb [term 0 FOLLOWER]: Becoming Follower/Learner. State: Replica: a3b3005b5cee4152b9edce64fcb9a5cb, State: Initialized, Role: FOLLOWER
I20260710 13:16:28.484373  6870 tablet_service.cc:1917] Received RequestConsensusVote() RPC: tablet_id: "53641f26cb194b55a33311649c6168db" candidate_uuid: "04e6f62d11894594b954edd3b831d29f" candidate_term: 1 candidate_status { last_received { term: 0 index: 0 } } ignore_live_leader: false dest_uuid: "5f0eed44fc214a51bfe9873a5a6a4c5f" is_pre_election: true
I20260710 13:16:28.480880  6986 consensus_queue.cc:260] T 682e56f21df4478d9f07cb88ad60d980 P a3b3005b5cee4152b9edce64fcb9a5cb [NON_LEADER]: Queue going to NON_LEADER mode. State: All replicated index: 0, Majority replicated index: 0, Committed index: 0, Last appended: 0.0, Last appended by leader: 0, Current term: 0, Majority size: -1, State: 0, Mode: NON_LEADER, active raft config: opid_index: -1 OBSOLETE_local: false peers { permanent_uuid: "a3b3005b5cee4152b9edce64fcb9a5cb" member_type: VOTER last_known_addr { host: "127.5.145.1" port: 34381 } } peers { permanent_uuid: "5f0eed44fc214a51bfe9873a5a6a4c5f" member_type: VOTER last_known_addr { host: "127.5.145.2" port: 32961 } } peers { permanent_uuid: "04e6f62d11894594b954edd3b831d29f" member_type: VOTER last_known_addr { host: "127.5.145.3" port: 40513 } }
I20260710 13:16:28.478749  7020 leader_election.cc:290] T 53641f26cb194b55a33311649c6168db P 04e6f62d11894594b954edd3b831d29f [CANDIDATE]: Term 1 pre-election: Requested pre-vote from peers a3b3005b5cee4152b9edce64fcb9a5cb (127.5.145.1:34381), 5f0eed44fc214a51bfe9873a5a6a4c5f (127.5.145.2:32961)
I20260710 13:16:28.495136  6986 ts_tablet_manager.cc:1434] T 682e56f21df4478d9f07cb88ad60d980 P a3b3005b5cee4152b9edce64fcb9a5cb: Time spent starting tablet: real 0.042s	user 0.007s	sys 0.001s
I20260710 13:16:28.494313  6692 catalog_manager.cc:5697] T 33e6b5ac838549d191e576a5496eb084 P 04e6f62d11894594b954edd3b831d29f reported cstate change: term changed from 0 to 1, leader changed from <none> to 04e6f62d11894594b954edd3b831d29f (127.5.145.3). New cstate: current_term: 1 leader_uuid: "04e6f62d11894594b954edd3b831d29f" committed_config { opid_index: -1 OBSOLETE_local: false peers { permanent_uuid: "a3b3005b5cee4152b9edce64fcb9a5cb" member_type: VOTER last_known_addr { host: "127.5.145.1" port: 34381 } health_report { overall_health: UNKNOWN } } peers { permanent_uuid: "5f0eed44fc214a51bfe9873a5a6a4c5f" member_type: VOTER last_known_addr { host: "127.5.145.2" port: 32961 } health_report { overall_health: UNKNOWN } } peers { permanent_uuid: "04e6f62d11894594b954edd3b831d29f" member_type: VOTER last_known_addr { host: "127.5.145.3" port: 40513 } health_report { overall_health: HEALTHY } } }
I20260710 13:16:28.497355  6986 tablet_bootstrap.cc:492] T bc3c0279106d4b1085306d9ffdb622c9 P a3b3005b5cee4152b9edce64fcb9a5cb: Bootstrap starting.
W20260710 13:16:28.502202  6909 leader_election.cc:343] T 53641f26cb194b55a33311649c6168db P 04e6f62d11894594b954edd3b831d29f [CANDIDATE]: Term 1 pre-election: Tablet error from VoteRequest() call to peer 5f0eed44fc214a51bfe9873a5a6a4c5f (127.5.145.2:32961): Illegal state: must be running to vote when last-logged opid is not known
I20260710 13:16:28.506405  6985 tablet_bootstrap.cc:492] T b983f2c3ae194001b81b3e82721ccc58 P 04e6f62d11894594b954edd3b831d29f: No bootstrap required, opened a new log
I20260710 13:16:28.506804  6985 ts_tablet_manager.cc:1403] T b983f2c3ae194001b81b3e82721ccc58 P 04e6f62d11894594b954edd3b831d29f: Time spent bootstrapping tablet: real 0.056s	user 0.018s	sys 0.025s
I20260710 13:16:28.505412  6795 tablet_service.cc:1917] Received RequestConsensusVote() RPC: tablet_id: "53641f26cb194b55a33311649c6168db" candidate_uuid: "04e6f62d11894594b954edd3b831d29f" candidate_term: 1 candidate_status { last_received { term: 0 index: 0 } } ignore_live_leader: false dest_uuid: "a3b3005b5cee4152b9edce64fcb9a5cb" is_pre_election: true
I20260710 13:16:28.477279  7022 consensus_queue.cc:237] T 682e56f21df4478d9f07cb88ad60d980 P 04e6f62d11894594b954edd3b831d29f [LEADER]: Queue going to LEADER mode. State: All replicated index: 0, Majority replicated index: 0, Committed index: 0, Last appended: 0.0, Last appended by leader: 0, Current term: 1, Majority size: 2, State: 0, Mode: LEADER, active raft config: opid_index: -1 OBSOLETE_local: false peers { permanent_uuid: "a3b3005b5cee4152b9edce64fcb9a5cb" member_type: VOTER last_known_addr { host: "127.5.145.1" port: 34381 } } peers { permanent_uuid: "5f0eed44fc214a51bfe9873a5a6a4c5f" member_type: VOTER last_known_addr { host: "127.5.145.2" port: 32961 } } peers { permanent_uuid: "04e6f62d11894594b954edd3b831d29f" member_type: VOTER last_known_addr { host: "127.5.145.3" port: 40513 } }
I20260710 13:16:28.510643  7020 raft_consensus.cc:493] T 4ee9817adbf34932bfce78068143bf4f P 04e6f62d11894594b954edd3b831d29f [term 1 FOLLOWER]: Starting pre-election (no leader contacted us within the election timeout)
I20260710 13:16:28.511119  7020 raft_consensus.cc:515] T 4ee9817adbf34932bfce78068143bf4f P 04e6f62d11894594b954edd3b831d29f [term 1 FOLLOWER]: Starting pre-election with config: opid_index: -1 OBSOLETE_local: false peers { permanent_uuid: "a3b3005b5cee4152b9edce64fcb9a5cb" member_type: VOTER last_known_addr { host: "127.5.145.1" port: 34381 } } peers { permanent_uuid: "5f0eed44fc214a51bfe9873a5a6a4c5f" member_type: VOTER last_known_addr { host: "127.5.145.2" port: 32961 } } peers { permanent_uuid: "04e6f62d11894594b954edd3b831d29f" member_type: VOTER last_known_addr { host: "127.5.145.3" port: 40513 } }
W20260710 13:16:28.513209  6908 leader_election.cc:343] T 53641f26cb194b55a33311649c6168db P 04e6f62d11894594b954edd3b831d29f [CANDIDATE]: Term 1 pre-election: Tablet error from VoteRequest() call to peer a3b3005b5cee4152b9edce64fcb9a5cb (127.5.145.1:34381): Illegal state: must be running to vote when last-logged opid is not known
I20260710 13:16:28.513703  6908 leader_election.cc:304] T 53641f26cb194b55a33311649c6168db P 04e6f62d11894594b954edd3b831d29f [CANDIDATE]: Term 1 pre-election: Election decided. Result: candidate lost. Election summary: received 3 responses out of 3 voters: 1 yes votes; 2 no votes. yes voters: 04e6f62d11894594b954edd3b831d29f; no voters: 5f0eed44fc214a51bfe9873a5a6a4c5f, a3b3005b5cee4152b9edce64fcb9a5cb
I20260710 13:16:28.513713  6690 catalog_manager.cc:5697] T b983f2c3ae194001b81b3e82721ccc58 P a3b3005b5cee4152b9edce64fcb9a5cb reported cstate change: term changed from 0 to 1, leader changed from <none> to a3b3005b5cee4152b9edce64fcb9a5cb (127.5.145.1). New cstate: current_term: 1 leader_uuid: "a3b3005b5cee4152b9edce64fcb9a5cb" committed_config { opid_index: -1 OBSOLETE_local: false peers { permanent_uuid: "a3b3005b5cee4152b9edce64fcb9a5cb" member_type: VOTER last_known_addr { host: "127.5.145.1" port: 34381 } health_report { overall_health: HEALTHY } } peers { permanent_uuid: "5f0eed44fc214a51bfe9873a5a6a4c5f" member_type: VOTER last_known_addr { host: "127.5.145.2" port: 32961 } health_report { overall_health: UNKNOWN } } peers { permanent_uuid: "04e6f62d11894594b954edd3b831d29f" member_type: VOTER last_known_addr { host: "127.5.145.3" port: 40513 } health_report { overall_health: UNKNOWN } } }
I20260710 13:16:28.513926  7020 leader_election.cc:290] T 4ee9817adbf34932bfce78068143bf4f P 04e6f62d11894594b954edd3b831d29f [CANDIDATE]: Term 2 pre-election: Requested pre-vote from peers a3b3005b5cee4152b9edce64fcb9a5cb (127.5.145.1:34381), 5f0eed44fc214a51bfe9873a5a6a4c5f (127.5.145.2:32961)
I20260710 13:16:28.514834  7021 raft_consensus.cc:2749] T 53641f26cb194b55a33311649c6168db P 04e6f62d11894594b954edd3b831d29f [term 0 FOLLOWER]: Leader pre-election lost for term 1. Reason: could not achieve majority
I20260710 13:16:28.516244  6795 tablet_service.cc:1917] Received RequestConsensusVote() RPC: tablet_id: "4ee9817adbf34932bfce78068143bf4f" candidate_uuid: "04e6f62d11894594b954edd3b831d29f" candidate_term: 2 candidate_status { last_received { term: 0 index: 0 } } ignore_live_leader: false dest_uuid: "a3b3005b5cee4152b9edce64fcb9a5cb" is_pre_election: true
I20260710 13:16:28.516661  6870 tablet_service.cc:1917] Received RequestConsensusVote() RPC: tablet_id: "4ee9817adbf34932bfce78068143bf4f" candidate_uuid: "04e6f62d11894594b954edd3b831d29f" candidate_term: 2 candidate_status { last_received { term: 0 index: 0 } } ignore_live_leader: false dest_uuid: "5f0eed44fc214a51bfe9873a5a6a4c5f" is_pre_election: true
I20260710 13:16:28.516872  6795 raft_consensus.cc:2468] T 4ee9817adbf34932bfce78068143bf4f P a3b3005b5cee4152b9edce64fcb9a5cb [term 1 FOLLOWER]: Leader pre-election vote request: Granting yes vote for candidate 04e6f62d11894594b954edd3b831d29f in term 1.
I20260710 13:16:28.517611  6870 raft_consensus.cc:2468] T 4ee9817adbf34932bfce78068143bf4f P 5f0eed44fc214a51bfe9873a5a6a4c5f [term 1 FOLLOWER]: Leader pre-election vote request: Granting yes vote for candidate 04e6f62d11894594b954edd3b831d29f in term 1.
I20260710 13:16:28.518442  6908 leader_election.cc:304] T 4ee9817adbf34932bfce78068143bf4f P 04e6f62d11894594b954edd3b831d29f [CANDIDATE]: Term 2 pre-election: Election decided. Result: candidate won. Election summary: received 2 responses out of 3 voters: 2 yes votes; 0 no votes. yes voters: 04e6f62d11894594b954edd3b831d29f, a3b3005b5cee4152b9edce64fcb9a5cb; no voters: 
I20260710 13:16:28.519397  7021 raft_consensus.cc:2804] T 4ee9817adbf34932bfce78068143bf4f P 04e6f62d11894594b954edd3b831d29f [term 1 FOLLOWER]: Leader pre-election won for term 2
I20260710 13:16:28.519742  7021 raft_consensus.cc:493] T 4ee9817adbf34932bfce78068143bf4f P 04e6f62d11894594b954edd3b831d29f [term 1 FOLLOWER]: Starting leader election (no leader contacted us within the election timeout)
I20260710 13:16:28.520054  7021 raft_consensus.cc:3060] T 4ee9817adbf34932bfce78068143bf4f P 04e6f62d11894594b954edd3b831d29f [term 1 FOLLOWER]: Advancing to term 2
I20260710 13:16:28.527057  6984 tablet_bootstrap.cc:654] T 52a46e170a454ae2962eaff5edddcf1d P 5f0eed44fc214a51bfe9873a5a6a4c5f: Neither blocks nor log segments found. Creating new log.
I20260710 13:16:28.531817  6986 tablet_bootstrap.cc:654] T bc3c0279106d4b1085306d9ffdb622c9 P a3b3005b5cee4152b9edce64fcb9a5cb: Neither blocks nor log segments found. Creating new log.
I20260710 13:16:28.533146  7020 consensus_queue.cc:1048] T 98f943eae5754c5a80b4bad797d591a5 P 04e6f62d11894594b954edd3b831d29f [LEADER]: Connected to new peer: Peer: permanent_uuid: "a3b3005b5cee4152b9edce64fcb9a5cb" member_type: VOTER last_known_addr { host: "127.5.145.1" port: 34381 }, Status: LMP_MISMATCH, Last received: 0.0, Next index: 1, Last known committed idx: 0, Time since last communication: 0.001s
I20260710 13:16:28.538885  6985 raft_consensus.cc:359] T b983f2c3ae194001b81b3e82721ccc58 P 04e6f62d11894594b954edd3b831d29f [term 0 FOLLOWER]: Replica starting. Triggering 0 pending ops. Active config: opid_index: -1 OBSOLETE_local: false peers { permanent_uuid: "a3b3005b5cee4152b9edce64fcb9a5cb" member_type: VOTER last_known_addr { host: "127.5.145.1" port: 34381 } } peers { permanent_uuid: "5f0eed44fc214a51bfe9873a5a6a4c5f" member_type: VOTER last_known_addr { host: "127.5.145.2" port: 32961 } } peers { permanent_uuid: "04e6f62d11894594b954edd3b831d29f" member_type: VOTER last_known_addr { host: "127.5.145.3" port: 40513 } }
I20260710 13:16:28.539631  6985 raft_consensus.cc:385] T b983f2c3ae194001b81b3e82721ccc58 P 04e6f62d11894594b954edd3b831d29f [term 0 FOLLOWER]: Consensus starting up: Expiring failure detector timer to make a prompt election more likely
I20260710 13:16:28.539381  7076 consensus_queue.cc:1048] T 98f943eae5754c5a80b4bad797d591a5 P 04e6f62d11894594b954edd3b831d29f [LEADER]: Connected to new peer: Peer: permanent_uuid: "5f0eed44fc214a51bfe9873a5a6a4c5f" member_type: VOTER last_known_addr { host: "127.5.145.2" port: 32961 }, Status: LMP_MISMATCH, Last received: 0.0, Next index: 1, Last known committed idx: 0, Time since last communication: 0.000s
I20260710 13:16:28.539990  6985 raft_consensus.cc:740] T b983f2c3ae194001b81b3e82721ccc58 P 04e6f62d11894594b954edd3b831d29f [term 0 FOLLOWER]: Becoming Follower/Learner. State: Replica: 04e6f62d11894594b954edd3b831d29f, State: Initialized, Role: FOLLOWER
I20260710 13:16:28.539675  7025 consensus_queue.cc:1048] T ee0033af873b4947b4ebb4dcabdf5222 P 5f0eed44fc214a51bfe9873a5a6a4c5f [LEADER]: Connected to new peer: Peer: permanent_uuid: "a3b3005b5cee4152b9edce64fcb9a5cb" member_type: VOTER last_known_addr { host: "127.5.145.1" port: 34381 }, Status: LMP_MISMATCH, Last received: 0.0, Next index: 1, Last known committed idx: 0, Time since last communication: 0.001s
I20260710 13:16:28.540747  6985 consensus_queue.cc:260] T b983f2c3ae194001b81b3e82721ccc58 P 04e6f62d11894594b954edd3b831d29f [NON_LEADER]: Queue going to NON_LEADER mode. State: All replicated index: 0, Majority replicated index: 0, Committed index: 0, Last appended: 0.0, Last appended by leader: 0, Current term: 0, Majority size: -1, State: 0, Mode: NON_LEADER, active raft config: opid_index: -1 OBSOLETE_local: false peers { permanent_uuid: "a3b3005b5cee4152b9edce64fcb9a5cb" member_type: VOTER last_known_addr { host: "127.5.145.1" port: 34381 } } peers { permanent_uuid: "5f0eed44fc214a51bfe9873a5a6a4c5f" member_type: VOTER last_known_addr { host: "127.5.145.2" port: 32961 } } peers { permanent_uuid: "04e6f62d11894594b954edd3b831d29f" member_type: VOTER last_known_addr { host: "127.5.145.3" port: 40513 } }
I20260710 13:16:28.543315  6985 ts_tablet_manager.cc:1434] T b983f2c3ae194001b81b3e82721ccc58 P 04e6f62d11894594b954edd3b831d29f: Time spent starting tablet: real 0.036s	user 0.005s	sys 0.001s
I20260710 13:16:28.544292  6985 tablet_bootstrap.cc:492] T bc3c0279106d4b1085306d9ffdb622c9 P 04e6f62d11894594b954edd3b831d29f: Bootstrap starting.
I20260710 13:16:28.560046  7020 raft_consensus.cc:493] T c1b067e3017d459a9bd1c4e34e5b1c49 P 04e6f62d11894594b954edd3b831d29f [term 0 FOLLOWER]: Starting pre-election (no leader contacted us within the election timeout)
I20260710 13:16:28.561617  7020 raft_consensus.cc:515] T c1b067e3017d459a9bd1c4e34e5b1c49 P 04e6f62d11894594b954edd3b831d29f [term 0 FOLLOWER]: Starting pre-election with config: opid_index: -1 OBSOLETE_local: false peers { permanent_uuid: "a3b3005b5cee4152b9edce64fcb9a5cb" member_type: VOTER last_known_addr { host: "127.5.145.1" port: 34381 } } peers { permanent_uuid: "5f0eed44fc214a51bfe9873a5a6a4c5f" member_type: VOTER last_known_addr { host: "127.5.145.2" port: 32961 } } peers { permanent_uuid: "04e6f62d11894594b954edd3b831d29f" member_type: VOTER last_known_addr { host: "127.5.145.3" port: 40513 } }
I20260710 13:16:28.565415  6870 tablet_service.cc:1917] Received RequestConsensusVote() RPC: tablet_id: "c1b067e3017d459a9bd1c4e34e5b1c49" candidate_uuid: "04e6f62d11894594b954edd3b831d29f" candidate_term: 1 candidate_status { last_received { term: 0 index: 0 } } ignore_live_leader: false dest_uuid: "5f0eed44fc214a51bfe9873a5a6a4c5f" is_pre_election: true
I20260710 13:16:28.565465  6692 catalog_manager.cc:5697] T 682e56f21df4478d9f07cb88ad60d980 P 04e6f62d11894594b954edd3b831d29f reported cstate change: term changed from 0 to 1, leader changed from <none> to 04e6f62d11894594b954edd3b831d29f (127.5.145.3). New cstate: current_term: 1 leader_uuid: "04e6f62d11894594b954edd3b831d29f" committed_config { opid_index: -1 OBSOLETE_local: false peers { permanent_uuid: "a3b3005b5cee4152b9edce64fcb9a5cb" member_type: VOTER last_known_addr { host: "127.5.145.1" port: 34381 } health_report { overall_health: UNKNOWN } } peers { permanent_uuid: "5f0eed44fc214a51bfe9873a5a6a4c5f" member_type: VOTER last_known_addr { host: "127.5.145.2" port: 32961 } health_report { overall_health: UNKNOWN } } peers { permanent_uuid: "04e6f62d11894594b954edd3b831d29f" member_type: VOTER last_known_addr { host: "127.5.145.3" port: 40513 } health_report { overall_health: HEALTHY } } }
I20260710 13:16:28.566684  6870 raft_consensus.cc:2393] T c1b067e3017d459a9bd1c4e34e5b1c49 P 5f0eed44fc214a51bfe9873a5a6a4c5f [term 1 FOLLOWER]: Leader pre-election vote request: Denying vote to candidate 04e6f62d11894594b954edd3b831d29f in current term 1: Already voted for candidate a3b3005b5cee4152b9edce64fcb9a5cb in this term.
I20260710 13:16:28.569720  6793 tablet_service.cc:1917] Received RequestConsensusVote() RPC: tablet_id: "c1b067e3017d459a9bd1c4e34e5b1c49" candidate_uuid: "04e6f62d11894594b954edd3b831d29f" candidate_term: 1 candidate_status { last_received { term: 0 index: 0 } } ignore_live_leader: false dest_uuid: "a3b3005b5cee4152b9edce64fcb9a5cb" is_pre_election: true
I20260710 13:16:28.576393  7027 raft_consensus.cc:493] T 52a46e170a454ae2962eaff5edddcf1d P a3b3005b5cee4152b9edce64fcb9a5cb [term 0 FOLLOWER]: Starting pre-election (no leader contacted us within the election timeout)
I20260710 13:16:28.577045  7027 raft_consensus.cc:515] T 52a46e170a454ae2962eaff5edddcf1d P a3b3005b5cee4152b9edce64fcb9a5cb [term 0 FOLLOWER]: Starting pre-election with config: opid_index: -1 OBSOLETE_local: false peers { permanent_uuid: "a3b3005b5cee4152b9edce64fcb9a5cb" member_type: VOTER last_known_addr { host: "127.5.145.1" port: 34381 } } peers { permanent_uuid: "5f0eed44fc214a51bfe9873a5a6a4c5f" member_type: VOTER last_known_addr { host: "127.5.145.2" port: 32961 } } peers { permanent_uuid: "04e6f62d11894594b954edd3b831d29f" member_type: VOTER last_known_addr { host: "127.5.145.3" port: 40513 } }
I20260710 13:16:28.579115  6985 tablet_bootstrap.cc:654] T bc3c0279106d4b1085306d9ffdb622c9 P 04e6f62d11894594b954edd3b831d29f: Neither blocks nor log segments found. Creating new log.
I20260710 13:16:28.571564  6908 leader_election.cc:304] T c1b067e3017d459a9bd1c4e34e5b1c49 P 04e6f62d11894594b954edd3b831d29f [CANDIDATE]: Term 1 pre-election: Election decided. Result: candidate lost. Election summary: received 3 responses out of 3 voters: 1 yes votes; 2 no votes. yes voters: 04e6f62d11894594b954edd3b831d29f; no voters: 5f0eed44fc214a51bfe9873a5a6a4c5f, a3b3005b5cee4152b9edce64fcb9a5cb
I20260710 13:16:28.580134  7022 raft_consensus.cc:3060] T c1b067e3017d459a9bd1c4e34e5b1c49 P 04e6f62d11894594b954edd3b831d29f [term 0 FOLLOWER]: Advancing to term 1
I20260710 13:16:28.581524  7027 leader_election.cc:290] T 52a46e170a454ae2962eaff5edddcf1d P a3b3005b5cee4152b9edce64fcb9a5cb [CANDIDATE]: Term 1 pre-election: Requested pre-vote from peers 5f0eed44fc214a51bfe9873a5a6a4c5f (127.5.145.2:32961), 04e6f62d11894594b954edd3b831d29f (127.5.145.3:40513)
I20260710 13:16:28.582558  6870 tablet_service.cc:1917] Received RequestConsensusVote() RPC: tablet_id: "52a46e170a454ae2962eaff5edddcf1d" candidate_uuid: "a3b3005b5cee4152b9edce64fcb9a5cb" candidate_term: 1 candidate_status { last_received { term: 0 index: 0 } } ignore_live_leader: false dest_uuid: "5f0eed44fc214a51bfe9873a5a6a4c5f" is_pre_election: true
W20260710 13:16:28.584314  6760 leader_election.cc:343] T 52a46e170a454ae2962eaff5edddcf1d P a3b3005b5cee4152b9edce64fcb9a5cb [CANDIDATE]: Term 1 pre-election: Tablet error from VoteRequest() call to peer 5f0eed44fc214a51bfe9873a5a6a4c5f (127.5.145.2:32961): Illegal state: must be running to vote when last-logged opid is not known
I20260710 13:16:28.589778  7022 raft_consensus.cc:2749] T c1b067e3017d459a9bd1c4e34e5b1c49 P 04e6f62d11894594b954edd3b831d29f [term 1 FOLLOWER]: Leader pre-election lost for term 1. Reason: could not achieve majority
I20260710 13:16:28.590749  7025 consensus_queue.cc:1048] T ee0033af873b4947b4ebb4dcabdf5222 P 5f0eed44fc214a51bfe9873a5a6a4c5f [LEADER]: Connected to new peer: Peer: permanent_uuid: "04e6f62d11894594b954edd3b831d29f" member_type: VOTER last_known_addr { host: "127.5.145.3" port: 40513 }, Status: LMP_MISMATCH, Last received: 0.0, Next index: 1, Last known committed idx: 0, Time since last communication: 0.001s
I20260710 13:16:28.532022  7021 raft_consensus.cc:515] T 4ee9817adbf34932bfce78068143bf4f P 04e6f62d11894594b954edd3b831d29f [term 2 FOLLOWER]: Starting leader election with config: opid_index: -1 OBSOLETE_local: false peers { permanent_uuid: "a3b3005b5cee4152b9edce64fcb9a5cb" member_type: VOTER last_known_addr { host: "127.5.145.1" port: 34381 } } peers { permanent_uuid: "5f0eed44fc214a51bfe9873a5a6a4c5f" member_type: VOTER last_known_addr { host: "127.5.145.2" port: 32961 } } peers { permanent_uuid: "04e6f62d11894594b954edd3b831d29f" member_type: VOTER last_known_addr { host: "127.5.145.3" port: 40513 } }
I20260710 13:16:28.594907  6867 tablet_service.cc:1917] Received RequestConsensusVote() RPC: tablet_id: "4ee9817adbf34932bfce78068143bf4f" candidate_uuid: "04e6f62d11894594b954edd3b831d29f" candidate_term: 2 candidate_status { last_received { term: 0 index: 0 } } ignore_live_leader: false dest_uuid: "5f0eed44fc214a51bfe9873a5a6a4c5f"
I20260710 13:16:28.595572  6867 raft_consensus.cc:3060] T 4ee9817adbf34932bfce78068143bf4f P 5f0eed44fc214a51bfe9873a5a6a4c5f [term 1 FOLLOWER]: Advancing to term 2
I20260710 13:16:28.597082  6985 tablet_bootstrap.cc:492] T bc3c0279106d4b1085306d9ffdb622c9 P 04e6f62d11894594b954edd3b831d29f: No bootstrap required, opened a new log
I20260710 13:16:28.597519  6985 ts_tablet_manager.cc:1403] T bc3c0279106d4b1085306d9ffdb622c9 P 04e6f62d11894594b954edd3b831d29f: Time spent bootstrapping tablet: real 0.053s	user 0.007s	sys 0.005s
I20260710 13:16:28.600139  6985 raft_consensus.cc:359] T bc3c0279106d4b1085306d9ffdb622c9 P 04e6f62d11894594b954edd3b831d29f [term 0 FOLLOWER]: Replica starting. Triggering 0 pending ops. Active config: opid_index: -1 OBSOLETE_local: false peers { permanent_uuid: "a3b3005b5cee4152b9edce64fcb9a5cb" member_type: VOTER last_known_addr { host: "127.5.145.1" port: 34381 } } peers { permanent_uuid: "5f0eed44fc214a51bfe9873a5a6a4c5f" member_type: VOTER last_known_addr { host: "127.5.145.2" port: 32961 } } peers { permanent_uuid: "04e6f62d11894594b954edd3b831d29f" member_type: VOTER last_known_addr { host: "127.5.145.3" port: 40513 } }
I20260710 13:16:28.600814  6985 raft_consensus.cc:385] T bc3c0279106d4b1085306d9ffdb622c9 P 04e6f62d11894594b954edd3b831d29f [term 0 FOLLOWER]: Consensus starting up: Expiring failure detector timer to make a prompt election more likely
I20260710 13:16:28.601096  6985 raft_consensus.cc:740] T bc3c0279106d4b1085306d9ffdb622c9 P 04e6f62d11894594b954edd3b831d29f [term 0 FOLLOWER]: Becoming Follower/Learner. State: Replica: 04e6f62d11894594b954edd3b831d29f, State: Initialized, Role: FOLLOWER
I20260710 13:16:28.601706  6985 consensus_queue.cc:260] T bc3c0279106d4b1085306d9ffdb622c9 P 04e6f62d11894594b954edd3b831d29f [NON_LEADER]: Queue going to NON_LEADER mode. State: All replicated index: 0, Majority replicated index: 0, Committed index: 0, Last appended: 0.0, Last appended by leader: 0, Current term: 0, Majority size: -1, State: 0, Mode: NON_LEADER, active raft config: opid_index: -1 OBSOLETE_local: false peers { permanent_uuid: "a3b3005b5cee4152b9edce64fcb9a5cb" member_type: VOTER last_known_addr { host: "127.5.145.1" port: 34381 } } peers { permanent_uuid: "5f0eed44fc214a51bfe9873a5a6a4c5f" member_type: VOTER last_known_addr { host: "127.5.145.2" port: 32961 } } peers { permanent_uuid: "04e6f62d11894594b954edd3b831d29f" member_type: VOTER last_known_addr { host: "127.5.145.3" port: 40513 } }
I20260710 13:16:28.602996  6867 raft_consensus.cc:2468] T 4ee9817adbf34932bfce78068143bf4f P 5f0eed44fc214a51bfe9873a5a6a4c5f [term 2 FOLLOWER]: Leader election vote request: Granting yes vote for candidate 04e6f62d11894594b954edd3b831d29f in term 2.
I20260710 13:16:28.604696  6909 leader_election.cc:304] T 4ee9817adbf34932bfce78068143bf4f P 04e6f62d11894594b954edd3b831d29f [CANDIDATE]: Term 2 election: Election decided. Result: candidate won. Election summary: received 2 responses out of 3 voters: 2 yes votes; 0 no votes. yes voters: 04e6f62d11894594b954edd3b831d29f, 5f0eed44fc214a51bfe9873a5a6a4c5f; no voters: 
I20260710 13:16:28.607018  6793 tablet_service.cc:1917] Received RequestConsensusVote() RPC: tablet_id: "4ee9817adbf34932bfce78068143bf4f" candidate_uuid: "04e6f62d11894594b954edd3b831d29f" candidate_term: 2 candidate_status { last_received { term: 0 index: 0 } } ignore_live_leader: false dest_uuid: "a3b3005b5cee4152b9edce64fcb9a5cb"
I20260710 13:16:28.607749  6793 raft_consensus.cc:3060] T 4ee9817adbf34932bfce78068143bf4f P a3b3005b5cee4152b9edce64fcb9a5cb [term 1 FOLLOWER]: Advancing to term 2
I20260710 13:16:28.618397  6943 tablet_service.cc:1917] Received RequestConsensusVote() RPC: tablet_id: "52a46e170a454ae2962eaff5edddcf1d" candidate_uuid: "a3b3005b5cee4152b9edce64fcb9a5cb" candidate_term: 1 candidate_status { last_received { term: 0 index: 0 } } ignore_live_leader: false dest_uuid: "04e6f62d11894594b954edd3b831d29f" is_pre_election: true
I20260710 13:16:28.619274  6943 raft_consensus.cc:2468] T 52a46e170a454ae2962eaff5edddcf1d P 04e6f62d11894594b954edd3b831d29f [term 0 FOLLOWER]: Leader pre-election vote request: Granting yes vote for candidate a3b3005b5cee4152b9edce64fcb9a5cb in term 0.
I20260710 13:16:28.620771  6761 leader_election.cc:304] T 52a46e170a454ae2962eaff5edddcf1d P a3b3005b5cee4152b9edce64fcb9a5cb [CANDIDATE]: Term 1 pre-election: Election decided. Result: candidate won. Election summary: received 3 responses out of 3 voters: 2 yes votes; 1 no votes. yes voters: 04e6f62d11894594b954edd3b831d29f, a3b3005b5cee4152b9edce64fcb9a5cb; no voters: 5f0eed44fc214a51bfe9873a5a6a4c5f
I20260710 13:16:28.622184  7026 raft_consensus.cc:2804] T 52a46e170a454ae2962eaff5edddcf1d P a3b3005b5cee4152b9edce64fcb9a5cb [term 0 FOLLOWER]: Leader pre-election won for term 1
I20260710 13:16:28.622615  7026 raft_consensus.cc:493] T 52a46e170a454ae2962eaff5edddcf1d P a3b3005b5cee4152b9edce64fcb9a5cb [term 0 FOLLOWER]: Starting leader election (no leader contacted us within the election timeout)
I20260710 13:16:28.622999  7026 raft_consensus.cc:3060] T 52a46e170a454ae2962eaff5edddcf1d P a3b3005b5cee4152b9edce64fcb9a5cb [term 0 FOLLOWER]: Advancing to term 1
I20260710 13:16:28.632131  6794 raft_consensus.cc:3060] T 10d9ed63db4e4dcb9529103e764a68bc P a3b3005b5cee4152b9edce64fcb9a5cb [term 0 FOLLOWER]: Advancing to term 1
I20260710 13:16:28.635044  7026 raft_consensus.cc:515] T 52a46e170a454ae2962eaff5edddcf1d P a3b3005b5cee4152b9edce64fcb9a5cb [term 1 FOLLOWER]: Starting leader election with config: opid_index: -1 OBSOLETE_local: false peers { permanent_uuid: "a3b3005b5cee4152b9edce64fcb9a5cb" member_type: VOTER last_known_addr { host: "127.5.145.1" port: 34381 } } peers { permanent_uuid: "5f0eed44fc214a51bfe9873a5a6a4c5f" member_type: VOTER last_known_addr { host: "127.5.145.2" port: 32961 } } peers { permanent_uuid: "04e6f62d11894594b954edd3b831d29f" member_type: VOTER last_known_addr { host: "127.5.145.3" port: 40513 } }
I20260710 13:16:28.641772  6867 tablet_service.cc:1917] Received RequestConsensusVote() RPC: tablet_id: "52a46e170a454ae2962eaff5edddcf1d" candidate_uuid: "a3b3005b5cee4152b9edce64fcb9a5cb" candidate_term: 1 candidate_status { last_received { term: 0 index: 0 } } ignore_live_leader: false dest_uuid: "5f0eed44fc214a51bfe9873a5a6a4c5f"
