I20260710 13:16:15.416572  6612 consensus_queue.cc:1048] T 6e8bd790c65a409eb9c2481b1bc9a0ea P 150b8acff2c046a783783cbeec0b3cea [LEADER]: Connected to new peer: Peer: permanent_uuid: "008bb33e3f14481e9e879f103ccf47b3" member_type: VOTER last_known_addr { host: "127.5.165.193" port: 39757 }, Status: LMP_MISMATCH, Last received: 0.0, Next index: 1, Last known committed idx: 0, Time since last communication: 0.000s
I20260710 13:16:15.463235  6475 raft_consensus.cc:1275] T 2c92c3b7f4af4ee9b57112f8021f4436 P 150b8acff2c046a783783cbeec0b3cea [term 2 FOLLOWER]: Refusing update from remote peer 008bb33e3f14481e9e879f103ccf47b3: Log matching property violated. Preceding OpId in replica: term: 1 index: 1. Preceding OpId from leader: term: 2 index: 2. (index mismatch)
I20260710 13:16:15.464423  6637 consensus_queue.cc:1048] T 2c92c3b7f4af4ee9b57112f8021f4436 P 008bb33e3f14481e9e879f103ccf47b3 [LEADER]: Connected to new peer: Peer: permanent_uuid: "150b8acff2c046a783783cbeec0b3cea" member_type: VOTER last_known_addr { host: "127.5.165.194" port: 33823 }, Status: LMP_MISMATCH, Last received: 0.0, Next index: 2, Last known committed idx: 1, Time since last communication: 0.000s
I20260710 13:16:15.471550  6549 raft_consensus.cc:1275] T 2c92c3b7f4af4ee9b57112f8021f4436 P e6bdb3c531dc4731adf4179a87d56820 [term 2 FOLLOWER]: Refusing update from remote peer 008bb33e3f14481e9e879f103ccf47b3: Log matching property violated. Preceding OpId in replica: term: 1 index: 1. Preceding OpId from leader: term: 2 index: 2. (index mismatch)
I20260710 13:16:15.473277  6632 consensus_queue.cc:1048] T 2c92c3b7f4af4ee9b57112f8021f4436 P 008bb33e3f14481e9e879f103ccf47b3 [LEADER]: Connected to new peer: Peer: permanent_uuid: "e6bdb3c531dc4731adf4179a87d56820" member_type: VOTER last_known_addr { host: "127.5.165.195" port: 46541 }, Status: LMP_MISMATCH, Last received: 0.0, Next index: 2, Last known committed idx: 1, Time since last communication: 0.000s
I20260710 13:16:15.508193  6475 raft_consensus.cc:1275] T 3f0f5ef5f299421aa31025fce673891a P 150b8acff2c046a783783cbeec0b3cea [term 2 FOLLOWER]: Refusing update from remote peer 008bb33e3f14481e9e879f103ccf47b3: Log matching property violated. Preceding OpId in replica: term: 1 index: 1. Preceding OpId from leader: term: 2 index: 2. (index mismatch)
I20260710 13:16:15.509322  6632 consensus_queue.cc:1048] T 3f0f5ef5f299421aa31025fce673891a P 008bb33e3f14481e9e879f103ccf47b3 [LEADER]: Connected to new peer: Peer: permanent_uuid: "150b8acff2c046a783783cbeec0b3cea" member_type: VOTER last_known_addr { host: "127.5.165.194" port: 33823 }, Status: LMP_MISMATCH, Last received: 0.0, Next index: 2, Last known committed idx: 1, Time since last communication: 0.000s
I20260710 13:16:15.517338  6549 raft_consensus.cc:1275] T 3f0f5ef5f299421aa31025fce673891a P e6bdb3c531dc4731adf4179a87d56820 [term 2 FOLLOWER]: Refusing update from remote peer 008bb33e3f14481e9e879f103ccf47b3: Log matching property violated. Preceding OpId in replica: term: 1 index: 1. Preceding OpId from leader: term: 2 index: 2. (index mismatch)
I20260710 13:16:15.518738  6597 consensus_queue.cc:1048] T 3f0f5ef5f299421aa31025fce673891a P 008bb33e3f14481e9e879f103ccf47b3 [LEADER]: Connected to new peer: Peer: permanent_uuid: "e6bdb3c531dc4731adf4179a87d56820" member_type: VOTER last_known_addr { host: "127.5.165.195" port: 46541 }, Status: LMP_MISMATCH, Last received: 0.0, Next index: 2, Last known committed idx: 1, Time since last communication: 0.000s
I20260710 13:16:15.533012  6549 raft_consensus.cc:3060] T fcae9f8d7cf6426582bbe31e0f6865f2 P e6bdb3c531dc4731adf4179a87d56820 [term 1 FOLLOWER]: Advancing to term 2
I20260710 13:16:15.538182  6549 raft_consensus.cc:1275] T fcae9f8d7cf6426582bbe31e0f6865f2 P e6bdb3c531dc4731adf4179a87d56820 [term 2 FOLLOWER]: Refusing update from remote peer 008bb33e3f14481e9e879f103ccf47b3: Log matching property violated. Preceding OpId in replica: term: 1 index: 1. Preceding OpId from leader: term: 2 index: 2. (index mismatch)
I20260710 13:16:15.539451  6597 consensus_queue.cc:1048] T fcae9f8d7cf6426582bbe31e0f6865f2 P 008bb33e3f14481e9e879f103ccf47b3 [LEADER]: Connected to new peer: Peer: permanent_uuid: "e6bdb3c531dc4731adf4179a87d56820" member_type: VOTER last_known_addr { host: "127.5.165.195" port: 46541 }, Status: LMP_MISMATCH, Last received: 0.0, Next index: 2, Last known committed idx: 1, Time since last communication: 0.000s
I20260710 13:16:15.547946  6475 raft_consensus.cc:1275] T fcae9f8d7cf6426582bbe31e0f6865f2 P 150b8acff2c046a783783cbeec0b3cea [term 2 FOLLOWER]: Refusing update from remote peer 008bb33e3f14481e9e879f103ccf47b3: Log matching property violated. Preceding OpId in replica: term: 1 index: 1. Preceding OpId from leader: term: 2 index: 2. (index mismatch)
I20260710 13:16:15.549371  6597 consensus_queue.cc:1048] T fcae9f8d7cf6426582bbe31e0f6865f2 P 008bb33e3f14481e9e879f103ccf47b3 [LEADER]: Connected to new peer: Peer: permanent_uuid: "150b8acff2c046a783783cbeec0b3cea" member_type: VOTER last_known_addr { host: "127.5.165.194" port: 33823 }, Status: LMP_MISMATCH, Last received: 0.0, Next index: 2, Last known committed idx: 1, Time since last communication: 0.000s
I20260710 13:16:15.746771  6475 raft_consensus.cc:1275] T bdf224843808476f9d46c58613f5ca33 P 150b8acff2c046a783783cbeec0b3cea [term 2 FOLLOWER]: Refusing update from remote peer e6bdb3c531dc4731adf4179a87d56820: Log matching property violated. Preceding OpId in replica: term: 1 index: 1. Preceding OpId from leader: term: 2 index: 2. (index mismatch)
I20260710 13:16:15.748045  6644 consensus_queue.cc:1048] T bdf224843808476f9d46c58613f5ca33 P e6bdb3c531dc4731adf4179a87d56820 [LEADER]: Connected to new peer: Peer: permanent_uuid: "150b8acff2c046a783783cbeec0b3cea" member_type: VOTER last_known_addr { host: "127.5.165.194" port: 33823 }, Status: LMP_MISMATCH, Last received: 0.0, Next index: 2, Last known committed idx: 1, Time since last communication: 0.000s
I20260710 13:16:15.754949  6401 raft_consensus.cc:1275] T bdf224843808476f9d46c58613f5ca33 P 008bb33e3f14481e9e879f103ccf47b3 [term 2 FOLLOWER]: Refusing update from remote peer e6bdb3c531dc4731adf4179a87d56820: Log matching property violated. Preceding OpId in replica: term: 1 index: 1. Preceding OpId from leader: term: 2 index: 2. (index mismatch)
I20260710 13:16:15.756307  6596 consensus_queue.cc:1048] T bdf224843808476f9d46c58613f5ca33 P e6bdb3c531dc4731adf4179a87d56820 [LEADER]: Connected to new peer: Peer: permanent_uuid: "008bb33e3f14481e9e879f103ccf47b3" member_type: VOTER last_known_addr { host: "127.5.165.193" port: 39757 }, Status: LMP_MISMATCH, Last received: 0.0, Next index: 2, Last known committed idx: 1, Time since last communication: 0.000s
I20260710 13:16:15.756939  6401 raft_consensus.cc:1275] T fa5acb7c96af46969dad79627671f629 P 008bb33e3f14481e9e879f103ccf47b3 [term 2 FOLLOWER]: Refusing update from remote peer 150b8acff2c046a783783cbeec0b3cea: Log matching property violated. Preceding OpId in replica: term: 1 index: 1. Preceding OpId from leader: term: 2 index: 2. (index mismatch)
I20260710 13:16:15.758294  6634 consensus_queue.cc:1048] T fa5acb7c96af46969dad79627671f629 P 150b8acff2c046a783783cbeec0b3cea [LEADER]: Connected to new peer: Peer: permanent_uuid: "008bb33e3f14481e9e879f103ccf47b3" member_type: VOTER last_known_addr { host: "127.5.165.193" port: 39757 }, Status: LMP_MISMATCH, Last received: 0.0, Next index: 2, Last known committed idx: 1, Time since last communication: 0.000s
I20260710 13:16:15.768431  6549 raft_consensus.cc:1275] T fa5acb7c96af46969dad79627671f629 P e6bdb3c531dc4731adf4179a87d56820 [term 2 FOLLOWER]: Refusing update from remote peer 150b8acff2c046a783783cbeec0b3cea: Log matching property violated. Preceding OpId in replica: term: 1 index: 1. Preceding OpId from leader: term: 2 index: 2. (index mismatch)
I20260710 13:16:15.770089  6631 consensus_queue.cc:1048] T fa5acb7c96af46969dad79627671f629 P 150b8acff2c046a783783cbeec0b3cea [LEADER]: Connected to new peer: Peer: permanent_uuid: "e6bdb3c531dc4731adf4179a87d56820" member_type: VOTER last_known_addr { host: "127.5.165.195" port: 46541 }, Status: LMP_MISMATCH, Last received: 0.0, Next index: 2, Last known committed idx: 1, Time since last communication: 0.000s
I20260710 13:16:17.074844  6631 raft_consensus.cc:493] T 3f0f5ef5f299421aa31025fce673891a P 150b8acff2c046a783783cbeec0b3cea [term 2 FOLLOWER]: Starting pre-election (detected failure of leader 008bb33e3f14481e9e879f103ccf47b3)
I20260710 13:16:17.075368  6631 raft_consensus.cc:515] T 3f0f5ef5f299421aa31025fce673891a P 150b8acff2c046a783783cbeec0b3cea [term 2 FOLLOWER]: Starting pre-election with config: opid_index: -1 OBSOLETE_local: false peers { permanent_uuid: "008bb33e3f14481e9e879f103ccf47b3" member_type: VOTER last_known_addr { host: "127.5.165.193" port: 39757 } } peers { permanent_uuid: "150b8acff2c046a783783cbeec0b3cea" member_type: VOTER last_known_addr { host: "127.5.165.194" port: 33823 } } peers { permanent_uuid: "e6bdb3c531dc4731adf4179a87d56820" member_type: VOTER last_known_addr { host: "127.5.165.195" port: 46541 } }
I20260710 13:16:17.077476  6631 leader_election.cc:290] T 3f0f5ef5f299421aa31025fce673891a P 150b8acff2c046a783783cbeec0b3cea [CANDIDATE]: Term 3 pre-election: Requested pre-vote from peers 008bb33e3f14481e9e879f103ccf47b3 (127.5.165.193:39757), e6bdb3c531dc4731adf4179a87d56820 (127.5.165.195:46541)
I20260710 13:16:17.081528  6401 tablet_service.cc:1917] Received RequestConsensusVote() RPC: tablet_id: "3f0f5ef5f299421aa31025fce673891a" candidate_uuid: "150b8acff2c046a783783cbeec0b3cea" candidate_term: 3 candidate_status { last_received { term: 2 index: 2 } } ignore_live_leader: false dest_uuid: "008bb33e3f14481e9e879f103ccf47b3" is_pre_election: true
I20260710 13:16:17.091158  6612 raft_consensus.cc:493] T fcae9f8d7cf6426582bbe31e0f6865f2 P 150b8acff2c046a783783cbeec0b3cea [term 2 FOLLOWER]: Starting pre-election (detected failure of leader 008bb33e3f14481e9e879f103ccf47b3)
I20260710 13:16:17.091650  6612 raft_consensus.cc:515] T fcae9f8d7cf6426582bbe31e0f6865f2 P 150b8acff2c046a783783cbeec0b3cea [term 2 FOLLOWER]: Starting pre-election with config: opid_index: -1 OBSOLETE_local: false peers { permanent_uuid: "008bb33e3f14481e9e879f103ccf47b3" member_type: VOTER last_known_addr { host: "127.5.165.193" port: 39757 } } peers { permanent_uuid: "150b8acff2c046a783783cbeec0b3cea" member_type: VOTER last_known_addr { host: "127.5.165.194" port: 33823 } } peers { permanent_uuid: "e6bdb3c531dc4731adf4179a87d56820" member_type: VOTER last_known_addr { host: "127.5.165.195" port: 46541 } }
I20260710 13:16:17.093662  6612 leader_election.cc:290] T fcae9f8d7cf6426582bbe31e0f6865f2 P 150b8acff2c046a783783cbeec0b3cea [CANDIDATE]: Term 3 pre-election: Requested pre-vote from peers 008bb33e3f14481e9e879f103ccf47b3 (127.5.165.193:39757), e6bdb3c531dc4731adf4179a87d56820 (127.5.165.195:46541)
I20260710 13:16:17.095661  6401 tablet_service.cc:1917] Received RequestConsensusVote() RPC: tablet_id: "fcae9f8d7cf6426582bbe31e0f6865f2" candidate_uuid: "150b8acff2c046a783783cbeec0b3cea" candidate_term: 3 candidate_status { last_received { term: 2 index: 2 } } ignore_live_leader: false dest_uuid: "008bb33e3f14481e9e879f103ccf47b3" is_pre_election: true
I20260710 13:16:17.096339  6550 tablet_service.cc:1917] Received RequestConsensusVote() RPC: tablet_id: "3f0f5ef5f299421aa31025fce673891a" candidate_uuid: "150b8acff2c046a783783cbeec0b3cea" candidate_term: 3 candidate_status { last_received { term: 2 index: 2 } } ignore_live_leader: false dest_uuid: "e6bdb3c531dc4731adf4179a87d56820" is_pre_election: true
I20260710 13:16:17.104621  6548 tablet_service.cc:1917] Received RequestConsensusVote() RPC: tablet_id: "fcae9f8d7cf6426582bbe31e0f6865f2" candidate_uuid: "150b8acff2c046a783783cbeec0b3cea" candidate_term: 3 candidate_status { last_received { term: 2 index: 2 } } ignore_live_leader: false dest_uuid: "e6bdb3c531dc4731adf4179a87d56820" is_pre_election: true
I20260710 13:16:17.108462  6440 leader_election.cc:304] T 3f0f5ef5f299421aa31025fce673891a P 150b8acff2c046a783783cbeec0b3cea [CANDIDATE]: Term 3 pre-election: Election decided. Result: candidate lost. Election summary: received 3 responses out of 3 voters: 1 yes votes; 2 no votes. yes voters: 150b8acff2c046a783783cbeec0b3cea; no voters: 008bb33e3f14481e9e879f103ccf47b3, e6bdb3c531dc4731adf4179a87d56820
I20260710 13:16:17.109457  6631 raft_consensus.cc:2749] T 3f0f5ef5f299421aa31025fce673891a P 150b8acff2c046a783783cbeec0b3cea [term 2 FOLLOWER]: Leader pre-election lost for term 3. Reason: could not achieve majority
I20260710 13:16:17.109515  6440 leader_election.cc:304] T fcae9f8d7cf6426582bbe31e0f6865f2 P 150b8acff2c046a783783cbeec0b3cea [CANDIDATE]: Term 3 pre-election: Election decided. Result: candidate lost. Election summary: received 3 responses out of 3 voters: 1 yes votes; 2 no votes. yes voters: 150b8acff2c046a783783cbeec0b3cea; no voters: 008bb33e3f14481e9e879f103ccf47b3, e6bdb3c531dc4731adf4179a87d56820
I20260710 13:16:17.110273  6631 raft_consensus.cc:2749] T fcae9f8d7cf6426582bbe31e0f6865f2 P 150b8acff2c046a783783cbeec0b3cea [term 2 FOLLOWER]: Leader pre-election lost for term 3. Reason: could not achieve majority
W20260710 13:16:17.217629  6422 debug-util.cc:398] Leaking SignalData structure 0x7b0800157560 after lost signal to thread 5786
W20260710 13:16:17.218427  6422 debug-util.cc:398] Leaking SignalData structure 0x7b0800157c40 after lost signal to thread 6333
W20260710 13:16:17.219241  6422 debug-util.cc:398] Leaking SignalData structure 0x7b0800120980 after lost signal to thread 6425
W20260710 13:16:17.219935  6422 debug-util.cc:398] Leaking SignalData structure 0x7b0800028a40 after lost signal to thread 6500
W20260710 13:16:17.220654  6422 debug-util.cc:398] Leaking SignalData structure 0x7b08001ba7e0 after lost signal to thread 6574
I20260710 13:16:18.141794  5783 auto_leader_rebalancer-test.cc:348] The leader distribution is 
I20260710 13:16:18.142532  5783 auto_leader_rebalancer.cc:141] leader rebalance for table test-workload
I20260710 13:16:18.157886  6400 tablet_service.cc:2072] Received LeaderStepDown RPC: tablet_id: "e602b32a91624ef189653fa621f6a6e4"
dest_uuid: "008bb33e3f14481e9e879f103ccf47b3"
mode: GRACEFUL
new_leader_uuid: "e6bdb3c531dc4731adf4179a87d56820"
 from {username='slave'} at 127.0.0.1:40984
I20260710 13:16:18.158478  6400 raft_consensus.cc:606] T e602b32a91624ef189653fa621f6a6e4 P 008bb33e3f14481e9e879f103ccf47b3 [term 1 LEADER]: Received request to transfer leadership to TS e6bdb3c531dc4731adf4179a87d56820
I20260710 13:16:18.160748  6400 tablet_service.cc:2072] Received LeaderStepDown RPC: tablet_id: "fcae9f8d7cf6426582bbe31e0f6865f2"
dest_uuid: "008bb33e3f14481e9e879f103ccf47b3"
mode: GRACEFUL
new_leader_uuid: "e6bdb3c531dc4731adf4179a87d56820"
 from {username='slave'} at 127.0.0.1:40984
I20260710 13:16:18.161172  6400 raft_consensus.cc:606] T fcae9f8d7cf6426582bbe31e0f6865f2 P 008bb33e3f14481e9e879f103ccf47b3 [term 2 LEADER]: Received request to transfer leadership to TS e6bdb3c531dc4731adf4179a87d56820
I20260710 13:16:18.162148  5783 auto_leader_rebalancer.cc:479] table: test-workload, leader rebalance finish, leader transfer count: 2
I20260710 13:16:18.162642  5783 auto_leader_rebalancer.cc:554] All tables' leader rebalancing finished this round
I20260710 13:16:18.313155  6687 raft_consensus.cc:993] T fcae9f8d7cf6426582bbe31e0f6865f2 P 008bb33e3f14481e9e879f103ccf47b3: : Instructing follower e6bdb3c531dc4731adf4179a87d56820 to start an election
I20260710 13:16:18.313630  6680 raft_consensus.cc:1081] T fcae9f8d7cf6426582bbe31e0f6865f2 P 008bb33e3f14481e9e879f103ccf47b3 [term 2 LEADER]: Signalling peer e6bdb3c531dc4731adf4179a87d56820 to start an election
I20260710 13:16:18.315274  6548 tablet_service.cc:2044] Received Run Leader Election RPC: tablet_id: "fcae9f8d7cf6426582bbe31e0f6865f2"
dest_uuid: "e6bdb3c531dc4731adf4179a87d56820"
 from {username='slave'} at 127.0.0.1:46358
I20260710 13:16:18.315855  6548 raft_consensus.cc:493] T fcae9f8d7cf6426582bbe31e0f6865f2 P e6bdb3c531dc4731adf4179a87d56820 [term 2 FOLLOWER]: Starting forced leader election (received explicit request)
I20260710 13:16:18.316227  6548 raft_consensus.cc:3060] T fcae9f8d7cf6426582bbe31e0f6865f2 P e6bdb3c531dc4731adf4179a87d56820 [term 2 FOLLOWER]: Advancing to term 3
I20260710 13:16:18.323484  6548 raft_consensus.cc:515] T fcae9f8d7cf6426582bbe31e0f6865f2 P e6bdb3c531dc4731adf4179a87d56820 [term 3 FOLLOWER]: Starting forced leader election with config: opid_index: -1 OBSOLETE_local: false peers { permanent_uuid: "008bb33e3f14481e9e879f103ccf47b3" member_type: VOTER last_known_addr { host: "127.5.165.193" port: 39757 } } peers { permanent_uuid: "150b8acff2c046a783783cbeec0b3cea" member_type: VOTER last_known_addr { host: "127.5.165.194" port: 33823 } } peers { permanent_uuid: "e6bdb3c531dc4731adf4179a87d56820" member_type: VOTER last_known_addr { host: "127.5.165.195" port: 46541 } }
I20260710 13:16:18.325567  6548 leader_election.cc:290] T fcae9f8d7cf6426582bbe31e0f6865f2 P e6bdb3c531dc4731adf4179a87d56820 [CANDIDATE]: Term 3 election: Requested vote from peers 008bb33e3f14481e9e879f103ccf47b3 (127.5.165.193:39757), 150b8acff2c046a783783cbeec0b3cea (127.5.165.194:33823)
I20260710 13:16:18.327183  6400 tablet_service.cc:1917] Received RequestConsensusVote() RPC: tablet_id: "fcae9f8d7cf6426582bbe31e0f6865f2" candidate_uuid: "e6bdb3c531dc4731adf4179a87d56820" candidate_term: 3 candidate_status { last_received { term: 2 index: 2 } } ignore_live_leader: true dest_uuid: "008bb33e3f14481e9e879f103ccf47b3"
I20260710 13:16:18.327543  6476 tablet_service.cc:1917] Received RequestConsensusVote() RPC: tablet_id: "fcae9f8d7cf6426582bbe31e0f6865f2" candidate_uuid: "e6bdb3c531dc4731adf4179a87d56820" candidate_term: 3 candidate_status { last_received { term: 2 index: 2 } } ignore_live_leader: true dest_uuid: "150b8acff2c046a783783cbeec0b3cea"
I20260710 13:16:18.327813  6400 raft_consensus.cc:3055] T fcae9f8d7cf6426582bbe31e0f6865f2 P 008bb33e3f14481e9e879f103ccf47b3 [term 2 LEADER]: Stepping down as leader of term 2
I20260710 13:16:18.328177  6476 raft_consensus.cc:3060] T fcae9f8d7cf6426582bbe31e0f6865f2 P 150b8acff2c046a783783cbeec0b3cea [term 2 FOLLOWER]: Advancing to term 3
I20260710 13:16:18.328164  6400 raft_consensus.cc:740] T fcae9f8d7cf6426582bbe31e0f6865f2 P 008bb33e3f14481e9e879f103ccf47b3 [term 2 LEADER]: Becoming Follower/Learner. State: Replica: 008bb33e3f14481e9e879f103ccf47b3, State: Running, Role: LEADER
I20260710 13:16:18.330265  6400 consensus_queue.cc:260] T fcae9f8d7cf6426582bbe31e0f6865f2 P 008bb33e3f14481e9e879f103ccf47b3 [NON_LEADER]: Queue going to NON_LEADER mode. State: All replicated index: 0, Majority replicated index: 2, Committed index: 2, Last appended: 2.2, Last appended by leader: 2, Current term: 2, Majority size: -1, State: 0, Mode: NON_LEADER, active raft config: opid_index: -1 OBSOLETE_local: false peers { permanent_uuid: "008bb33e3f14481e9e879f103ccf47b3" member_type: VOTER last_known_addr { host: "127.5.165.193" port: 39757 } } peers { permanent_uuid: "150b8acff2c046a783783cbeec0b3cea" member_type: VOTER last_known_addr { host: "127.5.165.194" port: 33823 } } peers { permanent_uuid: "e6bdb3c531dc4731adf4179a87d56820" member_type: VOTER last_known_addr { host: "127.5.165.195" port: 46541 } }
I20260710 13:16:18.331686  6400 raft_consensus.cc:3060] T fcae9f8d7cf6426582bbe31e0f6865f2 P 008bb33e3f14481e9e879f103ccf47b3 [term 2 FOLLOWER]: Advancing to term 3
I20260710 13:16:18.335525  6476 raft_consensus.cc:2468] T fcae9f8d7cf6426582bbe31e0f6865f2 P 150b8acff2c046a783783cbeec0b3cea [term 3 FOLLOWER]: Leader election vote request: Granting yes vote for candidate e6bdb3c531dc4731adf4179a87d56820 in term 3.
I20260710 13:16:18.336804  6514 leader_election.cc:304] T fcae9f8d7cf6426582bbe31e0f6865f2 P e6bdb3c531dc4731adf4179a87d56820 [CANDIDATE]: Term 3 election: Election decided. Result: candidate won. Election summary: received 2 responses out of 3 voters: 2 yes votes; 0 no votes. yes voters: 150b8acff2c046a783783cbeec0b3cea, e6bdb3c531dc4731adf4179a87d56820; no voters: 
I20260710 13:16:18.338276  6684 raft_consensus.cc:2804] T fcae9f8d7cf6426582bbe31e0f6865f2 P e6bdb3c531dc4731adf4179a87d56820 [term 3 FOLLOWER]: Leader election won for term 3
I20260710 13:16:18.339015  6400 raft_consensus.cc:2468] T fcae9f8d7cf6426582bbe31e0f6865f2 P 008bb33e3f14481e9e879f103ccf47b3 [term 3 FOLLOWER]: Leader election vote request: Granting yes vote for candidate e6bdb3c531dc4731adf4179a87d56820 in term 3.
I20260710 13:16:18.341573  6684 raft_consensus.cc:697] T fcae9f8d7cf6426582bbe31e0f6865f2 P e6bdb3c531dc4731adf4179a87d56820 [term 3 LEADER]: Becoming Leader. State: Replica: e6bdb3c531dc4731adf4179a87d56820, State: Running, Role: LEADER
I20260710 13:16:18.342818  6687 raft_consensus.cc:993] T e602b32a91624ef189653fa621f6a6e4 P 008bb33e3f14481e9e879f103ccf47b3: : Instructing follower e6bdb3c531dc4731adf4179a87d56820 to start an election
I20260710 13:16:18.342504  6684 consensus_queue.cc:237] T fcae9f8d7cf6426582bbe31e0f6865f2 P e6bdb3c531dc4731adf4179a87d56820 [LEADER]: Queue going to LEADER mode. State: All replicated index: 0, Majority replicated index: 2, Committed index: 2, Last appended: 2.2, Last appended by leader: 2, Current term: 3, Majority size: 2, State: 0, Mode: LEADER, active raft config: opid_index: -1 OBSOLETE_local: false peers { permanent_uuid: "008bb33e3f14481e9e879f103ccf47b3" member_type: VOTER last_known_addr { host: "127.5.165.193" port: 39757 } } peers { permanent_uuid: "150b8acff2c046a783783cbeec0b3cea" member_type: VOTER last_known_addr { host: "127.5.165.194" port: 33823 } } peers { permanent_uuid: "e6bdb3c531dc4731adf4179a87d56820" member_type: VOTER last_known_addr { host: "127.5.165.195" port: 46541 } }
I20260710 13:16:18.343317  6680 raft_consensus.cc:1081] T e602b32a91624ef189653fa621f6a6e4 P 008bb33e3f14481e9e879f103ccf47b3 [term 1 LEADER]: Signalling peer e6bdb3c531dc4731adf4179a87d56820 to start an election
I20260710 13:16:18.344765  6548 tablet_service.cc:2044] Received Run Leader Election RPC: tablet_id: "e602b32a91624ef189653fa621f6a6e4"
dest_uuid: "e6bdb3c531dc4731adf4179a87d56820"
 from {username='slave'} at 127.0.0.1:46358
I20260710 13:16:18.345341  6548 raft_consensus.cc:493] T e602b32a91624ef189653fa621f6a6e4 P e6bdb3c531dc4731adf4179a87d56820 [term 1 FOLLOWER]: Starting forced leader election (received explicit request)
I20260710 13:16:18.345664  6548 raft_consensus.cc:3060] T e602b32a91624ef189653fa621f6a6e4 P e6bdb3c531dc4731adf4179a87d56820 [term 1 FOLLOWER]: Advancing to term 2
I20260710 13:16:18.350414  6548 raft_consensus.cc:515] T e602b32a91624ef189653fa621f6a6e4 P e6bdb3c531dc4731adf4179a87d56820 [term 2 FOLLOWER]: Starting forced leader election with config: opid_index: -1 OBSOLETE_local: false peers { permanent_uuid: "008bb33e3f14481e9e879f103ccf47b3" member_type: VOTER last_known_addr { host: "127.5.165.193" port: 39757 } } peers { permanent_uuid: "150b8acff2c046a783783cbeec0b3cea" member_type: VOTER last_known_addr { host: "127.5.165.194" port: 33823 } } peers { permanent_uuid: "e6bdb3c531dc4731adf4179a87d56820" member_type: VOTER last_known_addr { host: "127.5.165.195" port: 46541 } }
I20260710 13:16:18.352728  6548 leader_election.cc:290] T e602b32a91624ef189653fa621f6a6e4 P e6bdb3c531dc4731adf4179a87d56820 [CANDIDATE]: Term 2 election: Requested vote from peers 008bb33e3f14481e9e879f103ccf47b3 (127.5.165.193:39757), 150b8acff2c046a783783cbeec0b3cea (127.5.165.194:33823)
I20260710 13:16:18.353443  6400 tablet_service.cc:1917] Received RequestConsensusVote() RPC: tablet_id: "e602b32a91624ef189653fa621f6a6e4" candidate_uuid: "e6bdb3c531dc4731adf4179a87d56820" candidate_term: 2 candidate_status { last_received { term: 1 index: 1 } } ignore_live_leader: true dest_uuid: "008bb33e3f14481e9e879f103ccf47b3"
I20260710 13:16:18.353983  6400 raft_consensus.cc:3055] T e602b32a91624ef189653fa621f6a6e4 P 008bb33e3f14481e9e879f103ccf47b3 [term 1 LEADER]: Stepping down as leader of term 1
I20260710 13:16:18.354298  6400 raft_consensus.cc:740] T e602b32a91624ef189653fa621f6a6e4 P 008bb33e3f14481e9e879f103ccf47b3 [term 1 LEADER]: Becoming Follower/Learner. State: Replica: 008bb33e3f14481e9e879f103ccf47b3, State: Running, Role: LEADER
I20260710 13:16:18.355098  6400 consensus_queue.cc:260] T e602b32a91624ef189653fa621f6a6e4 P 008bb33e3f14481e9e879f103ccf47b3 [NON_LEADER]: Queue going to NON_LEADER mode. State: All replicated index: 0, Majority replicated index: 1, Committed index: 1, Last appended: 1.1, Last appended by leader: 1, Current term: 1, Majority size: -1, State: 0, Mode: NON_LEADER, active raft config: opid_index: -1 OBSOLETE_local: false peers { permanent_uuid: "008bb33e3f14481e9e879f103ccf47b3" member_type: VOTER last_known_addr { host: "127.5.165.193" port: 39757 } } peers { permanent_uuid: "150b8acff2c046a783783cbeec0b3cea" member_type: VOTER last_known_addr { host: "127.5.165.194" port: 33823 } } peers { permanent_uuid: "e6bdb3c531dc4731adf4179a87d56820" member_type: VOTER last_known_addr { host: "127.5.165.195" port: 46541 } }
I20260710 13:16:18.355786  6476 tablet_service.cc:1917] Received RequestConsensusVote() RPC: tablet_id: "e602b32a91624ef189653fa621f6a6e4" candidate_uuid: "e6bdb3c531dc4731adf4179a87d56820" candidate_term: 2 candidate_status { last_received { term: 1 index: 1 } } ignore_live_leader: true dest_uuid: "150b8acff2c046a783783cbeec0b3cea"
I20260710 13:16:18.356210  6400 raft_consensus.cc:3060] T e602b32a91624ef189653fa621f6a6e4 P 008bb33e3f14481e9e879f103ccf47b3 [term 1 FOLLOWER]: Advancing to term 2
I20260710 13:16:18.356345  6476 raft_consensus.cc:3060] T e602b32a91624ef189653fa621f6a6e4 P 150b8acff2c046a783783cbeec0b3cea [term 1 FOLLOWER]: Advancing to term 2
I20260710 13:16:18.357452  6297 catalog_manager.cc:5697] T fcae9f8d7cf6426582bbe31e0f6865f2 P e6bdb3c531dc4731adf4179a87d56820 reported cstate change: term changed from 2 to 3, leader changed from 008bb33e3f14481e9e879f103ccf47b3 (127.5.165.193) to e6bdb3c531dc4731adf4179a87d56820 (127.5.165.195). New cstate: current_term: 3 leader_uuid: "e6bdb3c531dc4731adf4179a87d56820" committed_config { opid_index: -1 OBSOLETE_local: false peers { permanent_uuid: "008bb33e3f14481e9e879f103ccf47b3" member_type: VOTER last_known_addr { host: "127.5.165.193" port: 39757 } health_report { overall_health: UNKNOWN } } peers { permanent_uuid: "150b8acff2c046a783783cbeec0b3cea" member_type: VOTER last_known_addr { host: "127.5.165.194" port: 33823 } health_report { overall_health: UNKNOWN } } peers { permanent_uuid: "e6bdb3c531dc4731adf4179a87d56820" member_type: VOTER last_known_addr { host: "127.5.165.195" port: 46541 } health_report { overall_health: HEALTHY } } }
I20260710 13:16:18.363583  6476 raft_consensus.cc:2468] T e602b32a91624ef189653fa621f6a6e4 P 150b8acff2c046a783783cbeec0b3cea [term 2 FOLLOWER]: Leader election vote request: Granting yes vote for candidate e6bdb3c531dc4731adf4179a87d56820 in term 2.
I20260710 13:16:18.364717  6514 leader_election.cc:304] T e602b32a91624ef189653fa621f6a6e4 P e6bdb3c531dc4731adf4179a87d56820 [CANDIDATE]: Term 2 election: Election decided. Result: candidate won. Election summary: received 2 responses out of 3 voters: 2 yes votes; 0 no votes. yes voters: 150b8acff2c046a783783cbeec0b3cea, e6bdb3c531dc4731adf4179a87d56820; no voters: 
I20260710 13:16:18.365711  6684 raft_consensus.cc:2804] T e602b32a91624ef189653fa621f6a6e4 P e6bdb3c531dc4731adf4179a87d56820 [term 2 FOLLOWER]: Leader election won for term 2
I20260710 13:16:18.366264  6684 raft_consensus.cc:697] T e602b32a91624ef189653fa621f6a6e4 P e6bdb3c531dc4731adf4179a87d56820 [term 2 LEADER]: Becoming Leader. State: Replica: e6bdb3c531dc4731adf4179a87d56820, State: Running, Role: LEADER
I20260710 13:16:18.367101  6400 raft_consensus.cc:2468] T e602b32a91624ef189653fa621f6a6e4 P 008bb33e3f14481e9e879f103ccf47b3 [term 2 FOLLOWER]: Leader election vote request: Granting yes vote for candidate e6bdb3c531dc4731adf4179a87d56820 in term 2.
I20260710 13:16:18.367185  6684 consensus_queue.cc:237] T e602b32a91624ef189653fa621f6a6e4 P e6bdb3c531dc4731adf4179a87d56820 [LEADER]: Queue going to LEADER mode. State: All replicated index: 0, Majority replicated index: 1, Committed index: 1, Last appended: 1.1, Last appended by leader: 1, Current term: 2, Majority size: 2, State: 0, Mode: LEADER, active raft config: opid_index: -1 OBSOLETE_local: false peers { permanent_uuid: "008bb33e3f14481e9e879f103ccf47b3" member_type: VOTER last_known_addr { host: "127.5.165.193" port: 39757 } } peers { permanent_uuid: "150b8acff2c046a783783cbeec0b3cea" member_type: VOTER last_known_addr { host: "127.5.165.194" port: 33823 } } peers { permanent_uuid: "e6bdb3c531dc4731adf4179a87d56820" member_type: VOTER last_known_addr { host: "127.5.165.195" port: 46541 } }
I20260710 13:16:18.384825  6297 catalog_manager.cc:5697] T e602b32a91624ef189653fa621f6a6e4 P e6bdb3c531dc4731adf4179a87d56820 reported cstate change: term changed from 1 to 2, leader changed from 008bb33e3f14481e9e879f103ccf47b3 (127.5.165.193) to e6bdb3c531dc4731adf4179a87d56820 (127.5.165.195). New cstate: current_term: 2 leader_uuid: "e6bdb3c531dc4731adf4179a87d56820" committed_config { opid_index: -1 OBSOLETE_local: false peers { permanent_uuid: "008bb33e3f14481e9e879f103ccf47b3" member_type: VOTER last_known_addr { host: "127.5.165.193" port: 39757 } health_report { overall_health: UNKNOWN } } peers { permanent_uuid: "150b8acff2c046a783783cbeec0b3cea" member_type: VOTER last_known_addr { host: "127.5.165.194" port: 33823 } health_report { overall_health: UNKNOWN } } peers { permanent_uuid: "e6bdb3c531dc4731adf4179a87d56820" member_type: VOTER last_known_addr { host: "127.5.165.195" port: 46541 } health_report { overall_health: HEALTHY } } }
I20260710 13:16:18.782945  6400 raft_consensus.cc:1275] T e602b32a91624ef189653fa621f6a6e4 P 008bb33e3f14481e9e879f103ccf47b3 [term 2 FOLLOWER]: Refusing update from remote peer e6bdb3c531dc4731adf4179a87d56820: Log matching property violated. Preceding OpId in replica: term: 1 index: 1. Preceding OpId from leader: term: 2 index: 2. (index mismatch)
I20260710 13:16:18.784313  6684 consensus_queue.cc:1048] T e602b32a91624ef189653fa621f6a6e4 P e6bdb3c531dc4731adf4179a87d56820 [LEADER]: Connected to new peer: Peer: permanent_uuid: "008bb33e3f14481e9e879f103ccf47b3" member_type: VOTER last_known_addr { host: "127.5.165.193" port: 39757 }, Status: LMP_MISMATCH, Last received: 0.0, Next index: 2, Last known committed idx: 1, Time since last communication: 0.000s
I20260710 13:16:18.796046  6476 raft_consensus.cc:1275] T e602b32a91624ef189653fa621f6a6e4 P 150b8acff2c046a783783cbeec0b3cea [term 2 FOLLOWER]: Refusing update from remote peer e6bdb3c531dc4731adf4179a87d56820: Log matching property violated. Preceding OpId in replica: term: 1 index: 1. Preceding OpId from leader: term: 2 index: 2. (index mismatch)
I20260710 13:16:18.800251  6689 consensus_queue.cc:1048] T e602b32a91624ef189653fa621f6a6e4 P e6bdb3c531dc4731adf4179a87d56820 [LEADER]: Connected to new peer: Peer: permanent_uuid: "150b8acff2c046a783783cbeec0b3cea" member_type: VOTER last_known_addr { host: "127.5.165.194" port: 33823 }, Status: LMP_MISMATCH, Last received: 0.0, Next index: 2, Last known committed idx: 1, Time since last communication: 0.000s
I20260710 13:16:18.835631  6400 raft_consensus.cc:1275] T fcae9f8d7cf6426582bbe31e0f6865f2 P 008bb33e3f14481e9e879f103ccf47b3 [term 3 FOLLOWER]: Refusing update from remote peer e6bdb3c531dc4731adf4179a87d56820: Log matching property violated. Preceding OpId in replica: term: 2 index: 2. Preceding OpId from leader: term: 3 index: 3. (index mismatch)
I20260710 13:16:18.836755  6689 consensus_queue.cc:1048] T fcae9f8d7cf6426582bbe31e0f6865f2 P e6bdb3c531dc4731adf4179a87d56820 [LEADER]: Connected to new peer: Peer: permanent_uuid: "008bb33e3f14481e9e879f103ccf47b3" member_type: VOTER last_known_addr { host: "127.5.165.193" port: 39757 }, Status: LMP_MISMATCH, Last received: 0.0, Next index: 3, Last known committed idx: 2, Time since last communication: 0.000s
I20260710 13:16:18.846073  6476 raft_consensus.cc:1275] T fcae9f8d7cf6426582bbe31e0f6865f2 P 150b8acff2c046a783783cbeec0b3cea [term 3 FOLLOWER]: Refusing update from remote peer e6bdb3c531dc4731adf4179a87d56820: Log matching property violated. Preceding OpId in replica: term: 2 index: 2. Preceding OpId from leader: term: 3 index: 3. (index mismatch)
I20260710 13:16:18.847903  6689 consensus_queue.cc:1048] T fcae9f8d7cf6426582bbe31e0f6865f2 P e6bdb3c531dc4731adf4179a87d56820 [LEADER]: Connected to new peer: Peer: permanent_uuid: "150b8acff2c046a783783cbeec0b3cea" member_type: VOTER last_known_addr { host: "127.5.165.194" port: 33823 }, Status: LMP_MISMATCH, Last received: 0.0, Next index: 3, Last known committed idx: 2, Time since last communication: 0.000s
I20260710 13:16:19.163341  5783 auto_leader_rebalancer.cc:141] leader rebalance for table test-workload
I20260710 13:16:19.177867  6548 tablet_service.cc:2072] Received LeaderStepDown RPC: tablet_id: "fcae9f8d7cf6426582bbe31e0f6865f2"
dest_uuid: "e6bdb3c531dc4731adf4179a87d56820"
mode: GRACEFUL
new_leader_uuid: "008bb33e3f14481e9e879f103ccf47b3"
 from {username='slave'} at 127.0.0.1:46374
I20260710 13:16:19.178520  6548 raft_consensus.cc:606] T fcae9f8d7cf6426582bbe31e0f6865f2 P e6bdb3c531dc4731adf4179a87d56820 [term 3 LEADER]: Received request to transfer leadership to TS 008bb33e3f14481e9e879f103ccf47b3
I20260710 13:16:19.185779  6548 tablet_service.cc:2072] Received LeaderStepDown RPC: tablet_id: "e602b32a91624ef189653fa621f6a6e4"
dest_uuid: "e6bdb3c531dc4731adf4179a87d56820"
mode: GRACEFUL
new_leader_uuid: "008bb33e3f14481e9e879f103ccf47b3"
 from {username='slave'} at 127.0.0.1:46374
I20260710 13:16:19.186412  6548 raft_consensus.cc:606] T e602b32a91624ef189653fa621f6a6e4 P e6bdb3c531dc4731adf4179a87d56820 [term 2 LEADER]: Received request to transfer leadership to TS 008bb33e3f14481e9e879f103ccf47b3
I20260710 13:16:19.191367  6476 tablet_service.cc:2072] Received LeaderStepDown RPC: tablet_id: "e90cc8e11ea045b2b2206bc26ceaad0f"
dest_uuid: "150b8acff2c046a783783cbeec0b3cea"
mode: GRACEFUL
new_leader_uuid: "008bb33e3f14481e9e879f103ccf47b3"
 from {username='slave'} at 127.0.0.1:55636
I20260710 13:16:19.191864  6476 raft_consensus.cc:606] T e90cc8e11ea045b2b2206bc26ceaad0f P 150b8acff2c046a783783cbeec0b3cea [term 1 LEADER]: Received request to transfer leadership to TS 008bb33e3f14481e9e879f103ccf47b3
I20260710 13:16:19.196314  6476 tablet_service.cc:2072] Received LeaderStepDown RPC: tablet_id: "fa5acb7c96af46969dad79627671f629"
dest_uuid: "150b8acff2c046a783783cbeec0b3cea"
mode: GRACEFUL
new_leader_uuid: "008bb33e3f14481e9e879f103ccf47b3"
 from {username='slave'} at 127.0.0.1:55636
I20260710 13:16:19.196789  6476 raft_consensus.cc:606] T fa5acb7c96af46969dad79627671f629 P 150b8acff2c046a783783cbeec0b3cea [term 2 LEADER]: Received request to transfer leadership to TS 008bb33e3f14481e9e879f103ccf47b3
I20260710 13:16:19.201206  6476 tablet_service.cc:2072] Received LeaderStepDown RPC: tablet_id: "6e8bd790c65a409eb9c2481b1bc9a0ea"
dest_uuid: "150b8acff2c046a783783cbeec0b3cea"
mode: GRACEFUL
new_leader_uuid: "008bb33e3f14481e9e879f103ccf47b3"
 from {username='slave'} at 127.0.0.1:55636
I20260710 13:16:19.201651  6476 raft_consensus.cc:606] T 6e8bd790c65a409eb9c2481b1bc9a0ea P 150b8acff2c046a783783cbeec0b3cea [term 1 LEADER]: Received request to transfer leadership to TS 008bb33e3f14481e9e879f103ccf47b3
I20260710 13:16:19.305045  6684 raft_consensus.cc:993] T e602b32a91624ef189653fa621f6a6e4 P e6bdb3c531dc4731adf4179a87d56820: : Instructing follower 008bb33e3f14481e9e879f103ccf47b3 to start an election
I20260710 13:16:19.305526  6684 raft_consensus.cc:1081] T e602b32a91624ef189653fa621f6a6e4 P e6bdb3c531dc4731adf4179a87d56820 [term 2 LEADER]: Signalling peer 008bb33e3f14481e9e879f103ccf47b3 to start an election
I20260710 13:16:19.307124  6401 tablet_service.cc:2044] Received Run Leader Election RPC: tablet_id: "e602b32a91624ef189653fa621f6a6e4"
dest_uuid: "008bb33e3f14481e9e879f103ccf47b3"
 from {username='slave'} at 127.0.0.1:46300
I20260710 13:16:19.307659  6401 raft_consensus.cc:493] T e602b32a91624ef189653fa621f6a6e4 P 008bb33e3f14481e9e879f103ccf47b3 [term 2 FOLLOWER]: Starting forced leader election (received explicit request)
I20260710 13:16:19.307772  6688 raft_consensus.cc:993] T fcae9f8d7cf6426582bbe31e0f6865f2 P e6bdb3c531dc4731adf4179a87d56820: : Instructing follower 008bb33e3f14481e9e879f103ccf47b3 to start an election
I20260710 13:16:19.308034  6401 raft_consensus.cc:3060] T e602b32a91624ef189653fa621f6a6e4 P 008bb33e3f14481e9e879f103ccf47b3 [term 2 FOLLOWER]: Advancing to term 3
I20260710 13:16:19.308187  6684 raft_consensus.cc:1081] T fcae9f8d7cf6426582bbe31e0f6865f2 P e6bdb3c531dc4731adf4179a87d56820 [term 3 LEADER]: Signalling peer 008bb33e3f14481e9e879f103ccf47b3 to start an election
I20260710 13:16:19.309780  6400 tablet_service.cc:2044] Received Run Leader Election RPC: tablet_id: "fcae9f8d7cf6426582bbe31e0f6865f2"
dest_uuid: "008bb33e3f14481e9e879f103ccf47b3"
 from {username='slave'} at 127.0.0.1:46300
I20260710 13:16:19.310293  6400 raft_consensus.cc:493] T fcae9f8d7cf6426582bbe31e0f6865f2 P 008bb33e3f14481e9e879f103ccf47b3 [term 3 FOLLOWER]: Starting forced leader election (received explicit request)
I20260710 13:16:19.310637  6400 raft_consensus.cc:3060] T fcae9f8d7cf6426582bbe31e0f6865f2 P 008bb33e3f14481e9e879f103ccf47b3 [term 3 FOLLOWER]: Advancing to term 4
I20260710 13:16:19.314729  6401 raft_consensus.cc:515] T e602b32a91624ef189653fa621f6a6e4 P 008bb33e3f14481e9e879f103ccf47b3 [term 3 FOLLOWER]: Starting forced leader election with config: opid_index: -1 OBSOLETE_local: false peers { permanent_uuid: "008bb33e3f14481e9e879f103ccf47b3" member_type: VOTER last_known_addr { host: "127.5.165.193" port: 39757 } } peers { permanent_uuid: "150b8acff2c046a783783cbeec0b3cea" member_type: VOTER last_known_addr { host: "127.5.165.194" port: 33823 } } peers { permanent_uuid: "e6bdb3c531dc4731adf4179a87d56820" member_type: VOTER last_known_addr { host: "127.5.165.195" port: 46541 } }
I20260710 13:16:19.316841  6401 leader_election.cc:290] T e602b32a91624ef189653fa621f6a6e4 P 008bb33e3f14481e9e879f103ccf47b3 [CANDIDATE]: Term 3 election: Requested vote from peers 150b8acff2c046a783783cbeec0b3cea (127.5.165.194:33823), e6bdb3c531dc4731adf4179a87d56820 (127.5.165.195:46541)
I20260710 13:16:19.317252  6400 raft_consensus.cc:515] T fcae9f8d7cf6426582bbe31e0f6865f2 P 008bb33e3f14481e9e879f103ccf47b3 [term 4 FOLLOWER]: Starting forced leader election with config: opid_index: -1 OBSOLETE_local: false peers { permanent_uuid: "008bb33e3f14481e9e879f103ccf47b3" member_type: VOTER last_known_addr { host: "127.5.165.193" port: 39757 } } peers { permanent_uuid: "150b8acff2c046a783783cbeec0b3cea" member_type: VOTER last_known_addr { host: "127.5.165.194" port: 33823 } } peers { permanent_uuid: "e6bdb3c531dc4731adf4179a87d56820" member_type: VOTER last_known_addr { host: "127.5.165.195" port: 46541 } }
I20260710 13:16:19.318370  6476 tablet_service.cc:1917] Received RequestConsensusVote() RPC: tablet_id: "e602b32a91624ef189653fa621f6a6e4" candidate_uuid: "008bb33e3f14481e9e879f103ccf47b3" candidate_term: 3 candidate_status { last_received { term: 2 index: 2 } } ignore_live_leader: true dest_uuid: "150b8acff2c046a783783cbeec0b3cea"
I20260710 13:16:19.319329  6400 leader_election.cc:290] T fcae9f8d7cf6426582bbe31e0f6865f2 P 008bb33e3f14481e9e879f103ccf47b3 [CANDIDATE]: Term 4 election: Requested vote from peers 150b8acff2c046a783783cbeec0b3cea (127.5.165.194:33823), e6bdb3c531dc4731adf4179a87d56820 (127.5.165.195:46541)
I20260710 13:16:19.319446  6476 raft_consensus.cc:3060] T e602b32a91624ef189653fa621f6a6e4 P 150b8acff2c046a783783cbeec0b3cea [term 2 FOLLOWER]: Advancing to term 3
I20260710 13:16:19.320340  6549 tablet_service.cc:1917] Received RequestConsensusVote() RPC: tablet_id: "fcae9f8d7cf6426582bbe31e0f6865f2" candidate_uuid: "008bb33e3f14481e9e879f103ccf47b3" candidate_term: 4 candidate_status { last_received { term: 3 index: 3 } } ignore_live_leader: true dest_uuid: "e6bdb3c531dc4731adf4179a87d56820"
I20260710 13:16:19.320868  6549 raft_consensus.cc:3055] T fcae9f8d7cf6426582bbe31e0f6865f2 P e6bdb3c531dc4731adf4179a87d56820 [term 3 LEADER]: Stepping down as leader of term 3
I20260710 13:16:19.321127  6549 raft_consensus.cc:740] T fcae9f8d7cf6426582bbe31e0f6865f2 P e6bdb3c531dc4731adf4179a87d56820 [term 3 LEADER]: Becoming Follower/Learner. State: Replica: e6bdb3c531dc4731adf4179a87d56820, State: Running, Role: LEADER
I20260710 13:16:19.321822  6549 consensus_queue.cc:260] T fcae9f8d7cf6426582bbe31e0f6865f2 P e6bdb3c531dc4731adf4179a87d56820 [NON_LEADER]: Queue going to NON_LEADER mode. State: All replicated index: 0, Majority replicated index: 3, Committed index: 3, Last appended: 3.3, Last appended by leader: 3, Current term: 3, Majority size: -1, State: 0, Mode: NON_LEADER, active raft config: opid_index: -1 OBSOLETE_local: false peers { permanent_uuid: "008bb33e3f14481e9e879f103ccf47b3" member_type: VOTER last_known_addr { host: "127.5.165.193" port: 39757 } } peers { permanent_uuid: "150b8acff2c046a783783cbeec0b3cea" member_type: VOTER last_known_addr { host: "127.5.165.194" port: 33823 } } peers { permanent_uuid: "e6bdb3c531dc4731adf4179a87d56820" member_type: VOTER last_known_addr { host: "127.5.165.195" port: 46541 } }
I20260710 13:16:19.322677  6549 raft_consensus.cc:3060] T fcae9f8d7cf6426582bbe31e0f6865f2 P e6bdb3c531dc4731adf4179a87d56820 [term 3 FOLLOWER]: Advancing to term 4
I20260710 13:16:19.318459  6548 tablet_service.cc:1917] Received RequestConsensusVote() RPC: tablet_id: "e602b32a91624ef189653fa621f6a6e4" candidate_uuid: "008bb33e3f14481e9e879f103ccf47b3" candidate_term: 3 candidate_status { last_received { term: 2 index: 2 } } ignore_live_leader: true dest_uuid: "e6bdb3c531dc4731adf4179a87d56820"
I20260710 13:16:19.326728  6549 raft_consensus.cc:2468] T fcae9f8d7cf6426582bbe31e0f6865f2 P e6bdb3c531dc4731adf4179a87d56820 [term 4 FOLLOWER]: Leader election vote request: Granting yes vote for candidate 008bb33e3f14481e9e879f103ccf47b3 in term 4.
I20260710 13:16:19.327162  6548 raft_consensus.cc:3055] T e602b32a91624ef189653fa621f6a6e4 P e6bdb3c531dc4731adf4179a87d56820 [term 2 LEADER]: Stepping down as leader of term 2
I20260710 13:16:19.327201  6475 tablet_service.cc:1917] Received RequestConsensusVote() RPC: tablet_id: "fcae9f8d7cf6426582bbe31e0f6865f2" candidate_uuid: "008bb33e3f14481e9e879f103ccf47b3" candidate_term: 4 candidate_status { last_received { term: 3 index: 3 } } ignore_live_leader: true dest_uuid: "150b8acff2c046a783783cbeec0b3cea"
I20260710 13:16:19.327848  6475 raft_consensus.cc:3060] T fcae9f8d7cf6426582bbe31e0f6865f2 P 150b8acff2c046a783783cbeec0b3cea [term 3 FOLLOWER]: Advancing to term 4
I20260710 13:16:19.327878  6365 leader_election.cc:304] T fcae9f8d7cf6426582bbe31e0f6865f2 P 008bb33e3f14481e9e879f103ccf47b3 [CANDIDATE]: Term 4 election: Election decided. Result: candidate won. Election summary: received 2 responses out of 3 voters: 2 yes votes; 0 no votes. yes voters: 008bb33e3f14481e9e879f103ccf47b3, e6bdb3c531dc4731adf4179a87d56820; no voters: 
I20260710 13:16:19.328594  6680 raft_consensus.cc:2804] T fcae9f8d7cf6426582bbe31e0f6865f2 P 008bb33e3f14481e9e879f103ccf47b3 [term 4 FOLLOWER]: Leader election won for term 4
I20260710 13:16:19.329164  6476 raft_consensus.cc:2468] T e602b32a91624ef189653fa621f6a6e4 P 150b8acff2c046a783783cbeec0b3cea [term 3 FOLLOWER]: Leader election vote request: Granting yes vote for candidate 008bb33e3f14481e9e879f103ccf47b3 in term 3.
I20260710 13:16:19.330606  6365 leader_election.cc:304] T e602b32a91624ef189653fa621f6a6e4 P 008bb33e3f14481e9e879f103ccf47b3 [CANDIDATE]: Term 3 election: Election decided. Result: candidate won. Election summary: received 2 responses out of 3 voters: 2 yes votes; 0 no votes. yes voters: 008bb33e3f14481e9e879f103ccf47b3, 150b8acff2c046a783783cbeec0b3cea; no voters: 
I20260710 13:16:19.328560  6548 raft_consensus.cc:740] T e602b32a91624ef189653fa621f6a6e4 P e6bdb3c531dc4731adf4179a87d56820 [term 2 LEADER]: Becoming Follower/Learner. State: Replica: e6bdb3c531dc4731adf4179a87d56820, State: Running, Role: LEADER
I20260710 13:16:19.334528  6475 raft_consensus.cc:2468] T fcae9f8d7cf6426582bbe31e0f6865f2 P 150b8acff2c046a783783cbeec0b3cea [term 4 FOLLOWER]: Leader election vote request: Granting yes vote for candidate 008bb33e3f14481e9e879f103ccf47b3 in term 4.
I20260710 13:16:19.335064  6548 consensus_queue.cc:260] T e602b32a91624ef189653fa621f6a6e4 P e6bdb3c531dc4731adf4179a87d56820 [NON_LEADER]: Queue going to NON_LEADER mode. State: All replicated index: 0, Majority replicated index: 2, Committed index: 2, Last appended: 2.2, Last appended by leader: 2, Current term: 2, Majority size: -1, State: 0, Mode: NON_LEADER, active raft config: opid_index: -1 OBSOLETE_local: false peers { permanent_uuid: "008bb33e3f14481e9e879f103ccf47b3" member_type: VOTER last_known_addr { host: "127.5.165.193" port: 39757 } } peers { permanent_uuid: "150b8acff2c046a783783cbeec0b3cea" member_type: VOTER last_known_addr { host: "127.5.165.194" port: 33823 } } peers { permanent_uuid: "e6bdb3c531dc4731adf4179a87d56820" member_type: VOTER last_known_addr { host: "127.5.165.195" port: 46541 } }
I20260710 13:16:19.336251  6548 raft_consensus.cc:3060] T e602b32a91624ef189653fa621f6a6e4 P e6bdb3c531dc4731adf4179a87d56820 [term 2 FOLLOWER]: Advancing to term 3
I20260710 13:16:19.342643  6707 raft_consensus.cc:2804] T e602b32a91624ef189653fa621f6a6e4 P 008bb33e3f14481e9e879f103ccf47b3 [term 3 FOLLOWER]: Leader election won for term 3
I20260710 13:16:19.344439  6707 raft_consensus.cc:697] T e602b32a91624ef189653fa621f6a6e4 P 008bb33e3f14481e9e879f103ccf47b3 [term 3 LEADER]: Becoming Leader. State: Replica: 008bb33e3f14481e9e879f103ccf47b3, State: Running, Role: LEADER
I20260710 13:16:19.345643  6707 consensus_queue.cc:237] T e602b32a91624ef189653fa621f6a6e4 P 008bb33e3f14481e9e879f103ccf47b3 [LEADER]: Queue going to LEADER mode. State: All replicated index: 0, Majority replicated index: 2, Committed index: 2, Last appended: 2.2, Last appended by leader: 2, Current term: 3, Majority size: 2, State: 0, Mode: LEADER, active raft config: opid_index: -1 OBSOLETE_local: false peers { permanent_uuid: "008bb33e3f14481e9e879f103ccf47b3" member_type: VOTER last_known_addr { host: "127.5.165.193" port: 39757 } } peers { permanent_uuid: "150b8acff2c046a783783cbeec0b3cea" member_type: VOTER last_known_addr { host: "127.5.165.194" port: 33823 } } peers { permanent_uuid: "e6bdb3c531dc4731adf4179a87d56820" member_type: VOTER last_known_addr { host: "127.5.165.195" port: 46541 } }
I20260710 13:16:19.347317  6680 raft_consensus.cc:697] T fcae9f8d7cf6426582bbe31e0f6865f2 P 008bb33e3f14481e9e879f103ccf47b3 [term 4 LEADER]: Becoming Leader. State: Replica: 008bb33e3f14481e9e879f103ccf47b3, State: Running, Role: LEADER
I20260710 13:16:19.348519  6680 consensus_queue.cc:237] T fcae9f8d7cf6426582bbe31e0f6865f2 P 008bb33e3f14481e9e879f103ccf47b3 [LEADER]: Queue going to LEADER mode. State: All replicated index: 0, Majority replicated index: 3, Committed index: 3, Last appended: 3.3, Last appended by leader: 3, Current term: 4, Majority size: 2, State: 0, Mode: LEADER, active raft config: opid_index: -1 OBSOLETE_local: false peers { permanent_uuid: "008bb33e3f14481e9e879f103ccf47b3" member_type: VOTER last_known_addr { host: "127.5.165.193" port: 39757 } } peers { permanent_uuid: "150b8acff2c046a783783cbeec0b3cea" member_type: VOTER last_known_addr { host: "127.5.165.194" port: 33823 } } peers { permanent_uuid: "e6bdb3c531dc4731adf4179a87d56820" member_type: VOTER last_known_addr { host: "127.5.165.195" port: 46541 } }
I20260710 13:16:19.349977  6548 raft_consensus.cc:2468] T e602b32a91624ef189653fa621f6a6e4 P e6bdb3c531dc4731adf4179a87d56820 [term 3 FOLLOWER]: Leader election vote request: Granting yes vote for candidate 008bb33e3f14481e9e879f103ccf47b3 in term 3.
I20260710 13:16:19.356012  6297 catalog_manager.cc:5697] T fcae9f8d7cf6426582bbe31e0f6865f2 P 008bb33e3f14481e9e879f103ccf47b3 reported cstate change: term changed from 3 to 4, leader changed from e6bdb3c531dc4731adf4179a87d56820 (127.5.165.195) to 008bb33e3f14481e9e879f103ccf47b3 (127.5.165.193). New cstate: current_term: 4 leader_uuid: "008bb33e3f14481e9e879f103ccf47b3" committed_config { opid_index: -1 OBSOLETE_local: false peers { permanent_uuid: "008bb33e3f14481e9e879f103ccf47b3" member_type: VOTER last_known_addr { host: "127.5.165.193" port: 39757 } health_report { overall_health: HEALTHY } } peers { permanent_uuid: "150b8acff2c046a783783cbeec0b3cea" member_type: VOTER last_known_addr { host: "127.5.165.194" port: 33823 } health_report { overall_health: UNKNOWN } } peers { permanent_uuid: "e6bdb3c531dc4731adf4179a87d56820" member_type: VOTER last_known_addr { host: "127.5.165.195" port: 46541 } health_report { overall_health: UNKNOWN } } }
