I20260710 13:16:25.881810  7170 consensus_queue.cc:1048] T 84481dfe4c3b4bf09a9bf0de5f1feb82 P ea96f87aa0dc4e7a8e12b8164c99a502 [LEADER]: Connected to new peer: Peer: permanent_uuid: "d102c1db5bbf498da9289f9d8d22d64b" member_type: VOTER last_known_addr { host: "127.5.165.195" port: 38011 }, Status: LMP_MISMATCH, Last received: 0.0, Next index: 1, Last known committed idx: 0, Time since last communication: 0.005s
I20260710 13:16:25.889461  7078 raft_consensus.cc:359] T 0ac51fb9692c491dac330bfd5d664d50 P ea96f87aa0dc4e7a8e12b8164c99a502 [term 0 FOLLOWER]: Replica starting. Triggering 0 pending ops. Active config: opid_index: -1 OBSOLETE_local: false peers { permanent_uuid: "ea96f87aa0dc4e7a8e12b8164c99a502" member_type: VOTER last_known_addr { host: "127.5.165.193" port: 38457 } } peers { permanent_uuid: "f4f0c1bcefcd4f3a885ff8e10e59b0bb" member_type: VOTER last_known_addr { host: "127.5.165.194" port: 40379 } } peers { permanent_uuid: "d102c1db5bbf498da9289f9d8d22d64b" member_type: VOTER last_known_addr { host: "127.5.165.195" port: 38011 } }
I20260710 13:16:25.890097  7078 raft_consensus.cc:385] T 0ac51fb9692c491dac330bfd5d664d50 P ea96f87aa0dc4e7a8e12b8164c99a502 [term 0 FOLLOWER]: Consensus starting up: Expiring failure detector timer to make a prompt election more likely
I20260710 13:16:25.890373  7078 raft_consensus.cc:740] T 0ac51fb9692c491dac330bfd5d664d50 P ea96f87aa0dc4e7a8e12b8164c99a502 [term 0 FOLLOWER]: Becoming Follower/Learner. State: Replica: ea96f87aa0dc4e7a8e12b8164c99a502, State: Initialized, Role: FOLLOWER
I20260710 13:16:25.891031  7078 consensus_queue.cc:260] T 0ac51fb9692c491dac330bfd5d664d50 P ea96f87aa0dc4e7a8e12b8164c99a502 [NON_LEADER]: Queue going to NON_LEADER mode. State: All replicated index: 0, Majority replicated index: 0, Committed index: 0, Last appended: 0.0, Last appended by leader: 0, Current term: 0, Majority size: -1, State: 0, Mode: NON_LEADER, active raft config: opid_index: -1 OBSOLETE_local: false peers { permanent_uuid: "ea96f87aa0dc4e7a8e12b8164c99a502" member_type: VOTER last_known_addr { host: "127.5.165.193" port: 38457 } } peers { permanent_uuid: "f4f0c1bcefcd4f3a885ff8e10e59b0bb" member_type: VOTER last_known_addr { host: "127.5.165.194" port: 40379 } } peers { permanent_uuid: "d102c1db5bbf498da9289f9d8d22d64b" member_type: VOTER last_known_addr { host: "127.5.165.195" port: 38011 } }
I20260710 13:16:25.892967  7078 ts_tablet_manager.cc:1434] T 0ac51fb9692c491dac330bfd5d664d50 P ea96f87aa0dc4e7a8e12b8164c99a502: Time spent starting tablet: real 0.006s	user 0.004s	sys 0.000s
I20260710 13:16:25.893801  7078 tablet_bootstrap.cc:492] T 5016975b606e4818abfcba043e112d61 P ea96f87aa0dc4e7a8e12b8164c99a502: Bootstrap starting.
I20260710 13:16:25.895720  7002 leader_election.cc:304] T 2c7d5433e7d74d92a44ec2089245b506 P d102c1db5bbf498da9289f9d8d22d64b [CANDIDATE]: Term 1 pre-election: Election decided. Result: candidate won. Election summary: received 2 responses out of 3 voters: 2 yes votes; 0 no votes. yes voters: d102c1db5bbf498da9289f9d8d22d64b, f4f0c1bcefcd4f3a885ff8e10e59b0bb; no voters: 
I20260710 13:16:25.893807  7036 tablet_service.cc:1917] Received RequestConsensusVote() RPC: tablet_id: "2c7d5433e7d74d92a44ec2089245b506" candidate_uuid: "f4f0c1bcefcd4f3a885ff8e10e59b0bb" candidate_term: 1 candidate_status { last_received { term: 0 index: 0 } } ignore_live_leader: false dest_uuid: "d102c1db5bbf498da9289f9d8d22d64b" is_pre_election: true
I20260710 13:16:25.898959  6887 tablet_service.cc:1917] Received RequestConsensusVote() RPC: tablet_id: "2c7d5433e7d74d92a44ec2089245b506" candidate_uuid: "d102c1db5bbf498da9289f9d8d22d64b" candidate_term: 1 candidate_status { last_received { term: 0 index: 0 } } ignore_live_leader: false dest_uuid: "ea96f87aa0dc4e7a8e12b8164c99a502" is_pre_election: true
I20260710 13:16:25.899119  7036 raft_consensus.cc:2468] T 2c7d5433e7d74d92a44ec2089245b506 P d102c1db5bbf498da9289f9d8d22d64b [term 0 FOLLOWER]: Leader pre-election vote request: Granting yes vote for candidate f4f0c1bcefcd4f3a885ff8e10e59b0bb in term 0.
I20260710 13:16:25.899415  7078 tablet_bootstrap.cc:654] T 5016975b606e4818abfcba043e112d61 P ea96f87aa0dc4e7a8e12b8164c99a502: Neither blocks nor log segments found. Creating new log.
I20260710 13:16:25.899570  6887 raft_consensus.cc:2468] T 2c7d5433e7d74d92a44ec2089245b506 P ea96f87aa0dc4e7a8e12b8164c99a502 [term 0 FOLLOWER]: Leader pre-election vote request: Granting yes vote for candidate d102c1db5bbf498da9289f9d8d22d64b in term 0.
I20260710 13:16:25.900787  6930 leader_election.cc:304] T 2c7d5433e7d74d92a44ec2089245b506 P f4f0c1bcefcd4f3a885ff8e10e59b0bb [CANDIDATE]: Term 1 pre-election: Election decided. Result: candidate won. Election summary: received 2 responses out of 3 voters: 2 yes votes; 0 no votes. yes voters: d102c1db5bbf498da9289f9d8d22d64b, f4f0c1bcefcd4f3a885ff8e10e59b0bb; no voters: 
I20260710 13:16:25.901786  7159 raft_consensus.cc:2804] T 2c7d5433e7d74d92a44ec2089245b506 P f4f0c1bcefcd4f3a885ff8e10e59b0bb [term 0 FOLLOWER]: Leader pre-election won for term 1
I20260710 13:16:25.901871  6887 tablet_service.cc:1917] Received RequestConsensusVote() RPC: tablet_id: "2c7d5433e7d74d92a44ec2089245b506" candidate_uuid: "f4f0c1bcefcd4f3a885ff8e10e59b0bb" candidate_term: 1 candidate_status { last_received { term: 0 index: 0 } } ignore_live_leader: false dest_uuid: "ea96f87aa0dc4e7a8e12b8164c99a502" is_pre_election: true
I20260710 13:16:25.902179  7159 raft_consensus.cc:493] T 2c7d5433e7d74d92a44ec2089245b506 P f4f0c1bcefcd4f3a885ff8e10e59b0bb [term 0 FOLLOWER]: Starting leader election (no leader contacted us within the election timeout)
I20260710 13:16:25.902458  6887 raft_consensus.cc:2468] T 2c7d5433e7d74d92a44ec2089245b506 P ea96f87aa0dc4e7a8e12b8164c99a502 [term 0 FOLLOWER]: Leader pre-election vote request: Granting yes vote for candidate f4f0c1bcefcd4f3a885ff8e10e59b0bb in term 0.
I20260710 13:16:25.902829  7104 raft_consensus.cc:2804] T 2c7d5433e7d74d92a44ec2089245b506 P d102c1db5bbf498da9289f9d8d22d64b [term 0 FOLLOWER]: Leader pre-election won for term 1
I20260710 13:16:25.903317  7104 raft_consensus.cc:493] T 2c7d5433e7d74d92a44ec2089245b506 P d102c1db5bbf498da9289f9d8d22d64b [term 0 FOLLOWER]: Starting leader election (no leader contacted us within the election timeout)
I20260710 13:16:25.903266  7085 consensus_queue.cc:1048] T 6cecb50a254f4f7ab677d4ee29fb9882 P d102c1db5bbf498da9289f9d8d22d64b [LEADER]: Connected to new peer: Peer: permanent_uuid: "f4f0c1bcefcd4f3a885ff8e10e59b0bb" member_type: VOTER last_known_addr { host: "127.5.165.194" port: 40379 }, Status: LMP_MISMATCH, Last received: 0.0, Next index: 1, Last known committed idx: 0, Time since last communication: 0.000s
I20260710 13:16:25.903874  7104 raft_consensus.cc:3060] T 2c7d5433e7d74d92a44ec2089245b506 P d102c1db5bbf498da9289f9d8d22d64b [term 0 FOLLOWER]: Advancing to term 1
I20260710 13:16:25.902525  7159 raft_consensus.cc:3060] T 2c7d5433e7d74d92a44ec2089245b506 P f4f0c1bcefcd4f3a885ff8e10e59b0bb [term 0 FOLLOWER]: Advancing to term 1
I20260710 13:16:25.913203  7159 raft_consensus.cc:515] T 2c7d5433e7d74d92a44ec2089245b506 P f4f0c1bcefcd4f3a885ff8e10e59b0bb [term 1 FOLLOWER]: Starting leader election with config: opid_index: -1 OBSOLETE_local: false peers { permanent_uuid: "ea96f87aa0dc4e7a8e12b8164c99a502" member_type: VOTER last_known_addr { host: "127.5.165.193" port: 38457 } } peers { permanent_uuid: "f4f0c1bcefcd4f3a885ff8e10e59b0bb" member_type: VOTER last_known_addr { host: "127.5.165.194" port: 40379 } } peers { permanent_uuid: "d102c1db5bbf498da9289f9d8d22d64b" member_type: VOTER last_known_addr { host: "127.5.165.195" port: 38011 } }
I20260710 13:16:25.914170  7079 tablet_bootstrap.cc:492] T 8ae5e7defa5c45a1b11e8eff3be2dd7b P f4f0c1bcefcd4f3a885ff8e10e59b0bb: No bootstrap required, opened a new log
I20260710 13:16:25.914604  7079 ts_tablet_manager.cc:1403] T 8ae5e7defa5c45a1b11e8eff3be2dd7b P f4f0c1bcefcd4f3a885ff8e10e59b0bb: Time spent bootstrapping tablet: real 0.077s	user 0.016s	sys 0.008s
I20260710 13:16:25.915856  6887 tablet_service.cc:1917] Received RequestConsensusVote() RPC: tablet_id: "2c7d5433e7d74d92a44ec2089245b506" candidate_uuid: "f4f0c1bcefcd4f3a885ff8e10e59b0bb" candidate_term: 1 candidate_status { last_received { term: 0 index: 0 } } ignore_live_leader: false dest_uuid: "ea96f87aa0dc4e7a8e12b8164c99a502"
I20260710 13:16:25.916383  6887 raft_consensus.cc:3060] T 2c7d5433e7d74d92a44ec2089245b506 P ea96f87aa0dc4e7a8e12b8164c99a502 [term 0 FOLLOWER]: Advancing to term 1
I20260710 13:16:25.917100  7079 raft_consensus.cc:359] T 8ae5e7defa5c45a1b11e8eff3be2dd7b P f4f0c1bcefcd4f3a885ff8e10e59b0bb [term 0 FOLLOWER]: Replica starting. Triggering 0 pending ops. Active config: opid_index: -1 OBSOLETE_local: false peers { permanent_uuid: "ea96f87aa0dc4e7a8e12b8164c99a502" member_type: VOTER last_known_addr { host: "127.5.165.193" port: 38457 } } peers { permanent_uuid: "f4f0c1bcefcd4f3a885ff8e10e59b0bb" member_type: VOTER last_known_addr { host: "127.5.165.194" port: 40379 } } peers { permanent_uuid: "d102c1db5bbf498da9289f9d8d22d64b" member_type: VOTER last_known_addr { host: "127.5.165.195" port: 38011 } }
I20260710 13:16:25.917737  7079 raft_consensus.cc:385] T 8ae5e7defa5c45a1b11e8eff3be2dd7b P f4f0c1bcefcd4f3a885ff8e10e59b0bb [term 0 FOLLOWER]: Consensus starting up: Expiring failure detector timer to make a prompt election more likely
I20260710 13:16:25.917987  7079 raft_consensus.cc:740] T 8ae5e7defa5c45a1b11e8eff3be2dd7b P f4f0c1bcefcd4f3a885ff8e10e59b0bb [term 0 FOLLOWER]: Becoming Follower/Learner. State: Replica: f4f0c1bcefcd4f3a885ff8e10e59b0bb, State: Initialized, Role: FOLLOWER
I20260710 13:16:25.927749  7159 leader_election.cc:290] T 2c7d5433e7d74d92a44ec2089245b506 P f4f0c1bcefcd4f3a885ff8e10e59b0bb [CANDIDATE]: Term 1 election: Requested vote from peers ea96f87aa0dc4e7a8e12b8164c99a502 (127.5.165.193:38457), d102c1db5bbf498da9289f9d8d22d64b (127.5.165.195:38011)
I20260710 13:16:25.928898  7036 tablet_service.cc:1917] Received RequestConsensusVote() RPC: tablet_id: "2c7d5433e7d74d92a44ec2089245b506" candidate_uuid: "f4f0c1bcefcd4f3a885ff8e10e59b0bb" candidate_term: 1 candidate_status { last_received { term: 0 index: 0 } } ignore_live_leader: false dest_uuid: "d102c1db5bbf498da9289f9d8d22d64b"
I20260710 13:16:25.929557  6887 raft_consensus.cc:2468] T 2c7d5433e7d74d92a44ec2089245b506 P ea96f87aa0dc4e7a8e12b8164c99a502 [term 1 FOLLOWER]: Leader election vote request: Granting yes vote for candidate f4f0c1bcefcd4f3a885ff8e10e59b0bb in term 1.
I20260710 13:16:25.927315  7079 consensus_queue.cc:260] T 8ae5e7defa5c45a1b11e8eff3be2dd7b P f4f0c1bcefcd4f3a885ff8e10e59b0bb [NON_LEADER]: Queue going to NON_LEADER mode. State: All replicated index: 0, Majority replicated index: 0, Committed index: 0, Last appended: 0.0, Last appended by leader: 0, Current term: 0, Majority size: -1, State: 0, Mode: NON_LEADER, active raft config: opid_index: -1 OBSOLETE_local: false peers { permanent_uuid: "ea96f87aa0dc4e7a8e12b8164c99a502" member_type: VOTER last_known_addr { host: "127.5.165.193" port: 38457 } } peers { permanent_uuid: "f4f0c1bcefcd4f3a885ff8e10e59b0bb" member_type: VOTER last_known_addr { host: "127.5.165.194" port: 40379 } } peers { permanent_uuid: "d102c1db5bbf498da9289f9d8d22d64b" member_type: VOTER last_known_addr { host: "127.5.165.195" port: 38011 } }
I20260710 13:16:25.930760  6927 leader_election.cc:304] T 2c7d5433e7d74d92a44ec2089245b506 P f4f0c1bcefcd4f3a885ff8e10e59b0bb [CANDIDATE]: Term 1 election: Election decided. Result: candidate won. Election summary: received 2 responses out of 3 voters: 2 yes votes; 0 no votes. yes voters: ea96f87aa0dc4e7a8e12b8164c99a502, f4f0c1bcefcd4f3a885ff8e10e59b0bb; no voters: 
I20260710 13:16:25.931514  7166 raft_consensus.cc:2804] T 2c7d5433e7d74d92a44ec2089245b506 P f4f0c1bcefcd4f3a885ff8e10e59b0bb [term 1 FOLLOWER]: Leader election won for term 1
I20260710 13:16:25.932040  7166 raft_consensus.cc:697] T 2c7d5433e7d74d92a44ec2089245b506 P f4f0c1bcefcd4f3a885ff8e10e59b0bb [term 1 LEADER]: Becoming Leader. State: Replica: f4f0c1bcefcd4f3a885ff8e10e59b0bb, State: Running, Role: LEADER
I20260710 13:16:25.933339  7079 ts_tablet_manager.cc:1434] T 8ae5e7defa5c45a1b11e8eff3be2dd7b P f4f0c1bcefcd4f3a885ff8e10e59b0bb: Time spent starting tablet: real 0.018s	user 0.006s	sys 0.001s
I20260710 13:16:25.932984  7166 consensus_queue.cc:237] T 2c7d5433e7d74d92a44ec2089245b506 P f4f0c1bcefcd4f3a885ff8e10e59b0bb [LEADER]: Queue going to LEADER mode. State: All replicated index: 0, Majority replicated index: 0, Committed index: 0, Last appended: 0.0, Last appended by leader: 0, Current term: 1, Majority size: 2, State: 0, Mode: LEADER, active raft config: opid_index: -1 OBSOLETE_local: false peers { permanent_uuid: "ea96f87aa0dc4e7a8e12b8164c99a502" member_type: VOTER last_known_addr { host: "127.5.165.193" port: 38457 } } peers { permanent_uuid: "f4f0c1bcefcd4f3a885ff8e10e59b0bb" member_type: VOTER last_known_addr { host: "127.5.165.194" port: 40379 } } peers { permanent_uuid: "d102c1db5bbf498da9289f9d8d22d64b" member_type: VOTER last_known_addr { host: "127.5.165.195" port: 38011 } }
I20260710 13:16:25.934206  7079 tablet_bootstrap.cc:492] T 2199bb33f409476d9c380b9732d6b904 P f4f0c1bcefcd4f3a885ff8e10e59b0bb: Bootstrap starting.
I20260710 13:16:25.957432  7079 tablet_bootstrap.cc:654] T 2199bb33f409476d9c380b9732d6b904 P f4f0c1bcefcd4f3a885ff8e10e59b0bb: Neither blocks nor log segments found. Creating new log.
I20260710 13:16:25.958693  7104 raft_consensus.cc:515] T 2c7d5433e7d74d92a44ec2089245b506 P d102c1db5bbf498da9289f9d8d22d64b [term 1 FOLLOWER]: Starting leader election with config: opid_index: -1 OBSOLETE_local: false peers { permanent_uuid: "ea96f87aa0dc4e7a8e12b8164c99a502" member_type: VOTER last_known_addr { host: "127.5.165.193" port: 38457 } } peers { permanent_uuid: "f4f0c1bcefcd4f3a885ff8e10e59b0bb" member_type: VOTER last_known_addr { host: "127.5.165.194" port: 40379 } } peers { permanent_uuid: "d102c1db5bbf498da9289f9d8d22d64b" member_type: VOTER last_known_addr { host: "127.5.165.195" port: 38011 } }
I20260710 13:16:25.968000  7036 raft_consensus.cc:2393] T 2c7d5433e7d74d92a44ec2089245b506 P d102c1db5bbf498da9289f9d8d22d64b [term 1 FOLLOWER]: Leader election vote request: Denying vote to candidate f4f0c1bcefcd4f3a885ff8e10e59b0bb in current term 1: Already voted for candidate d102c1db5bbf498da9289f9d8d22d64b in this term.
I20260710 13:16:25.974270  7119 consensus_queue.cc:1048] T 5a526ba2cd194aaca48f259a921d33e0 P ea96f87aa0dc4e7a8e12b8164c99a502 [LEADER]: Connected to new peer: Peer: permanent_uuid: "f4f0c1bcefcd4f3a885ff8e10e59b0bb" member_type: VOTER last_known_addr { host: "127.5.165.194" port: 40379 }, Status: LMP_MISMATCH, Last received: 0.0, Next index: 1, Last known committed idx: 0, Time since last communication: 0.001s
I20260710 13:16:25.985760  6887 tablet_service.cc:1917] Received RequestConsensusVote() RPC: tablet_id: "2c7d5433e7d74d92a44ec2089245b506" candidate_uuid: "d102c1db5bbf498da9289f9d8d22d64b" candidate_term: 1 candidate_status { last_received { term: 0 index: 0 } } ignore_live_leader: false dest_uuid: "ea96f87aa0dc4e7a8e12b8164c99a502"
I20260710 13:16:25.986523  6887 raft_consensus.cc:2393] T 2c7d5433e7d74d92a44ec2089245b506 P ea96f87aa0dc4e7a8e12b8164c99a502 [term 1 FOLLOWER]: Leader election vote request: Denying vote to candidate d102c1db5bbf498da9289f9d8d22d64b in current term 1: Already voted for candidate f4f0c1bcefcd4f3a885ff8e10e59b0bb in this term.
I20260710 13:16:25.988075  7085 raft_consensus.cc:493] T 0ac51fb9692c491dac330bfd5d664d50 P d102c1db5bbf498da9289f9d8d22d64b [term 0 FOLLOWER]: Starting pre-election (no leader contacted us within the election timeout)
I20260710 13:16:25.988718  7104 leader_election.cc:290] T 2c7d5433e7d74d92a44ec2089245b506 P d102c1db5bbf498da9289f9d8d22d64b [CANDIDATE]: Term 1 election: Requested vote from peers ea96f87aa0dc4e7a8e12b8164c99a502 (127.5.165.193:38457), f4f0c1bcefcd4f3a885ff8e10e59b0bb (127.5.165.194:40379)
I20260710 13:16:25.988942  7085 raft_consensus.cc:515] T 0ac51fb9692c491dac330bfd5d664d50 P d102c1db5bbf498da9289f9d8d22d64b [term 0 FOLLOWER]: Starting pre-election with config: opid_index: -1 OBSOLETE_local: false peers { permanent_uuid: "ea96f87aa0dc4e7a8e12b8164c99a502" member_type: VOTER last_known_addr { host: "127.5.165.193" port: 38457 } } peers { permanent_uuid: "f4f0c1bcefcd4f3a885ff8e10e59b0bb" member_type: VOTER last_known_addr { host: "127.5.165.194" port: 40379 } } peers { permanent_uuid: "d102c1db5bbf498da9289f9d8d22d64b" member_type: VOTER last_known_addr { host: "127.5.165.195" port: 38011 } }
I20260710 13:16:25.989748  6962 tablet_service.cc:1917] Received RequestConsensusVote() RPC: tablet_id: "2c7d5433e7d74d92a44ec2089245b506" candidate_uuid: "d102c1db5bbf498da9289f9d8d22d64b" candidate_term: 1 candidate_status { last_received { term: 0 index: 0 } } ignore_live_leader: false dest_uuid: "f4f0c1bcefcd4f3a885ff8e10e59b0bb"
I20260710 13:16:25.992031  7001 leader_election.cc:304] T 2c7d5433e7d74d92a44ec2089245b506 P d102c1db5bbf498da9289f9d8d22d64b [CANDIDATE]: Term 1 election: Election decided. Result: candidate lost. Election summary: received 3 responses out of 3 voters: 1 yes votes; 2 no votes. yes voters: d102c1db5bbf498da9289f9d8d22d64b; no voters: ea96f87aa0dc4e7a8e12b8164c99a502, f4f0c1bcefcd4f3a885ff8e10e59b0bb
I20260710 13:16:25.993395  7080 tablet_bootstrap.cc:492] T 8ae5e7defa5c45a1b11e8eff3be2dd7b P d102c1db5bbf498da9289f9d8d22d64b: No bootstrap required, opened a new log
I20260710 13:16:25.993328  6887 tablet_service.cc:1917] Received RequestConsensusVote() RPC: tablet_id: "0ac51fb9692c491dac330bfd5d664d50" candidate_uuid: "d102c1db5bbf498da9289f9d8d22d64b" candidate_term: 1 candidate_status { last_received { term: 0 index: 0 } } ignore_live_leader: false dest_uuid: "ea96f87aa0dc4e7a8e12b8164c99a502" is_pre_election: true
I20260710 13:16:25.993880  7080 ts_tablet_manager.cc:1403] T 8ae5e7defa5c45a1b11e8eff3be2dd7b P d102c1db5bbf498da9289f9d8d22d64b: Time spent bootstrapping tablet: real 0.131s	user 0.026s	sys 0.027s
I20260710 13:16:25.994006  6887 raft_consensus.cc:2468] T 0ac51fb9692c491dac330bfd5d664d50 P ea96f87aa0dc4e7a8e12b8164c99a502 [term 0 FOLLOWER]: Leader pre-election vote request: Granting yes vote for candidate d102c1db5bbf498da9289f9d8d22d64b in term 0.
I20260710 13:16:25.994228  7104 raft_consensus.cc:2749] T 2c7d5433e7d74d92a44ec2089245b506 P d102c1db5bbf498da9289f9d8d22d64b [term 1 FOLLOWER]: Leader election lost for term 1. Reason: could not achieve majority
I20260710 13:16:25.995476  7001 leader_election.cc:304] T 0ac51fb9692c491dac330bfd5d664d50 P d102c1db5bbf498da9289f9d8d22d64b [CANDIDATE]: Term 1 pre-election: Election decided. Result: candidate won. Election summary: received 2 responses out of 3 voters: 2 yes votes; 0 no votes. yes voters: d102c1db5bbf498da9289f9d8d22d64b, ea96f87aa0dc4e7a8e12b8164c99a502; no voters: 
I20260710 13:16:25.996301  7104 raft_consensus.cc:2804] T 0ac51fb9692c491dac330bfd5d664d50 P d102c1db5bbf498da9289f9d8d22d64b [term 0 FOLLOWER]: Leader pre-election won for term 1
I20260710 13:16:25.996634  7104 raft_consensus.cc:493] T 0ac51fb9692c491dac330bfd5d664d50 P d102c1db5bbf498da9289f9d8d22d64b [term 0 FOLLOWER]: Starting leader election (no leader contacted us within the election timeout)
I20260710 13:16:25.996938  7104 raft_consensus.cc:3060] T 0ac51fb9692c491dac330bfd5d664d50 P d102c1db5bbf498da9289f9d8d22d64b [term 0 FOLLOWER]: Advancing to term 1
I20260710 13:16:25.996835  7080 raft_consensus.cc:359] T 8ae5e7defa5c45a1b11e8eff3be2dd7b P d102c1db5bbf498da9289f9d8d22d64b [term 0 FOLLOWER]: Replica starting. Triggering 0 pending ops. Active config: opid_index: -1 OBSOLETE_local: false peers { permanent_uuid: "ea96f87aa0dc4e7a8e12b8164c99a502" member_type: VOTER last_known_addr { host: "127.5.165.193" port: 38457 } } peers { permanent_uuid: "f4f0c1bcefcd4f3a885ff8e10e59b0bb" member_type: VOTER last_known_addr { host: "127.5.165.194" port: 40379 } } peers { permanent_uuid: "d102c1db5bbf498da9289f9d8d22d64b" member_type: VOTER last_known_addr { host: "127.5.165.195" port: 38011 } }
I20260710 13:16:25.997506  7080 raft_consensus.cc:385] T 8ae5e7defa5c45a1b11e8eff3be2dd7b P d102c1db5bbf498da9289f9d8d22d64b [term 0 FOLLOWER]: Consensus starting up: Expiring failure detector timer to make a prompt election more likely
I20260710 13:16:25.997757  7080 raft_consensus.cc:740] T 8ae5e7defa5c45a1b11e8eff3be2dd7b P d102c1db5bbf498da9289f9d8d22d64b [term 0 FOLLOWER]: Becoming Follower/Learner. State: Replica: d102c1db5bbf498da9289f9d8d22d64b, State: Initialized, Role: FOLLOWER
I20260710 13:16:25.998382  7080 consensus_queue.cc:260] T 8ae5e7defa5c45a1b11e8eff3be2dd7b P d102c1db5bbf498da9289f9d8d22d64b [NON_LEADER]: Queue going to NON_LEADER mode. State: All replicated index: 0, Majority replicated index: 0, Committed index: 0, Last appended: 0.0, Last appended by leader: 0, Current term: 0, Majority size: -1, State: 0, Mode: NON_LEADER, active raft config: opid_index: -1 OBSOLETE_local: false peers { permanent_uuid: "ea96f87aa0dc4e7a8e12b8164c99a502" member_type: VOTER last_known_addr { host: "127.5.165.193" port: 38457 } } peers { permanent_uuid: "f4f0c1bcefcd4f3a885ff8e10e59b0bb" member_type: VOTER last_known_addr { host: "127.5.165.194" port: 40379 } } peers { permanent_uuid: "d102c1db5bbf498da9289f9d8d22d64b" member_type: VOTER last_known_addr { host: "127.5.165.195" port: 38011 } }
I20260710 13:16:25.999106  7085 leader_election.cc:290] T 0ac51fb9692c491dac330bfd5d664d50 P d102c1db5bbf498da9289f9d8d22d64b [CANDIDATE]: Term 1 pre-election: Requested pre-vote from peers ea96f87aa0dc4e7a8e12b8164c99a502 (127.5.165.193:38457), f4f0c1bcefcd4f3a885ff8e10e59b0bb (127.5.165.194:40379)
I20260710 13:16:26.000408  7080 ts_tablet_manager.cc:1434] T 8ae5e7defa5c45a1b11e8eff3be2dd7b P d102c1db5bbf498da9289f9d8d22d64b: Time spent starting tablet: real 0.006s	user 0.004s	sys 0.004s
I20260710 13:16:26.001636  7080 tablet_bootstrap.cc:492] T a516cd7188114210b8d2e3c9cb1a6754 P d102c1db5bbf498da9289f9d8d22d64b: Bootstrap starting.
I20260710 13:16:26.003508  7104 raft_consensus.cc:515] T 0ac51fb9692c491dac330bfd5d664d50 P d102c1db5bbf498da9289f9d8d22d64b [term 1 FOLLOWER]: Starting leader election with config: opid_index: -1 OBSOLETE_local: false peers { permanent_uuid: "ea96f87aa0dc4e7a8e12b8164c99a502" member_type: VOTER last_known_addr { host: "127.5.165.193" port: 38457 } } peers { permanent_uuid: "f4f0c1bcefcd4f3a885ff8e10e59b0bb" member_type: VOTER last_known_addr { host: "127.5.165.194" port: 40379 } } peers { permanent_uuid: "d102c1db5bbf498da9289f9d8d22d64b" member_type: VOTER last_known_addr { host: "127.5.165.195" port: 38011 } }
I20260710 13:16:26.009871  6887 tablet_service.cc:1917] Received RequestConsensusVote() RPC: tablet_id: "0ac51fb9692c491dac330bfd5d664d50" candidate_uuid: "d102c1db5bbf498da9289f9d8d22d64b" candidate_term: 1 candidate_status { last_received { term: 0 index: 0 } } ignore_live_leader: false dest_uuid: "ea96f87aa0dc4e7a8e12b8164c99a502"
I20260710 13:16:26.012691  7104 leader_election.cc:290] T 0ac51fb9692c491dac330bfd5d664d50 P d102c1db5bbf498da9289f9d8d22d64b [CANDIDATE]: Term 1 election: Requested vote from peers ea96f87aa0dc4e7a8e12b8164c99a502 (127.5.165.193:38457), f4f0c1bcefcd4f3a885ff8e10e59b0bb (127.5.165.194:40379)
I20260710 13:16:26.014431  6962 tablet_service.cc:1917] Received RequestConsensusVote() RPC: tablet_id: "0ac51fb9692c491dac330bfd5d664d50" candidate_uuid: "d102c1db5bbf498da9289f9d8d22d64b" candidate_term: 1 candidate_status { last_received { term: 0 index: 0 } } ignore_live_leader: false dest_uuid: "f4f0c1bcefcd4f3a885ff8e10e59b0bb"
I20260710 13:16:26.010771  6963 tablet_service.cc:1917] Received RequestConsensusVote() RPC: tablet_id: "0ac51fb9692c491dac330bfd5d664d50" candidate_uuid: "d102c1db5bbf498da9289f9d8d22d64b" candidate_term: 1 candidate_status { last_received { term: 0 index: 0 } } ignore_live_leader: false dest_uuid: "f4f0c1bcefcd4f3a885ff8e10e59b0bb" is_pre_election: true
I20260710 13:16:26.020537  7159 consensus_queue.cc:1048] T eec240b439ce456e9302233863f2f72e P f4f0c1bcefcd4f3a885ff8e10e59b0bb [LEADER]: Connected to new peer: Peer: permanent_uuid: "d102c1db5bbf498da9289f9d8d22d64b" member_type: VOTER last_known_addr { host: "127.5.165.195" port: 38011 }, Status: LMP_MISMATCH, Last received: 0.0, Next index: 1, Last known committed idx: 0, Time since last communication: 0.000s
I20260710 13:16:26.021674  7082 consensus_queue.cc:1048] T f628c79cabf24795979e90078c01c298 P ea96f87aa0dc4e7a8e12b8164c99a502 [LEADER]: Connected to new peer: Peer: permanent_uuid: "f4f0c1bcefcd4f3a885ff8e10e59b0bb" member_type: VOTER last_known_addr { host: "127.5.165.194" port: 40379 }, Status: LMP_MISMATCH, Last received: 0.0, Next index: 1, Last known committed idx: 0, Time since last communication: 0.001s
W20260710 13:16:26.023785  7002 leader_election.cc:343] T 0ac51fb9692c491dac330bfd5d664d50 P d102c1db5bbf498da9289f9d8d22d64b [CANDIDATE]: Term 1 election: Tablet error from VoteRequest() call to peer f4f0c1bcefcd4f3a885ff8e10e59b0bb (127.5.165.194:40379): Illegal state: must be running to vote when last-logged opid is not known
I20260710 13:16:26.015720  6887 raft_consensus.cc:3060] T 0ac51fb9692c491dac330bfd5d664d50 P ea96f87aa0dc4e7a8e12b8164c99a502 [term 0 FOLLOWER]: Advancing to term 1
I20260710 13:16:26.007597  6787 catalog_manager.cc:5697] T 2c7d5433e7d74d92a44ec2089245b506 P f4f0c1bcefcd4f3a885ff8e10e59b0bb reported cstate change: term changed from 0 to 1, leader changed from <none> to f4f0c1bcefcd4f3a885ff8e10e59b0bb (127.5.165.194). New cstate: current_term: 1 leader_uuid: "f4f0c1bcefcd4f3a885ff8e10e59b0bb" committed_config { opid_index: -1 OBSOLETE_local: false peers { permanent_uuid: "ea96f87aa0dc4e7a8e12b8164c99a502" member_type: VOTER last_known_addr { host: "127.5.165.193" port: 38457 } health_report { overall_health: UNKNOWN } } peers { permanent_uuid: "f4f0c1bcefcd4f3a885ff8e10e59b0bb" member_type: VOTER last_known_addr { host: "127.5.165.194" port: 40379 } health_report { overall_health: HEALTHY } } peers { permanent_uuid: "d102c1db5bbf498da9289f9d8d22d64b" member_type: VOTER last_known_addr { host: "127.5.165.195" port: 38011 } health_report { overall_health: UNKNOWN } } }
I20260710 13:16:26.027894  7078 tablet_bootstrap.cc:492] T 5016975b606e4818abfcba043e112d61 P ea96f87aa0dc4e7a8e12b8164c99a502: No bootstrap required, opened a new log
I20260710 13:16:26.027148  7106 consensus_queue.cc:1048] T 6cecb50a254f4f7ab677d4ee29fb9882 P d102c1db5bbf498da9289f9d8d22d64b [LEADER]: Connected to new peer: Peer: permanent_uuid: "ea96f87aa0dc4e7a8e12b8164c99a502" member_type: VOTER last_known_addr { host: "127.5.165.193" port: 38457 }, Status: LMP_MISMATCH, Last received: 0.0, Next index: 1, Last known committed idx: 0, Time since last communication: 0.003s
I20260710 13:16:26.024870  7170 consensus_queue.cc:1048] T 5a526ba2cd194aaca48f259a921d33e0 P ea96f87aa0dc4e7a8e12b8164c99a502 [LEADER]: Connected to new peer: Peer: permanent_uuid: "d102c1db5bbf498da9289f9d8d22d64b" member_type: VOTER last_known_addr { host: "127.5.165.195" port: 38011 }, Status: LMP_MISMATCH, Last received: 0.0, Next index: 1, Last known committed idx: 0, Time since last communication: 0.004s
I20260710 13:16:26.032325  6787 catalog_manager.cc:5697] T a516cd7188114210b8d2e3c9cb1a6754 P f4f0c1bcefcd4f3a885ff8e10e59b0bb reported cstate change: term changed from 0 to 1, leader changed from <none> to f4f0c1bcefcd4f3a885ff8e10e59b0bb (127.5.165.194). New cstate: current_term: 1 leader_uuid: "f4f0c1bcefcd4f3a885ff8e10e59b0bb" committed_config { opid_index: -1 OBSOLETE_local: false peers { permanent_uuid: "ea96f87aa0dc4e7a8e12b8164c99a502" member_type: VOTER last_known_addr { host: "127.5.165.193" port: 38457 } health_report { overall_health: UNKNOWN } } peers { permanent_uuid: "f4f0c1bcefcd4f3a885ff8e10e59b0bb" member_type: VOTER last_known_addr { host: "127.5.165.194" port: 40379 } health_report { overall_health: HEALTHY } } peers { permanent_uuid: "d102c1db5bbf498da9289f9d8d22d64b" member_type: VOTER last_known_addr { host: "127.5.165.195" port: 38011 } health_report { overall_health: UNKNOWN } } }
I20260710 13:16:26.032828  7078 ts_tablet_manager.cc:1403] T 5016975b606e4818abfcba043e112d61 P ea96f87aa0dc4e7a8e12b8164c99a502: Time spent bootstrapping tablet: real 0.139s	user 0.030s	sys 0.049s
W20260710 13:16:26.039903  7002 leader_election.cc:343] T 0ac51fb9692c491dac330bfd5d664d50 P d102c1db5bbf498da9289f9d8d22d64b [CANDIDATE]: Term 1 pre-election: Tablet error from VoteRequest() call to peer f4f0c1bcefcd4f3a885ff8e10e59b0bb (127.5.165.194:40379): Illegal state: must be running to vote when last-logged opid is not known
I20260710 13:16:26.035408  7082 raft_consensus.cc:493] T 2199bb33f409476d9c380b9732d6b904 P ea96f87aa0dc4e7a8e12b8164c99a502 [term 0 FOLLOWER]: Starting pre-election (no leader contacted us within the election timeout)
I20260710 13:16:26.051105  7159 consensus_queue.cc:1048] T eec240b439ce456e9302233863f2f72e P f4f0c1bcefcd4f3a885ff8e10e59b0bb [LEADER]: Connected to new peer: Peer: permanent_uuid: "ea96f87aa0dc4e7a8e12b8164c99a502" member_type: VOTER last_known_addr { host: "127.5.165.193" port: 38457 }, Status: LMP_MISMATCH, Last received: 0.0, Next index: 1, Last known committed idx: 0, Time since last communication: 0.001s
I20260710 13:16:26.062069  7078 raft_consensus.cc:359] T 5016975b606e4818abfcba043e112d61 P ea96f87aa0dc4e7a8e12b8164c99a502 [term 0 FOLLOWER]: Replica starting. Triggering 0 pending ops. Active config: opid_index: -1 OBSOLETE_local: false peers { permanent_uuid: "ea96f87aa0dc4e7a8e12b8164c99a502" member_type: VOTER last_known_addr { host: "127.5.165.193" port: 38457 } } peers { permanent_uuid: "f4f0c1bcefcd4f3a885ff8e10e59b0bb" member_type: VOTER last_known_addr { host: "127.5.165.194" port: 40379 } } peers { permanent_uuid: "d102c1db5bbf498da9289f9d8d22d64b" member_type: VOTER last_known_addr { host: "127.5.165.195" port: 38011 } }
I20260710 13:16:26.063042  7078 raft_consensus.cc:385] T 5016975b606e4818abfcba043e112d61 P ea96f87aa0dc4e7a8e12b8164c99a502 [term 0 FOLLOWER]: Consensus starting up: Expiring failure detector timer to make a prompt election more likely
I20260710 13:16:26.063426  7078 raft_consensus.cc:740] T 5016975b606e4818abfcba043e112d61 P ea96f87aa0dc4e7a8e12b8164c99a502 [term 0 FOLLOWER]: Becoming Follower/Learner. State: Replica: ea96f87aa0dc4e7a8e12b8164c99a502, State: Initialized, Role: FOLLOWER
I20260710 13:16:26.067377  7078 consensus_queue.cc:260] T 5016975b606e4818abfcba043e112d61 P ea96f87aa0dc4e7a8e12b8164c99a502 [NON_LEADER]: Queue going to NON_LEADER mode. State: All replicated index: 0, Majority replicated index: 0, Committed index: 0, Last appended: 0.0, Last appended by leader: 0, Current term: 0, Majority size: -1, State: 0, Mode: NON_LEADER, active raft config: opid_index: -1 OBSOLETE_local: false peers { permanent_uuid: "ea96f87aa0dc4e7a8e12b8164c99a502" member_type: VOTER last_known_addr { host: "127.5.165.193" port: 38457 } } peers { permanent_uuid: "f4f0c1bcefcd4f3a885ff8e10e59b0bb" member_type: VOTER last_known_addr { host: "127.5.165.194" port: 40379 } } peers { permanent_uuid: "d102c1db5bbf498da9289f9d8d22d64b" member_type: VOTER last_known_addr { host: "127.5.165.195" port: 38011 } }
I20260710 13:16:26.075455  7078 ts_tablet_manager.cc:1434] T 5016975b606e4818abfcba043e112d61 P ea96f87aa0dc4e7a8e12b8164c99a502: Time spent starting tablet: real 0.037s	user 0.006s	sys 0.001s
I20260710 13:16:26.076956  7159 raft_consensus.cc:493] T 8ae5e7defa5c45a1b11e8eff3be2dd7b P f4f0c1bcefcd4f3a885ff8e10e59b0bb [term 0 FOLLOWER]: Starting pre-election (no leader contacted us within the election timeout)
I20260710 13:16:26.079275  7159 raft_consensus.cc:515] T 8ae5e7defa5c45a1b11e8eff3be2dd7b P f4f0c1bcefcd4f3a885ff8e10e59b0bb [term 0 FOLLOWER]: Starting pre-election with config: opid_index: -1 OBSOLETE_local: false peers { permanent_uuid: "ea96f87aa0dc4e7a8e12b8164c99a502" member_type: VOTER last_known_addr { host: "127.5.165.193" port: 38457 } } peers { permanent_uuid: "f4f0c1bcefcd4f3a885ff8e10e59b0bb" member_type: VOTER last_known_addr { host: "127.5.165.194" port: 40379 } } peers { permanent_uuid: "d102c1db5bbf498da9289f9d8d22d64b" member_type: VOTER last_known_addr { host: "127.5.165.195" port: 38011 } }
I20260710 13:16:26.091200  7080 tablet_bootstrap.cc:654] T a516cd7188114210b8d2e3c9cb1a6754 P d102c1db5bbf498da9289f9d8d22d64b: Neither blocks nor log segments found. Creating new log.
I20260710 13:16:26.095067  6886 tablet_service.cc:1917] Received RequestConsensusVote() RPC: tablet_id: "8ae5e7defa5c45a1b11e8eff3be2dd7b" candidate_uuid: "f4f0c1bcefcd4f3a885ff8e10e59b0bb" candidate_term: 1 candidate_status { last_received { term: 0 index: 0 } } ignore_live_leader: false dest_uuid: "ea96f87aa0dc4e7a8e12b8164c99a502" is_pre_election: true
I20260710 13:16:26.095811  6886 raft_consensus.cc:2468] T 8ae5e7defa5c45a1b11e8eff3be2dd7b P ea96f87aa0dc4e7a8e12b8164c99a502 [term 0 FOLLOWER]: Leader pre-election vote request: Granting yes vote for candidate f4f0c1bcefcd4f3a885ff8e10e59b0bb in term 0.
I20260710 13:16:26.095136  7037 tablet_service.cc:1917] Received RequestConsensusVote() RPC: tablet_id: "8ae5e7defa5c45a1b11e8eff3be2dd7b" candidate_uuid: "f4f0c1bcefcd4f3a885ff8e10e59b0bb" candidate_term: 1 candidate_status { last_received { term: 0 index: 0 } } ignore_live_leader: false dest_uuid: "d102c1db5bbf498da9289f9d8d22d64b" is_pre_election: true
I20260710 13:16:26.096832  7037 raft_consensus.cc:2468] T 8ae5e7defa5c45a1b11e8eff3be2dd7b P d102c1db5bbf498da9289f9d8d22d64b [term 0 FOLLOWER]: Leader pre-election vote request: Granting yes vote for candidate f4f0c1bcefcd4f3a885ff8e10e59b0bb in term 0.
I20260710 13:16:26.098189  6930 leader_election.cc:304] T 8ae5e7defa5c45a1b11e8eff3be2dd7b P f4f0c1bcefcd4f3a885ff8e10e59b0bb [CANDIDATE]: Term 1 pre-election: Election decided. Result: candidate won. Election summary: received 2 responses out of 3 voters: 2 yes votes; 0 no votes. yes voters: d102c1db5bbf498da9289f9d8d22d64b, f4f0c1bcefcd4f3a885ff8e10e59b0bb; no voters: 
I20260710 13:16:26.099159  7166 raft_consensus.cc:2804] T 8ae5e7defa5c45a1b11e8eff3be2dd7b P f4f0c1bcefcd4f3a885ff8e10e59b0bb [term 0 FOLLOWER]: Leader pre-election won for term 1
I20260710 13:16:26.099613  7166 raft_consensus.cc:493] T 8ae5e7defa5c45a1b11e8eff3be2dd7b P f4f0c1bcefcd4f3a885ff8e10e59b0bb [term 0 FOLLOWER]: Starting leader election (no leader contacted us within the election timeout)
I20260710 13:16:26.100039  7166 raft_consensus.cc:3060] T 8ae5e7defa5c45a1b11e8eff3be2dd7b P f4f0c1bcefcd4f3a885ff8e10e59b0bb [term 0 FOLLOWER]: Advancing to term 1
I20260710 13:16:26.064316  7082 raft_consensus.cc:515] T 2199bb33f409476d9c380b9732d6b904 P ea96f87aa0dc4e7a8e12b8164c99a502 [term 0 FOLLOWER]: Starting pre-election with config: opid_index: -1 OBSOLETE_local: false peers { permanent_uuid: "ea96f87aa0dc4e7a8e12b8164c99a502" member_type: VOTER last_known_addr { host: "127.5.165.193" port: 38457 } } peers { permanent_uuid: "f4f0c1bcefcd4f3a885ff8e10e59b0bb" member_type: VOTER last_known_addr { host: "127.5.165.194" port: 40379 } } peers { permanent_uuid: "d102c1db5bbf498da9289f9d8d22d64b" member_type: VOTER last_known_addr { host: "127.5.165.195" port: 38011 } }
I20260710 13:16:26.110116  7078 tablet_bootstrap.cc:492] T ff6d9d9309a341468958abd49e70e177 P ea96f87aa0dc4e7a8e12b8164c99a502: Bootstrap starting.
I20260710 13:16:26.096041  7159 leader_election.cc:290] T 8ae5e7defa5c45a1b11e8eff3be2dd7b P f4f0c1bcefcd4f3a885ff8e10e59b0bb [CANDIDATE]: Term 1 pre-election: Requested pre-vote from peers ea96f87aa0dc4e7a8e12b8164c99a502 (127.5.165.193:38457), d102c1db5bbf498da9289f9d8d22d64b (127.5.165.195:38011)
I20260710 13:16:26.139139  7082 leader_election.cc:290] T 2199bb33f409476d9c380b9732d6b904 P ea96f87aa0dc4e7a8e12b8164c99a502 [CANDIDATE]: Term 1 pre-election: Requested pre-vote from peers f4f0c1bcefcd4f3a885ff8e10e59b0bb (127.5.165.194:40379), d102c1db5bbf498da9289f9d8d22d64b (127.5.165.195:38011)
I20260710 13:16:26.126748  7079 tablet_bootstrap.cc:492] T 2199bb33f409476d9c380b9732d6b904 P f4f0c1bcefcd4f3a885ff8e10e59b0bb: No bootstrap required, opened a new log
I20260710 13:16:26.140616  7079 ts_tablet_manager.cc:1403] T 2199bb33f409476d9c380b9732d6b904 P f4f0c1bcefcd4f3a885ff8e10e59b0bb: Time spent bootstrapping tablet: real 0.207s	user 0.051s	sys 0.054s
I20260710 13:16:26.140813  7038 tablet_service.cc:1917] Received RequestConsensusVote() RPC: tablet_id: "2199bb33f409476d9c380b9732d6b904" candidate_uuid: "ea96f87aa0dc4e7a8e12b8164c99a502" candidate_term: 1 candidate_status { last_received { term: 0 index: 0 } } ignore_live_leader: false dest_uuid: "d102c1db5bbf498da9289f9d8d22d64b" is_pre_election: true
I20260710 13:16:26.143584  7079 raft_consensus.cc:359] T 2199bb33f409476d9c380b9732d6b904 P f4f0c1bcefcd4f3a885ff8e10e59b0bb [term 0 FOLLOWER]: Replica starting. Triggering 0 pending ops. Active config: opid_index: -1 OBSOLETE_local: false peers { permanent_uuid: "ea96f87aa0dc4e7a8e12b8164c99a502" member_type: VOTER last_known_addr { host: "127.5.165.193" port: 38457 } } peers { permanent_uuid: "f4f0c1bcefcd4f3a885ff8e10e59b0bb" member_type: VOTER last_known_addr { host: "127.5.165.194" port: 40379 } } peers { permanent_uuid: "d102c1db5bbf498da9289f9d8d22d64b" member_type: VOTER last_known_addr { host: "127.5.165.195" port: 38011 } }
I20260710 13:16:26.144497  7079 raft_consensus.cc:385] T 2199bb33f409476d9c380b9732d6b904 P f4f0c1bcefcd4f3a885ff8e10e59b0bb [term 0 FOLLOWER]: Consensus starting up: Expiring failure detector timer to make a prompt election more likely
I20260710 13:16:26.144846  7079 raft_consensus.cc:740] T 2199bb33f409476d9c380b9732d6b904 P f4f0c1bcefcd4f3a885ff8e10e59b0bb [term 0 FOLLOWER]: Becoming Follower/Learner. State: Replica: f4f0c1bcefcd4f3a885ff8e10e59b0bb, State: Initialized, Role: FOLLOWER
W20260710 13:16:26.142638  6855 leader_election.cc:343] T 2199bb33f409476d9c380b9732d6b904 P ea96f87aa0dc4e7a8e12b8164c99a502 [CANDIDATE]: Term 1 pre-election: Tablet error from VoteRequest() call to peer d102c1db5bbf498da9289f9d8d22d64b (127.5.165.195:38011): Illegal state: must be running to vote when last-logged opid is not known
I20260710 13:16:26.109118  6887 raft_consensus.cc:2468] T 0ac51fb9692c491dac330bfd5d664d50 P ea96f87aa0dc4e7a8e12b8164c99a502 [term 1 FOLLOWER]: Leader election vote request: Granting yes vote for candidate d102c1db5bbf498da9289f9d8d22d64b in term 1.
I20260710 13:16:26.145702  7079 consensus_queue.cc:260] T 2199bb33f409476d9c380b9732d6b904 P f4f0c1bcefcd4f3a885ff8e10e59b0bb [NON_LEADER]: Queue going to NON_LEADER mode. State: All replicated index: 0, Majority replicated index: 0, Committed index: 0, Last appended: 0.0, Last appended by leader: 0, Current term: 0, Majority size: -1, State: 0, Mode: NON_LEADER, active raft config: opid_index: -1 OBSOLETE_local: false peers { permanent_uuid: "ea96f87aa0dc4e7a8e12b8164c99a502" member_type: VOTER last_known_addr { host: "127.5.165.193" port: 38457 } } peers { permanent_uuid: "f4f0c1bcefcd4f3a885ff8e10e59b0bb" member_type: VOTER last_known_addr { host: "127.5.165.194" port: 40379 } } peers { permanent_uuid: "d102c1db5bbf498da9289f9d8d22d64b" member_type: VOTER last_known_addr { host: "127.5.165.195" port: 38011 } }
I20260710 13:16:26.148079  7079 ts_tablet_manager.cc:1434] T 2199bb33f409476d9c380b9732d6b904 P f4f0c1bcefcd4f3a885ff8e10e59b0bb: Time spent starting tablet: real 0.007s	user 0.006s	sys 0.000s
I20260710 13:16:26.149003  7079 tablet_bootstrap.cc:492] T 0ac51fb9692c491dac330bfd5d664d50 P f4f0c1bcefcd4f3a885ff8e10e59b0bb: Bootstrap starting.
I20260710 13:16:26.150952  6964 tablet_service.cc:1917] Received RequestConsensusVote() RPC: tablet_id: "2199bb33f409476d9c380b9732d6b904" candidate_uuid: "ea96f87aa0dc4e7a8e12b8164c99a502" candidate_term: 1 candidate_status { last_received { term: 0 index: 0 } } ignore_live_leader: false dest_uuid: "f4f0c1bcefcd4f3a885ff8e10e59b0bb" is_pre_election: true
I20260710 13:16:26.153774  7166 raft_consensus.cc:515] T 8ae5e7defa5c45a1b11e8eff3be2dd7b P f4f0c1bcefcd4f3a885ff8e10e59b0bb [term 1 FOLLOWER]: Starting leader election with config: opid_index: -1 OBSOLETE_local: false peers { permanent_uuid: "ea96f87aa0dc4e7a8e12b8164c99a502" member_type: VOTER last_known_addr { host: "127.5.165.193" port: 38457 } } peers { permanent_uuid: "f4f0c1bcefcd4f3a885ff8e10e59b0bb" member_type: VOTER last_known_addr { host: "127.5.165.194" port: 40379 } } peers { permanent_uuid: "d102c1db5bbf498da9289f9d8d22d64b" member_type: VOTER last_known_addr { host: "127.5.165.195" port: 38011 } }
I20260710 13:16:26.158746  6887 tablet_service.cc:1917] Received RequestConsensusVote() RPC: tablet_id: "8ae5e7defa5c45a1b11e8eff3be2dd7b" candidate_uuid: "f4f0c1bcefcd4f3a885ff8e10e59b0bb" candidate_term: 1 candidate_status { last_received { term: 0 index: 0 } } ignore_live_leader: false dest_uuid: "ea96f87aa0dc4e7a8e12b8164c99a502"
I20260710 13:16:26.159214  7001 leader_election.cc:304] T 0ac51fb9692c491dac330bfd5d664d50 P d102c1db5bbf498da9289f9d8d22d64b [CANDIDATE]: Term 1 election: Election decided. Result: candidate won. Election summary: received 3 responses out of 3 voters: 2 yes votes; 1 no votes. yes voters: d102c1db5bbf498da9289f9d8d22d64b, ea96f87aa0dc4e7a8e12b8164c99a502; no voters: f4f0c1bcefcd4f3a885ff8e10e59b0bb
I20260710 13:16:26.159502  6887 raft_consensus.cc:3060] T 8ae5e7defa5c45a1b11e8eff3be2dd7b P ea96f87aa0dc4e7a8e12b8164c99a502 [term 0 FOLLOWER]: Advancing to term 1
I20260710 13:16:26.161075  7187 raft_consensus.cc:2804] T 0ac51fb9692c491dac330bfd5d664d50 P d102c1db5bbf498da9289f9d8d22d64b [term 1 FOLLOWER]: Leader election won for term 1
I20260710 13:16:26.161708  7187 raft_consensus.cc:697] T 0ac51fb9692c491dac330bfd5d664d50 P d102c1db5bbf498da9289f9d8d22d64b [term 1 LEADER]: Becoming Leader. State: Replica: d102c1db5bbf498da9289f9d8d22d64b, State: Running, Role: LEADER
I20260710 13:16:26.163540  7187 consensus_queue.cc:237] T 0ac51fb9692c491dac330bfd5d664d50 P d102c1db5bbf498da9289f9d8d22d64b [LEADER]: Queue going to LEADER mode. State: All replicated index: 0, Majority replicated index: 0, Committed index: 0, Last appended: 0.0, Last appended by leader: 0, Current term: 1, Majority size: 2, State: 0, Mode: LEADER, active raft config: opid_index: -1 OBSOLETE_local: false peers { permanent_uuid: "ea96f87aa0dc4e7a8e12b8164c99a502" member_type: VOTER last_known_addr { host: "127.5.165.193" port: 38457 } } peers { permanent_uuid: "f4f0c1bcefcd4f3a885ff8e10e59b0bb" member_type: VOTER last_known_addr { host: "127.5.165.194" port: 40379 } } peers { permanent_uuid: "d102c1db5bbf498da9289f9d8d22d64b" member_type: VOTER last_known_addr { host: "127.5.165.195" port: 38011 } }
I20260710 13:16:26.155345  6964 raft_consensus.cc:2468] T 2199bb33f409476d9c380b9732d6b904 P f4f0c1bcefcd4f3a885ff8e10e59b0bb [term 0 FOLLOWER]: Leader pre-election vote request: Granting yes vote for candidate ea96f87aa0dc4e7a8e12b8164c99a502 in term 0.
I20260710 13:16:26.181118  6853 leader_election.cc:304] T 2199bb33f409476d9c380b9732d6b904 P ea96f87aa0dc4e7a8e12b8164c99a502 [CANDIDATE]: Term 1 pre-election: Election decided. Result: candidate won. Election summary: received 3 responses out of 3 voters: 2 yes votes; 1 no votes. yes voters: ea96f87aa0dc4e7a8e12b8164c99a502, f4f0c1bcefcd4f3a885ff8e10e59b0bb; no voters: d102c1db5bbf498da9289f9d8d22d64b
I20260710 13:16:26.181387  6887 raft_consensus.cc:2468] T 8ae5e7defa5c45a1b11e8eff3be2dd7b P ea96f87aa0dc4e7a8e12b8164c99a502 [term 1 FOLLOWER]: Leader election vote request: Granting yes vote for candidate f4f0c1bcefcd4f3a885ff8e10e59b0bb in term 1.
I20260710 13:16:26.181937  7082 raft_consensus.cc:2804] T 2199bb33f409476d9c380b9732d6b904 P ea96f87aa0dc4e7a8e12b8164c99a502 [term 0 FOLLOWER]: Leader pre-election won for term 1
I20260710 13:16:26.182260  7082 raft_consensus.cc:493] T 2199bb33f409476d9c380b9732d6b904 P ea96f87aa0dc4e7a8e12b8164c99a502 [term 0 FOLLOWER]: Starting leader election (no leader contacted us within the election timeout)
I20260710 13:16:26.182534  7082 raft_consensus.cc:3060] T 2199bb33f409476d9c380b9732d6b904 P ea96f87aa0dc4e7a8e12b8164c99a502 [term 0 FOLLOWER]: Advancing to term 1
I20260710 13:16:26.182564  6927 leader_election.cc:304] T 8ae5e7defa5c45a1b11e8eff3be2dd7b P f4f0c1bcefcd4f3a885ff8e10e59b0bb [CANDIDATE]: Term 1 election: Election decided. Result: candidate won. Election summary: received 2 responses out of 3 voters: 2 yes votes; 0 no votes. yes voters: ea96f87aa0dc4e7a8e12b8164c99a502, f4f0c1bcefcd4f3a885ff8e10e59b0bb; no voters: 
I20260710 13:16:26.183429  7159 raft_consensus.cc:2804] T 8ae5e7defa5c45a1b11e8eff3be2dd7b P f4f0c1bcefcd4f3a885ff8e10e59b0bb [term 1 FOLLOWER]: Leader election won for term 1
I20260710 13:16:26.183881  7159 raft_consensus.cc:697] T 8ae5e7defa5c45a1b11e8eff3be2dd7b P f4f0c1bcefcd4f3a885ff8e10e59b0bb [term 1 LEADER]: Becoming Leader. State: Replica: f4f0c1bcefcd4f3a885ff8e10e59b0bb, State: Running, Role: LEADER
I20260710 13:16:26.184679  7159 consensus_queue.cc:237] T 8ae5e7defa5c45a1b11e8eff3be2dd7b P f4f0c1bcefcd4f3a885ff8e10e59b0bb [LEADER]: Queue going to LEADER mode. State: All replicated index: 0, Majority replicated index: 0, Committed index: 0, Last appended: 0.0, Last appended by leader: 0, Current term: 1, Majority size: 2, State: 0, Mode: LEADER, active raft config: opid_index: -1 OBSOLETE_local: false peers { permanent_uuid: "ea96f87aa0dc4e7a8e12b8164c99a502" member_type: VOTER last_known_addr { host: "127.5.165.193" port: 38457 } } peers { permanent_uuid: "f4f0c1bcefcd4f3a885ff8e10e59b0bb" member_type: VOTER last_known_addr { host: "127.5.165.194" port: 40379 } } peers { permanent_uuid: "d102c1db5bbf498da9289f9d8d22d64b" member_type: VOTER last_known_addr { host: "127.5.165.195" port: 38011 } }
I20260710 13:16:26.189985  7082 raft_consensus.cc:515] T 2199bb33f409476d9c380b9732d6b904 P ea96f87aa0dc4e7a8e12b8164c99a502 [term 1 FOLLOWER]: Starting leader election with config: opid_index: -1 OBSOLETE_local: false peers { permanent_uuid: "ea96f87aa0dc4e7a8e12b8164c99a502" member_type: VOTER last_known_addr { host: "127.5.165.193" port: 38457 } } peers { permanent_uuid: "f4f0c1bcefcd4f3a885ff8e10e59b0bb" member_type: VOTER last_known_addr { host: "127.5.165.194" port: 40379 } } peers { permanent_uuid: "d102c1db5bbf498da9289f9d8d22d64b" member_type: VOTER last_known_addr { host: "127.5.165.195" port: 38011 } }
I20260710 13:16:26.192708  7082 leader_election.cc:290] T 2199bb33f409476d9c380b9732d6b904 P ea96f87aa0dc4e7a8e12b8164c99a502 [CANDIDATE]: Term 1 election: Requested vote from peers f4f0c1bcefcd4f3a885ff8e10e59b0bb (127.5.165.194:40379), d102c1db5bbf498da9289f9d8d22d64b (127.5.165.195:38011)
I20260710 13:16:26.194947  7038 tablet_service.cc:1917] Received RequestConsensusVote() RPC: tablet_id: "2199bb33f409476d9c380b9732d6b904" candidate_uuid: "ea96f87aa0dc4e7a8e12b8164c99a502" candidate_term: 1 candidate_status { last_received { term: 0 index: 0 } } ignore_live_leader: false dest_uuid: "d102c1db5bbf498da9289f9d8d22d64b"
I20260710 13:16:26.173275  7166 leader_election.cc:290] T 8ae5e7defa5c45a1b11e8eff3be2dd7b P f4f0c1bcefcd4f3a885ff8e10e59b0bb [CANDIDATE]: Term 1 election: Requested vote from peers ea96f87aa0dc4e7a8e12b8164c99a502 (127.5.165.193:38457), d102c1db5bbf498da9289f9d8d22d64b (127.5.165.195:38011)
W20260710 13:16:26.197202  6855 leader_election.cc:343] T 2199bb33f409476d9c380b9732d6b904 P ea96f87aa0dc4e7a8e12b8164c99a502 [CANDIDATE]: Term 1 election: Tablet error from VoteRequest() call to peer d102c1db5bbf498da9289f9d8d22d64b (127.5.165.195:38011): Illegal state: must be running to vote when last-logged opid is not known
I20260710 13:16:26.197780  7082 raft_consensus.cc:493] T f81c32c0c95c45b787a40374925729d0 P ea96f87aa0dc4e7a8e12b8164c99a502 [term 0 FOLLOWER]: Starting pre-election (no leader contacted us within the election timeout)
I20260710 13:16:26.198249  7082 raft_consensus.cc:515] T f81c32c0c95c45b787a40374925729d0 P ea96f87aa0dc4e7a8e12b8164c99a502 [term 0 FOLLOWER]: Starting pre-election with config: opid_index: -1 OBSOLETE_local: false peers { permanent_uuid: "ea96f87aa0dc4e7a8e12b8164c99a502" member_type: VOTER last_known_addr { host: "127.5.165.193" port: 38457 } } peers { permanent_uuid: "f4f0c1bcefcd4f3a885ff8e10e59b0bb" member_type: VOTER last_known_addr { host: "127.5.165.194" port: 40379 } } peers { permanent_uuid: "d102c1db5bbf498da9289f9d8d22d64b" member_type: VOTER last_known_addr { host: "127.5.165.195" port: 38011 } }
I20260710 13:16:26.198840  6964 tablet_service.cc:1917] Received RequestConsensusVote() RPC: tablet_id: "2199bb33f409476d9c380b9732d6b904" candidate_uuid: "ea96f87aa0dc4e7a8e12b8164c99a502" candidate_term: 1 candidate_status { last_received { term: 0 index: 0 } } ignore_live_leader: false dest_uuid: "f4f0c1bcefcd4f3a885ff8e10e59b0bb"
I20260710 13:16:26.199385  7036 tablet_service.cc:1917] Received RequestConsensusVote() RPC: tablet_id: "8ae5e7defa5c45a1b11e8eff3be2dd7b" candidate_uuid: "f4f0c1bcefcd4f3a885ff8e10e59b0bb" candidate_term: 1 candidate_status { last_received { term: 0 index: 0 } } ignore_live_leader: false dest_uuid: "d102c1db5bbf498da9289f9d8d22d64b"
I20260710 13:16:26.199473  6964 raft_consensus.cc:3060] T 2199bb33f409476d9c380b9732d6b904 P f4f0c1bcefcd4f3a885ff8e10e59b0bb [term 0 FOLLOWER]: Advancing to term 1
I20260710 13:16:26.199968  7036 raft_consensus.cc:3060] T 8ae5e7defa5c45a1b11e8eff3be2dd7b P d102c1db5bbf498da9289f9d8d22d64b [term 0 FOLLOWER]: Advancing to term 1
I20260710 13:16:26.201747  6963 tablet_service.cc:1917] Received RequestConsensusVote() RPC: tablet_id: "f81c32c0c95c45b787a40374925729d0" candidate_uuid: "ea96f87aa0dc4e7a8e12b8164c99a502" candidate_term: 1 candidate_status { last_received { term: 0 index: 0 } } ignore_live_leader: false dest_uuid: "f4f0c1bcefcd4f3a885ff8e10e59b0bb" is_pre_election: true
