I20260710 13:16:19.370062  6297 catalog_manager.cc:5697] T e602b32a91624ef189653fa621f6a6e4 P 008bb33e3f14481e9e879f103ccf47b3 reported cstate change: term changed from 2 to 3, leader changed from e6bdb3c531dc4731adf4179a87d56820 (127.5.165.195) to 008bb33e3f14481e9e879f103ccf47b3 (127.5.165.193). New cstate: current_term: 3 leader_uuid: "008bb33e3f14481e9e879f103ccf47b3" committed_config { opid_index: -1 OBSOLETE_local: false peers { permanent_uuid: "008bb33e3f14481e9e879f103ccf47b3" member_type: VOTER last_known_addr { host: "127.5.165.193" port: 39757 } health_report { overall_health: HEALTHY } } peers { permanent_uuid: "150b8acff2c046a783783cbeec0b3cea" member_type: VOTER last_known_addr { host: "127.5.165.194" port: 33823 } health_report { overall_health: UNKNOWN } } peers { permanent_uuid: "e6bdb3c531dc4731adf4179a87d56820" member_type: VOTER last_known_addr { host: "127.5.165.195" port: 46541 } health_report { overall_health: UNKNOWN } } }
I20260710 13:16:19.530515  6711 raft_consensus.cc:993] T 6e8bd790c65a409eb9c2481b1bc9a0ea P 150b8acff2c046a783783cbeec0b3cea: : Instructing follower 008bb33e3f14481e9e879f103ccf47b3 to start an election
I20260710 13:16:19.530927  6634 raft_consensus.cc:1081] T 6e8bd790c65a409eb9c2481b1bc9a0ea P 150b8acff2c046a783783cbeec0b3cea [term 1 LEADER]: Signalling peer 008bb33e3f14481e9e879f103ccf47b3 to start an election
I20260710 13:16:19.532267  6400 tablet_service.cc:2044] Received Run Leader Election RPC: tablet_id: "6e8bd790c65a409eb9c2481b1bc9a0ea"
dest_uuid: "008bb33e3f14481e9e879f103ccf47b3"
 from {username='slave'} at 127.0.0.1:46304
I20260710 13:16:19.532733  6400 raft_consensus.cc:493] T 6e8bd790c65a409eb9c2481b1bc9a0ea P 008bb33e3f14481e9e879f103ccf47b3 [term 1 FOLLOWER]: Starting forced leader election (received explicit request)
I20260710 13:16:19.533037  6400 raft_consensus.cc:3060] T 6e8bd790c65a409eb9c2481b1bc9a0ea P 008bb33e3f14481e9e879f103ccf47b3 [term 1 FOLLOWER]: Advancing to term 2
I20260710 13:16:19.537431  6400 raft_consensus.cc:515] T 6e8bd790c65a409eb9c2481b1bc9a0ea P 008bb33e3f14481e9e879f103ccf47b3 [term 2 FOLLOWER]: Starting forced leader election with config: opid_index: -1 OBSOLETE_local: false peers { permanent_uuid: "008bb33e3f14481e9e879f103ccf47b3" member_type: VOTER last_known_addr { host: "127.5.165.193" port: 39757 } } peers { permanent_uuid: "150b8acff2c046a783783cbeec0b3cea" member_type: VOTER last_known_addr { host: "127.5.165.194" port: 33823 } } peers { permanent_uuid: "e6bdb3c531dc4731adf4179a87d56820" member_type: VOTER last_known_addr { host: "127.5.165.195" port: 46541 } }
I20260710 13:16:19.538966  6400 leader_election.cc:290] T 6e8bd790c65a409eb9c2481b1bc9a0ea P 008bb33e3f14481e9e879f103ccf47b3 [CANDIDATE]: Term 2 election: Requested vote from peers 150b8acff2c046a783783cbeec0b3cea (127.5.165.194:33823), e6bdb3c531dc4731adf4179a87d56820 (127.5.165.195:46541)
I20260710 13:16:19.539631  6476 tablet_service.cc:1917] Received RequestConsensusVote() RPC: tablet_id: "6e8bd790c65a409eb9c2481b1bc9a0ea" candidate_uuid: "008bb33e3f14481e9e879f103ccf47b3" candidate_term: 2 candidate_status { last_received { term: 1 index: 1 } } ignore_live_leader: true dest_uuid: "150b8acff2c046a783783cbeec0b3cea"
I20260710 13:16:19.539906  6548 tablet_service.cc:1917] Received RequestConsensusVote() RPC: tablet_id: "6e8bd790c65a409eb9c2481b1bc9a0ea" candidate_uuid: "008bb33e3f14481e9e879f103ccf47b3" candidate_term: 2 candidate_status { last_received { term: 1 index: 1 } } ignore_live_leader: true dest_uuid: "e6bdb3c531dc4731adf4179a87d56820"
I20260710 13:16:19.540131  6476 raft_consensus.cc:3055] T 6e8bd790c65a409eb9c2481b1bc9a0ea P 150b8acff2c046a783783cbeec0b3cea [term 1 LEADER]: Stepping down as leader of term 1
I20260710 13:16:19.540448  6548 raft_consensus.cc:3060] T 6e8bd790c65a409eb9c2481b1bc9a0ea P e6bdb3c531dc4731adf4179a87d56820 [term 1 FOLLOWER]: Advancing to term 2
I20260710 13:16:19.540503  6476 raft_consensus.cc:740] T 6e8bd790c65a409eb9c2481b1bc9a0ea P 150b8acff2c046a783783cbeec0b3cea [term 1 LEADER]: Becoming Follower/Learner. State: Replica: 150b8acff2c046a783783cbeec0b3cea, State: Running, Role: LEADER
I20260710 13:16:19.541317  6476 consensus_queue.cc:260] T 6e8bd790c65a409eb9c2481b1bc9a0ea P 150b8acff2c046a783783cbeec0b3cea [NON_LEADER]: Queue going to NON_LEADER mode. State: All replicated index: 0, Majority replicated index: 1, Committed index: 1, Last appended: 1.1, Last appended by leader: 1, Current term: 1, Majority size: -1, State: 0, Mode: NON_LEADER, active raft config: opid_index: -1 OBSOLETE_local: false peers { permanent_uuid: "008bb33e3f14481e9e879f103ccf47b3" member_type: VOTER last_known_addr { host: "127.5.165.193" port: 39757 } } peers { permanent_uuid: "150b8acff2c046a783783cbeec0b3cea" member_type: VOTER last_known_addr { host: "127.5.165.194" port: 33823 } } peers { permanent_uuid: "e6bdb3c531dc4731adf4179a87d56820" member_type: VOTER last_known_addr { host: "127.5.165.195" port: 46541 } }
I20260710 13:16:19.542153  6476 raft_consensus.cc:3060] T 6e8bd790c65a409eb9c2481b1bc9a0ea P 150b8acff2c046a783783cbeec0b3cea [term 1 FOLLOWER]: Advancing to term 2
I20260710 13:16:19.544971  6548 raft_consensus.cc:2468] T 6e8bd790c65a409eb9c2481b1bc9a0ea P e6bdb3c531dc4731adf4179a87d56820 [term 2 FOLLOWER]: Leader election vote request: Granting yes vote for candidate 008bb33e3f14481e9e879f103ccf47b3 in term 2.
I20260710 13:16:19.545866  6365 leader_election.cc:304] T 6e8bd790c65a409eb9c2481b1bc9a0ea P 008bb33e3f14481e9e879f103ccf47b3 [CANDIDATE]: Term 2 election: Election decided. Result: candidate won. Election summary: received 2 responses out of 3 voters: 2 yes votes; 0 no votes. yes voters: 008bb33e3f14481e9e879f103ccf47b3, e6bdb3c531dc4731adf4179a87d56820; no voters: 
I20260710 13:16:19.546506  6707 raft_consensus.cc:2804] T 6e8bd790c65a409eb9c2481b1bc9a0ea P 008bb33e3f14481e9e879f103ccf47b3 [term 2 FOLLOWER]: Leader election won for term 2
I20260710 13:16:19.546926  6707 raft_consensus.cc:697] T 6e8bd790c65a409eb9c2481b1bc9a0ea P 008bb33e3f14481e9e879f103ccf47b3 [term 2 LEADER]: Becoming Leader. State: Replica: 008bb33e3f14481e9e879f103ccf47b3, State: Running, Role: LEADER
I20260710 13:16:19.546999  6476 raft_consensus.cc:2468] T 6e8bd790c65a409eb9c2481b1bc9a0ea P 150b8acff2c046a783783cbeec0b3cea [term 2 FOLLOWER]: Leader election vote request: Granting yes vote for candidate 008bb33e3f14481e9e879f103ccf47b3 in term 2.
I20260710 13:16:19.547672  6707 consensus_queue.cc:237] T 6e8bd790c65a409eb9c2481b1bc9a0ea P 008bb33e3f14481e9e879f103ccf47b3 [LEADER]: Queue going to LEADER mode. State: All replicated index: 0, Majority replicated index: 1, Committed index: 1, Last appended: 1.1, Last appended by leader: 1, Current term: 2, Majority size: 2, State: 0, Mode: LEADER, active raft config: opid_index: -1 OBSOLETE_local: false peers { permanent_uuid: "008bb33e3f14481e9e879f103ccf47b3" member_type: VOTER last_known_addr { host: "127.5.165.193" port: 39757 } } peers { permanent_uuid: "150b8acff2c046a783783cbeec0b3cea" member_type: VOTER last_known_addr { host: "127.5.165.194" port: 33823 } } peers { permanent_uuid: "e6bdb3c531dc4731adf4179a87d56820" member_type: VOTER last_known_addr { host: "127.5.165.195" port: 46541 } }
I20260710 13:16:19.554082  6297 catalog_manager.cc:5697] T 6e8bd790c65a409eb9c2481b1bc9a0ea P 008bb33e3f14481e9e879f103ccf47b3 reported cstate change: term changed from 1 to 2, leader changed from 150b8acff2c046a783783cbeec0b3cea (127.5.165.194) to 008bb33e3f14481e9e879f103ccf47b3 (127.5.165.193). New cstate: current_term: 2 leader_uuid: "008bb33e3f14481e9e879f103ccf47b3" committed_config { opid_index: -1 OBSOLETE_local: false peers { permanent_uuid: "008bb33e3f14481e9e879f103ccf47b3" member_type: VOTER last_known_addr { host: "127.5.165.193" port: 39757 } health_report { overall_health: HEALTHY } } peers { permanent_uuid: "150b8acff2c046a783783cbeec0b3cea" member_type: VOTER last_known_addr { host: "127.5.165.194" port: 33823 } health_report { overall_health: UNKNOWN } } peers { permanent_uuid: "e6bdb3c531dc4731adf4179a87d56820" member_type: VOTER last_known_addr { host: "127.5.165.195" port: 46541 } health_report { overall_health: UNKNOWN } } }
I20260710 13:16:19.739209  6711 raft_consensus.cc:993] T e90cc8e11ea045b2b2206bc26ceaad0f P 150b8acff2c046a783783cbeec0b3cea: : Instructing follower 008bb33e3f14481e9e879f103ccf47b3 to start an election
I20260710 13:16:19.739626  6711 raft_consensus.cc:1081] T e90cc8e11ea045b2b2206bc26ceaad0f P 150b8acff2c046a783783cbeec0b3cea [term 1 LEADER]: Signalling peer 008bb33e3f14481e9e879f103ccf47b3 to start an election
I20260710 13:16:19.741043  6400 tablet_service.cc:2044] Received Run Leader Election RPC: tablet_id: "e90cc8e11ea045b2b2206bc26ceaad0f"
dest_uuid: "008bb33e3f14481e9e879f103ccf47b3"
 from {username='slave'} at 127.0.0.1:46304
I20260710 13:16:19.741513  6400 raft_consensus.cc:493] T e90cc8e11ea045b2b2206bc26ceaad0f P 008bb33e3f14481e9e879f103ccf47b3 [term 1 FOLLOWER]: Starting forced leader election (received explicit request)
I20260710 13:16:19.741811  6400 raft_consensus.cc:3060] T e90cc8e11ea045b2b2206bc26ceaad0f P 008bb33e3f14481e9e879f103ccf47b3 [term 1 FOLLOWER]: Advancing to term 2
I20260710 13:16:19.746034  6400 raft_consensus.cc:515] T e90cc8e11ea045b2b2206bc26ceaad0f P 008bb33e3f14481e9e879f103ccf47b3 [term 2 FOLLOWER]: Starting forced leader election with config: opid_index: -1 OBSOLETE_local: false peers { permanent_uuid: "008bb33e3f14481e9e879f103ccf47b3" member_type: VOTER last_known_addr { host: "127.5.165.193" port: 39757 } } peers { permanent_uuid: "150b8acff2c046a783783cbeec0b3cea" member_type: VOTER last_known_addr { host: "127.5.165.194" port: 33823 } } peers { permanent_uuid: "e6bdb3c531dc4731adf4179a87d56820" member_type: VOTER last_known_addr { host: "127.5.165.195" port: 46541 } }
I20260710 13:16:19.747483  6400 leader_election.cc:290] T e90cc8e11ea045b2b2206bc26ceaad0f P 008bb33e3f14481e9e879f103ccf47b3 [CANDIDATE]: Term 2 election: Requested vote from peers 150b8acff2c046a783783cbeec0b3cea (127.5.165.194:33823), e6bdb3c531dc4731adf4179a87d56820 (127.5.165.195:46541)
I20260710 13:16:19.748220  6476 tablet_service.cc:1917] Received RequestConsensusVote() RPC: tablet_id: "e90cc8e11ea045b2b2206bc26ceaad0f" candidate_uuid: "008bb33e3f14481e9e879f103ccf47b3" candidate_term: 2 candidate_status { last_received { term: 1 index: 1 } } ignore_live_leader: true dest_uuid: "150b8acff2c046a783783cbeec0b3cea"
I20260710 13:16:19.748488  6548 tablet_service.cc:1917] Received RequestConsensusVote() RPC: tablet_id: "e90cc8e11ea045b2b2206bc26ceaad0f" candidate_uuid: "008bb33e3f14481e9e879f103ccf47b3" candidate_term: 2 candidate_status { last_received { term: 1 index: 1 } } ignore_live_leader: true dest_uuid: "e6bdb3c531dc4731adf4179a87d56820"
I20260710 13:16:19.748785  6476 raft_consensus.cc:3055] T e90cc8e11ea045b2b2206bc26ceaad0f P 150b8acff2c046a783783cbeec0b3cea [term 1 LEADER]: Stepping down as leader of term 1
I20260710 13:16:19.748991  6548 raft_consensus.cc:3060] T e90cc8e11ea045b2b2206bc26ceaad0f P e6bdb3c531dc4731adf4179a87d56820 [term 1 FOLLOWER]: Advancing to term 2
I20260710 13:16:19.749161  6476 raft_consensus.cc:740] T e90cc8e11ea045b2b2206bc26ceaad0f P 150b8acff2c046a783783cbeec0b3cea [term 1 LEADER]: Becoming Follower/Learner. State: Replica: 150b8acff2c046a783783cbeec0b3cea, State: Running, Role: LEADER
I20260710 13:16:19.749881  6476 consensus_queue.cc:260] T e90cc8e11ea045b2b2206bc26ceaad0f P 150b8acff2c046a783783cbeec0b3cea [NON_LEADER]: Queue going to NON_LEADER mode. State: All replicated index: 0, Majority replicated index: 1, Committed index: 1, Last appended: 1.1, Last appended by leader: 1, Current term: 1, Majority size: -1, State: 0, Mode: NON_LEADER, active raft config: opid_index: -1 OBSOLETE_local: false peers { permanent_uuid: "008bb33e3f14481e9e879f103ccf47b3" member_type: VOTER last_known_addr { host: "127.5.165.193" port: 39757 } } peers { permanent_uuid: "150b8acff2c046a783783cbeec0b3cea" member_type: VOTER last_known_addr { host: "127.5.165.194" port: 33823 } } peers { permanent_uuid: "e6bdb3c531dc4731adf4179a87d56820" member_type: VOTER last_known_addr { host: "127.5.165.195" port: 46541 } }
I20260710 13:16:19.750800  6476 raft_consensus.cc:3060] T e90cc8e11ea045b2b2206bc26ceaad0f P 150b8acff2c046a783783cbeec0b3cea [term 1 FOLLOWER]: Advancing to term 2
I20260710 13:16:19.754041  6548 raft_consensus.cc:2468] T e90cc8e11ea045b2b2206bc26ceaad0f P e6bdb3c531dc4731adf4179a87d56820 [term 2 FOLLOWER]: Leader election vote request: Granting yes vote for candidate 008bb33e3f14481e9e879f103ccf47b3 in term 2.
I20260710 13:16:19.755132  6365 leader_election.cc:304] T e90cc8e11ea045b2b2206bc26ceaad0f P 008bb33e3f14481e9e879f103ccf47b3 [CANDIDATE]: Term 2 election: Election decided. Result: candidate won. Election summary: received 2 responses out of 3 voters: 2 yes votes; 0 no votes. yes voters: 008bb33e3f14481e9e879f103ccf47b3, e6bdb3c531dc4731adf4179a87d56820; no voters: 
I20260710 13:16:19.755517  6634 raft_consensus.cc:993] T fa5acb7c96af46969dad79627671f629 P 150b8acff2c046a783783cbeec0b3cea: : Instructing follower 008bb33e3f14481e9e879f103ccf47b3 to start an election
I20260710 13:16:19.755887  6707 raft_consensus.cc:2804] T e90cc8e11ea045b2b2206bc26ceaad0f P 008bb33e3f14481e9e879f103ccf47b3 [term 2 FOLLOWER]: Leader election won for term 2
I20260710 13:16:19.755980  6711 raft_consensus.cc:1081] T fa5acb7c96af46969dad79627671f629 P 150b8acff2c046a783783cbeec0b3cea [term 2 LEADER]: Signalling peer 008bb33e3f14481e9e879f103ccf47b3 to start an election
I20260710 13:16:19.756403  6707 raft_consensus.cc:697] T e90cc8e11ea045b2b2206bc26ceaad0f P 008bb33e3f14481e9e879f103ccf47b3 [term 2 LEADER]: Becoming Leader. State: Replica: 008bb33e3f14481e9e879f103ccf47b3, State: Running, Role: LEADER
I20260710 13:16:19.756443  6476 raft_consensus.cc:2468] T e90cc8e11ea045b2b2206bc26ceaad0f P 150b8acff2c046a783783cbeec0b3cea [term 2 FOLLOWER]: Leader election vote request: Granting yes vote for candidate 008bb33e3f14481e9e879f103ccf47b3 in term 2.
I20260710 13:16:19.757627  6400 tablet_service.cc:2044] Received Run Leader Election RPC: tablet_id: "fa5acb7c96af46969dad79627671f629"
dest_uuid: "008bb33e3f14481e9e879f103ccf47b3"
 from {username='slave'} at 127.0.0.1:46304
I20260710 13:16:19.757400  6707 consensus_queue.cc:237] T e90cc8e11ea045b2b2206bc26ceaad0f P 008bb33e3f14481e9e879f103ccf47b3 [LEADER]: Queue going to LEADER mode. State: All replicated index: 0, Majority replicated index: 1, Committed index: 1, Last appended: 1.1, Last appended by leader: 1, Current term: 2, Majority size: 2, State: 0, Mode: LEADER, active raft config: opid_index: -1 OBSOLETE_local: false peers { permanent_uuid: "008bb33e3f14481e9e879f103ccf47b3" member_type: VOTER last_known_addr { host: "127.5.165.193" port: 39757 } } peers { permanent_uuid: "150b8acff2c046a783783cbeec0b3cea" member_type: VOTER last_known_addr { host: "127.5.165.194" port: 33823 } } peers { permanent_uuid: "e6bdb3c531dc4731adf4179a87d56820" member_type: VOTER last_known_addr { host: "127.5.165.195" port: 46541 } }
I20260710 13:16:19.758133  6400 raft_consensus.cc:493] T fa5acb7c96af46969dad79627671f629 P 008bb33e3f14481e9e879f103ccf47b3 [term 2 FOLLOWER]: Starting forced leader election (received explicit request)
I20260710 13:16:19.758490  6400 raft_consensus.cc:3060] T fa5acb7c96af46969dad79627671f629 P 008bb33e3f14481e9e879f103ccf47b3 [term 2 FOLLOWER]: Advancing to term 3
I20260710 13:16:19.764127  6400 raft_consensus.cc:515] T fa5acb7c96af46969dad79627671f629 P 008bb33e3f14481e9e879f103ccf47b3 [term 3 FOLLOWER]: Starting forced leader election with config: opid_index: -1 OBSOLETE_local: false peers { permanent_uuid: "008bb33e3f14481e9e879f103ccf47b3" member_type: VOTER last_known_addr { host: "127.5.165.193" port: 39757 } } peers { permanent_uuid: "150b8acff2c046a783783cbeec0b3cea" member_type: VOTER last_known_addr { host: "127.5.165.194" port: 33823 } } peers { permanent_uuid: "e6bdb3c531dc4731adf4179a87d56820" member_type: VOTER last_known_addr { host: "127.5.165.195" port: 46541 } }
I20260710 13:16:19.765305  6297 catalog_manager.cc:5697] T e90cc8e11ea045b2b2206bc26ceaad0f P 008bb33e3f14481e9e879f103ccf47b3 reported cstate change: term changed from 1 to 2, leader changed from 150b8acff2c046a783783cbeec0b3cea (127.5.165.194) to 008bb33e3f14481e9e879f103ccf47b3 (127.5.165.193). New cstate: current_term: 2 leader_uuid: "008bb33e3f14481e9e879f103ccf47b3" committed_config { opid_index: -1 OBSOLETE_local: false peers { permanent_uuid: "008bb33e3f14481e9e879f103ccf47b3" member_type: VOTER last_known_addr { host: "127.5.165.193" port: 39757 } health_report { overall_health: HEALTHY } } peers { permanent_uuid: "150b8acff2c046a783783cbeec0b3cea" member_type: VOTER last_known_addr { host: "127.5.165.194" port: 33823 } health_report { overall_health: UNKNOWN } } peers { permanent_uuid: "e6bdb3c531dc4731adf4179a87d56820" member_type: VOTER last_known_addr { host: "127.5.165.195" port: 46541 } health_report { overall_health: UNKNOWN } } }
I20260710 13:16:19.766006  6400 leader_election.cc:290] T fa5acb7c96af46969dad79627671f629 P 008bb33e3f14481e9e879f103ccf47b3 [CANDIDATE]: Term 3 election: Requested vote from peers 150b8acff2c046a783783cbeec0b3cea (127.5.165.194:33823), e6bdb3c531dc4731adf4179a87d56820 (127.5.165.195:46541)
I20260710 13:16:19.766685  6476 tablet_service.cc:1917] Received RequestConsensusVote() RPC: tablet_id: "fa5acb7c96af46969dad79627671f629" candidate_uuid: "008bb33e3f14481e9e879f103ccf47b3" candidate_term: 3 candidate_status { last_received { term: 2 index: 2 } } ignore_live_leader: true dest_uuid: "150b8acff2c046a783783cbeec0b3cea"
I20260710 13:16:19.767055  6548 tablet_service.cc:1917] Received RequestConsensusVote() RPC: tablet_id: "fa5acb7c96af46969dad79627671f629" candidate_uuid: "008bb33e3f14481e9e879f103ccf47b3" candidate_term: 3 candidate_status { last_received { term: 2 index: 2 } } ignore_live_leader: true dest_uuid: "e6bdb3c531dc4731adf4179a87d56820"
I20260710 13:16:19.767256  6476 raft_consensus.cc:3055] T fa5acb7c96af46969dad79627671f629 P 150b8acff2c046a783783cbeec0b3cea [term 2 LEADER]: Stepping down as leader of term 2
I20260710 13:16:19.767603  6548 raft_consensus.cc:3060] T fa5acb7c96af46969dad79627671f629 P e6bdb3c531dc4731adf4179a87d56820 [term 2 FOLLOWER]: Advancing to term 3
I20260710 13:16:19.767656  6476 raft_consensus.cc:740] T fa5acb7c96af46969dad79627671f629 P 150b8acff2c046a783783cbeec0b3cea [term 2 LEADER]: Becoming Follower/Learner. State: Replica: 150b8acff2c046a783783cbeec0b3cea, State: Running, Role: LEADER
I20260710 13:16:19.768636  6476 consensus_queue.cc:260] T fa5acb7c96af46969dad79627671f629 P 150b8acff2c046a783783cbeec0b3cea [NON_LEADER]: Queue going to NON_LEADER mode. State: All replicated index: 0, Majority replicated index: 2, Committed index: 2, Last appended: 2.2, Last appended by leader: 2, Current term: 2, Majority size: -1, State: 0, Mode: NON_LEADER, active raft config: opid_index: -1 OBSOLETE_local: false peers { permanent_uuid: "008bb33e3f14481e9e879f103ccf47b3" member_type: VOTER last_known_addr { host: "127.5.165.193" port: 39757 } } peers { permanent_uuid: "150b8acff2c046a783783cbeec0b3cea" member_type: VOTER last_known_addr { host: "127.5.165.194" port: 33823 } } peers { permanent_uuid: "e6bdb3c531dc4731adf4179a87d56820" member_type: VOTER last_known_addr { host: "127.5.165.195" port: 46541 } }
I20260710 13:16:19.769815  6476 raft_consensus.cc:3060] T fa5acb7c96af46969dad79627671f629 P 150b8acff2c046a783783cbeec0b3cea [term 2 FOLLOWER]: Advancing to term 3
I20260710 13:16:19.772518  6548 raft_consensus.cc:2468] T fa5acb7c96af46969dad79627671f629 P e6bdb3c531dc4731adf4179a87d56820 [term 3 FOLLOWER]: Leader election vote request: Granting yes vote for candidate 008bb33e3f14481e9e879f103ccf47b3 in term 3.
I20260710 13:16:19.773924  6365 leader_election.cc:304] T fa5acb7c96af46969dad79627671f629 P 008bb33e3f14481e9e879f103ccf47b3 [CANDIDATE]: Term 3 election: Election decided. Result: candidate won. Election summary: received 2 responses out of 3 voters: 2 yes votes; 0 no votes. yes voters: 008bb33e3f14481e9e879f103ccf47b3, e6bdb3c531dc4731adf4179a87d56820; no voters: 
I20260710 13:16:19.774639  6707 raft_consensus.cc:2804] T fa5acb7c96af46969dad79627671f629 P 008bb33e3f14481e9e879f103ccf47b3 [term 3 FOLLOWER]: Leader election won for term 3
I20260710 13:16:19.775146  6707 raft_consensus.cc:697] T fa5acb7c96af46969dad79627671f629 P 008bb33e3f14481e9e879f103ccf47b3 [term 3 LEADER]: Becoming Leader. State: Replica: 008bb33e3f14481e9e879f103ccf47b3, State: Running, Role: LEADER
I20260710 13:16:19.775442  6476 raft_consensus.cc:2468] T fa5acb7c96af46969dad79627671f629 P 150b8acff2c046a783783cbeec0b3cea [term 3 FOLLOWER]: Leader election vote request: Granting yes vote for candidate 008bb33e3f14481e9e879f103ccf47b3 in term 3.
I20260710 13:16:19.775889  6707 consensus_queue.cc:237] T fa5acb7c96af46969dad79627671f629 P 008bb33e3f14481e9e879f103ccf47b3 [LEADER]: Queue going to LEADER mode. State: All replicated index: 0, Majority replicated index: 2, Committed index: 2, Last appended: 2.2, Last appended by leader: 2, Current term: 3, Majority size: 2, State: 0, Mode: LEADER, active raft config: opid_index: -1 OBSOLETE_local: false peers { permanent_uuid: "008bb33e3f14481e9e879f103ccf47b3" member_type: VOTER last_known_addr { host: "127.5.165.193" port: 39757 } } peers { permanent_uuid: "150b8acff2c046a783783cbeec0b3cea" member_type: VOTER last_known_addr { host: "127.5.165.194" port: 33823 } } peers { permanent_uuid: "e6bdb3c531dc4731adf4179a87d56820" member_type: VOTER last_known_addr { host: "127.5.165.195" port: 46541 } }
I20260710 13:16:19.781903  6297 catalog_manager.cc:5697] T fa5acb7c96af46969dad79627671f629 P 008bb33e3f14481e9e879f103ccf47b3 reported cstate change: term changed from 2 to 3, leader changed from 150b8acff2c046a783783cbeec0b3cea (127.5.165.194) to 008bb33e3f14481e9e879f103ccf47b3 (127.5.165.193). New cstate: current_term: 3 leader_uuid: "008bb33e3f14481e9e879f103ccf47b3" committed_config { opid_index: -1 OBSOLETE_local: false peers { permanent_uuid: "008bb33e3f14481e9e879f103ccf47b3" member_type: VOTER last_known_addr { host: "127.5.165.193" port: 39757 } health_report { overall_health: HEALTHY } } peers { permanent_uuid: "150b8acff2c046a783783cbeec0b3cea" member_type: VOTER last_known_addr { host: "127.5.165.194" port: 33823 } health_report { overall_health: UNKNOWN } } peers { permanent_uuid: "e6bdb3c531dc4731adf4179a87d56820" member_type: VOTER last_known_addr { host: "127.5.165.195" port: 46541 } health_report { overall_health: UNKNOWN } } }
I20260710 13:16:19.871080  6548 raft_consensus.cc:1275] T e602b32a91624ef189653fa621f6a6e4 P e6bdb3c531dc4731adf4179a87d56820 [term 3 FOLLOWER]: Refusing update from remote peer 008bb33e3f14481e9e879f103ccf47b3: Log matching property violated. Preceding OpId in replica: term: 2 index: 2. Preceding OpId from leader: term: 3 index: 3. (index mismatch)
I20260710 13:16:19.872130  6707 consensus_queue.cc:1048] T e602b32a91624ef189653fa621f6a6e4 P 008bb33e3f14481e9e879f103ccf47b3 [LEADER]: Connected to new peer: Peer: permanent_uuid: "e6bdb3c531dc4731adf4179a87d56820" member_type: VOTER last_known_addr { host: "127.5.165.195" port: 46541 }, Status: LMP_MISMATCH, Last received: 0.0, Next index: 3, Last known committed idx: 2, Time since last communication: 0.000s
I20260710 13:16:19.874660  6549 raft_consensus.cc:1275] T fcae9f8d7cf6426582bbe31e0f6865f2 P e6bdb3c531dc4731adf4179a87d56820 [term 4 FOLLOWER]: Refusing update from remote peer 008bb33e3f14481e9e879f103ccf47b3: Log matching property violated. Preceding OpId in replica: term: 3 index: 3. Preceding OpId from leader: term: 4 index: 4. (index mismatch)
I20260710 13:16:19.875245  6476 raft_consensus.cc:1275] T e602b32a91624ef189653fa621f6a6e4 P 150b8acff2c046a783783cbeec0b3cea [term 3 FOLLOWER]: Refusing update from remote peer 008bb33e3f14481e9e879f103ccf47b3: Log matching property violated. Preceding OpId in replica: term: 2 index: 2. Preceding OpId from leader: term: 3 index: 3. (index mismatch)
I20260710 13:16:19.876080  6680 consensus_queue.cc:1048] T fcae9f8d7cf6426582bbe31e0f6865f2 P 008bb33e3f14481e9e879f103ccf47b3 [LEADER]: Connected to new peer: Peer: permanent_uuid: "e6bdb3c531dc4731adf4179a87d56820" member_type: VOTER last_known_addr { host: "127.5.165.195" port: 46541 }, Status: LMP_MISMATCH, Last received: 0.0, Next index: 4, Last known committed idx: 3, Time since last communication: 0.000s
I20260710 13:16:19.876464  6707 consensus_queue.cc:1048] T e602b32a91624ef189653fa621f6a6e4 P 008bb33e3f14481e9e879f103ccf47b3 [LEADER]: Connected to new peer: Peer: permanent_uuid: "150b8acff2c046a783783cbeec0b3cea" member_type: VOTER last_known_addr { host: "127.5.165.194" port: 33823 }, Status: LMP_MISMATCH, Last received: 0.0, Next index: 3, Last known committed idx: 2, Time since last communication: 0.000s
I20260710 13:16:19.891772  6476 raft_consensus.cc:1275] T fcae9f8d7cf6426582bbe31e0f6865f2 P 150b8acff2c046a783783cbeec0b3cea [term 4 FOLLOWER]: Refusing update from remote peer 008bb33e3f14481e9e879f103ccf47b3: Log matching property violated. Preceding OpId in replica: term: 3 index: 3. Preceding OpId from leader: term: 4 index: 4. (index mismatch)
I20260710 13:16:19.899062  6707 consensus_queue.cc:1048] T fcae9f8d7cf6426582bbe31e0f6865f2 P 008bb33e3f14481e9e879f103ccf47b3 [LEADER]: Connected to new peer: Peer: permanent_uuid: "150b8acff2c046a783783cbeec0b3cea" member_type: VOTER last_known_addr { host: "127.5.165.194" port: 33823 }, Status: LMP_MISMATCH, Last received: 0.0, Next index: 4, Last known committed idx: 3, Time since last communication: 0.000s
I20260710 13:16:19.927985  6548 raft_consensus.cc:1275] T 6e8bd790c65a409eb9c2481b1bc9a0ea P e6bdb3c531dc4731adf4179a87d56820 [term 2 FOLLOWER]: Refusing update from remote peer 008bb33e3f14481e9e879f103ccf47b3: Log matching property violated. Preceding OpId in replica: term: 1 index: 1. Preceding OpId from leader: term: 2 index: 2. (index mismatch)
I20260710 13:16:19.929008  6721 consensus_queue.cc:1048] T 6e8bd790c65a409eb9c2481b1bc9a0ea P 008bb33e3f14481e9e879f103ccf47b3 [LEADER]: Connected to new peer: Peer: permanent_uuid: "e6bdb3c531dc4731adf4179a87d56820" member_type: VOTER last_known_addr { host: "127.5.165.195" port: 46541 }, Status: LMP_MISMATCH, Last received: 0.0, Next index: 2, Last known committed idx: 1, Time since last communication: 0.000s
I20260710 13:16:19.937239  6475 raft_consensus.cc:1275] T 6e8bd790c65a409eb9c2481b1bc9a0ea P 150b8acff2c046a783783cbeec0b3cea [term 2 FOLLOWER]: Refusing update from remote peer 008bb33e3f14481e9e879f103ccf47b3: Log matching property violated. Preceding OpId in replica: term: 1 index: 1. Preceding OpId from leader: term: 2 index: 2. (index mismatch)
I20260710 13:16:19.938645  6721 consensus_queue.cc:1048] T 6e8bd790c65a409eb9c2481b1bc9a0ea P 008bb33e3f14481e9e879f103ccf47b3 [LEADER]: Connected to new peer: Peer: permanent_uuid: "150b8acff2c046a783783cbeec0b3cea" member_type: VOTER last_known_addr { host: "127.5.165.194" port: 33823 }, Status: LMP_MISMATCH, Last received: 0.0, Next index: 2, Last known committed idx: 1, Time since last communication: 0.000s
I20260710 13:16:20.183751  6475 raft_consensus.cc:1275] T fa5acb7c96af46969dad79627671f629 P 150b8acff2c046a783783cbeec0b3cea [term 3 FOLLOWER]: Refusing update from remote peer 008bb33e3f14481e9e879f103ccf47b3: Log matching property violated. Preceding OpId in replica: term: 2 index: 2. Preceding OpId from leader: term: 3 index: 3. (index mismatch)
I20260710 13:16:20.185101  6721 consensus_queue.cc:1048] T fa5acb7c96af46969dad79627671f629 P 008bb33e3f14481e9e879f103ccf47b3 [LEADER]: Connected to new peer: Peer: permanent_uuid: "150b8acff2c046a783783cbeec0b3cea" member_type: VOTER last_known_addr { host: "127.5.165.194" port: 33823 }, Status: LMP_MISMATCH, Last received: 0.0, Next index: 3, Last known committed idx: 2, Time since last communication: 0.000s
I20260710 13:16:20.193179  6548 raft_consensus.cc:1275] T fa5acb7c96af46969dad79627671f629 P e6bdb3c531dc4731adf4179a87d56820 [term 3 FOLLOWER]: Refusing update from remote peer 008bb33e3f14481e9e879f103ccf47b3: Log matching property violated. Preceding OpId in replica: term: 2 index: 2. Preceding OpId from leader: term: 3 index: 3. (index mismatch)
I20260710 13:16:20.195135  6719 consensus_queue.cc:1048] T fa5acb7c96af46969dad79627671f629 P 008bb33e3f14481e9e879f103ccf47b3 [LEADER]: Connected to new peer: Peer: permanent_uuid: "e6bdb3c531dc4731adf4179a87d56820" member_type: VOTER last_known_addr { host: "127.5.165.195" port: 46541 }, Status: LMP_MISMATCH, Last received: 0.0, Next index: 3, Last known committed idx: 2, Time since last communication: 0.000s
I20260710 13:16:20.285795  6548 raft_consensus.cc:1275] T e90cc8e11ea045b2b2206bc26ceaad0f P e6bdb3c531dc4731adf4179a87d56820 [term 2 FOLLOWER]: Refusing update from remote peer 008bb33e3f14481e9e879f103ccf47b3: Log matching property violated. Preceding OpId in replica: term: 1 index: 1. Preceding OpId from leader: term: 2 index: 2. (index mismatch)
I20260710 13:16:20.287094  6719 consensus_queue.cc:1048] T e90cc8e11ea045b2b2206bc26ceaad0f P 008bb33e3f14481e9e879f103ccf47b3 [LEADER]: Connected to new peer: Peer: permanent_uuid: "e6bdb3c531dc4731adf4179a87d56820" member_type: VOTER last_known_addr { host: "127.5.165.195" port: 46541 }, Status: LMP_MISMATCH, Last received: 0.0, Next index: 2, Last known committed idx: 1, Time since last communication: 0.000s
I20260710 13:16:20.295782  6475 raft_consensus.cc:1275] T e90cc8e11ea045b2b2206bc26ceaad0f P 150b8acff2c046a783783cbeec0b3cea [term 2 FOLLOWER]: Refusing update from remote peer 008bb33e3f14481e9e879f103ccf47b3: Log matching property violated. Preceding OpId in replica: term: 1 index: 1. Preceding OpId from leader: term: 2 index: 2. (index mismatch)
I20260710 13:16:20.297621  6707 consensus_queue.cc:1048] T e90cc8e11ea045b2b2206bc26ceaad0f P 008bb33e3f14481e9e879f103ccf47b3 [LEADER]: Connected to new peer: Peer: permanent_uuid: "150b8acff2c046a783783cbeec0b3cea" member_type: VOTER last_known_addr { host: "127.5.165.194" port: 33823 }, Status: LMP_MISMATCH, Last received: 0.0, Next index: 2, Last known committed idx: 1, Time since last communication: 0.000s
I20260710 13:16:22.208515  5783 auto_leader_rebalancer.cc:141] leader rebalance for table test-workload
I20260710 13:16:22.216415  6400 tablet_service.cc:2072] Received LeaderStepDown RPC: tablet_id: "2c92c3b7f4af4ee9b57112f8021f4436"
dest_uuid: "008bb33e3f14481e9e879f103ccf47b3"
mode: GRACEFUL
new_leader_uuid: "e6bdb3c531dc4731adf4179a87d56820"
 from {username='slave'} at 127.0.0.1:40984
I20260710 13:16:22.217067  6400 raft_consensus.cc:606] T 2c92c3b7f4af4ee9b57112f8021f4436 P 008bb33e3f14481e9e879f103ccf47b3 [term 2 LEADER]: Received request to transfer leadership to TS e6bdb3c531dc4731adf4179a87d56820
I20260710 13:16:22.219380  6400 tablet_service.cc:2072] Received LeaderStepDown RPC: tablet_id: "666dff8324564860b6d034c9e29fb496"
dest_uuid: "008bb33e3f14481e9e879f103ccf47b3"
mode: GRACEFUL
new_leader_uuid: "150b8acff2c046a783783cbeec0b3cea"
 from {username='slave'} at 127.0.0.1:40984
I20260710 13:16:22.219777  6400 raft_consensus.cc:606] T 666dff8324564860b6d034c9e29fb496 P 008bb33e3f14481e9e879f103ccf47b3 [term 1 LEADER]: Received request to transfer leadership to TS 150b8acff2c046a783783cbeec0b3cea
I20260710 13:16:22.221698  6400 tablet_service.cc:2072] Received LeaderStepDown RPC: tablet_id: "fa5acb7c96af46969dad79627671f629"
dest_uuid: "008bb33e3f14481e9e879f103ccf47b3"
mode: GRACEFUL
new_leader_uuid: "e6bdb3c531dc4731adf4179a87d56820"
 from {username='slave'} at 127.0.0.1:40984
I20260710 13:16:22.222072  6400 raft_consensus.cc:606] T fa5acb7c96af46969dad79627671f629 P 008bb33e3f14481e9e879f103ccf47b3 [term 3 LEADER]: Received request to transfer leadership to TS e6bdb3c531dc4731adf4179a87d56820
I20260710 13:16:22.224037  6400 tablet_service.cc:2072] Received LeaderStepDown RPC: tablet_id: "fcae9f8d7cf6426582bbe31e0f6865f2"
dest_uuid: "008bb33e3f14481e9e879f103ccf47b3"
mode: GRACEFUL
new_leader_uuid: "150b8acff2c046a783783cbeec0b3cea"
 from {username='slave'} at 127.0.0.1:40984
I20260710 13:16:22.224416  6400 raft_consensus.cc:606] T fcae9f8d7cf6426582bbe31e0f6865f2 P 008bb33e3f14481e9e879f103ccf47b3 [term 4 LEADER]: Received request to transfer leadership to TS 150b8acff2c046a783783cbeec0b3cea
I20260710 13:16:22.225313  5783 auto_leader_rebalancer.cc:479] table: test-workload, leader rebalance finish, leader transfer count: 4
I20260710 13:16:22.225736  5783 auto_leader_rebalancer.cc:554] All tables' leader rebalancing finished this round
I20260710 13:16:22.314417  6734 raft_consensus.cc:993] T fcae9f8d7cf6426582bbe31e0f6865f2 P 008bb33e3f14481e9e879f103ccf47b3: : Instructing follower 150b8acff2c046a783783cbeec0b3cea to start an election
I20260710 13:16:22.315017  6719 raft_consensus.cc:1081] T fcae9f8d7cf6426582bbe31e0f6865f2 P 008bb33e3f14481e9e879f103ccf47b3 [term 4 LEADER]: Signalling peer 150b8acff2c046a783783cbeec0b3cea to start an election
I20260710 13:16:22.316519  6476 tablet_service.cc:2044] Received Run Leader Election RPC: tablet_id: "fcae9f8d7cf6426582bbe31e0f6865f2"
dest_uuid: "150b8acff2c046a783783cbeec0b3cea"
 from {username='slave'} at 127.0.0.1:55622
I20260710 13:16:22.317041  6476 raft_consensus.cc:493] T fcae9f8d7cf6426582bbe31e0f6865f2 P 150b8acff2c046a783783cbeec0b3cea [term 4 FOLLOWER]: Starting forced leader election (received explicit request)
I20260710 13:16:22.317452  6476 raft_consensus.cc:3060] T fcae9f8d7cf6426582bbe31e0f6865f2 P 150b8acff2c046a783783cbeec0b3cea [term 4 FOLLOWER]: Advancing to term 5
I20260710 13:16:22.323534  6476 raft_consensus.cc:515] T fcae9f8d7cf6426582bbe31e0f6865f2 P 150b8acff2c046a783783cbeec0b3cea [term 5 FOLLOWER]: Starting forced leader election with config: opid_index: -1 OBSOLETE_local: false peers { permanent_uuid: "008bb33e3f14481e9e879f103ccf47b3" member_type: VOTER last_known_addr { host: "127.5.165.193" port: 39757 } } peers { permanent_uuid: "150b8acff2c046a783783cbeec0b3cea" member_type: VOTER last_known_addr { host: "127.5.165.194" port: 33823 } } peers { permanent_uuid: "e6bdb3c531dc4731adf4179a87d56820" member_type: VOTER last_known_addr { host: "127.5.165.195" port: 46541 } }
I20260710 13:16:22.325037  6476 leader_election.cc:290] T fcae9f8d7cf6426582bbe31e0f6865f2 P 150b8acff2c046a783783cbeec0b3cea [CANDIDATE]: Term 5 election: Requested vote from peers 008bb33e3f14481e9e879f103ccf47b3 (127.5.165.193:39757), e6bdb3c531dc4731adf4179a87d56820 (127.5.165.195:46541)
I20260710 13:16:22.325875  6400 tablet_service.cc:1917] Received RequestConsensusVote() RPC: tablet_id: "fcae9f8d7cf6426582bbe31e0f6865f2" candidate_uuid: "150b8acff2c046a783783cbeec0b3cea" candidate_term: 5 candidate_status { last_received { term: 4 index: 4 } } ignore_live_leader: true dest_uuid: "008bb33e3f14481e9e879f103ccf47b3"
I20260710 13:16:22.326229  6548 tablet_service.cc:1917] Received RequestConsensusVote() RPC: tablet_id: "fcae9f8d7cf6426582bbe31e0f6865f2" candidate_uuid: "150b8acff2c046a783783cbeec0b3cea" candidate_term: 5 candidate_status { last_received { term: 4 index: 4 } } ignore_live_leader: true dest_uuid: "e6bdb3c531dc4731adf4179a87d56820"
I20260710 13:16:22.326548  6400 raft_consensus.cc:3055] T fcae9f8d7cf6426582bbe31e0f6865f2 P 008bb33e3f14481e9e879f103ccf47b3 [term 4 LEADER]: Stepping down as leader of term 4
I20260710 13:16:22.326757  6548 raft_consensus.cc:3060] T fcae9f8d7cf6426582bbe31e0f6865f2 P e6bdb3c531dc4731adf4179a87d56820 [term 4 FOLLOWER]: Advancing to term 5
I20260710 13:16:22.326862  6400 raft_consensus.cc:740] T fcae9f8d7cf6426582bbe31e0f6865f2 P 008bb33e3f14481e9e879f103ccf47b3 [term 4 LEADER]: Becoming Follower/Learner. State: Replica: 008bb33e3f14481e9e879f103ccf47b3, State: Running, Role: LEADER
I20260710 13:16:22.327703  6400 consensus_queue.cc:260] T fcae9f8d7cf6426582bbe31e0f6865f2 P 008bb33e3f14481e9e879f103ccf47b3 [NON_LEADER]: Queue going to NON_LEADER mode. State: All replicated index: 0, Majority replicated index: 4, Committed index: 4, Last appended: 4.4, Last appended by leader: 4, Current term: 4, Majority size: -1, State: 0, Mode: NON_LEADER, active raft config: opid_index: -1 OBSOLETE_local: false peers { permanent_uuid: "008bb33e3f14481e9e879f103ccf47b3" member_type: VOTER last_known_addr { host: "127.5.165.193" port: 39757 } } peers { permanent_uuid: "150b8acff2c046a783783cbeec0b3cea" member_type: VOTER last_known_addr { host: "127.5.165.194" port: 33823 } } peers { permanent_uuid: "e6bdb3c531dc4731adf4179a87d56820" member_type: VOTER last_known_addr { host: "127.5.165.195" port: 46541 } }
I20260710 13:16:22.328585  6400 raft_consensus.cc:3060] T fcae9f8d7cf6426582bbe31e0f6865f2 P 008bb33e3f14481e9e879f103ccf47b3 [term 4 FOLLOWER]: Advancing to term 5
I20260710 13:16:22.331220  6548 raft_consensus.cc:2468] T fcae9f8d7cf6426582bbe31e0f6865f2 P e6bdb3c531dc4731adf4179a87d56820 [term 5 FOLLOWER]: Leader election vote request: Granting yes vote for candidate 150b8acff2c046a783783cbeec0b3cea in term 5.
I20260710 13:16:22.332857  6440 leader_election.cc:304] T fcae9f8d7cf6426582bbe31e0f6865f2 P 150b8acff2c046a783783cbeec0b3cea [CANDIDATE]: Term 5 election: Election decided. Result: candidate won. Election summary: received 2 responses out of 3 voters: 2 yes votes; 0 no votes. yes voters: 150b8acff2c046a783783cbeec0b3cea, e6bdb3c531dc4731adf4179a87d56820; no voters: 
I20260710 13:16:22.333608  6400 raft_consensus.cc:2468] T fcae9f8d7cf6426582bbe31e0f6865f2 P 008bb33e3f14481e9e879f103ccf47b3 [term 5 FOLLOWER]: Leader election vote request: Granting yes vote for candidate 150b8acff2c046a783783cbeec0b3cea in term 5.
I20260710 13:16:22.333808  6711 raft_consensus.cc:2804] T fcae9f8d7cf6426582bbe31e0f6865f2 P 150b8acff2c046a783783cbeec0b3cea [term 5 FOLLOWER]: Leader election won for term 5
I20260710 13:16:22.335098  6711 raft_consensus.cc:697] T fcae9f8d7cf6426582bbe31e0f6865f2 P 150b8acff2c046a783783cbeec0b3cea [term 5 LEADER]: Becoming Leader. State: Replica: 150b8acff2c046a783783cbeec0b3cea, State: Running, Role: LEADER
I20260710 13:16:22.335983  6711 consensus_queue.cc:237] T fcae9f8d7cf6426582bbe31e0f6865f2 P 150b8acff2c046a783783cbeec0b3cea [LEADER]: Queue going to LEADER mode. State: All replicated index: 0, Majority replicated index: 4, Committed index: 4, Last appended: 4.4, Last appended by leader: 4, Current term: 5, Majority size: 2, State: 0, Mode: LEADER, active raft config: opid_index: -1 OBSOLETE_local: false peers { permanent_uuid: "008bb33e3f14481e9e879f103ccf47b3" member_type: VOTER last_known_addr { host: "127.5.165.193" port: 39757 } } peers { permanent_uuid: "150b8acff2c046a783783cbeec0b3cea" member_type: VOTER last_known_addr { host: "127.5.165.194" port: 33823 } } peers { permanent_uuid: "e6bdb3c531dc4731adf4179a87d56820" member_type: VOTER last_known_addr { host: "127.5.165.195" port: 46541 } }
I20260710 13:16:22.342413  6296 catalog_manager.cc:5697] T fcae9f8d7cf6426582bbe31e0f6865f2 P 150b8acff2c046a783783cbeec0b3cea reported cstate change: term changed from 4 to 5, leader changed from 008bb33e3f14481e9e879f103ccf47b3 (127.5.165.193) to 150b8acff2c046a783783cbeec0b3cea (127.5.165.194). New cstate: current_term: 5 leader_uuid: "150b8acff2c046a783783cbeec0b3cea" committed_config { opid_index: -1 OBSOLETE_local: false peers { permanent_uuid: "008bb33e3f14481e9e879f103ccf47b3" member_type: VOTER last_known_addr { host: "127.5.165.193" port: 39757 } health_report { overall_health: UNKNOWN } } peers { permanent_uuid: "150b8acff2c046a783783cbeec0b3cea" member_type: VOTER last_known_addr { host: "127.5.165.194" port: 33823 } health_report { overall_health: HEALTHY } } peers { permanent_uuid: "e6bdb3c531dc4731adf4179a87d56820" member_type: VOTER last_known_addr { host: "127.5.165.195" port: 46541 } health_report { overall_health: UNKNOWN } } }
I20260710 13:16:22.358040  6734 raft_consensus.cc:993] T 2c92c3b7f4af4ee9b57112f8021f4436 P 008bb33e3f14481e9e879f103ccf47b3: : Instructing follower e6bdb3c531dc4731adf4179a87d56820 to start an election
I20260710 13:16:22.359272  6734 raft_consensus.cc:1081] T 2c92c3b7f4af4ee9b57112f8021f4436 P 008bb33e3f14481e9e879f103ccf47b3 [term 2 LEADER]: Signalling peer e6bdb3c531dc4731adf4179a87d56820 to start an election
I20260710 13:16:22.360874  6549 tablet_service.cc:2044] Received Run Leader Election RPC: tablet_id: "2c92c3b7f4af4ee9b57112f8021f4436"
dest_uuid: "e6bdb3c531dc4731adf4179a87d56820"
 from {username='slave'} at 127.0.0.1:46358
I20260710 13:16:22.361317  6549 raft_consensus.cc:493] T 2c92c3b7f4af4ee9b57112f8021f4436 P e6bdb3c531dc4731adf4179a87d56820 [term 2 FOLLOWER]: Starting forced leader election (received explicit request)
I20260710 13:16:22.361565  6549 raft_consensus.cc:3060] T 2c92c3b7f4af4ee9b57112f8021f4436 P e6bdb3c531dc4731adf4179a87d56820 [term 2 FOLLOWER]: Advancing to term 3
I20260710 13:16:22.367035  6549 raft_consensus.cc:515] T 2c92c3b7f4af4ee9b57112f8021f4436 P e6bdb3c531dc4731adf4179a87d56820 [term 3 FOLLOWER]: Starting forced leader election with config: opid_index: -1 OBSOLETE_local: false peers { permanent_uuid: "008bb33e3f14481e9e879f103ccf47b3" member_type: VOTER last_known_addr { host: "127.5.165.193" port: 39757 } } peers { permanent_uuid: "150b8acff2c046a783783cbeec0b3cea" member_type: VOTER last_known_addr { host: "127.5.165.194" port: 33823 } } peers { permanent_uuid: "e6bdb3c531dc4731adf4179a87d56820" member_type: VOTER last_known_addr { host: "127.5.165.195" port: 46541 } }
I20260710 13:16:22.368556  6549 leader_election.cc:290] T 2c92c3b7f4af4ee9b57112f8021f4436 P e6bdb3c531dc4731adf4179a87d56820 [CANDIDATE]: Term 3 election: Requested vote from peers 008bb33e3f14481e9e879f103ccf47b3 (127.5.165.193:39757), 150b8acff2c046a783783cbeec0b3cea (127.5.165.194:33823)
I20260710 13:16:22.369287  6400 tablet_service.cc:1917] Received RequestConsensusVote() RPC: tablet_id: "2c92c3b7f4af4ee9b57112f8021f4436" candidate_uuid: "e6bdb3c531dc4731adf4179a87d56820" candidate_term: 3 candidate_status { last_received { term: 2 index: 2 } } ignore_live_leader: true dest_uuid: "008bb33e3f14481e9e879f103ccf47b3"
I20260710 13:16:22.369583  6476 tablet_service.cc:1917] Received RequestConsensusVote() RPC: tablet_id: "2c92c3b7f4af4ee9b57112f8021f4436" candidate_uuid: "e6bdb3c531dc4731adf4179a87d56820" candidate_term: 3 candidate_status { last_received { term: 2 index: 2 } } ignore_live_leader: true dest_uuid: "150b8acff2c046a783783cbeec0b3cea"
I20260710 13:16:22.369810  6400 raft_consensus.cc:3055] T 2c92c3b7f4af4ee9b57112f8021f4436 P 008bb33e3f14481e9e879f103ccf47b3 [term 2 LEADER]: Stepping down as leader of term 2
I20260710 13:16:22.370055  6476 raft_consensus.cc:3060] T 2c92c3b7f4af4ee9b57112f8021f4436 P 150b8acff2c046a783783cbeec0b3cea [term 2 FOLLOWER]: Advancing to term 3
I20260710 13:16:22.370098  6400 raft_consensus.cc:740] T 2c92c3b7f4af4ee9b57112f8021f4436 P 008bb33e3f14481e9e879f103ccf47b3 [term 2 LEADER]: Becoming Follower/Learner. State: Replica: 008bb33e3f14481e9e879f103ccf47b3, State: Running, Role: LEADER
I20260710 13:16:22.370934  6400 consensus_queue.cc:260] T 2c92c3b7f4af4ee9b57112f8021f4436 P 008bb33e3f14481e9e879f103ccf47b3 [NON_LEADER]: Queue going to NON_LEADER mode. State: All replicated index: 0, Majority replicated index: 2, Committed index: 2, Last appended: 2.2, Last appended by leader: 2, Current term: 2, Majority size: -1, State: 0, Mode: NON_LEADER, active raft config: opid_index: -1 OBSOLETE_local: false peers { permanent_uuid: "008bb33e3f14481e9e879f103ccf47b3" member_type: VOTER last_known_addr { host: "127.5.165.193" port: 39757 } } peers { permanent_uuid: "150b8acff2c046a783783cbeec0b3cea" member_type: VOTER last_known_addr { host: "127.5.165.194" port: 33823 } } peers { permanent_uuid: "e6bdb3c531dc4731adf4179a87d56820" member_type: VOTER last_known_addr { host: "127.5.165.195" port: 46541 } }
I20260710 13:16:22.371989  6400 raft_consensus.cc:3060] T 2c92c3b7f4af4ee9b57112f8021f4436 P 008bb33e3f14481e9e879f103ccf47b3 [term 2 FOLLOWER]: Advancing to term 3
I20260710 13:16:22.376025  6476 raft_consensus.cc:2468] T 2c92c3b7f4af4ee9b57112f8021f4436 P 150b8acff2c046a783783cbeec0b3cea [term 3 FOLLOWER]: Leader election vote request: Granting yes vote for candidate e6bdb3c531dc4731adf4179a87d56820 in term 3.
I20260710 13:16:22.377331  6514 leader_election.cc:304] T 2c92c3b7f4af4ee9b57112f8021f4436 P e6bdb3c531dc4731adf4179a87d56820 [CANDIDATE]: Term 3 election: Election decided. Result: candidate won. Election summary: received 2 responses out of 3 voters: 2 yes votes; 0 no votes. yes voters: 150b8acff2c046a783783cbeec0b3cea, e6bdb3c531dc4731adf4179a87d56820; no voters: 
I20260710 13:16:22.377470  6400 raft_consensus.cc:2468] T 2c92c3b7f4af4ee9b57112f8021f4436 P 008bb33e3f14481e9e879f103ccf47b3 [term 3 FOLLOWER]: Leader election vote request: Granting yes vote for candidate e6bdb3c531dc4731adf4179a87d56820 in term 3.
I20260710 13:16:22.378176  6684 raft_consensus.cc:2804] T 2c92c3b7f4af4ee9b57112f8021f4436 P e6bdb3c531dc4731adf4179a87d56820 [term 3 FOLLOWER]: Leader election won for term 3
I20260710 13:16:22.379833  6684 raft_consensus.cc:697] T 2c92c3b7f4af4ee9b57112f8021f4436 P e6bdb3c531dc4731adf4179a87d56820 [term 3 LEADER]: Becoming Leader. State: Replica: e6bdb3c531dc4731adf4179a87d56820, State: Running, Role: LEADER
I20260710 13:16:22.380674  6684 consensus_queue.cc:237] T 2c92c3b7f4af4ee9b57112f8021f4436 P e6bdb3c531dc4731adf4179a87d56820 [LEADER]: Queue going to LEADER mode. State: All replicated index: 0, Majority replicated index: 2, Committed index: 2, Last appended: 2.2, Last appended by leader: 2, Current term: 3, Majority size: 2, State: 0, Mode: LEADER, active raft config: opid_index: -1 OBSOLETE_local: false peers { permanent_uuid: "008bb33e3f14481e9e879f103ccf47b3" member_type: VOTER last_known_addr { host: "127.5.165.193" port: 39757 } } peers { permanent_uuid: "150b8acff2c046a783783cbeec0b3cea" member_type: VOTER last_known_addr { host: "127.5.165.194" port: 33823 } } peers { permanent_uuid: "e6bdb3c531dc4731adf4179a87d56820" member_type: VOTER last_known_addr { host: "127.5.165.195" port: 46541 } }
I20260710 13:16:22.387090  6296 catalog_manager.cc:5697] T 2c92c3b7f4af4ee9b57112f8021f4436 P e6bdb3c531dc4731adf4179a87d56820 reported cstate change: term changed from 2 to 3, leader changed from 008bb33e3f14481e9e879f103ccf47b3 (127.5.165.193) to e6bdb3c531dc4731adf4179a87d56820 (127.5.165.195). New cstate: current_term: 3 leader_uuid: "e6bdb3c531dc4731adf4179a87d56820" committed_config { opid_index: -1 OBSOLETE_local: false peers { permanent_uuid: "008bb33e3f14481e9e879f103ccf47b3" member_type: VOTER last_known_addr { host: "127.5.165.193" port: 39757 } health_report { overall_health: UNKNOWN } } peers { permanent_uuid: "150b8acff2c046a783783cbeec0b3cea" member_type: VOTER last_known_addr { host: "127.5.165.194" port: 33823 } health_report { overall_health: UNKNOWN } } peers { permanent_uuid: "e6bdb3c531dc4731adf4179a87d56820" member_type: VOTER last_known_addr { host: "127.5.165.195" port: 46541 } health_report { overall_health: HEALTHY } } }
I20260710 13:16:22.453362  6741 raft_consensus.cc:993] T 666dff8324564860b6d034c9e29fb496 P 008bb33e3f14481e9e879f103ccf47b3: : Instructing follower 150b8acff2c046a783783cbeec0b3cea to start an election
I20260710 13:16:22.453824  6734 raft_consensus.cc:1081] T 666dff8324564860b6d034c9e29fb496 P 008bb33e3f14481e9e879f103ccf47b3 [term 1 LEADER]: Signalling peer 150b8acff2c046a783783cbeec0b3cea to start an election
I20260710 13:16:22.455084  6476 tablet_service.cc:2044] Received Run Leader Election RPC: tablet_id: "666dff8324564860b6d034c9e29fb496"
dest_uuid: "150b8acff2c046a783783cbeec0b3cea"
 from {username='slave'} at 127.0.0.1:55622
I20260710 13:16:22.455489  6476 raft_consensus.cc:493] T 666dff8324564860b6d034c9e29fb496 P 150b8acff2c046a783783cbeec0b3cea [term 1 FOLLOWER]: Starting forced leader election (received explicit request)
I20260710 13:16:22.455747  6476 raft_consensus.cc:3060] T 666dff8324564860b6d034c9e29fb496 P 150b8acff2c046a783783cbeec0b3cea [term 1 FOLLOWER]: Advancing to term 2
I20260710 13:16:22.459461  6476 raft_consensus.cc:515] T 666dff8324564860b6d034c9e29fb496 P 150b8acff2c046a783783cbeec0b3cea [term 2 FOLLOWER]: Starting forced leader election with config: opid_index: -1 OBSOLETE_local: false peers { permanent_uuid: "e6bdb3c531dc4731adf4179a87d56820" member_type: VOTER last_known_addr { host: "127.5.165.195" port: 46541 } } peers { permanent_uuid: "150b8acff2c046a783783cbeec0b3cea" member_type: VOTER last_known_addr { host: "127.5.165.194" port: 33823 } } peers { permanent_uuid: "008bb33e3f14481e9e879f103ccf47b3" member_type: VOTER last_known_addr { host: "127.5.165.193" port: 39757 } }
I20260710 13:16:22.460886  6476 leader_election.cc:290] T 666dff8324564860b6d034c9e29fb496 P 150b8acff2c046a783783cbeec0b3cea [CANDIDATE]: Term 2 election: Requested vote from peers e6bdb3c531dc4731adf4179a87d56820 (127.5.165.195:46541), 008bb33e3f14481e9e879f103ccf47b3 (127.5.165.193:39757)
I20260710 13:16:22.461622  6549 tablet_service.cc:1917] Received RequestConsensusVote() RPC: tablet_id: "666dff8324564860b6d034c9e29fb496" candidate_uuid: "150b8acff2c046a783783cbeec0b3cea" candidate_term: 2 candidate_status { last_received { term: 1 index: 1 } } ignore_live_leader: true dest_uuid: "e6bdb3c531dc4731adf4179a87d56820"
I20260710 13:16:22.461912  6400 tablet_service.cc:1917] Received RequestConsensusVote() RPC: tablet_id: "666dff8324564860b6d034c9e29fb496" candidate_uuid: "150b8acff2c046a783783cbeec0b3cea" candidate_term: 2 candidate_status { last_received { term: 1 index: 1 } } ignore_live_leader: true dest_uuid: "008bb33e3f14481e9e879f103ccf47b3"
I20260710 13:16:22.463002  6549 raft_consensus.cc:3060] T 666dff8324564860b6d034c9e29fb496 P e6bdb3c531dc4731adf4179a87d56820 [term 1 FOLLOWER]: Advancing to term 2
