I20260710 13:16:18.569511  6755 raft_consensus.cc:515] T 9dee11462cfb425d82c7fcdccb2c8212 P 6c2a2c7e54d444798550abf09b0b944e [term 3 FOLLOWER]: Starting forced leader election with config: opid_index: -1 OBSOLETE_local: false peers { permanent_uuid: "52d73ce0771f412ba0051a384ec6289c" member_type: VOTER last_known_addr { host: "127.5.216.1" port: 39753 } } peers { permanent_uuid: "1cc8f49b48e84f2b829a22116449804e" member_type: VOTER last_known_addr { host: "127.5.216.2" port: 39233 } } peers { permanent_uuid: "6c2a2c7e54d444798550abf09b0b944e" member_type: VOTER last_known_addr { host: "127.5.216.3" port: 33185 } }
I20260710 13:16:18.571089  6755 leader_election.cc:290] T 9dee11462cfb425d82c7fcdccb2c8212 P 6c2a2c7e54d444798550abf09b0b944e [CANDIDATE]: Term 3 election: Requested vote from peers 52d73ce0771f412ba0051a384ec6289c (127.5.216.1:39753), 1cc8f49b48e84f2b829a22116449804e (127.5.216.2:39233)
I20260710 13:16:18.571834  6604 tablet_service.cc:1917] Received RequestConsensusVote() RPC: tablet_id: "9dee11462cfb425d82c7fcdccb2c8212" candidate_uuid: "6c2a2c7e54d444798550abf09b0b944e" candidate_term: 3 candidate_status { last_received { term: 2 index: 2 } } ignore_live_leader: true dest_uuid: "52d73ce0771f412ba0051a384ec6289c"
I20260710 13:16:18.572297  6681 tablet_service.cc:1917] Received RequestConsensusVote() RPC: tablet_id: "9dee11462cfb425d82c7fcdccb2c8212" candidate_uuid: "6c2a2c7e54d444798550abf09b0b944e" candidate_term: 3 candidate_status { last_received { term: 2 index: 2 } } ignore_live_leader: true dest_uuid: "1cc8f49b48e84f2b829a22116449804e"
I20260710 13:16:18.572515  6604 raft_consensus.cc:3055] T 9dee11462cfb425d82c7fcdccb2c8212 P 52d73ce0771f412ba0051a384ec6289c [term 2 LEADER]: Stepping down as leader of term 2
I20260710 13:16:18.572803  6681 raft_consensus.cc:3060] T 9dee11462cfb425d82c7fcdccb2c8212 P 1cc8f49b48e84f2b829a22116449804e [term 2 FOLLOWER]: Advancing to term 3
I20260710 13:16:18.572803  6604 raft_consensus.cc:740] T 9dee11462cfb425d82c7fcdccb2c8212 P 52d73ce0771f412ba0051a384ec6289c [term 2 LEADER]: Becoming Follower/Learner. State: Replica: 52d73ce0771f412ba0051a384ec6289c, State: Running, Role: LEADER
I20260710 13:16:18.573772  6604 consensus_queue.cc:260] T 9dee11462cfb425d82c7fcdccb2c8212 P 52d73ce0771f412ba0051a384ec6289c [NON_LEADER]: Queue going to NON_LEADER mode. State: All replicated index: 0, Majority replicated index: 2, Committed index: 2, Last appended: 2.2, Last appended by leader: 2, Current term: 2, Majority size: -1, State: 0, Mode: NON_LEADER, active raft config: opid_index: -1 OBSOLETE_local: false peers { permanent_uuid: "52d73ce0771f412ba0051a384ec6289c" member_type: VOTER last_known_addr { host: "127.5.216.1" port: 39753 } } peers { permanent_uuid: "1cc8f49b48e84f2b829a22116449804e" member_type: VOTER last_known_addr { host: "127.5.216.2" port: 39233 } } peers { permanent_uuid: "6c2a2c7e54d444798550abf09b0b944e" member_type: VOTER last_known_addr { host: "127.5.216.3" port: 33185 } }
I20260710 13:16:18.575006  6604 raft_consensus.cc:3060] T 9dee11462cfb425d82c7fcdccb2c8212 P 52d73ce0771f412ba0051a384ec6289c [term 2 FOLLOWER]: Advancing to term 3
I20260710 13:16:18.579732  6681 raft_consensus.cc:2468] T 9dee11462cfb425d82c7fcdccb2c8212 P 1cc8f49b48e84f2b829a22116449804e [term 3 FOLLOWER]: Leader election vote request: Granting yes vote for candidate 6c2a2c7e54d444798550abf09b0b944e in term 3.
I20260710 13:16:18.581029  6718 leader_election.cc:304] T 9dee11462cfb425d82c7fcdccb2c8212 P 6c2a2c7e54d444798550abf09b0b944e [CANDIDATE]: Term 3 election: Election decided. Result: candidate won. Election summary: received 2 responses out of 3 voters: 2 yes votes; 0 no votes. yes voters: 1cc8f49b48e84f2b829a22116449804e, 6c2a2c7e54d444798550abf09b0b944e; no voters: 
I20260710 13:16:18.581410  6604 raft_consensus.cc:2468] T 9dee11462cfb425d82c7fcdccb2c8212 P 52d73ce0771f412ba0051a384ec6289c [term 3 FOLLOWER]: Leader election vote request: Granting yes vote for candidate 6c2a2c7e54d444798550abf09b0b944e in term 3.
I20260710 13:16:18.581851  6891 raft_consensus.cc:2804] T 9dee11462cfb425d82c7fcdccb2c8212 P 6c2a2c7e54d444798550abf09b0b944e [term 3 FOLLOWER]: Leader election won for term 3
I20260710 13:16:18.582801  6891 raft_consensus.cc:697] T 9dee11462cfb425d82c7fcdccb2c8212 P 6c2a2c7e54d444798550abf09b0b944e [term 3 LEADER]: Becoming Leader. State: Replica: 6c2a2c7e54d444798550abf09b0b944e, State: Running, Role: LEADER
I20260710 13:16:18.583659  6891 consensus_queue.cc:237] T 9dee11462cfb425d82c7fcdccb2c8212 P 6c2a2c7e54d444798550abf09b0b944e [LEADER]: Queue going to LEADER mode. State: All replicated index: 0, Majority replicated index: 2, Committed index: 2, Last appended: 2.2, Last appended by leader: 2, Current term: 3, Majority size: 2, State: 0, Mode: LEADER, active raft config: opid_index: -1 OBSOLETE_local: false peers { permanent_uuid: "52d73ce0771f412ba0051a384ec6289c" member_type: VOTER last_known_addr { host: "127.5.216.1" port: 39753 } } peers { permanent_uuid: "1cc8f49b48e84f2b829a22116449804e" member_type: VOTER last_known_addr { host: "127.5.216.2" port: 39233 } } peers { permanent_uuid: "6c2a2c7e54d444798550abf09b0b944e" member_type: VOTER last_known_addr { host: "127.5.216.3" port: 33185 } }
I20260710 13:16:18.590425  6503 catalog_manager.cc:5697] T 9dee11462cfb425d82c7fcdccb2c8212 P 6c2a2c7e54d444798550abf09b0b944e reported cstate change: term changed from 2 to 3, leader changed from 52d73ce0771f412ba0051a384ec6289c (127.5.216.1) to 6c2a2c7e54d444798550abf09b0b944e (127.5.216.3). New cstate: current_term: 3 leader_uuid: "6c2a2c7e54d444798550abf09b0b944e" committed_config { opid_index: -1 OBSOLETE_local: false peers { permanent_uuid: "52d73ce0771f412ba0051a384ec6289c" member_type: VOTER last_known_addr { host: "127.5.216.1" port: 39753 } health_report { overall_health: UNKNOWN } } peers { permanent_uuid: "1cc8f49b48e84f2b829a22116449804e" member_type: VOTER last_known_addr { host: "127.5.216.2" port: 39233 } health_report { overall_health: UNKNOWN } } peers { permanent_uuid: "6c2a2c7e54d444798550abf09b0b944e" member_type: VOTER last_known_addr { host: "127.5.216.3" port: 33185 } health_report { overall_health: HEALTHY } } }
I20260710 13:16:18.849004  6932 raft_consensus.cc:993] T 53e31609eebe4322935a1954945cce7a P 52d73ce0771f412ba0051a384ec6289c: : Instructing follower 1cc8f49b48e84f2b829a22116449804e to start an election
I20260710 13:16:18.849411  6932 raft_consensus.cc:1081] T 53e31609eebe4322935a1954945cce7a P 52d73ce0771f412ba0051a384ec6289c [term 4 LEADER]: Signalling peer 1cc8f49b48e84f2b829a22116449804e to start an election
I20260710 13:16:18.850699  6681 tablet_service.cc:2044] Received Run Leader Election RPC: tablet_id: "53e31609eebe4322935a1954945cce7a"
dest_uuid: "1cc8f49b48e84f2b829a22116449804e"
 from {username='slave'} at 127.0.0.1:59596
I20260710 13:16:18.851141  6681 raft_consensus.cc:493] T 53e31609eebe4322935a1954945cce7a P 1cc8f49b48e84f2b829a22116449804e [term 4 FOLLOWER]: Starting forced leader election (received explicit request)
I20260710 13:16:18.851444  6681 raft_consensus.cc:3060] T 53e31609eebe4322935a1954945cce7a P 1cc8f49b48e84f2b829a22116449804e [term 4 FOLLOWER]: Advancing to term 5
I20260710 13:16:18.855543  6681 raft_consensus.cc:515] T 53e31609eebe4322935a1954945cce7a P 1cc8f49b48e84f2b829a22116449804e [term 5 FOLLOWER]: Starting forced leader election with config: opid_index: -1 OBSOLETE_local: false peers { permanent_uuid: "52d73ce0771f412ba0051a384ec6289c" member_type: VOTER last_known_addr { host: "127.5.216.1" port: 39753 } } peers { permanent_uuid: "1cc8f49b48e84f2b829a22116449804e" member_type: VOTER last_known_addr { host: "127.5.216.2" port: 39233 } } peers { permanent_uuid: "6c2a2c7e54d444798550abf09b0b944e" member_type: VOTER last_known_addr { host: "127.5.216.3" port: 33185 } }
I20260710 13:16:18.857182  6681 leader_election.cc:290] T 53e31609eebe4322935a1954945cce7a P 1cc8f49b48e84f2b829a22116449804e [CANDIDATE]: Term 5 election: Requested vote from peers 52d73ce0771f412ba0051a384ec6289c (127.5.216.1:39753), 6c2a2c7e54d444798550abf09b0b944e (127.5.216.3:33185)
I20260710 13:16:18.858107  6604 tablet_service.cc:1917] Received RequestConsensusVote() RPC: tablet_id: "53e31609eebe4322935a1954945cce7a" candidate_uuid: "1cc8f49b48e84f2b829a22116449804e" candidate_term: 5 candidate_status { last_received { term: 4 index: 4 } } ignore_live_leader: true dest_uuid: "52d73ce0771f412ba0051a384ec6289c"
I20260710 13:16:18.858256  6754 tablet_service.cc:1917] Received RequestConsensusVote() RPC: tablet_id: "53e31609eebe4322935a1954945cce7a" candidate_uuid: "1cc8f49b48e84f2b829a22116449804e" candidate_term: 5 candidate_status { last_received { term: 4 index: 4 } } ignore_live_leader: true dest_uuid: "6c2a2c7e54d444798550abf09b0b944e"
I20260710 13:16:18.858773  6604 raft_consensus.cc:3055] T 53e31609eebe4322935a1954945cce7a P 52d73ce0771f412ba0051a384ec6289c [term 4 LEADER]: Stepping down as leader of term 4
I20260710 13:16:18.858855  6754 raft_consensus.cc:3060] T 53e31609eebe4322935a1954945cce7a P 6c2a2c7e54d444798550abf09b0b944e [term 4 FOLLOWER]: Advancing to term 5
I20260710 13:16:18.859046  6604 raft_consensus.cc:740] T 53e31609eebe4322935a1954945cce7a P 52d73ce0771f412ba0051a384ec6289c [term 4 LEADER]: Becoming Follower/Learner. State: Replica: 52d73ce0771f412ba0051a384ec6289c, State: Running, Role: LEADER
I20260710 13:16:18.859793  6604 consensus_queue.cc:260] T 53e31609eebe4322935a1954945cce7a P 52d73ce0771f412ba0051a384ec6289c [NON_LEADER]: Queue going to NON_LEADER mode. State: All replicated index: 0, Majority replicated index: 4, Committed index: 4, Last appended: 4.4, Last appended by leader: 4, Current term: 4, Majority size: -1, State: 0, Mode: NON_LEADER, active raft config: opid_index: -1 OBSOLETE_local: false peers { permanent_uuid: "52d73ce0771f412ba0051a384ec6289c" member_type: VOTER last_known_addr { host: "127.5.216.1" port: 39753 } } peers { permanent_uuid: "1cc8f49b48e84f2b829a22116449804e" member_type: VOTER last_known_addr { host: "127.5.216.2" port: 39233 } } peers { permanent_uuid: "6c2a2c7e54d444798550abf09b0b944e" member_type: VOTER last_known_addr { host: "127.5.216.3" port: 33185 } }
I20260710 13:16:18.860620  6604 raft_consensus.cc:3060] T 53e31609eebe4322935a1954945cce7a P 52d73ce0771f412ba0051a384ec6289c [term 4 FOLLOWER]: Advancing to term 5
I20260710 13:16:18.863734  6754 raft_consensus.cc:2468] T 53e31609eebe4322935a1954945cce7a P 6c2a2c7e54d444798550abf09b0b944e [term 5 FOLLOWER]: Leader election vote request: Granting yes vote for candidate 1cc8f49b48e84f2b829a22116449804e in term 5.
I20260710 13:16:18.864893  6645 leader_election.cc:304] T 53e31609eebe4322935a1954945cce7a P 1cc8f49b48e84f2b829a22116449804e [CANDIDATE]: Term 5 election: Election decided. Result: candidate won. Election summary: received 2 responses out of 3 voters: 2 yes votes; 0 no votes. yes voters: 1cc8f49b48e84f2b829a22116449804e, 6c2a2c7e54d444798550abf09b0b944e; no voters: 
I20260710 13:16:18.865470  6604 raft_consensus.cc:2468] T 53e31609eebe4322935a1954945cce7a P 52d73ce0771f412ba0051a384ec6289c [term 5 FOLLOWER]: Leader election vote request: Granting yes vote for candidate 1cc8f49b48e84f2b829a22116449804e in term 5.
I20260710 13:16:18.865734  6827 raft_consensus.cc:2804] T 53e31609eebe4322935a1954945cce7a P 1cc8f49b48e84f2b829a22116449804e [term 5 FOLLOWER]: Leader election won for term 5
I20260710 13:16:18.866508  6931 raft_consensus.cc:993] T 05c4242ef27d4f00ac48176b0764c911 P 52d73ce0771f412ba0051a384ec6289c: : Instructing follower 1cc8f49b48e84f2b829a22116449804e to start an election
I20260710 13:16:18.866947  6932 raft_consensus.cc:1081] T 05c4242ef27d4f00ac48176b0764c911 P 52d73ce0771f412ba0051a384ec6289c [term 1 LEADER]: Signalling peer 1cc8f49b48e84f2b829a22116449804e to start an election
I20260710 13:16:18.867410  6827 raft_consensus.cc:697] T 53e31609eebe4322935a1954945cce7a P 1cc8f49b48e84f2b829a22116449804e [term 5 LEADER]: Becoming Leader. State: Replica: 1cc8f49b48e84f2b829a22116449804e, State: Running, Role: LEADER
I20260710 13:16:18.868438  6827 consensus_queue.cc:237] T 53e31609eebe4322935a1954945cce7a P 1cc8f49b48e84f2b829a22116449804e [LEADER]: Queue going to LEADER mode. State: All replicated index: 0, Majority replicated index: 4, Committed index: 4, Last appended: 4.4, Last appended by leader: 4, Current term: 5, Majority size: 2, State: 0, Mode: LEADER, active raft config: opid_index: -1 OBSOLETE_local: false peers { permanent_uuid: "52d73ce0771f412ba0051a384ec6289c" member_type: VOTER last_known_addr { host: "127.5.216.1" port: 39753 } } peers { permanent_uuid: "1cc8f49b48e84f2b829a22116449804e" member_type: VOTER last_known_addr { host: "127.5.216.2" port: 39233 } } peers { permanent_uuid: "6c2a2c7e54d444798550abf09b0b944e" member_type: VOTER last_known_addr { host: "127.5.216.3" port: 33185 } }
I20260710 13:16:18.868815  6681 tablet_service.cc:2044] Received Run Leader Election RPC: tablet_id: "05c4242ef27d4f00ac48176b0764c911"
dest_uuid: "1cc8f49b48e84f2b829a22116449804e"
 from {username='slave'} at 127.0.0.1:59596
I20260710 13:16:18.869364  6681 raft_consensus.cc:493] T 05c4242ef27d4f00ac48176b0764c911 P 1cc8f49b48e84f2b829a22116449804e [term 1 FOLLOWER]: Starting forced leader election (received explicit request)
I20260710 13:16:18.869716  6681 raft_consensus.cc:3060] T 05c4242ef27d4f00ac48176b0764c911 P 1cc8f49b48e84f2b829a22116449804e [term 1 FOLLOWER]: Advancing to term 2
I20260710 13:16:18.873835  6932 raft_consensus.cc:993] T d24dfbe647cc4c55b85abd252ecfc476 P 52d73ce0771f412ba0051a384ec6289c: : Instructing follower 6c2a2c7e54d444798550abf09b0b944e to start an election
I20260710 13:16:18.874372  6931 raft_consensus.cc:1081] T d24dfbe647cc4c55b85abd252ecfc476 P 52d73ce0771f412ba0051a384ec6289c [term 2 LEADER]: Signalling peer 6c2a2c7e54d444798550abf09b0b944e to start an election
I20260710 13:16:18.875880  6754 tablet_service.cc:2044] Received Run Leader Election RPC: tablet_id: "d24dfbe647cc4c55b85abd252ecfc476"
dest_uuid: "6c2a2c7e54d444798550abf09b0b944e"
 from {username='slave'} at 127.0.0.1:55778
I20260710 13:16:18.876324  6754 raft_consensus.cc:493] T d24dfbe647cc4c55b85abd252ecfc476 P 6c2a2c7e54d444798550abf09b0b944e [term 2 FOLLOWER]: Starting forced leader election (received explicit request)
I20260710 13:16:18.876617  6754 raft_consensus.cc:3060] T d24dfbe647cc4c55b85abd252ecfc476 P 6c2a2c7e54d444798550abf09b0b944e [term 2 FOLLOWER]: Advancing to term 3
I20260710 13:16:18.877790  6681 raft_consensus.cc:515] T 05c4242ef27d4f00ac48176b0764c911 P 1cc8f49b48e84f2b829a22116449804e [term 2 FOLLOWER]: Starting forced leader election with config: opid_index: -1 OBSOLETE_local: false peers { permanent_uuid: "52d73ce0771f412ba0051a384ec6289c" member_type: VOTER last_known_addr { host: "127.5.216.1" port: 39753 } } peers { permanent_uuid: "1cc8f49b48e84f2b829a22116449804e" member_type: VOTER last_known_addr { host: "127.5.216.2" port: 39233 } } peers { permanent_uuid: "6c2a2c7e54d444798550abf09b0b944e" member_type: VOTER last_known_addr { host: "127.5.216.3" port: 33185 } }
I20260710 13:16:18.880609  6604 tablet_service.cc:1917] Received RequestConsensusVote() RPC: tablet_id: "05c4242ef27d4f00ac48176b0764c911" candidate_uuid: "1cc8f49b48e84f2b829a22116449804e" candidate_term: 2 candidate_status { last_received { term: 1 index: 1 } } ignore_live_leader: true dest_uuid: "52d73ce0771f412ba0051a384ec6289c"
I20260710 13:16:18.880913  6755 tablet_service.cc:1917] Received RequestConsensusVote() RPC: tablet_id: "05c4242ef27d4f00ac48176b0764c911" candidate_uuid: "1cc8f49b48e84f2b829a22116449804e" candidate_term: 2 candidate_status { last_received { term: 1 index: 1 } } ignore_live_leader: true dest_uuid: "6c2a2c7e54d444798550abf09b0b944e"
I20260710 13:16:18.881148  6604 raft_consensus.cc:3055] T 05c4242ef27d4f00ac48176b0764c911 P 52d73ce0771f412ba0051a384ec6289c [term 1 LEADER]: Stepping down as leader of term 1
I20260710 13:16:18.881062  6754 raft_consensus.cc:515] T d24dfbe647cc4c55b85abd252ecfc476 P 6c2a2c7e54d444798550abf09b0b944e [term 3 FOLLOWER]: Starting forced leader election with config: opid_index: -1 OBSOLETE_local: false peers { permanent_uuid: "52d73ce0771f412ba0051a384ec6289c" member_type: VOTER last_known_addr { host: "127.5.216.1" port: 39753 } } peers { permanent_uuid: "1cc8f49b48e84f2b829a22116449804e" member_type: VOTER last_known_addr { host: "127.5.216.2" port: 39233 } } peers { permanent_uuid: "6c2a2c7e54d444798550abf09b0b944e" member_type: VOTER last_known_addr { host: "127.5.216.3" port: 33185 } }
I20260710 13:16:18.881407  6755 raft_consensus.cc:3060] T 05c4242ef27d4f00ac48176b0764c911 P 6c2a2c7e54d444798550abf09b0b944e [term 1 FOLLOWER]: Advancing to term 2
I20260710 13:16:18.881482  6604 raft_consensus.cc:740] T 05c4242ef27d4f00ac48176b0764c911 P 52d73ce0771f412ba0051a384ec6289c [term 1 LEADER]: Becoming Follower/Learner. State: Replica: 52d73ce0771f412ba0051a384ec6289c, State: Running, Role: LEADER
I20260710 13:16:18.882347  6604 consensus_queue.cc:260] T 05c4242ef27d4f00ac48176b0764c911 P 52d73ce0771f412ba0051a384ec6289c [NON_LEADER]: Queue going to NON_LEADER mode. State: All replicated index: 0, Majority replicated index: 1, Committed index: 1, Last appended: 1.1, Last appended by leader: 1, Current term: 1, Majority size: -1, State: 0, Mode: NON_LEADER, active raft config: opid_index: -1 OBSOLETE_local: false peers { permanent_uuid: "52d73ce0771f412ba0051a384ec6289c" member_type: VOTER last_known_addr { host: "127.5.216.1" port: 39753 } } peers { permanent_uuid: "1cc8f49b48e84f2b829a22116449804e" member_type: VOTER last_known_addr { host: "127.5.216.2" port: 39233 } } peers { permanent_uuid: "6c2a2c7e54d444798550abf09b0b944e" member_type: VOTER last_known_addr { host: "127.5.216.3" port: 33185 } }
I20260710 13:16:18.883056  6754 leader_election.cc:290] T d24dfbe647cc4c55b85abd252ecfc476 P 6c2a2c7e54d444798550abf09b0b944e [CANDIDATE]: Term 3 election: Requested vote from peers 52d73ce0771f412ba0051a384ec6289c (127.5.216.1:39753), 1cc8f49b48e84f2b829a22116449804e (127.5.216.2:39233)
I20260710 13:16:18.883358  6604 raft_consensus.cc:3060] T 05c4242ef27d4f00ac48176b0764c911 P 52d73ce0771f412ba0051a384ec6289c [term 1 FOLLOWER]: Advancing to term 2
I20260710 13:16:18.884274  6605 tablet_service.cc:1917] Received RequestConsensusVote() RPC: tablet_id: "d24dfbe647cc4c55b85abd252ecfc476" candidate_uuid: "6c2a2c7e54d444798550abf09b0b944e" candidate_term: 3 candidate_status { last_received { term: 2 index: 2 } } ignore_live_leader: true dest_uuid: "52d73ce0771f412ba0051a384ec6289c"
I20260710 13:16:18.884819  6605 raft_consensus.cc:3055] T d24dfbe647cc4c55b85abd252ecfc476 P 52d73ce0771f412ba0051a384ec6289c [term 2 LEADER]: Stepping down as leader of term 2
I20260710 13:16:18.885095  6605 raft_consensus.cc:740] T d24dfbe647cc4c55b85abd252ecfc476 P 52d73ce0771f412ba0051a384ec6289c [term 2 LEADER]: Becoming Follower/Learner. State: Replica: 52d73ce0771f412ba0051a384ec6289c, State: Running, Role: LEADER
I20260710 13:16:18.885879  6605 consensus_queue.cc:260] T d24dfbe647cc4c55b85abd252ecfc476 P 52d73ce0771f412ba0051a384ec6289c [NON_LEADER]: Queue going to NON_LEADER mode. State: All replicated index: 0, Majority replicated index: 2, Committed index: 2, Last appended: 2.2, Last appended by leader: 2, Current term: 2, Majority size: -1, State: 0, Mode: NON_LEADER, active raft config: opid_index: -1 OBSOLETE_local: false peers { permanent_uuid: "52d73ce0771f412ba0051a384ec6289c" member_type: VOTER last_known_addr { host: "127.5.216.1" port: 39753 } } peers { permanent_uuid: "1cc8f49b48e84f2b829a22116449804e" member_type: VOTER last_known_addr { host: "127.5.216.2" port: 39233 } } peers { permanent_uuid: "6c2a2c7e54d444798550abf09b0b944e" member_type: VOTER last_known_addr { host: "127.5.216.3" port: 33185 } }
I20260710 13:16:18.887137  6605 raft_consensus.cc:3060] T d24dfbe647cc4c55b85abd252ecfc476 P 52d73ce0771f412ba0051a384ec6289c [term 2 FOLLOWER]: Advancing to term 3
I20260710 13:16:18.887516  6604 raft_consensus.cc:2468] T 05c4242ef27d4f00ac48176b0764c911 P 52d73ce0771f412ba0051a384ec6289c [term 2 FOLLOWER]: Leader election vote request: Granting yes vote for candidate 1cc8f49b48e84f2b829a22116449804e in term 2.
I20260710 13:16:18.887460  6755 raft_consensus.cc:2468] T 05c4242ef27d4f00ac48176b0764c911 P 6c2a2c7e54d444798550abf09b0b944e [term 2 FOLLOWER]: Leader election vote request: Granting yes vote for candidate 1cc8f49b48e84f2b829a22116449804e in term 2.
I20260710 13:16:18.887928  6681 leader_election.cc:290] T 05c4242ef27d4f00ac48176b0764c911 P 1cc8f49b48e84f2b829a22116449804e [CANDIDATE]: Term 2 election: Requested vote from peers 52d73ce0771f412ba0051a384ec6289c (127.5.216.1:39753), 6c2a2c7e54d444798550abf09b0b944e (127.5.216.3:33185)
I20260710 13:16:18.888592  6645 leader_election.cc:304] T 05c4242ef27d4f00ac48176b0764c911 P 1cc8f49b48e84f2b829a22116449804e [CANDIDATE]: Term 2 election: Election decided. Result: candidate won. Election summary: received 2 responses out of 3 voters: 2 yes votes; 0 no votes. yes voters: 1cc8f49b48e84f2b829a22116449804e, 6c2a2c7e54d444798550abf09b0b944e; no voters: 
I20260710 13:16:18.889619  6827 raft_consensus.cc:2804] T 05c4242ef27d4f00ac48176b0764c911 P 1cc8f49b48e84f2b829a22116449804e [term 2 FOLLOWER]: Leader election won for term 2
I20260710 13:16:18.890079  6827 raft_consensus.cc:697] T 05c4242ef27d4f00ac48176b0764c911 P 1cc8f49b48e84f2b829a22116449804e [term 2 LEADER]: Becoming Leader. State: Replica: 1cc8f49b48e84f2b829a22116449804e, State: Running, Role: LEADER
I20260710 13:16:18.890295  6681 tablet_service.cc:1917] Received RequestConsensusVote() RPC: tablet_id: "d24dfbe647cc4c55b85abd252ecfc476" candidate_uuid: "6c2a2c7e54d444798550abf09b0b944e" candidate_term: 3 candidate_status { last_received { term: 2 index: 2 } } ignore_live_leader: true dest_uuid: "1cc8f49b48e84f2b829a22116449804e"
I20260710 13:16:18.890861  6681 raft_consensus.cc:3060] T d24dfbe647cc4c55b85abd252ecfc476 P 1cc8f49b48e84f2b829a22116449804e [term 2 FOLLOWER]: Advancing to term 3
I20260710 13:16:18.891004  6827 consensus_queue.cc:237] T 05c4242ef27d4f00ac48176b0764c911 P 1cc8f49b48e84f2b829a22116449804e [LEADER]: Queue going to LEADER mode. State: All replicated index: 0, Majority replicated index: 1, Committed index: 1, Last appended: 1.1, Last appended by leader: 1, Current term: 2, Majority size: 2, State: 0, Mode: LEADER, active raft config: opid_index: -1 OBSOLETE_local: false peers { permanent_uuid: "52d73ce0771f412ba0051a384ec6289c" member_type: VOTER last_known_addr { host: "127.5.216.1" port: 39753 } } peers { permanent_uuid: "1cc8f49b48e84f2b829a22116449804e" member_type: VOTER last_known_addr { host: "127.5.216.2" port: 39233 } } peers { permanent_uuid: "6c2a2c7e54d444798550abf09b0b944e" member_type: VOTER last_known_addr { host: "127.5.216.3" port: 33185 } }
I20260710 13:16:18.891777  6503 catalog_manager.cc:5697] T 53e31609eebe4322935a1954945cce7a P 1cc8f49b48e84f2b829a22116449804e reported cstate change: term changed from 4 to 5, leader changed from 52d73ce0771f412ba0051a384ec6289c (127.5.216.1) to 1cc8f49b48e84f2b829a22116449804e (127.5.216.2). New cstate: current_term: 5 leader_uuid: "1cc8f49b48e84f2b829a22116449804e" committed_config { opid_index: -1 OBSOLETE_local: false peers { permanent_uuid: "52d73ce0771f412ba0051a384ec6289c" member_type: VOTER last_known_addr { host: "127.5.216.1" port: 39753 } health_report { overall_health: UNKNOWN } } peers { permanent_uuid: "1cc8f49b48e84f2b829a22116449804e" member_type: VOTER last_known_addr { host: "127.5.216.2" port: 39233 } health_report { overall_health: HEALTHY } } peers { permanent_uuid: "6c2a2c7e54d444798550abf09b0b944e" member_type: VOTER last_known_addr { host: "127.5.216.3" port: 33185 } health_report { overall_health: UNKNOWN } } }
I20260710 13:16:18.894882  6605 raft_consensus.cc:2468] T d24dfbe647cc4c55b85abd252ecfc476 P 52d73ce0771f412ba0051a384ec6289c [term 3 FOLLOWER]: Leader election vote request: Granting yes vote for candidate 6c2a2c7e54d444798550abf09b0b944e in term 3.
I20260710 13:16:18.896469  6718 leader_election.cc:304] T d24dfbe647cc4c55b85abd252ecfc476 P 6c2a2c7e54d444798550abf09b0b944e [CANDIDATE]: Term 3 election: Election decided. Result: candidate won. Election summary: received 2 responses out of 3 voters: 2 yes votes; 0 no votes. yes voters: 52d73ce0771f412ba0051a384ec6289c, 6c2a2c7e54d444798550abf09b0b944e; no voters: 
I20260710 13:16:18.896812  6681 raft_consensus.cc:2468] T d24dfbe647cc4c55b85abd252ecfc476 P 1cc8f49b48e84f2b829a22116449804e [term 3 FOLLOWER]: Leader election vote request: Granting yes vote for candidate 6c2a2c7e54d444798550abf09b0b944e in term 3.
I20260710 13:16:18.898007  6891 raft_consensus.cc:2804] T d24dfbe647cc4c55b85abd252ecfc476 P 6c2a2c7e54d444798550abf09b0b944e [term 3 FOLLOWER]: Leader election won for term 3
I20260710 13:16:18.898516  6891 raft_consensus.cc:697] T d24dfbe647cc4c55b85abd252ecfc476 P 6c2a2c7e54d444798550abf09b0b944e [term 3 LEADER]: Becoming Leader. State: Replica: 6c2a2c7e54d444798550abf09b0b944e, State: Running, Role: LEADER
I20260710 13:16:18.899418  6891 consensus_queue.cc:237] T d24dfbe647cc4c55b85abd252ecfc476 P 6c2a2c7e54d444798550abf09b0b944e [LEADER]: Queue going to LEADER mode. State: All replicated index: 0, Majority replicated index: 2, Committed index: 2, Last appended: 2.2, Last appended by leader: 2, Current term: 3, Majority size: 2, State: 0, Mode: LEADER, active raft config: opid_index: -1 OBSOLETE_local: false peers { permanent_uuid: "52d73ce0771f412ba0051a384ec6289c" member_type: VOTER last_known_addr { host: "127.5.216.1" port: 39753 } } peers { permanent_uuid: "1cc8f49b48e84f2b829a22116449804e" member_type: VOTER last_known_addr { host: "127.5.216.2" port: 39233 } } peers { permanent_uuid: "6c2a2c7e54d444798550abf09b0b944e" member_type: VOTER last_known_addr { host: "127.5.216.3" port: 33185 } }
I20260710 13:16:18.907058  6503 catalog_manager.cc:5697] T d24dfbe647cc4c55b85abd252ecfc476 P 6c2a2c7e54d444798550abf09b0b944e reported cstate change: term changed from 2 to 3, leader changed from 52d73ce0771f412ba0051a384ec6289c (127.5.216.1) to 6c2a2c7e54d444798550abf09b0b944e (127.5.216.3). New cstate: current_term: 3 leader_uuid: "6c2a2c7e54d444798550abf09b0b944e" committed_config { opid_index: -1 OBSOLETE_local: false peers { permanent_uuid: "52d73ce0771f412ba0051a384ec6289c" member_type: VOTER last_known_addr { host: "127.5.216.1" port: 39753 } health_report { overall_health: UNKNOWN } } peers { permanent_uuid: "1cc8f49b48e84f2b829a22116449804e" member_type: VOTER last_known_addr { host: "127.5.216.2" port: 39233 } health_report { overall_health: UNKNOWN } } peers { permanent_uuid: "6c2a2c7e54d444798550abf09b0b944e" member_type: VOTER last_known_addr { host: "127.5.216.3" port: 33185 } health_report { overall_health: HEALTHY } } }
I20260710 13:16:18.907362  6502 catalog_manager.cc:5697] T 05c4242ef27d4f00ac48176b0764c911 P 1cc8f49b48e84f2b829a22116449804e reported cstate change: term changed from 1 to 2, leader changed from 52d73ce0771f412ba0051a384ec6289c (127.5.216.1) to 1cc8f49b48e84f2b829a22116449804e (127.5.216.2). New cstate: current_term: 2 leader_uuid: "1cc8f49b48e84f2b829a22116449804e" committed_config { opid_index: -1 OBSOLETE_local: false peers { permanent_uuid: "52d73ce0771f412ba0051a384ec6289c" member_type: VOTER last_known_addr { host: "127.5.216.1" port: 39753 } health_report { overall_health: UNKNOWN } } peers { permanent_uuid: "1cc8f49b48e84f2b829a22116449804e" member_type: VOTER last_known_addr { host: "127.5.216.2" port: 39233 } health_report { overall_health: HEALTHY } } peers { permanent_uuid: "6c2a2c7e54d444798550abf09b0b944e" member_type: VOTER last_known_addr { host: "127.5.216.3" port: 33185 } health_report { overall_health: UNKNOWN } } }
I20260710 13:16:18.972157  6605 raft_consensus.cc:1275] T 9dee11462cfb425d82c7fcdccb2c8212 P 52d73ce0771f412ba0051a384ec6289c [term 3 FOLLOWER]: Refusing update from remote peer 6c2a2c7e54d444798550abf09b0b944e: Log matching property violated. Preceding OpId in replica: term: 2 index: 2. Preceding OpId from leader: term: 3 index: 3. (index mismatch)
I20260710 13:16:18.973486  6891 consensus_queue.cc:1048] T 9dee11462cfb425d82c7fcdccb2c8212 P 6c2a2c7e54d444798550abf09b0b944e [LEADER]: Connected to new peer: Peer: permanent_uuid: "52d73ce0771f412ba0051a384ec6289c" member_type: VOTER last_known_addr { host: "127.5.216.1" port: 39753 }, Status: LMP_MISMATCH, Last received: 0.0, Next index: 3, Last known committed idx: 2, Time since last communication: 0.000s
I20260710 13:16:18.983860  6681 raft_consensus.cc:1275] T 9dee11462cfb425d82c7fcdccb2c8212 P 1cc8f49b48e84f2b829a22116449804e [term 3 FOLLOWER]: Refusing update from remote peer 6c2a2c7e54d444798550abf09b0b944e: Log matching property violated. Preceding OpId in replica: term: 2 index: 2. Preceding OpId from leader: term: 3 index: 3. (index mismatch)
I20260710 13:16:18.987413  6933 consensus_queue.cc:1048] T 9dee11462cfb425d82c7fcdccb2c8212 P 6c2a2c7e54d444798550abf09b0b944e [LEADER]: Connected to new peer: Peer: permanent_uuid: "1cc8f49b48e84f2b829a22116449804e" member_type: VOTER last_known_addr { host: "127.5.216.2" port: 39233 }, Status: LMP_MISMATCH, Last received: 0.0, Next index: 3, Last known committed idx: 2, Time since last communication: 0.001s
I20260710 13:16:19.274183  6755 raft_consensus.cc:1275] T 53e31609eebe4322935a1954945cce7a P 6c2a2c7e54d444798550abf09b0b944e [term 5 FOLLOWER]: Refusing update from remote peer 1cc8f49b48e84f2b829a22116449804e: Log matching property violated. Preceding OpId in replica: term: 4 index: 4. Preceding OpId from leader: term: 5 index: 5. (index mismatch)
I20260710 13:16:19.275568  6939 consensus_queue.cc:1048] T 53e31609eebe4322935a1954945cce7a P 1cc8f49b48e84f2b829a22116449804e [LEADER]: Connected to new peer: Peer: permanent_uuid: "6c2a2c7e54d444798550abf09b0b944e" member_type: VOTER last_known_addr { host: "127.5.216.3" port: 33185 }, Status: LMP_MISMATCH, Last received: 0.0, Next index: 5, Last known committed idx: 4, Time since last communication: 0.000s
I20260710 13:16:19.285173  6605 raft_consensus.cc:1275] T 53e31609eebe4322935a1954945cce7a P 52d73ce0771f412ba0051a384ec6289c [term 5 FOLLOWER]: Refusing update from remote peer 1cc8f49b48e84f2b829a22116449804e: Log matching property violated. Preceding OpId in replica: term: 4 index: 4. Preceding OpId from leader: term: 5 index: 5. (index mismatch)
I20260710 13:16:19.288851  6604 raft_consensus.cc:1275] T 05c4242ef27d4f00ac48176b0764c911 P 52d73ce0771f412ba0051a384ec6289c [term 2 FOLLOWER]: Refusing update from remote peer 1cc8f49b48e84f2b829a22116449804e: Log matching property violated. Preceding OpId in replica: term: 1 index: 1. Preceding OpId from leader: term: 2 index: 2. (index mismatch)
I20260710 13:16:19.288782  6950 consensus_queue.cc:1048] T 53e31609eebe4322935a1954945cce7a P 1cc8f49b48e84f2b829a22116449804e [LEADER]: Connected to new peer: Peer: permanent_uuid: "52d73ce0771f412ba0051a384ec6289c" member_type: VOTER last_known_addr { host: "127.5.216.1" port: 39753 }, Status: LMP_MISMATCH, Last received: 0.0, Next index: 5, Last known committed idx: 4, Time since last communication: 0.001s
I20260710 13:16:19.290342  6950 consensus_queue.cc:1048] T 05c4242ef27d4f00ac48176b0764c911 P 1cc8f49b48e84f2b829a22116449804e [LEADER]: Connected to new peer: Peer: permanent_uuid: "52d73ce0771f412ba0051a384ec6289c" member_type: VOTER last_known_addr { host: "127.5.216.1" port: 39753 }, Status: LMP_MISMATCH, Last received: 0.0, Next index: 2, Last known committed idx: 1, Time since last communication: 0.000s
I20260710 13:16:19.301680  6754 raft_consensus.cc:1275] T 05c4242ef27d4f00ac48176b0764c911 P 6c2a2c7e54d444798550abf09b0b944e [term 2 FOLLOWER]: Refusing update from remote peer 1cc8f49b48e84f2b829a22116449804e: Log matching property violated. Preceding OpId in replica: term: 1 index: 1. Preceding OpId from leader: term: 2 index: 2. (index mismatch)
I20260710 13:16:19.303313  6939 consensus_queue.cc:1048] T 05c4242ef27d4f00ac48176b0764c911 P 1cc8f49b48e84f2b829a22116449804e [LEADER]: Connected to new peer: Peer: permanent_uuid: "6c2a2c7e54d444798550abf09b0b944e" member_type: VOTER last_known_addr { host: "127.5.216.3" port: 33185 }, Status: LMP_MISMATCH, Last received: 0.0, Next index: 2, Last known committed idx: 1, Time since last communication: 0.000s
I20260710 13:16:19.322216  6604 raft_consensus.cc:1275] T d24dfbe647cc4c55b85abd252ecfc476 P 52d73ce0771f412ba0051a384ec6289c [term 3 FOLLOWER]: Refusing update from remote peer 6c2a2c7e54d444798550abf09b0b944e: Log matching property violated. Preceding OpId in replica: term: 2 index: 2. Preceding OpId from leader: term: 3 index: 3. (index mismatch)
I20260710 13:16:19.323277  6933 consensus_queue.cc:1048] T d24dfbe647cc4c55b85abd252ecfc476 P 6c2a2c7e54d444798550abf09b0b944e [LEADER]: Connected to new peer: Peer: permanent_uuid: "52d73ce0771f412ba0051a384ec6289c" member_type: VOTER last_known_addr { host: "127.5.216.1" port: 39753 }, Status: LMP_MISMATCH, Last received: 0.0, Next index: 3, Last known committed idx: 2, Time since last communication: 0.000s
I20260710 13:16:19.333020  6680 raft_consensus.cc:1275] T d24dfbe647cc4c55b85abd252ecfc476 P 1cc8f49b48e84f2b829a22116449804e [term 3 FOLLOWER]: Refusing update from remote peer 6c2a2c7e54d444798550abf09b0b944e: Log matching property violated. Preceding OpId in replica: term: 2 index: 2. Preceding OpId from leader: term: 3 index: 3. (index mismatch)
I20260710 13:16:19.334781  6955 consensus_queue.cc:1048] T d24dfbe647cc4c55b85abd252ecfc476 P 6c2a2c7e54d444798550abf09b0b944e [LEADER]: Connected to new peer: Peer: permanent_uuid: "1cc8f49b48e84f2b829a22116449804e" member_type: VOTER last_known_addr { host: "127.5.216.2" port: 39233 }, Status: LMP_MISMATCH, Last received: 0.0, Next index: 3, Last known committed idx: 2, Time since last communication: 0.001s
I20260710 13:16:19.413700  5984 auto_leader_rebalancer.cc:141] leader rebalance for table test-workload
I20260710 13:16:19.419461  5984 tablet_server.cc:179] TabletServer@127.5.216.1:0 shutting down...
I20260710 13:16:19.449427  5984 ts_tablet_manager.cc:1507] Shutting down tablet manager...
I20260710 13:16:19.450199  5984 tablet_replica.cc:333] T 53e31609eebe4322935a1954945cce7a P 52d73ce0771f412ba0051a384ec6289c: stopping tablet replica
I20260710 13:16:19.450872  5984 raft_consensus.cc:2243] T 53e31609eebe4322935a1954945cce7a P 52d73ce0771f412ba0051a384ec6289c [term 5 FOLLOWER]: Raft consensus shutting down.
I20260710 13:16:19.451320  5984 raft_consensus.cc:2272] T 53e31609eebe4322935a1954945cce7a P 52d73ce0771f412ba0051a384ec6289c [term 5 FOLLOWER]: Raft consensus is shut down!
I20260710 13:16:19.453521  5984 tablet_replica.cc:333] T 6b24f391dceb456c9bc4c31bd8ce2b20 P 52d73ce0771f412ba0051a384ec6289c: stopping tablet replica
I20260710 13:16:19.454047  5984 raft_consensus.cc:2243] T 6b24f391dceb456c9bc4c31bd8ce2b20 P 52d73ce0771f412ba0051a384ec6289c [term 4 LEADER]: Raft consensus shutting down.
I20260710 13:16:19.454739  5984 raft_consensus.cc:2272] T 6b24f391dceb456c9bc4c31bd8ce2b20 P 52d73ce0771f412ba0051a384ec6289c [term 4 FOLLOWER]: Raft consensus is shut down!
I20260710 13:16:19.456487  5984 tablet_replica.cc:333] T 1deecff44caa4b39b086fde4c1f31e64 P 52d73ce0771f412ba0051a384ec6289c: stopping tablet replica
I20260710 13:16:19.457077  5984 raft_consensus.cc:2243] T 1deecff44caa4b39b086fde4c1f31e64 P 52d73ce0771f412ba0051a384ec6289c [term 2 FOLLOWER]: Raft consensus shutting down.
I20260710 13:16:19.457500  5984 raft_consensus.cc:2272] T 1deecff44caa4b39b086fde4c1f31e64 P 52d73ce0771f412ba0051a384ec6289c [term 2 FOLLOWER]: Raft consensus is shut down!
I20260710 13:16:19.459843  5984 tablet_replica.cc:333] T 12a463a476d241cf93e4449cb66678e2 P 52d73ce0771f412ba0051a384ec6289c: stopping tablet replica
I20260710 13:16:19.460572  5984 raft_consensus.cc:2243] T 12a463a476d241cf93e4449cb66678e2 P 52d73ce0771f412ba0051a384ec6289c [term 2 FOLLOWER]: Raft consensus shutting down.
I20260710 13:16:19.461122  5984 raft_consensus.cc:2272] T 12a463a476d241cf93e4449cb66678e2 P 52d73ce0771f412ba0051a384ec6289c [term 2 FOLLOWER]: Raft consensus is shut down!
I20260710 13:16:19.463037  5984 tablet_replica.cc:333] T 9dee11462cfb425d82c7fcdccb2c8212 P 52d73ce0771f412ba0051a384ec6289c: stopping tablet replica
I20260710 13:16:19.463465  5984 raft_consensus.cc:2243] T 9dee11462cfb425d82c7fcdccb2c8212 P 52d73ce0771f412ba0051a384ec6289c [term 3 FOLLOWER]: Raft consensus shutting down.
I20260710 13:16:19.463798  5984 raft_consensus.cc:2272] T 9dee11462cfb425d82c7fcdccb2c8212 P 52d73ce0771f412ba0051a384ec6289c [term 3 FOLLOWER]: Raft consensus is shut down!
I20260710 13:16:19.465708  5984 tablet_replica.cc:333] T b544f707132f45eb8652b49b080068ba P 52d73ce0771f412ba0051a384ec6289c: stopping tablet replica
I20260710 13:16:19.466423  5984 raft_consensus.cc:2243] T b544f707132f45eb8652b49b080068ba P 52d73ce0771f412ba0051a384ec6289c [term 2 LEADER]: Raft consensus shutting down.
I20260710 13:16:19.467319  5984 raft_consensus.cc:2272] T b544f707132f45eb8652b49b080068ba P 52d73ce0771f412ba0051a384ec6289c [term 2 FOLLOWER]: Raft consensus is shut down!
W20260710 13:16:19.467945  6718 proxy.cc:239] Call had error, refreshing address and retrying: Remote error: Service unavailable: service kudu.consensus.ConsensusService not registered on TabletServer [suppressed 3 similar messages]
I20260710 13:16:19.469506  5984 tablet_replica.cc:333] T bbae880fc2a444d483ebd97f34af4b7c P 52d73ce0771f412ba0051a384ec6289c: stopping tablet replica
I20260710 13:16:19.470201  5984 raft_consensus.cc:2243] T bbae880fc2a444d483ebd97f34af4b7c P 52d73ce0771f412ba0051a384ec6289c [term 1 LEADER]: Raft consensus shutting down.
I20260710 13:16:19.471223  5984 raft_consensus.cc:2272] T bbae880fc2a444d483ebd97f34af4b7c P 52d73ce0771f412ba0051a384ec6289c [term 1 FOLLOWER]: Raft consensus is shut down!
W20260710 13:16:19.472299  6718 consensus_peers.cc:597] T 9dee11462cfb425d82c7fcdccb2c8212 P 6c2a2c7e54d444798550abf09b0b944e -> Peer 52d73ce0771f412ba0051a384ec6289c (127.5.216.1:39753): Couldn't send request to peer 52d73ce0771f412ba0051a384ec6289c. Status: Remote error: Service unavailable: service kudu.consensus.ConsensusService not registered on TabletServer. This is attempt 1: this message will repeat every 5th retry.
I20260710 13:16:19.473196  5984 tablet_replica.cc:333] T 05c4242ef27d4f00ac48176b0764c911 P 52d73ce0771f412ba0051a384ec6289c: stopping tablet replica
I20260710 13:16:19.473732  5984 raft_consensus.cc:2243] T 05c4242ef27d4f00ac48176b0764c911 P 52d73ce0771f412ba0051a384ec6289c [term 2 FOLLOWER]: Raft consensus shutting down.
I20260710 13:16:19.474123  5984 raft_consensus.cc:2272] T 05c4242ef27d4f00ac48176b0764c911 P 52d73ce0771f412ba0051a384ec6289c [term 2 FOLLOWER]: Raft consensus is shut down!
I20260710 13:16:19.476348  5984 tablet_replica.cc:333] T fb4bcd9e2b0342f9a9481695a8d1fa78 P 52d73ce0771f412ba0051a384ec6289c: stopping tablet replica
I20260710 13:16:19.476857  5984 raft_consensus.cc:2243] T fb4bcd9e2b0342f9a9481695a8d1fa78 P 52d73ce0771f412ba0051a384ec6289c [term 3 LEADER]: Raft consensus shutting down.
I20260710 13:16:19.477562  5984 raft_consensus.cc:2272] T fb4bcd9e2b0342f9a9481695a8d1fa78 P 52d73ce0771f412ba0051a384ec6289c [term 3 FOLLOWER]: Raft consensus is shut down!
I20260710 13:16:19.479120  5984 tablet_replica.cc:333] T d24dfbe647cc4c55b85abd252ecfc476 P 52d73ce0771f412ba0051a384ec6289c: stopping tablet replica
I20260710 13:16:19.479599  5984 raft_consensus.cc:2243] T d24dfbe647cc4c55b85abd252ecfc476 P 52d73ce0771f412ba0051a384ec6289c [term 3 FOLLOWER]: Raft consensus shutting down.
I20260710 13:16:19.479985  5984 raft_consensus.cc:2272] T d24dfbe647cc4c55b85abd252ecfc476 P 52d73ce0771f412ba0051a384ec6289c [term 3 FOLLOWER]: Raft consensus is shut down!
I20260710 13:16:19.499516  5984 tablet_server.cc:196] TabletServer@127.5.216.1:0 shutdown complete.
I20260710 13:16:19.519289  5984 tablet_server.cc:179] TabletServer@127.5.216.2:0 shutting down...
W20260710 13:16:19.534997  6718 consensus_peers.cc:597] T 9dee11462cfb425d82c7fcdccb2c8212 P 6c2a2c7e54d444798550abf09b0b944e -> Peer 1cc8f49b48e84f2b829a22116449804e (127.5.216.2:39233): Couldn't send request to peer 1cc8f49b48e84f2b829a22116449804e. Status: Remote error: Service unavailable: service kudu.consensus.ConsensusService not registered on TabletServer. This is attempt 1: this message will repeat every 5th retry.
I20260710 13:16:19.546271  5984 ts_tablet_manager.cc:1507] Shutting down tablet manager...
I20260710 13:16:19.546909  5984 tablet_replica.cc:333] T b544f707132f45eb8652b49b080068ba P 1cc8f49b48e84f2b829a22116449804e: stopping tablet replica
I20260710 13:16:19.547420  5984 raft_consensus.cc:2243] T b544f707132f45eb8652b49b080068ba P 1cc8f49b48e84f2b829a22116449804e [term 2 FOLLOWER]: Raft consensus shutting down.
I20260710 13:16:19.547813  5984 raft_consensus.cc:2272] T b544f707132f45eb8652b49b080068ba P 1cc8f49b48e84f2b829a22116449804e [term 2 FOLLOWER]: Raft consensus is shut down!
I20260710 13:16:19.549489  5984 tablet_replica.cc:333] T 53e31609eebe4322935a1954945cce7a P 1cc8f49b48e84f2b829a22116449804e: stopping tablet replica
I20260710 13:16:19.549943  5984 raft_consensus.cc:2243] T 53e31609eebe4322935a1954945cce7a P 1cc8f49b48e84f2b829a22116449804e [term 5 LEADER]: Raft consensus shutting down.
I20260710 13:16:19.550590  5984 raft_consensus.cc:2272] T 53e31609eebe4322935a1954945cce7a P 1cc8f49b48e84f2b829a22116449804e [term 5 FOLLOWER]: Raft consensus is shut down!
I20260710 13:16:19.552430  5984 tablet_replica.cc:333] T 05c4242ef27d4f00ac48176b0764c911 P 1cc8f49b48e84f2b829a22116449804e: stopping tablet replica
I20260710 13:16:19.552886  5984 raft_consensus.cc:2243] T 05c4242ef27d4f00ac48176b0764c911 P 1cc8f49b48e84f2b829a22116449804e [term 2 LEADER]: Raft consensus shutting down.
I20260710 13:16:19.553504  5984 raft_consensus.cc:2272] T 05c4242ef27d4f00ac48176b0764c911 P 1cc8f49b48e84f2b829a22116449804e [term 2 FOLLOWER]: Raft consensus is shut down!
I20260710 13:16:19.555830  5984 tablet_replica.cc:333] T bbae880fc2a444d483ebd97f34af4b7c P 1cc8f49b48e84f2b829a22116449804e: stopping tablet replica
I20260710 13:16:19.556352  5984 raft_consensus.cc:2243] T bbae880fc2a444d483ebd97f34af4b7c P 1cc8f49b48e84f2b829a22116449804e [term 1 FOLLOWER]: Raft consensus shutting down.
I20260710 13:16:19.556773  5984 raft_consensus.cc:2272] T bbae880fc2a444d483ebd97f34af4b7c P 1cc8f49b48e84f2b829a22116449804e [term 1 FOLLOWER]: Raft consensus is shut down!
I20260710 13:16:19.558470  5984 tablet_replica.cc:333] T d24dfbe647cc4c55b85abd252ecfc476 P 1cc8f49b48e84f2b829a22116449804e: stopping tablet replica
I20260710 13:16:19.558988  5984 raft_consensus.cc:2243] T d24dfbe647cc4c55b85abd252ecfc476 P 1cc8f49b48e84f2b829a22116449804e [term 3 FOLLOWER]: Raft consensus shutting down.
I20260710 13:16:19.559418  5984 raft_consensus.cc:2272] T d24dfbe647cc4c55b85abd252ecfc476 P 1cc8f49b48e84f2b829a22116449804e [term 3 FOLLOWER]: Raft consensus is shut down!
I20260710 13:16:19.561357  5984 tablet_replica.cc:333] T fb4bcd9e2b0342f9a9481695a8d1fa78 P 1cc8f49b48e84f2b829a22116449804e: stopping tablet replica
I20260710 13:16:19.561867  5984 raft_consensus.cc:2243] T fb4bcd9e2b0342f9a9481695a8d1fa78 P 1cc8f49b48e84f2b829a22116449804e [term 3 FOLLOWER]: Raft consensus shutting down.
I20260710 13:16:19.562273  5984 raft_consensus.cc:2272] T fb4bcd9e2b0342f9a9481695a8d1fa78 P 1cc8f49b48e84f2b829a22116449804e [term 3 FOLLOWER]: Raft consensus is shut down!
I20260710 13:16:19.563807  5984 tablet_replica.cc:333] T 9dee11462cfb425d82c7fcdccb2c8212 P 1cc8f49b48e84f2b829a22116449804e: stopping tablet replica
I20260710 13:16:19.564319  5984 raft_consensus.cc:2243] T 9dee11462cfb425d82c7fcdccb2c8212 P 1cc8f49b48e84f2b829a22116449804e [term 3 FOLLOWER]: Raft consensus shutting down.
I20260710 13:16:19.564707  5984 raft_consensus.cc:2272] T 9dee11462cfb425d82c7fcdccb2c8212 P 1cc8f49b48e84f2b829a22116449804e [term 3 FOLLOWER]: Raft consensus is shut down!
I20260710 13:16:19.566831  5984 tablet_replica.cc:333] T 12a463a476d241cf93e4449cb66678e2 P 1cc8f49b48e84f2b829a22116449804e: stopping tablet replica
I20260710 13:16:19.567440  5984 raft_consensus.cc:2243] T 12a463a476d241cf93e4449cb66678e2 P 1cc8f49b48e84f2b829a22116449804e [term 2 LEADER]: Raft consensus shutting down.
I20260710 13:16:19.568295  5984 raft_consensus.cc:2272] T 12a463a476d241cf93e4449cb66678e2 P 1cc8f49b48e84f2b829a22116449804e [term 2 FOLLOWER]: Raft consensus is shut down!
I20260710 13:16:19.569825  5984 tablet_replica.cc:333] T 6b24f391dceb456c9bc4c31bd8ce2b20 P 1cc8f49b48e84f2b829a22116449804e: stopping tablet replica
I20260710 13:16:19.570228  5984 raft_consensus.cc:2243] T 6b24f391dceb456c9bc4c31bd8ce2b20 P 1cc8f49b48e84f2b829a22116449804e [term 4 FOLLOWER]: Raft consensus shutting down.
I20260710 13:16:19.570588  5984 raft_consensus.cc:2272] T 6b24f391dceb456c9bc4c31bd8ce2b20 P 1cc8f49b48e84f2b829a22116449804e [term 4 FOLLOWER]: Raft consensus is shut down!
I20260710 13:16:19.571976  5984 tablet_replica.cc:333] T 1deecff44caa4b39b086fde4c1f31e64 P 1cc8f49b48e84f2b829a22116449804e: stopping tablet replica
I20260710 13:16:19.572433  5984 raft_consensus.cc:2243] T 1deecff44caa4b39b086fde4c1f31e64 P 1cc8f49b48e84f2b829a22116449804e [term 2 FOLLOWER]: Raft consensus shutting down.
I20260710 13:16:19.572878  5984 raft_consensus.cc:2272] T 1deecff44caa4b39b086fde4c1f31e64 P 1cc8f49b48e84f2b829a22116449804e [term 2 FOLLOWER]: Raft consensus is shut down!
I20260710 13:16:19.600802  5984 tablet_server.cc:196] TabletServer@127.5.216.2:0 shutdown complete.
I20260710 13:16:19.618484  5984 tablet_server.cc:179] TabletServer@127.5.216.3:0 shutting down...
I20260710 13:16:19.645367  5984 ts_tablet_manager.cc:1507] Shutting down tablet manager...
I20260710 13:16:19.646255  5984 tablet_replica.cc:333] T b544f707132f45eb8652b49b080068ba P 6c2a2c7e54d444798550abf09b0b944e: stopping tablet replica
I20260710 13:16:19.646868  5984 raft_consensus.cc:2243] T b544f707132f45eb8652b49b080068ba P 6c2a2c7e54d444798550abf09b0b944e [term 2 FOLLOWER]: Raft consensus shutting down.
I20260710 13:16:19.647361  5984 raft_consensus.cc:2272] T b544f707132f45eb8652b49b080068ba P 6c2a2c7e54d444798550abf09b0b944e [term 2 FOLLOWER]: Raft consensus is shut down!
I20260710 13:16:19.649129  5984 tablet_replica.cc:333] T 53e31609eebe4322935a1954945cce7a P 6c2a2c7e54d444798550abf09b0b944e: stopping tablet replica
I20260710 13:16:19.649672  5984 raft_consensus.cc:2243] T 53e31609eebe4322935a1954945cce7a P 6c2a2c7e54d444798550abf09b0b944e [term 5 FOLLOWER]: Raft consensus shutting down.
I20260710 13:16:19.650123  5984 raft_consensus.cc:2272] T 53e31609eebe4322935a1954945cce7a P 6c2a2c7e54d444798550abf09b0b944e [term 5 FOLLOWER]: Raft consensus is shut down!
I20260710 13:16:19.652523  5984 tablet_replica.cc:333] T fb4bcd9e2b0342f9a9481695a8d1fa78 P 6c2a2c7e54d444798550abf09b0b944e: stopping tablet replica
I20260710 13:16:19.653048  5984 raft_consensus.cc:2243] T fb4bcd9e2b0342f9a9481695a8d1fa78 P 6c2a2c7e54d444798550abf09b0b944e [term 3 FOLLOWER]: Raft consensus shutting down.
I20260710 13:16:19.653535  5984 raft_consensus.cc:2272] T fb4bcd9e2b0342f9a9481695a8d1fa78 P 6c2a2c7e54d444798550abf09b0b944e [term 3 FOLLOWER]: Raft consensus is shut down!
I20260710 13:16:19.655117  5984 tablet_replica.cc:333] T d24dfbe647cc4c55b85abd252ecfc476 P 6c2a2c7e54d444798550abf09b0b944e: stopping tablet replica
I20260710 13:16:19.655615  5984 raft_consensus.cc:2243] T d24dfbe647cc4c55b85abd252ecfc476 P 6c2a2c7e54d444798550abf09b0b944e [term 3 LEADER]: Raft consensus shutting down.
I20260710 13:16:19.656455  5984 raft_consensus.cc:2272] T d24dfbe647cc4c55b85abd252ecfc476 P 6c2a2c7e54d444798550abf09b0b944e [term 3 FOLLOWER]: Raft consensus is shut down!
I20260710 13:16:19.658555  5984 tablet_replica.cc:333] T bbae880fc2a444d483ebd97f34af4b7c P 6c2a2c7e54d444798550abf09b0b944e: stopping tablet replica
I20260710 13:16:19.659078  5984 raft_consensus.cc:2243] T bbae880fc2a444d483ebd97f34af4b7c P 6c2a2c7e54d444798550abf09b0b944e [term 1 FOLLOWER]: Raft consensus shutting down.
I20260710 13:16:19.659499  5984 raft_consensus.cc:2272] T bbae880fc2a444d483ebd97f34af4b7c P 6c2a2c7e54d444798550abf09b0b944e [term 1 FOLLOWER]: Raft consensus is shut down!
I20260710 13:16:19.661094  5984 tablet_replica.cc:333] T 05c4242ef27d4f00ac48176b0764c911 P 6c2a2c7e54d444798550abf09b0b944e: stopping tablet replica
I20260710 13:16:19.661592  5984 raft_consensus.cc:2243] T 05c4242ef27d4f00ac48176b0764c911 P 6c2a2c7e54d444798550abf09b0b944e [term 2 FOLLOWER]: Raft consensus shutting down.
I20260710 13:16:19.661969  5984 raft_consensus.cc:2272] T 05c4242ef27d4f00ac48176b0764c911 P 6c2a2c7e54d444798550abf09b0b944e [term 2 FOLLOWER]: Raft consensus is shut down!
I20260710 13:16:19.663983  5984 tablet_replica.cc:333] T 12a463a476d241cf93e4449cb66678e2 P 6c2a2c7e54d444798550abf09b0b944e: stopping tablet replica
I20260710 13:16:19.664506  5984 raft_consensus.cc:2243] T 12a463a476d241cf93e4449cb66678e2 P 6c2a2c7e54d444798550abf09b0b944e [term 2 FOLLOWER]: Raft consensus shutting down.
I20260710 13:16:19.664922  5984 raft_consensus.cc:2272] T 12a463a476d241cf93e4449cb66678e2 P 6c2a2c7e54d444798550abf09b0b944e [term 2 FOLLOWER]: Raft consensus is shut down!
I20260710 13:16:19.666533  5984 tablet_replica.cc:333] T 9dee11462cfb425d82c7fcdccb2c8212 P 6c2a2c7e54d444798550abf09b0b944e: stopping tablet replica
I20260710 13:16:19.666976  5984 raft_consensus.cc:2243] T 9dee11462cfb425d82c7fcdccb2c8212 P 6c2a2c7e54d444798550abf09b0b944e [term 3 LEADER]: Raft consensus shutting down.
I20260710 13:16:19.667855  5984 raft_consensus.cc:2272] T 9dee11462cfb425d82c7fcdccb2c8212 P 6c2a2c7e54d444798550abf09b0b944e [term 3 FOLLOWER]: Raft consensus is shut down!
