I20260710 13:13:58.018795   563 raft_consensus.cc:2468] T e7bd34549cf14f0aa6d3415dd9c9ab84 P bab7fe493cfc45cc912d95fa2950437e [term 2 FOLLOWER]: Leader election vote request: Granting yes vote for candidate 5e8e60a5828d4187b6c459d08c411fc5 in term 2.
I20260710 13:13:58.020251   680 leader_election.cc:304] T e7bd34549cf14f0aa6d3415dd9c9ab84 P 5e8e60a5828d4187b6c459d08c411fc5 [CANDIDATE]: Term 2 election: Election decided. Result: candidate won. Election summary: received 2 responses out of 3 voters: 2 yes votes; 0 no votes. yes voters: 21444845d9d44eb39578d96ef794ec64, 5e8e60a5828d4187b6c459d08c411fc5; no voters: 
I20260710 13:13:58.021970   845 raft_consensus.cc:2804] T e7bd34549cf14f0aa6d3415dd9c9ab84 P 5e8e60a5828d4187b6c459d08c411fc5 [term 2 FOLLOWER]: Leader election won for term 2
I20260710 13:13:58.025475   845 raft_consensus.cc:697] T e7bd34549cf14f0aa6d3415dd9c9ab84 P 5e8e60a5828d4187b6c459d08c411fc5 [term 2 LEADER]: Becoming Leader. State: Replica: 5e8e60a5828d4187b6c459d08c411fc5, State: Running, Role: LEADER
I20260710 13:13:58.026511   845 consensus_queue.cc:237] T e7bd34549cf14f0aa6d3415dd9c9ab84 P 5e8e60a5828d4187b6c459d08c411fc5 [LEADER]: Queue going to LEADER mode. State: All replicated index: 0, Majority replicated index: 1, Committed index: 1, Last appended: 1.1, Last appended by leader: 1, Current term: 2, Majority size: 2, State: 0, Mode: LEADER, active raft config: opid_index: -1 OBSOLETE_local: false peers { permanent_uuid: "bab7fe493cfc45cc912d95fa2950437e" member_type: VOTER last_known_addr { host: "127.0.107.193" port: 45013 } } peers { permanent_uuid: "21444845d9d44eb39578d96ef794ec64" member_type: VOTER last_known_addr { host: "127.0.107.194" port: 42363 } } peers { permanent_uuid: "5e8e60a5828d4187b6c459d08c411fc5" member_type: VOTER last_known_addr { host: "127.0.107.195" port: 39677 } }
I20260710 13:13:58.039381   463 catalog_manager.cc:5697] T e7bd34549cf14f0aa6d3415dd9c9ab84 P 5e8e60a5828d4187b6c459d08c411fc5 reported cstate change: term changed from 1 to 2, leader changed from 21444845d9d44eb39578d96ef794ec64 (127.0.107.194) to 5e8e60a5828d4187b6c459d08c411fc5 (127.0.107.195). New cstate: current_term: 2 leader_uuid: "5e8e60a5828d4187b6c459d08c411fc5" committed_config { opid_index: -1 OBSOLETE_local: false peers { permanent_uuid: "bab7fe493cfc45cc912d95fa2950437e" member_type: VOTER last_known_addr { host: "127.0.107.193" port: 45013 } health_report { overall_health: UNKNOWN } } peers { permanent_uuid: "21444845d9d44eb39578d96ef794ec64" member_type: VOTER last_known_addr { host: "127.0.107.194" port: 42363 } health_report { overall_health: UNKNOWN } } peers { permanent_uuid: "5e8e60a5828d4187b6c459d08c411fc5" member_type: VOTER last_known_addr { host: "127.0.107.195" port: 39677 } health_report { overall_health: HEALTHY } } }
I20260710 13:13:58.482939   886 raft_consensus.cc:993] T 8eaeb29309914d4ca60703bf28f10eb2 P bab7fe493cfc45cc912d95fa2950437e: : Instructing follower 5e8e60a5828d4187b6c459d08c411fc5 to start an election
I20260710 13:13:58.484532   886 raft_consensus.cc:1081] T 8eaeb29309914d4ca60703bf28f10eb2 P bab7fe493cfc45cc912d95fa2950437e [term 2 LEADER]: Signalling peer 5e8e60a5828d4187b6c459d08c411fc5 to start an election
I20260710 13:13:58.486439   713 tablet_service.cc:2044] Received Run Leader Election RPC: tablet_id: "8eaeb29309914d4ca60703bf28f10eb2"
dest_uuid: "5e8e60a5828d4187b6c459d08c411fc5"
 from {username='slave'} at 127.0.0.1:41726
I20260710 13:13:58.487113   713 raft_consensus.cc:493] T 8eaeb29309914d4ca60703bf28f10eb2 P 5e8e60a5828d4187b6c459d08c411fc5 [term 2 FOLLOWER]: Starting forced leader election (received explicit request)
I20260710 13:13:58.487540   713 raft_consensus.cc:3060] T 8eaeb29309914d4ca60703bf28f10eb2 P 5e8e60a5828d4187b6c459d08c411fc5 [term 2 FOLLOWER]: Advancing to term 3
I20260710 13:13:58.496277   713 raft_consensus.cc:515] T 8eaeb29309914d4ca60703bf28f10eb2 P 5e8e60a5828d4187b6c459d08c411fc5 [term 3 FOLLOWER]: Starting forced leader election with config: opid_index: -1 OBSOLETE_local: false peers { permanent_uuid: "bab7fe493cfc45cc912d95fa2950437e" member_type: VOTER last_known_addr { host: "127.0.107.193" port: 45013 } } peers { permanent_uuid: "21444845d9d44eb39578d96ef794ec64" member_type: VOTER last_known_addr { host: "127.0.107.194" port: 42363 } } peers { permanent_uuid: "5e8e60a5828d4187b6c459d08c411fc5" member_type: VOTER last_known_addr { host: "127.0.107.195" port: 39677 } }
I20260710 13:13:58.500495   640 tablet_service.cc:1917] Received RequestConsensusVote() RPC: tablet_id: "8eaeb29309914d4ca60703bf28f10eb2" candidate_uuid: "5e8e60a5828d4187b6c459d08c411fc5" candidate_term: 3 candidate_status { last_received { term: 2 index: 2 } } ignore_live_leader: true dest_uuid: "21444845d9d44eb39578d96ef794ec64"
I20260710 13:13:58.500638   563 tablet_service.cc:1917] Received RequestConsensusVote() RPC: tablet_id: "8eaeb29309914d4ca60703bf28f10eb2" candidate_uuid: "5e8e60a5828d4187b6c459d08c411fc5" candidate_term: 3 candidate_status { last_received { term: 2 index: 2 } } ignore_live_leader: true dest_uuid: "bab7fe493cfc45cc912d95fa2950437e"
I20260710 13:13:58.501278   640 raft_consensus.cc:3060] T 8eaeb29309914d4ca60703bf28f10eb2 P 21444845d9d44eb39578d96ef794ec64 [term 2 FOLLOWER]: Advancing to term 3
I20260710 13:13:58.501320   563 raft_consensus.cc:3055] T 8eaeb29309914d4ca60703bf28f10eb2 P bab7fe493cfc45cc912d95fa2950437e [term 2 LEADER]: Stepping down as leader of term 2
I20260710 13:13:58.501869   563 raft_consensus.cc:740] T 8eaeb29309914d4ca60703bf28f10eb2 P bab7fe493cfc45cc912d95fa2950437e [term 2 LEADER]: Becoming Follower/Learner. State: Replica: bab7fe493cfc45cc912d95fa2950437e, State: Running, Role: LEADER
I20260710 13:13:58.502713   563 consensus_queue.cc:260] T 8eaeb29309914d4ca60703bf28f10eb2 P bab7fe493cfc45cc912d95fa2950437e [NON_LEADER]: Queue going to NON_LEADER mode. State: All replicated index: 0, Majority replicated index: 2, Committed index: 2, Last appended: 2.2, Last appended by leader: 2, Current term: 2, Majority size: -1, State: 0, Mode: NON_LEADER, active raft config: opid_index: -1 OBSOLETE_local: false peers { permanent_uuid: "bab7fe493cfc45cc912d95fa2950437e" member_type: VOTER last_known_addr { host: "127.0.107.193" port: 45013 } } peers { permanent_uuid: "21444845d9d44eb39578d96ef794ec64" member_type: VOTER last_known_addr { host: "127.0.107.194" port: 42363 } } peers { permanent_uuid: "5e8e60a5828d4187b6c459d08c411fc5" member_type: VOTER last_known_addr { host: "127.0.107.195" port: 39677 } }
I20260710 13:13:58.503899   563 raft_consensus.cc:3060] T 8eaeb29309914d4ca60703bf28f10eb2 P bab7fe493cfc45cc912d95fa2950437e [term 2 FOLLOWER]: Advancing to term 3
I20260710 13:13:58.510394   640 raft_consensus.cc:2468] T 8eaeb29309914d4ca60703bf28f10eb2 P 21444845d9d44eb39578d96ef794ec64 [term 3 FOLLOWER]: Leader election vote request: Granting yes vote for candidate 5e8e60a5828d4187b6c459d08c411fc5 in term 3.
I20260710 13:13:58.499261   713 leader_election.cc:290] T 8eaeb29309914d4ca60703bf28f10eb2 P 5e8e60a5828d4187b6c459d08c411fc5 [CANDIDATE]: Term 3 election: Requested vote from peers bab7fe493cfc45cc912d95fa2950437e (127.0.107.193:45013), 21444845d9d44eb39578d96ef794ec64 (127.0.107.194:42363)
I20260710 13:13:58.512089   680 leader_election.cc:304] T 8eaeb29309914d4ca60703bf28f10eb2 P 5e8e60a5828d4187b6c459d08c411fc5 [CANDIDATE]: Term 3 election: Election decided. Result: candidate won. Election summary: received 2 responses out of 3 voters: 2 yes votes; 0 no votes. yes voters: 21444845d9d44eb39578d96ef794ec64, 5e8e60a5828d4187b6c459d08c411fc5; no voters: 
I20260710 13:13:58.512336   563 raft_consensus.cc:2468] T 8eaeb29309914d4ca60703bf28f10eb2 P bab7fe493cfc45cc912d95fa2950437e [term 3 FOLLOWER]: Leader election vote request: Granting yes vote for candidate 5e8e60a5828d4187b6c459d08c411fc5 in term 3.
I20260710 13:13:58.513741   845 raft_consensus.cc:2804] T 8eaeb29309914d4ca60703bf28f10eb2 P 5e8e60a5828d4187b6c459d08c411fc5 [term 3 FOLLOWER]: Leader election won for term 3
I20260710 13:13:58.514307   845 raft_consensus.cc:697] T 8eaeb29309914d4ca60703bf28f10eb2 P 5e8e60a5828d4187b6c459d08c411fc5 [term 3 LEADER]: Becoming Leader. State: Replica: 5e8e60a5828d4187b6c459d08c411fc5, State: Running, Role: LEADER
I20260710 13:13:58.515300   845 consensus_queue.cc:237] T 8eaeb29309914d4ca60703bf28f10eb2 P 5e8e60a5828d4187b6c459d08c411fc5 [LEADER]: Queue going to LEADER mode. State: All replicated index: 0, Majority replicated index: 2, Committed index: 2, Last appended: 2.2, Last appended by leader: 2, Current term: 3, Majority size: 2, State: 0, Mode: LEADER, active raft config: opid_index: -1 OBSOLETE_local: false peers { permanent_uuid: "bab7fe493cfc45cc912d95fa2950437e" member_type: VOTER last_known_addr { host: "127.0.107.193" port: 45013 } } peers { permanent_uuid: "21444845d9d44eb39578d96ef794ec64" member_type: VOTER last_known_addr { host: "127.0.107.194" port: 42363 } } peers { permanent_uuid: "5e8e60a5828d4187b6c459d08c411fc5" member_type: VOTER last_known_addr { host: "127.0.107.195" port: 39677 } }
I20260710 13:13:58.524966   463 catalog_manager.cc:5697] T 8eaeb29309914d4ca60703bf28f10eb2 P 5e8e60a5828d4187b6c459d08c411fc5 reported cstate change: term changed from 2 to 3, leader changed from bab7fe493cfc45cc912d95fa2950437e (127.0.107.193) to 5e8e60a5828d4187b6c459d08c411fc5 (127.0.107.195). New cstate: current_term: 3 leader_uuid: "5e8e60a5828d4187b6c459d08c411fc5" committed_config { opid_index: -1 OBSOLETE_local: false peers { permanent_uuid: "bab7fe493cfc45cc912d95fa2950437e" member_type: VOTER last_known_addr { host: "127.0.107.193" port: 45013 } health_report { overall_health: UNKNOWN } } peers { permanent_uuid: "21444845d9d44eb39578d96ef794ec64" member_type: VOTER last_known_addr { host: "127.0.107.194" port: 42363 } health_report { overall_health: UNKNOWN } } peers { permanent_uuid: "5e8e60a5828d4187b6c459d08c411fc5" member_type: VOTER last_known_addr { host: "127.0.107.195" port: 39677 } health_report { overall_health: HEALTHY } } }
I20260710 13:13:58.534252   563 raft_consensus.cc:1275] T e7bd34549cf14f0aa6d3415dd9c9ab84 P bab7fe493cfc45cc912d95fa2950437e [term 2 FOLLOWER]: Refusing update from remote peer 5e8e60a5828d4187b6c459d08c411fc5: Log matching property violated. Preceding OpId in replica: term: 1 index: 1. Preceding OpId from leader: term: 2 index: 2. (index mismatch)
I20260710 13:13:58.536103   891 consensus_queue.cc:1048] T e7bd34549cf14f0aa6d3415dd9c9ab84 P 5e8e60a5828d4187b6c459d08c411fc5 [LEADER]: Connected to new peer: Peer: permanent_uuid: "bab7fe493cfc45cc912d95fa2950437e" member_type: VOTER last_known_addr { host: "127.0.107.193" port: 45013 }, Status: LMP_MISMATCH, Last received: 0.0, Next index: 2, Last known committed idx: 1, Time since last communication: 0.001s
I20260710 13:13:58.560153   640 raft_consensus.cc:1275] T e7bd34549cf14f0aa6d3415dd9c9ab84 P 21444845d9d44eb39578d96ef794ec64 [term 2 FOLLOWER]: Refusing update from remote peer 5e8e60a5828d4187b6c459d08c411fc5: Log matching property violated. Preceding OpId in replica: term: 1 index: 1. Preceding OpId from leader: term: 2 index: 2. (index mismatch)
I20260710 13:13:58.562263   845 consensus_queue.cc:1048] T e7bd34549cf14f0aa6d3415dd9c9ab84 P 5e8e60a5828d4187b6c459d08c411fc5 [LEADER]: Connected to new peer: Peer: permanent_uuid: "21444845d9d44eb39578d96ef794ec64" member_type: VOTER last_known_addr { host: "127.0.107.194" port: 42363 }, Status: LMP_MISMATCH, Last received: 0.0, Next index: 2, Last known committed idx: 1, Time since last communication: 0.000s
I20260710 13:13:58.928117   640 raft_consensus.cc:1275] T 8eaeb29309914d4ca60703bf28f10eb2 P 21444845d9d44eb39578d96ef794ec64 [term 3 FOLLOWER]: Refusing update from remote peer 5e8e60a5828d4187b6c459d08c411fc5: Log matching property violated. Preceding OpId in replica: term: 2 index: 2. Preceding OpId from leader: term: 3 index: 3. (index mismatch)
I20260710 13:13:58.929838   845 consensus_queue.cc:1048] T 8eaeb29309914d4ca60703bf28f10eb2 P 5e8e60a5828d4187b6c459d08c411fc5 [LEADER]: Connected to new peer: Peer: permanent_uuid: "21444845d9d44eb39578d96ef794ec64" member_type: VOTER last_known_addr { host: "127.0.107.194" port: 42363 }, Status: LMP_MISMATCH, Last received: 0.0, Next index: 3, Last known committed idx: 2, Time since last communication: 0.001s
I20260710 13:13:58.968295   431 auto_leader_rebalancer.cc:141] leader rebalance for table test-workload
I20260710 13:13:58.976191   563 raft_consensus.cc:1275] T 8eaeb29309914d4ca60703bf28f10eb2 P bab7fe493cfc45cc912d95fa2950437e [term 3 FOLLOWER]: Refusing update from remote peer 5e8e60a5828d4187b6c459d08c411fc5: Log matching property violated. Preceding OpId in replica: term: 2 index: 2. Preceding OpId from leader: term: 3 index: 3. (index mismatch)
I20260710 13:13:58.989019   563 tablet_service.cc:2072] Received LeaderStepDown RPC: tablet_id: "bc71cb8b8ad24bacb71a337aa7016988"
dest_uuid: "bab7fe493cfc45cc912d95fa2950437e"
mode: GRACEFUL
new_leader_uuid: "21444845d9d44eb39578d96ef794ec64"
 from {username='slave'} at 127.0.0.1:54468
I20260710 13:13:58.990418   563 raft_consensus.cc:606] T bc71cb8b8ad24bacb71a337aa7016988 P bab7fe493cfc45cc912d95fa2950437e [term 2 LEADER]: Received request to transfer leadership to TS 21444845d9d44eb39578d96ef794ec64
I20260710 13:13:58.992081   891 consensus_queue.cc:1048] T 8eaeb29309914d4ca60703bf28f10eb2 P 5e8e60a5828d4187b6c459d08c411fc5 [LEADER]: Connected to new peer: Peer: permanent_uuid: "bab7fe493cfc45cc912d95fa2950437e" member_type: VOTER last_known_addr { host: "127.0.107.193" port: 45013 }, Status: LMP_MISMATCH, Last received: 0.0, Next index: 3, Last known committed idx: 2, Time since last communication: 0.001s
I20260710 13:13:59.003980   713 tablet_service.cc:2072] Received LeaderStepDown RPC: tablet_id: "8eaeb29309914d4ca60703bf28f10eb2"
dest_uuid: "5e8e60a5828d4187b6c459d08c411fc5"
mode: GRACEFUL
new_leader_uuid: "21444845d9d44eb39578d96ef794ec64"
 from {username='slave'} at 127.0.0.1:41736
I20260710 13:13:59.004721   713 raft_consensus.cc:606] T 8eaeb29309914d4ca60703bf28f10eb2 P 5e8e60a5828d4187b6c459d08c411fc5 [term 3 LEADER]: Received request to transfer leadership to TS 21444845d9d44eb39578d96ef794ec64
I20260710 13:13:59.011947   565 tablet_service.cc:2072] Received LeaderStepDown RPC: tablet_id: "7948f3e0c9454e06adb7f207af02651a"
dest_uuid: "bab7fe493cfc45cc912d95fa2950437e"
mode: GRACEFUL
new_leader_uuid: "21444845d9d44eb39578d96ef794ec64"
 from {username='slave'} at 127.0.0.1:54468
I20260710 13:13:59.012732   565 raft_consensus.cc:606] T 7948f3e0c9454e06adb7f207af02651a P bab7fe493cfc45cc912d95fa2950437e [term 1 LEADER]: Received request to transfer leadership to TS 21444845d9d44eb39578d96ef794ec64
I20260710 13:13:59.019420   565 tablet_service.cc:2072] Received LeaderStepDown RPC: tablet_id: "1e68325ac22248769aefb1fc21e8551d"
dest_uuid: "bab7fe493cfc45cc912d95fa2950437e"
mode: GRACEFUL
new_leader_uuid: "21444845d9d44eb39578d96ef794ec64"
 from {username='slave'} at 127.0.0.1:54468
I20260710 13:13:59.020059   565 raft_consensus.cc:606] T 1e68325ac22248769aefb1fc21e8551d P bab7fe493cfc45cc912d95fa2950437e [term 3 LEADER]: Received request to transfer leadership to TS 21444845d9d44eb39578d96ef794ec64
I20260710 13:13:59.036532   713 tablet_service.cc:2072] Received LeaderStepDown RPC: tablet_id: "e7bd34549cf14f0aa6d3415dd9c9ab84"
dest_uuid: "5e8e60a5828d4187b6c459d08c411fc5"
mode: GRACEFUL
new_leader_uuid: "21444845d9d44eb39578d96ef794ec64"
 from {username='slave'} at 127.0.0.1:41736
I20260710 13:13:59.037245   713 raft_consensus.cc:606] T e7bd34549cf14f0aa6d3415dd9c9ab84 P 5e8e60a5828d4187b6c459d08c411fc5 [term 2 LEADER]: Received request to transfer leadership to TS 21444845d9d44eb39578d96ef794ec64
I20260710 13:13:59.088543   845 raft_consensus.cc:993] T e7bd34549cf14f0aa6d3415dd9c9ab84 P 5e8e60a5828d4187b6c459d08c411fc5: : Instructing follower 21444845d9d44eb39578d96ef794ec64 to start an election
I20260710 13:13:59.089251   845 raft_consensus.cc:1081] T e7bd34549cf14f0aa6d3415dd9c9ab84 P 5e8e60a5828d4187b6c459d08c411fc5 [term 2 LEADER]: Signalling peer 21444845d9d44eb39578d96ef794ec64 to start an election
I20260710 13:13:59.091415   640 tablet_service.cc:2044] Received Run Leader Election RPC: tablet_id: "e7bd34549cf14f0aa6d3415dd9c9ab84"
dest_uuid: "21444845d9d44eb39578d96ef794ec64"
 from {username='slave'} at 127.0.0.1:56354
I20260710 13:13:59.092092   640 raft_consensus.cc:493] T e7bd34549cf14f0aa6d3415dd9c9ab84 P 21444845d9d44eb39578d96ef794ec64 [term 2 FOLLOWER]: Starting forced leader election (received explicit request)
I20260710 13:13:59.092517   640 raft_consensus.cc:3060] T e7bd34549cf14f0aa6d3415dd9c9ab84 P 21444845d9d44eb39578d96ef794ec64 [term 2 FOLLOWER]: Advancing to term 3
I20260710 13:13:59.102258   640 raft_consensus.cc:515] T e7bd34549cf14f0aa6d3415dd9c9ab84 P 21444845d9d44eb39578d96ef794ec64 [term 3 FOLLOWER]: Starting forced leader election with config: opid_index: -1 OBSOLETE_local: false peers { permanent_uuid: "bab7fe493cfc45cc912d95fa2950437e" member_type: VOTER last_known_addr { host: "127.0.107.193" port: 45013 } } peers { permanent_uuid: "21444845d9d44eb39578d96ef794ec64" member_type: VOTER last_known_addr { host: "127.0.107.194" port: 42363 } } peers { permanent_uuid: "5e8e60a5828d4187b6c459d08c411fc5" member_type: VOTER last_known_addr { host: "127.0.107.195" port: 39677 } }
I20260710 13:13:59.106374   565 tablet_service.cc:1917] Received RequestConsensusVote() RPC: tablet_id: "e7bd34549cf14f0aa6d3415dd9c9ab84" candidate_uuid: "21444845d9d44eb39578d96ef794ec64" candidate_term: 3 candidate_status { last_received { term: 2 index: 2 } } ignore_live_leader: true dest_uuid: "bab7fe493cfc45cc912d95fa2950437e"
I20260710 13:13:59.107213   565 raft_consensus.cc:3060] T e7bd34549cf14f0aa6d3415dd9c9ab84 P bab7fe493cfc45cc912d95fa2950437e [term 2 FOLLOWER]: Advancing to term 3
I20260710 13:13:59.107434   713 tablet_service.cc:1917] Received RequestConsensusVote() RPC: tablet_id: "e7bd34549cf14f0aa6d3415dd9c9ab84" candidate_uuid: "21444845d9d44eb39578d96ef794ec64" candidate_term: 3 candidate_status { last_received { term: 2 index: 2 } } ignore_live_leader: true dest_uuid: "5e8e60a5828d4187b6c459d08c411fc5"
I20260710 13:13:59.108064   713 raft_consensus.cc:3055] T e7bd34549cf14f0aa6d3415dd9c9ab84 P 5e8e60a5828d4187b6c459d08c411fc5 [term 2 LEADER]: Stepping down as leader of term 2
I20260710 13:13:59.108451   713 raft_consensus.cc:740] T e7bd34549cf14f0aa6d3415dd9c9ab84 P 5e8e60a5828d4187b6c459d08c411fc5 [term 2 LEADER]: Becoming Follower/Learner. State: Replica: 5e8e60a5828d4187b6c459d08c411fc5, State: Running, Role: LEADER
I20260710 13:13:59.109486   713 consensus_queue.cc:260] T e7bd34549cf14f0aa6d3415dd9c9ab84 P 5e8e60a5828d4187b6c459d08c411fc5 [NON_LEADER]: Queue going to NON_LEADER mode. State: All replicated index: 0, Majority replicated index: 2, Committed index: 2, Last appended: 2.2, Last appended by leader: 2, Current term: 2, Majority size: -1, State: 0, Mode: NON_LEADER, active raft config: opid_index: -1 OBSOLETE_local: false peers { permanent_uuid: "bab7fe493cfc45cc912d95fa2950437e" member_type: VOTER last_known_addr { host: "127.0.107.193" port: 45013 } } peers { permanent_uuid: "21444845d9d44eb39578d96ef794ec64" member_type: VOTER last_known_addr { host: "127.0.107.194" port: 42363 } } peers { permanent_uuid: "5e8e60a5828d4187b6c459d08c411fc5" member_type: VOTER last_known_addr { host: "127.0.107.195" port: 39677 } }
I20260710 13:13:59.110788   713 raft_consensus.cc:3060] T e7bd34549cf14f0aa6d3415dd9c9ab84 P 5e8e60a5828d4187b6c459d08c411fc5 [term 2 FOLLOWER]: Advancing to term 3
I20260710 13:13:59.116544   565 raft_consensus.cc:2468] T e7bd34549cf14f0aa6d3415dd9c9ab84 P bab7fe493cfc45cc912d95fa2950437e [term 3 FOLLOWER]: Leader election vote request: Granting yes vote for candidate 21444845d9d44eb39578d96ef794ec64 in term 3.
I20260710 13:13:59.118459   606 leader_election.cc:304] T e7bd34549cf14f0aa6d3415dd9c9ab84 P 21444845d9d44eb39578d96ef794ec64 [CANDIDATE]: Term 3 election: Election decided. Result: candidate won. Election summary: received 2 responses out of 3 voters: 2 yes votes; 0 no votes. yes voters: 21444845d9d44eb39578d96ef794ec64, bab7fe493cfc45cc912d95fa2950437e; no voters: 
I20260710 13:13:59.119273   713 raft_consensus.cc:2468] T e7bd34549cf14f0aa6d3415dd9c9ab84 P 5e8e60a5828d4187b6c459d08c411fc5 [term 3 FOLLOWER]: Leader election vote request: Granting yes vote for candidate 21444845d9d44eb39578d96ef794ec64 in term 3.
I20260710 13:13:59.119701   853 raft_consensus.cc:2804] T e7bd34549cf14f0aa6d3415dd9c9ab84 P 21444845d9d44eb39578d96ef794ec64 [term 3 FOLLOWER]: Leader election won for term 3
I20260710 13:13:59.121407   853 raft_consensus.cc:697] T e7bd34549cf14f0aa6d3415dd9c9ab84 P 21444845d9d44eb39578d96ef794ec64 [term 3 LEADER]: Becoming Leader. State: Replica: 21444845d9d44eb39578d96ef794ec64, State: Running, Role: LEADER
I20260710 13:13:59.116724   640 leader_election.cc:290] T e7bd34549cf14f0aa6d3415dd9c9ab84 P 21444845d9d44eb39578d96ef794ec64 [CANDIDATE]: Term 3 election: Requested vote from peers bab7fe493cfc45cc912d95fa2950437e (127.0.107.193:45013), 5e8e60a5828d4187b6c459d08c411fc5 (127.0.107.195:39677)
I20260710 13:13:59.122540   853 consensus_queue.cc:237] T e7bd34549cf14f0aa6d3415dd9c9ab84 P 21444845d9d44eb39578d96ef794ec64 [LEADER]: Queue going to LEADER mode. State: All replicated index: 0, Majority replicated index: 2, Committed index: 2, Last appended: 2.2, Last appended by leader: 2, Current term: 3, Majority size: 2, State: 0, Mode: LEADER, active raft config: opid_index: -1 OBSOLETE_local: false peers { permanent_uuid: "bab7fe493cfc45cc912d95fa2950437e" member_type: VOTER last_known_addr { host: "127.0.107.193" port: 45013 } } peers { permanent_uuid: "21444845d9d44eb39578d96ef794ec64" member_type: VOTER last_known_addr { host: "127.0.107.194" port: 42363 } } peers { permanent_uuid: "5e8e60a5828d4187b6c459d08c411fc5" member_type: VOTER last_known_addr { host: "127.0.107.195" port: 39677 } }
I20260710 13:13:59.134092   463 catalog_manager.cc:5697] T e7bd34549cf14f0aa6d3415dd9c9ab84 P 21444845d9d44eb39578d96ef794ec64 reported cstate change: term changed from 2 to 3, leader changed from 5e8e60a5828d4187b6c459d08c411fc5 (127.0.107.195) to 21444845d9d44eb39578d96ef794ec64 (127.0.107.194). New cstate: current_term: 3 leader_uuid: "21444845d9d44eb39578d96ef794ec64" committed_config { opid_index: -1 OBSOLETE_local: false peers { permanent_uuid: "bab7fe493cfc45cc912d95fa2950437e" member_type: VOTER last_known_addr { host: "127.0.107.193" port: 45013 } health_report { overall_health: UNKNOWN } } peers { permanent_uuid: "21444845d9d44eb39578d96ef794ec64" member_type: VOTER last_known_addr { host: "127.0.107.194" port: 42363 } health_report { overall_health: HEALTHY } } peers { permanent_uuid: "5e8e60a5828d4187b6c459d08c411fc5" member_type: VOTER last_known_addr { host: "127.0.107.195" port: 39677 } health_report { overall_health: UNKNOWN } } }
I20260710 13:13:59.146188   886 raft_consensus.cc:993] T 7948f3e0c9454e06adb7f207af02651a P bab7fe493cfc45cc912d95fa2950437e: : Instructing follower 21444845d9d44eb39578d96ef794ec64 to start an election
I20260710 13:13:59.146934   886 raft_consensus.cc:1081] T 7948f3e0c9454e06adb7f207af02651a P bab7fe493cfc45cc912d95fa2950437e [term 1 LEADER]: Signalling peer 21444845d9d44eb39578d96ef794ec64 to start an election
I20260710 13:13:59.149806   640 tablet_service.cc:2044] Received Run Leader Election RPC: tablet_id: "7948f3e0c9454e06adb7f207af02651a"
dest_uuid: "21444845d9d44eb39578d96ef794ec64"
 from {username='slave'} at 127.0.0.1:56344
I20260710 13:13:59.150624   640 raft_consensus.cc:493] T 7948f3e0c9454e06adb7f207af02651a P 21444845d9d44eb39578d96ef794ec64 [term 1 FOLLOWER]: Starting forced leader election (received explicit request)
I20260710 13:13:59.151232   640 raft_consensus.cc:3060] T 7948f3e0c9454e06adb7f207af02651a P 21444845d9d44eb39578d96ef794ec64 [term 1 FOLLOWER]: Advancing to term 2
I20260710 13:13:59.159268   640 raft_consensus.cc:515] T 7948f3e0c9454e06adb7f207af02651a P 21444845d9d44eb39578d96ef794ec64 [term 2 FOLLOWER]: Starting forced leader election with config: opid_index: -1 OBSOLETE_local: false peers { permanent_uuid: "bab7fe493cfc45cc912d95fa2950437e" member_type: VOTER last_known_addr { host: "127.0.107.193" port: 45013 } } peers { permanent_uuid: "21444845d9d44eb39578d96ef794ec64" member_type: VOTER last_known_addr { host: "127.0.107.194" port: 42363 } } peers { permanent_uuid: "5e8e60a5828d4187b6c459d08c411fc5" member_type: VOTER last_known_addr { host: "127.0.107.195" port: 39677 } }
I20260710 13:13:59.163471   565 tablet_service.cc:1917] Received RequestConsensusVote() RPC: tablet_id: "7948f3e0c9454e06adb7f207af02651a" candidate_uuid: "21444845d9d44eb39578d96ef794ec64" candidate_term: 2 candidate_status { last_received { term: 1 index: 1 } } ignore_live_leader: true dest_uuid: "bab7fe493cfc45cc912d95fa2950437e"
I20260710 13:13:59.164136   565 raft_consensus.cc:3055] T 7948f3e0c9454e06adb7f207af02651a P bab7fe493cfc45cc912d95fa2950437e [term 1 LEADER]: Stepping down as leader of term 1
I20260710 13:13:59.164494   565 raft_consensus.cc:740] T 7948f3e0c9454e06adb7f207af02651a P bab7fe493cfc45cc912d95fa2950437e [term 1 LEADER]: Becoming Follower/Learner. State: Replica: bab7fe493cfc45cc912d95fa2950437e, State: Running, Role: LEADER
I20260710 13:13:59.165570   565 consensus_queue.cc:260] T 7948f3e0c9454e06adb7f207af02651a P bab7fe493cfc45cc912d95fa2950437e [NON_LEADER]: Queue going to NON_LEADER mode. State: All replicated index: 0, Majority replicated index: 1, Committed index: 1, Last appended: 1.1, Last appended by leader: 1, Current term: 1, Majority size: -1, State: 0, Mode: NON_LEADER, active raft config: opid_index: -1 OBSOLETE_local: false peers { permanent_uuid: "bab7fe493cfc45cc912d95fa2950437e" member_type: VOTER last_known_addr { host: "127.0.107.193" port: 45013 } } peers { permanent_uuid: "21444845d9d44eb39578d96ef794ec64" member_type: VOTER last_known_addr { host: "127.0.107.194" port: 42363 } } peers { permanent_uuid: "5e8e60a5828d4187b6c459d08c411fc5" member_type: VOTER last_known_addr { host: "127.0.107.195" port: 39677 } }
I20260710 13:13:59.167395   565 raft_consensus.cc:3060] T 7948f3e0c9454e06adb7f207af02651a P bab7fe493cfc45cc912d95fa2950437e [term 1 FOLLOWER]: Advancing to term 2
I20260710 13:13:59.177452   713 tablet_service.cc:1917] Received RequestConsensusVote() RPC: tablet_id: "7948f3e0c9454e06adb7f207af02651a" candidate_uuid: "21444845d9d44eb39578d96ef794ec64" candidate_term: 2 candidate_status { last_received { term: 1 index: 1 } } ignore_live_leader: true dest_uuid: "5e8e60a5828d4187b6c459d08c411fc5"
I20260710 13:13:59.178092   713 raft_consensus.cc:3060] T 7948f3e0c9454e06adb7f207af02651a P 5e8e60a5828d4187b6c459d08c411fc5 [term 1 FOLLOWER]: Advancing to term 2
I20260710 13:13:59.180754   640 leader_election.cc:290] T 7948f3e0c9454e06adb7f207af02651a P 21444845d9d44eb39578d96ef794ec64 [CANDIDATE]: Term 2 election: Requested vote from peers bab7fe493cfc45cc912d95fa2950437e (127.0.107.193:45013), 5e8e60a5828d4187b6c459d08c411fc5 (127.0.107.195:39677)
I20260710 13:13:59.182121   565 raft_consensus.cc:2468] T 7948f3e0c9454e06adb7f207af02651a P bab7fe493cfc45cc912d95fa2950437e [term 2 FOLLOWER]: Leader election vote request: Granting yes vote for candidate 21444845d9d44eb39578d96ef794ec64 in term 2.
I20260710 13:13:59.183522   606 leader_election.cc:304] T 7948f3e0c9454e06adb7f207af02651a P 21444845d9d44eb39578d96ef794ec64 [CANDIDATE]: Term 2 election: Election decided. Result: candidate won. Election summary: received 2 responses out of 3 voters: 2 yes votes; 0 no votes. yes voters: 21444845d9d44eb39578d96ef794ec64, bab7fe493cfc45cc912d95fa2950437e; no voters: 
I20260710 13:13:59.184724   908 raft_consensus.cc:2804] T 7948f3e0c9454e06adb7f207af02651a P 21444845d9d44eb39578d96ef794ec64 [term 2 FOLLOWER]: Leader election won for term 2
I20260710 13:13:59.185235   908 raft_consensus.cc:697] T 7948f3e0c9454e06adb7f207af02651a P 21444845d9d44eb39578d96ef794ec64 [term 2 LEADER]: Becoming Leader. State: Replica: 21444845d9d44eb39578d96ef794ec64, State: Running, Role: LEADER
I20260710 13:13:59.185901   713 raft_consensus.cc:2468] T 7948f3e0c9454e06adb7f207af02651a P 5e8e60a5828d4187b6c459d08c411fc5 [term 2 FOLLOWER]: Leader election vote request: Granting yes vote for candidate 21444845d9d44eb39578d96ef794ec64 in term 2.
I20260710 13:13:59.186280   908 consensus_queue.cc:237] T 7948f3e0c9454e06adb7f207af02651a P 21444845d9d44eb39578d96ef794ec64 [LEADER]: Queue going to LEADER mode. State: All replicated index: 0, Majority replicated index: 1, Committed index: 1, Last appended: 1.1, Last appended by leader: 1, Current term: 2, Majority size: 2, State: 0, Mode: LEADER, active raft config: opid_index: -1 OBSOLETE_local: false peers { permanent_uuid: "bab7fe493cfc45cc912d95fa2950437e" member_type: VOTER last_known_addr { host: "127.0.107.193" port: 45013 } } peers { permanent_uuid: "21444845d9d44eb39578d96ef794ec64" member_type: VOTER last_known_addr { host: "127.0.107.194" port: 42363 } } peers { permanent_uuid: "5e8e60a5828d4187b6c459d08c411fc5" member_type: VOTER last_known_addr { host: "127.0.107.195" port: 39677 } }
I20260710 13:13:59.200950   463 catalog_manager.cc:5697] T 7948f3e0c9454e06adb7f207af02651a P 21444845d9d44eb39578d96ef794ec64 reported cstate change: term changed from 1 to 2, leader changed from bab7fe493cfc45cc912d95fa2950437e (127.0.107.193) to 21444845d9d44eb39578d96ef794ec64 (127.0.107.194). New cstate: current_term: 2 leader_uuid: "21444845d9d44eb39578d96ef794ec64" committed_config { opid_index: -1 OBSOLETE_local: false peers { permanent_uuid: "bab7fe493cfc45cc912d95fa2950437e" member_type: VOTER last_known_addr { host: "127.0.107.193" port: 45013 } health_report { overall_health: UNKNOWN } } peers { permanent_uuid: "21444845d9d44eb39578d96ef794ec64" member_type: VOTER last_known_addr { host: "127.0.107.194" port: 42363 } health_report { overall_health: HEALTHY } } peers { permanent_uuid: "5e8e60a5828d4187b6c459d08c411fc5" member_type: VOTER last_known_addr { host: "127.0.107.195" port: 39677 } health_report { overall_health: UNKNOWN } } }
I20260710 13:13:59.309142   886 raft_consensus.cc:993] T bc71cb8b8ad24bacb71a337aa7016988 P bab7fe493cfc45cc912d95fa2950437e: : Instructing follower 21444845d9d44eb39578d96ef794ec64 to start an election
I20260710 13:13:59.309917   909 raft_consensus.cc:1081] T bc71cb8b8ad24bacb71a337aa7016988 P bab7fe493cfc45cc912d95fa2950437e [term 2 LEADER]: Signalling peer 21444845d9d44eb39578d96ef794ec64 to start an election
I20260710 13:13:59.313398   640 tablet_service.cc:2044] Received Run Leader Election RPC: tablet_id: "bc71cb8b8ad24bacb71a337aa7016988"
dest_uuid: "21444845d9d44eb39578d96ef794ec64"
 from {username='slave'} at 127.0.0.1:56344
I20260710 13:13:59.314083   640 raft_consensus.cc:493] T bc71cb8b8ad24bacb71a337aa7016988 P 21444845d9d44eb39578d96ef794ec64 [term 2 FOLLOWER]: Starting forced leader election (received explicit request)
I20260710 13:13:59.314483   640 raft_consensus.cc:3060] T bc71cb8b8ad24bacb71a337aa7016988 P 21444845d9d44eb39578d96ef794ec64 [term 2 FOLLOWER]: Advancing to term 3
I20260710 13:13:59.323436   640 raft_consensus.cc:515] T bc71cb8b8ad24bacb71a337aa7016988 P 21444845d9d44eb39578d96ef794ec64 [term 3 FOLLOWER]: Starting forced leader election with config: opid_index: -1 OBSOLETE_local: false peers { permanent_uuid: "21444845d9d44eb39578d96ef794ec64" member_type: VOTER last_known_addr { host: "127.0.107.194" port: 42363 } } peers { permanent_uuid: "5e8e60a5828d4187b6c459d08c411fc5" member_type: VOTER last_known_addr { host: "127.0.107.195" port: 39677 } } peers { permanent_uuid: "bab7fe493cfc45cc912d95fa2950437e" member_type: VOTER last_known_addr { host: "127.0.107.193" port: 45013 } }
I20260710 13:13:59.325544   640 leader_election.cc:290] T bc71cb8b8ad24bacb71a337aa7016988 P 21444845d9d44eb39578d96ef794ec64 [CANDIDATE]: Term 3 election: Requested vote from peers 5e8e60a5828d4187b6c459d08c411fc5 (127.0.107.195:39677), bab7fe493cfc45cc912d95fa2950437e (127.0.107.193:45013)
I20260710 13:13:59.327811   713 tablet_service.cc:1917] Received RequestConsensusVote() RPC: tablet_id: "bc71cb8b8ad24bacb71a337aa7016988" candidate_uuid: "21444845d9d44eb39578d96ef794ec64" candidate_term: 3 candidate_status { last_received { term: 2 index: 2 } } ignore_live_leader: true dest_uuid: "5e8e60a5828d4187b6c459d08c411fc5"
I20260710 13:13:59.329229   891 raft_consensus.cc:993] T 8eaeb29309914d4ca60703bf28f10eb2 P 5e8e60a5828d4187b6c459d08c411fc5: : Instructing follower 21444845d9d44eb39578d96ef794ec64 to start an election
I20260710 13:13:59.329569   565 tablet_service.cc:1917] Received RequestConsensusVote() RPC: tablet_id: "bc71cb8b8ad24bacb71a337aa7016988" candidate_uuid: "21444845d9d44eb39578d96ef794ec64" candidate_term: 3 candidate_status { last_received { term: 2 index: 2 } } ignore_live_leader: true dest_uuid: "bab7fe493cfc45cc912d95fa2950437e"
I20260710 13:13:59.330236   565 raft_consensus.cc:3055] T bc71cb8b8ad24bacb71a337aa7016988 P bab7fe493cfc45cc912d95fa2950437e [term 2 LEADER]: Stepping down as leader of term 2
I20260710 13:13:59.328496   713 raft_consensus.cc:3060] T bc71cb8b8ad24bacb71a337aa7016988 P 5e8e60a5828d4187b6c459d08c411fc5 [term 2 FOLLOWER]: Advancing to term 3
I20260710 13:13:59.330709   565 raft_consensus.cc:740] T bc71cb8b8ad24bacb71a337aa7016988 P bab7fe493cfc45cc912d95fa2950437e [term 2 LEADER]: Becoming Follower/Learner. State: Replica: bab7fe493cfc45cc912d95fa2950437e, State: Running, Role: LEADER
I20260710 13:13:59.331597   565 consensus_queue.cc:260] T bc71cb8b8ad24bacb71a337aa7016988 P bab7fe493cfc45cc912d95fa2950437e [NON_LEADER]: Queue going to NON_LEADER mode. State: All replicated index: 0, Majority replicated index: 2, Committed index: 2, Last appended: 2.2, Last appended by leader: 2, Current term: 2, Majority size: -1, State: 0, Mode: NON_LEADER, active raft config: opid_index: -1 OBSOLETE_local: false peers { permanent_uuid: "21444845d9d44eb39578d96ef794ec64" member_type: VOTER last_known_addr { host: "127.0.107.194" port: 42363 } } peers { permanent_uuid: "5e8e60a5828d4187b6c459d08c411fc5" member_type: VOTER last_known_addr { host: "127.0.107.195" port: 39677 } } peers { permanent_uuid: "bab7fe493cfc45cc912d95fa2950437e" member_type: VOTER last_known_addr { host: "127.0.107.193" port: 45013 } }
I20260710 13:13:59.332887   565 raft_consensus.cc:3060] T bc71cb8b8ad24bacb71a337aa7016988 P bab7fe493cfc45cc912d95fa2950437e [term 2 FOLLOWER]: Advancing to term 3
I20260710 13:13:59.329746   891 raft_consensus.cc:1081] T 8eaeb29309914d4ca60703bf28f10eb2 P 5e8e60a5828d4187b6c459d08c411fc5 [term 3 LEADER]: Signalling peer 21444845d9d44eb39578d96ef794ec64 to start an election
I20260710 13:13:59.341708   565 raft_consensus.cc:2468] T bc71cb8b8ad24bacb71a337aa7016988 P bab7fe493cfc45cc912d95fa2950437e [term 3 FOLLOWER]: Leader election vote request: Granting yes vote for candidate 21444845d9d44eb39578d96ef794ec64 in term 3.
I20260710 13:13:59.342586   641 tablet_service.cc:2044] Received Run Leader Election RPC: tablet_id: "8eaeb29309914d4ca60703bf28f10eb2"
dest_uuid: "21444845d9d44eb39578d96ef794ec64"
 from {username='slave'} at 127.0.0.1:56354
I20260710 13:13:59.343258   641 raft_consensus.cc:493] T 8eaeb29309914d4ca60703bf28f10eb2 P 21444845d9d44eb39578d96ef794ec64 [term 3 FOLLOWER]: Starting forced leader election (received explicit request)
I20260710 13:13:59.343178   606 leader_election.cc:304] T bc71cb8b8ad24bacb71a337aa7016988 P 21444845d9d44eb39578d96ef794ec64 [CANDIDATE]: Term 3 election: Election decided. Result: candidate won. Election summary: received 2 responses out of 3 voters: 2 yes votes; 0 no votes. yes voters: 21444845d9d44eb39578d96ef794ec64, bab7fe493cfc45cc912d95fa2950437e; no voters: 
I20260710 13:13:59.343739   641 raft_consensus.cc:3060] T 8eaeb29309914d4ca60703bf28f10eb2 P 21444845d9d44eb39578d96ef794ec64 [term 3 FOLLOWER]: Advancing to term 4
I20260710 13:13:59.344362   908 raft_consensus.cc:2804] T bc71cb8b8ad24bacb71a337aa7016988 P 21444845d9d44eb39578d96ef794ec64 [term 3 FOLLOWER]: Leader election won for term 3
I20260710 13:13:59.345518   908 raft_consensus.cc:697] T bc71cb8b8ad24bacb71a337aa7016988 P 21444845d9d44eb39578d96ef794ec64 [term 3 LEADER]: Becoming Leader. State: Replica: 21444845d9d44eb39578d96ef794ec64, State: Running, Role: LEADER
I20260710 13:13:59.346414   908 consensus_queue.cc:237] T bc71cb8b8ad24bacb71a337aa7016988 P 21444845d9d44eb39578d96ef794ec64 [LEADER]: Queue going to LEADER mode. State: All replicated index: 0, Majority replicated index: 2, Committed index: 2, Last appended: 2.2, Last appended by leader: 2, Current term: 3, Majority size: 2, State: 0, Mode: LEADER, active raft config: opid_index: -1 OBSOLETE_local: false peers { permanent_uuid: "21444845d9d44eb39578d96ef794ec64" member_type: VOTER last_known_addr { host: "127.0.107.194" port: 42363 } } peers { permanent_uuid: "5e8e60a5828d4187b6c459d08c411fc5" member_type: VOTER last_known_addr { host: "127.0.107.195" port: 39677 } } peers { permanent_uuid: "bab7fe493cfc45cc912d95fa2950437e" member_type: VOTER last_known_addr { host: "127.0.107.193" port: 45013 } }
I20260710 13:13:59.353971   713 raft_consensus.cc:2468] T bc71cb8b8ad24bacb71a337aa7016988 P 5e8e60a5828d4187b6c459d08c411fc5 [term 3 FOLLOWER]: Leader election vote request: Granting yes vote for candidate 21444845d9d44eb39578d96ef794ec64 in term 3.
I20260710 13:13:59.357366   641 raft_consensus.cc:515] T 8eaeb29309914d4ca60703bf28f10eb2 P 21444845d9d44eb39578d96ef794ec64 [term 4 FOLLOWER]: Starting forced leader election with config: opid_index: -1 OBSOLETE_local: false peers { permanent_uuid: "bab7fe493cfc45cc912d95fa2950437e" member_type: VOTER last_known_addr { host: "127.0.107.193" port: 45013 } } peers { permanent_uuid: "21444845d9d44eb39578d96ef794ec64" member_type: VOTER last_known_addr { host: "127.0.107.194" port: 42363 } } peers { permanent_uuid: "5e8e60a5828d4187b6c459d08c411fc5" member_type: VOTER last_known_addr { host: "127.0.107.195" port: 39677 } }
I20260710 13:13:59.362363   565 tablet_service.cc:1917] Received RequestConsensusVote() RPC: tablet_id: "8eaeb29309914d4ca60703bf28f10eb2" candidate_uuid: "21444845d9d44eb39578d96ef794ec64" candidate_term: 4 candidate_status { last_received { term: 3 index: 3 } } ignore_live_leader: true dest_uuid: "bab7fe493cfc45cc912d95fa2950437e"
I20260710 13:13:59.362773   713 tablet_service.cc:1917] Received RequestConsensusVote() RPC: tablet_id: "8eaeb29309914d4ca60703bf28f10eb2" candidate_uuid: "21444845d9d44eb39578d96ef794ec64" candidate_term: 4 candidate_status { last_received { term: 3 index: 3 } } ignore_live_leader: true dest_uuid: "5e8e60a5828d4187b6c459d08c411fc5"
I20260710 13:13:59.363054   565 raft_consensus.cc:3060] T 8eaeb29309914d4ca60703bf28f10eb2 P bab7fe493cfc45cc912d95fa2950437e [term 3 FOLLOWER]: Advancing to term 4
I20260710 13:13:59.363643   713 raft_consensus.cc:3055] T 8eaeb29309914d4ca60703bf28f10eb2 P 5e8e60a5828d4187b6c459d08c411fc5 [term 3 LEADER]: Stepping down as leader of term 3
I20260710 13:13:59.364113   713 raft_consensus.cc:740] T 8eaeb29309914d4ca60703bf28f10eb2 P 5e8e60a5828d4187b6c459d08c411fc5 [term 3 LEADER]: Becoming Follower/Learner. State: Replica: 5e8e60a5828d4187b6c459d08c411fc5, State: Running, Role: LEADER
I20260710 13:13:59.365134   713 consensus_queue.cc:260] T 8eaeb29309914d4ca60703bf28f10eb2 P 5e8e60a5828d4187b6c459d08c411fc5 [NON_LEADER]: Queue going to NON_LEADER mode. State: All replicated index: 0, Majority replicated index: 3, Committed index: 3, Last appended: 3.3, Last appended by leader: 3, Current term: 3, Majority size: -1, State: 0, Mode: NON_LEADER, active raft config: opid_index: -1 OBSOLETE_local: false peers { permanent_uuid: "bab7fe493cfc45cc912d95fa2950437e" member_type: VOTER last_known_addr { host: "127.0.107.193" port: 45013 } } peers { permanent_uuid: "21444845d9d44eb39578d96ef794ec64" member_type: VOTER last_known_addr { host: "127.0.107.194" port: 42363 } } peers { permanent_uuid: "5e8e60a5828d4187b6c459d08c411fc5" member_type: VOTER last_known_addr { host: "127.0.107.195" port: 39677 } }
I20260710 13:13:59.366979   713 raft_consensus.cc:3060] T 8eaeb29309914d4ca60703bf28f10eb2 P 5e8e60a5828d4187b6c459d08c411fc5 [term 3 FOLLOWER]: Advancing to term 4
I20260710 13:13:59.370740   565 raft_consensus.cc:2468] T 8eaeb29309914d4ca60703bf28f10eb2 P bab7fe493cfc45cc912d95fa2950437e [term 4 FOLLOWER]: Leader election vote request: Granting yes vote for candidate 21444845d9d44eb39578d96ef794ec64 in term 4.
I20260710 13:13:59.366134   641 leader_election.cc:290] T 8eaeb29309914d4ca60703bf28f10eb2 P 21444845d9d44eb39578d96ef794ec64 [CANDIDATE]: Term 4 election: Requested vote from peers bab7fe493cfc45cc912d95fa2950437e (127.0.107.193:45013), 5e8e60a5828d4187b6c459d08c411fc5 (127.0.107.195:39677)
I20260710 13:13:59.372063   606 leader_election.cc:304] T 8eaeb29309914d4ca60703bf28f10eb2 P 21444845d9d44eb39578d96ef794ec64 [CANDIDATE]: Term 4 election: Election decided. Result: candidate won. Election summary: received 2 responses out of 3 voters: 2 yes votes; 0 no votes. yes voters: 21444845d9d44eb39578d96ef794ec64, bab7fe493cfc45cc912d95fa2950437e; no voters: 
I20260710 13:13:59.372987   853 raft_consensus.cc:2804] T 8eaeb29309914d4ca60703bf28f10eb2 P 21444845d9d44eb39578d96ef794ec64 [term 4 FOLLOWER]: Leader election won for term 4
I20260710 13:13:59.378940   713 raft_consensus.cc:2468] T 8eaeb29309914d4ca60703bf28f10eb2 P 5e8e60a5828d4187b6c459d08c411fc5 [term 4 FOLLOWER]: Leader election vote request: Granting yes vote for candidate 21444845d9d44eb39578d96ef794ec64 in term 4.
I20260710 13:13:59.385258   463 catalog_manager.cc:5697] T bc71cb8b8ad24bacb71a337aa7016988 P 21444845d9d44eb39578d96ef794ec64 reported cstate change: term changed from 2 to 3, leader changed from bab7fe493cfc45cc912d95fa2950437e (127.0.107.193) to 21444845d9d44eb39578d96ef794ec64 (127.0.107.194). New cstate: current_term: 3 leader_uuid: "21444845d9d44eb39578d96ef794ec64" committed_config { opid_index: -1 OBSOLETE_local: false peers { permanent_uuid: "21444845d9d44eb39578d96ef794ec64" member_type: VOTER last_known_addr { host: "127.0.107.194" port: 42363 } health_report { overall_health: HEALTHY } } peers { permanent_uuid: "5e8e60a5828d4187b6c459d08c411fc5" member_type: VOTER last_known_addr { host: "127.0.107.195" port: 39677 } health_report { overall_health: UNKNOWN } } peers { permanent_uuid: "bab7fe493cfc45cc912d95fa2950437e" member_type: VOTER last_known_addr { host: "127.0.107.193" port: 45013 } health_report { overall_health: UNKNOWN } } }
I20260710 13:13:59.391512   886 raft_consensus.cc:993] T 1e68325ac22248769aefb1fc21e8551d P bab7fe493cfc45cc912d95fa2950437e: : Instructing follower 21444845d9d44eb39578d96ef794ec64 to start an election
I20260710 13:13:59.392040   886 raft_consensus.cc:1081] T 1e68325ac22248769aefb1fc21e8551d P bab7fe493cfc45cc912d95fa2950437e [term 3 LEADER]: Signalling peer 21444845d9d44eb39578d96ef794ec64 to start an election
I20260710 13:13:59.396091   641 tablet_service.cc:2044] Received Run Leader Election RPC: tablet_id: "1e68325ac22248769aefb1fc21e8551d"
dest_uuid: "21444845d9d44eb39578d96ef794ec64"
 from {username='slave'} at 127.0.0.1:56344
I20260710 13:13:59.396755   641 raft_consensus.cc:493] T 1e68325ac22248769aefb1fc21e8551d P 21444845d9d44eb39578d96ef794ec64 [term 3 FOLLOWER]: Starting forced leader election (received explicit request)
I20260710 13:13:59.397176   641 raft_consensus.cc:3060] T 1e68325ac22248769aefb1fc21e8551d P 21444845d9d44eb39578d96ef794ec64 [term 3 FOLLOWER]: Advancing to term 4
I20260710 13:13:59.406510   853 raft_consensus.cc:697] T 8eaeb29309914d4ca60703bf28f10eb2 P 21444845d9d44eb39578d96ef794ec64 [term 4 LEADER]: Becoming Leader. State: Replica: 21444845d9d44eb39578d96ef794ec64, State: Running, Role: LEADER
I20260710 13:13:59.406713   641 raft_consensus.cc:515] T 1e68325ac22248769aefb1fc21e8551d P 21444845d9d44eb39578d96ef794ec64 [term 4 FOLLOWER]: Starting forced leader election with config: opid_index: -1 OBSOLETE_local: false peers { permanent_uuid: "bab7fe493cfc45cc912d95fa2950437e" member_type: VOTER last_known_addr { host: "127.0.107.193" port: 45013 } } peers { permanent_uuid: "21444845d9d44eb39578d96ef794ec64" member_type: VOTER last_known_addr { host: "127.0.107.194" port: 42363 } } peers { permanent_uuid: "5e8e60a5828d4187b6c459d08c411fc5" member_type: VOTER last_known_addr { host: "127.0.107.195" port: 39677 } }
I20260710 13:13:59.407582   853 consensus_queue.cc:237] T 8eaeb29309914d4ca60703bf28f10eb2 P 21444845d9d44eb39578d96ef794ec64 [LEADER]: Queue going to LEADER mode. State: All replicated index: 0, Majority replicated index: 3, Committed index: 3, Last appended: 3.3, Last appended by leader: 3, Current term: 4, Majority size: 2, State: 0, Mode: LEADER, active raft config: opid_index: -1 OBSOLETE_local: false peers { permanent_uuid: "bab7fe493cfc45cc912d95fa2950437e" member_type: VOTER last_known_addr { host: "127.0.107.193" port: 45013 } } peers { permanent_uuid: "21444845d9d44eb39578d96ef794ec64" member_type: VOTER last_known_addr { host: "127.0.107.194" port: 42363 } } peers { permanent_uuid: "5e8e60a5828d4187b6c459d08c411fc5" member_type: VOTER last_known_addr { host: "127.0.107.195" port: 39677 } }
I20260710 13:13:59.410709   565 tablet_service.cc:1917] Received RequestConsensusVote() RPC: tablet_id: "1e68325ac22248769aefb1fc21e8551d" candidate_uuid: "21444845d9d44eb39578d96ef794ec64" candidate_term: 4 candidate_status { last_received { term: 3 index: 2 } } ignore_live_leader: true dest_uuid: "bab7fe493cfc45cc912d95fa2950437e"
I20260710 13:13:59.413335   565 raft_consensus.cc:3055] T 1e68325ac22248769aefb1fc21e8551d P bab7fe493cfc45cc912d95fa2950437e [term 3 LEADER]: Stepping down as leader of term 3
I20260710 13:13:59.413714   565 raft_consensus.cc:740] T 1e68325ac22248769aefb1fc21e8551d P bab7fe493cfc45cc912d95fa2950437e [term 3 LEADER]: Becoming Follower/Learner. State: Replica: bab7fe493cfc45cc912d95fa2950437e, State: Running, Role: LEADER
I20260710 13:13:59.414597   565 consensus_queue.cc:260] T 1e68325ac22248769aefb1fc21e8551d P bab7fe493cfc45cc912d95fa2950437e [NON_LEADER]: Queue going to NON_LEADER mode. State: All replicated index: 0, Majority replicated index: 2, Committed index: 2, Last appended: 3.2, Last appended by leader: 2, Current term: 3, Majority size: -1, State: 0, Mode: NON_LEADER, active raft config: opid_index: -1 OBSOLETE_local: false peers { permanent_uuid: "bab7fe493cfc45cc912d95fa2950437e" member_type: VOTER last_known_addr { host: "127.0.107.193" port: 45013 } } peers { permanent_uuid: "21444845d9d44eb39578d96ef794ec64" member_type: VOTER last_known_addr { host: "127.0.107.194" port: 42363 } } peers { permanent_uuid: "5e8e60a5828d4187b6c459d08c411fc5" member_type: VOTER last_known_addr { host: "127.0.107.195" port: 39677 } }
I20260710 13:13:59.415277   713 tablet_service.cc:1917] Received RequestConsensusVote() RPC: tablet_id: "1e68325ac22248769aefb1fc21e8551d" candidate_uuid: "21444845d9d44eb39578d96ef794ec64" candidate_term: 4 candidate_status { last_received { term: 3 index: 2 } } ignore_live_leader: true dest_uuid: "5e8e60a5828d4187b6c459d08c411fc5"
I20260710 13:13:59.415680   565 raft_consensus.cc:3060] T 1e68325ac22248769aefb1fc21e8551d P bab7fe493cfc45cc912d95fa2950437e [term 3 FOLLOWER]: Advancing to term 4
I20260710 13:13:59.415853   713 raft_consensus.cc:3060] T 1e68325ac22248769aefb1fc21e8551d P 5e8e60a5828d4187b6c459d08c411fc5 [term 3 FOLLOWER]: Advancing to term 4
I20260710 13:13:59.416074   463 catalog_manager.cc:5697] T 8eaeb29309914d4ca60703bf28f10eb2 P 21444845d9d44eb39578d96ef794ec64 reported cstate change: term changed from 3 to 4, leader changed from 5e8e60a5828d4187b6c459d08c411fc5 (127.0.107.195) to 21444845d9d44eb39578d96ef794ec64 (127.0.107.194). New cstate: current_term: 4 leader_uuid: "21444845d9d44eb39578d96ef794ec64" committed_config { opid_index: -1 OBSOLETE_local: false peers { permanent_uuid: "bab7fe493cfc45cc912d95fa2950437e" member_type: VOTER last_known_addr { host: "127.0.107.193" port: 45013 } health_report { overall_health: UNKNOWN } } peers { permanent_uuid: "21444845d9d44eb39578d96ef794ec64" member_type: VOTER last_known_addr { host: "127.0.107.194" port: 42363 } health_report { overall_health: HEALTHY } } peers { permanent_uuid: "5e8e60a5828d4187b6c459d08c411fc5" member_type: VOTER last_known_addr { host: "127.0.107.195" port: 39677 } health_report { overall_health: UNKNOWN } } }
I20260710 13:13:59.430797   565 raft_consensus.cc:2468] T 1e68325ac22248769aefb1fc21e8551d P bab7fe493cfc45cc912d95fa2950437e [term 4 FOLLOWER]: Leader election vote request: Granting yes vote for candidate 21444845d9d44eb39578d96ef794ec64 in term 4.
I20260710 13:13:59.432070   606 leader_election.cc:304] T 1e68325ac22248769aefb1fc21e8551d P 21444845d9d44eb39578d96ef794ec64 [CANDIDATE]: Term 4 election: Election decided. Result: candidate won. Election summary: received 2 responses out of 3 voters: 2 yes votes; 0 no votes. yes voters: 21444845d9d44eb39578d96ef794ec64, bab7fe493cfc45cc912d95fa2950437e; no voters: 
I20260710 13:13:59.433027   853 raft_consensus.cc:2804] T 1e68325ac22248769aefb1fc21e8551d P 21444845d9d44eb39578d96ef794ec64 [term 4 FOLLOWER]: Leader election won for term 4
I20260710 13:13:59.433974   853 raft_consensus.cc:697] T 1e68325ac22248769aefb1fc21e8551d P 21444845d9d44eb39578d96ef794ec64 [term 4 LEADER]: Becoming Leader. State: Replica: 21444845d9d44eb39578d96ef794ec64, State: Running, Role: LEADER
