I20260710 13:17:13.358546  2122 raft_consensus.cc:2955] T 0d2891def0fa4dada77f5c0112cc241f P 8da5552c96ba4d268ab8a251bd388b7e [term 1 LEADER]: Committing config change with OpId 1.4: config changed from index 3 to 4, VOTER 94586a933f564f86933166f64e43fefe (127.0.107.194) evicted. New config: { opid_index: 4 OBSOLETE_local: false peers { permanent_uuid: "8da5552c96ba4d268ab8a251bd388b7e" member_type: VOTER last_known_addr { host: "127.0.107.193" port: 46649 } } peers { permanent_uuid: "2cd5cd9070434cee9f362e88b35b9ff8" member_type: VOTER last_known_addr { host: "127.0.107.195" port: 33227 } } peers { permanent_uuid: "c011709062df445fae25034dcfc875b3" member_type: VOTER last_known_addr { host: "127.0.107.196" port: 46359 } attrs { promote: false } } }
I20260710 13:17:13.360342  1662 tablet_service.cc:1558] Processing DeleteTablet for tablet 24d99c1613d44610a2f4ae5c08054765 with delete_type TABLET_DATA_TOMBSTONED (TS 2cd5cd9070434cee9f362e88b35b9ff8 not found in new config with opid_index 4) from {username='slave'} at 127.0.0.1:42064
I20260710 13:17:13.365067  2117 raft_consensus.cc:1064] T d7d9b3a364424766952f29299d1f1b5f P 94586a933f564f86933166f64e43fefe: attempting to promote NON_VOTER c011709062df445fae25034dcfc875b3 to VOTER
I20260710 13:17:13.366634  1948 raft_consensus.cc:2955] T 0d2891def0fa4dada77f5c0112cc241f P c011709062df445fae25034dcfc875b3 [term 1 FOLLOWER]: Committing config change with OpId 1.4: config changed from index 3 to 4, VOTER 94586a933f564f86933166f64e43fefe (127.0.107.194) evicted. New config: { opid_index: 4 OBSOLETE_local: false peers { permanent_uuid: "8da5552c96ba4d268ab8a251bd388b7e" member_type: VOTER last_known_addr { host: "127.0.107.193" port: 46649 } } peers { permanent_uuid: "2cd5cd9070434cee9f362e88b35b9ff8" member_type: VOTER last_known_addr { host: "127.0.107.195" port: 33227 } } peers { permanent_uuid: "c011709062df445fae25034dcfc875b3" member_type: VOTER last_known_addr { host: "127.0.107.196" port: 46359 } attrs { promote: false } } }
I20260710 13:17:13.367556  2117 consensus_queue.cc:237] T d7d9b3a364424766952f29299d1f1b5f P 94586a933f564f86933166f64e43fefe [LEADER]: Queue going to LEADER mode. State: All replicated index: 0, Majority replicated index: 2, Committed index: 2, Last appended: 1.2, Last appended by leader: 0, Current term: 1, Majority size: 3, State: 0, Mode: LEADER, active raft config: opid_index: 3 OBSOLETE_local: false peers { permanent_uuid: "8da5552c96ba4d268ab8a251bd388b7e" member_type: VOTER last_known_addr { host: "127.0.107.193" port: 46649 } } peers { permanent_uuid: "94586a933f564f86933166f64e43fefe" member_type: VOTER last_known_addr { host: "127.0.107.194" port: 36105 } } peers { permanent_uuid: "2cd5cd9070434cee9f362e88b35b9ff8" member_type: VOTER last_known_addr { host: "127.0.107.195" port: 33227 } attrs { replace: true } } peers { permanent_uuid: "c011709062df445fae25034dcfc875b3" member_type: VOTER last_known_addr { host: "127.0.107.196" port: 46359 } attrs { promote: false } }
I20260710 13:17:13.369726  1413 catalog_manager.cc:5210] ChangeConfig:REMOVE_PEER RPC for tablet 0d2891def0fa4dada77f5c0112cc241f with cas_config_opid_index 3: ChangeConfig:REMOVE_PEER succeeded (attempt 1)
I20260710 13:17:13.370527  1671 raft_consensus.cc:2955] T 0d2891def0fa4dada77f5c0112cc241f P 2cd5cd9070434cee9f362e88b35b9ff8 [term 1 FOLLOWER]: Committing config change with OpId 1.4: config changed from index 3 to 4, VOTER 94586a933f564f86933166f64e43fefe (127.0.107.194) evicted. New config: { opid_index: 4 OBSOLETE_local: false peers { permanent_uuid: "8da5552c96ba4d268ab8a251bd388b7e" member_type: VOTER last_known_addr { host: "127.0.107.193" port: 46649 } } peers { permanent_uuid: "2cd5cd9070434cee9f362e88b35b9ff8" member_type: VOTER last_known_addr { host: "127.0.107.195" port: 33227 } } peers { permanent_uuid: "c011709062df445fae25034dcfc875b3" member_type: VOTER last_known_addr { host: "127.0.107.196" port: 46359 } attrs { promote: false } } }
I20260710 13:17:13.382212  1423 catalog_manager.cc:5697] T 0d2891def0fa4dada77f5c0112cc241f P 8da5552c96ba4d268ab8a251bd388b7e reported cstate change: config changed from index 3 to 4, VOTER 94586a933f564f86933166f64e43fefe (127.0.107.194) evicted. New cstate: current_term: 1 leader_uuid: "8da5552c96ba4d268ab8a251bd388b7e" committed_config { opid_index: 4 OBSOLETE_local: false peers { permanent_uuid: "8da5552c96ba4d268ab8a251bd388b7e" member_type: VOTER last_known_addr { host: "127.0.107.193" port: 46649 } health_report { overall_health: HEALTHY } } peers { permanent_uuid: "2cd5cd9070434cee9f362e88b35b9ff8" member_type: VOTER last_known_addr { host: "127.0.107.195" port: 33227 } health_report { overall_health: HEALTHY } } peers { permanent_uuid: "c011709062df445fae25034dcfc875b3" member_type: VOTER last_known_addr { host: "127.0.107.196" port: 46359 } attrs { promote: false } health_report { overall_health: HEALTHY } } }
I20260710 13:17:13.398540  2127 tablet_replica.cc:333] T 24d99c1613d44610a2f4ae5c08054765 P 2cd5cd9070434cee9f362e88b35b9ff8: stopping tablet replica
I20260710 13:17:13.401625  1671 raft_consensus.cc:1275] T d7d9b3a364424766952f29299d1f1b5f P 2cd5cd9070434cee9f362e88b35b9ff8 [term 1 FOLLOWER]: Refusing update from remote peer 94586a933f564f86933166f64e43fefe: Log matching property violated. Preceding OpId in replica: term: 1 index: 2. Preceding OpId from leader: term: 1 index: 3. (index mismatch)
I20260710 13:17:13.403079  2127 raft_consensus.cc:2243] T 24d99c1613d44610a2f4ae5c08054765 P 2cd5cd9070434cee9f362e88b35b9ff8 [term 1 FOLLOWER]: Raft consensus shutting down.
I20260710 13:17:13.403431  2104 consensus_queue.cc:1048] T d7d9b3a364424766952f29299d1f1b5f P 94586a933f564f86933166f64e43fefe [LEADER]: Connected to new peer: Peer: permanent_uuid: "2cd5cd9070434cee9f362e88b35b9ff8" member_type: VOTER last_known_addr { host: "127.0.107.195" port: 33227 } attrs { replace: true }, Status: LMP_MISMATCH, Last received: 0.0, Next index: 3, Last known committed idx: 2, Time since last communication: 0.000s
I20260710 13:17:13.403885  2127 raft_consensus.cc:2272] T 24d99c1613d44610a2f4ae5c08054765 P 2cd5cd9070434cee9f362e88b35b9ff8 [term 1 FOLLOWER]: Raft consensus is shut down!
I20260710 13:17:13.405661  1528 raft_consensus.cc:1275] T d7d9b3a364424766952f29299d1f1b5f P 8da5552c96ba4d268ab8a251bd388b7e [term 1 FOLLOWER]: Refusing update from remote peer 94586a933f564f86933166f64e43fefe: Log matching property violated. Preceding OpId in replica: term: 1 index: 2. Preceding OpId from leader: term: 1 index: 3. (index mismatch)
I20260710 13:17:13.407135  2055 consensus_queue.cc:1048] T d7d9b3a364424766952f29299d1f1b5f P 94586a933f564f86933166f64e43fefe [LEADER]: Connected to new peer: Peer: permanent_uuid: "8da5552c96ba4d268ab8a251bd388b7e" member_type: VOTER last_known_addr { host: "127.0.107.193" port: 46649 }, Status: LMP_MISMATCH, Last received: 0.0, Next index: 3, Last known committed idx: 2, Time since last communication: 0.000s
I20260710 13:17:13.408798  2127 ts_tablet_manager.cc:1916] T 24d99c1613d44610a2f4ae5c08054765 P 2cd5cd9070434cee9f362e88b35b9ff8: Deleting tablet data with delete state TABLET_DATA_TOMBSTONED
I20260710 13:17:13.413937  1948 raft_consensus.cc:1275] T d7d9b3a364424766952f29299d1f1b5f P c011709062df445fae25034dcfc875b3 [term 1 LEARNER]: Refusing update from remote peer 94586a933f564f86933166f64e43fefe: Log matching property violated. Preceding OpId in replica: term: 1 index: 2. Preceding OpId from leader: term: 1 index: 3. (index mismatch)
I20260710 13:17:13.415776  2055 consensus_queue.cc:1048] T d7d9b3a364424766952f29299d1f1b5f P 94586a933f564f86933166f64e43fefe [LEADER]: Connected to new peer: Peer: permanent_uuid: "c011709062df445fae25034dcfc875b3" member_type: VOTER last_known_addr { host: "127.0.107.196" port: 46359 } attrs { promote: false }, Status: LMP_MISMATCH, Last received: 0.0, Next index: 3, Last known committed idx: 2, Time since last communication: 0.001s
I20260710 13:17:13.417661  1586 tablet_service.cc:1558] Processing DeleteTablet for tablet 0d2891def0fa4dada77f5c0112cc241f with delete_type TABLET_DATA_TOMBSTONED (TS 94586a933f564f86933166f64e43fefe not found in new config with opid_index 4) from {username='slave'} at 127.0.0.1:47640
I20260710 13:17:13.431761  2131 tablet_replica.cc:333] T 0d2891def0fa4dada77f5c0112cc241f P 94586a933f564f86933166f64e43fefe: stopping tablet replica
I20260710 13:17:13.432736  2131 raft_consensus.cc:2243] T 0d2891def0fa4dada77f5c0112cc241f P 94586a933f564f86933166f64e43fefe [term 1 FOLLOWER]: Raft consensus shutting down.
I20260710 13:17:13.432055  2117 raft_consensus.cc:2955] T d7d9b3a364424766952f29299d1f1b5f P 94586a933f564f86933166f64e43fefe [term 1 LEADER]: Committing config change with OpId 1.3: config changed from index 2 to 3, c011709062df445fae25034dcfc875b3 (127.0.107.196) changed from NON_VOTER to VOTER. New config: { opid_index: 3 OBSOLETE_local: false peers { permanent_uuid: "8da5552c96ba4d268ab8a251bd388b7e" member_type: VOTER last_known_addr { host: "127.0.107.193" port: 46649 } } peers { permanent_uuid: "94586a933f564f86933166f64e43fefe" member_type: VOTER last_known_addr { host: "127.0.107.194" port: 36105 } } peers { permanent_uuid: "2cd5cd9070434cee9f362e88b35b9ff8" member_type: VOTER last_known_addr { host: "127.0.107.195" port: 33227 } attrs { replace: true } } peers { permanent_uuid: "c011709062df445fae25034dcfc875b3" member_type: VOTER last_known_addr { host: "127.0.107.196" port: 46359 } attrs { promote: false } } }
I20260710 13:17:13.433626  2127 ts_tablet_manager.cc:1929] T 24d99c1613d44610a2f4ae5c08054765 P 2cd5cd9070434cee9f362e88b35b9ff8: tablet deleted with delete type TABLET_DATA_TOMBSTONED: last-logged OpId 1.3
I20260710 13:17:13.434034  2127 log.cc:1199] T 24d99c1613d44610a2f4ae5c08054765 P 2cd5cd9070434cee9f362e88b35b9ff8: Deleting WAL directory at /tmp/dist-test-taskWTuPKQ/test-tmp/auto_leader_rebalancer-test.0.LeaderRebalancerTest.AddTserver.1783689398663415-431-0/minicluster-data/ts-2-root/wals/24d99c1613d44610a2f4ae5c08054765
I20260710 13:17:13.435958  1411 catalog_manager.cc:5028] TS 2cd5cd9070434cee9f362e88b35b9ff8 (127.0.107.195:33227): tablet 24d99c1613d44610a2f4ae5c08054765 (table test-workload [id=e4a394e46e1143a99255e21017e72b54]) successfully deleted
I20260710 13:17:13.434327  1671 raft_consensus.cc:2955] T d7d9b3a364424766952f29299d1f1b5f P 2cd5cd9070434cee9f362e88b35b9ff8 [term 1 FOLLOWER]: Committing config change with OpId 1.3: config changed from index 2 to 3, c011709062df445fae25034dcfc875b3 (127.0.107.196) changed from NON_VOTER to VOTER. New config: { opid_index: 3 OBSOLETE_local: false peers { permanent_uuid: "8da5552c96ba4d268ab8a251bd388b7e" member_type: VOTER last_known_addr { host: "127.0.107.193" port: 46649 } } peers { permanent_uuid: "94586a933f564f86933166f64e43fefe" member_type: VOTER last_known_addr { host: "127.0.107.194" port: 36105 } } peers { permanent_uuid: "2cd5cd9070434cee9f362e88b35b9ff8" member_type: VOTER last_known_addr { host: "127.0.107.195" port: 33227 } attrs { replace: true } } peers { permanent_uuid: "c011709062df445fae25034dcfc875b3" member_type: VOTER last_known_addr { host: "127.0.107.196" port: 46359 } attrs { promote: false } } }
I20260710 13:17:13.433252  2131 pending_rounds.cc:70] T 0d2891def0fa4dada77f5c0112cc241f P 94586a933f564f86933166f64e43fefe: Trying to abort 1 pending ops.
I20260710 13:17:13.437820  2131 pending_rounds.cc:77] T 0d2891def0fa4dada77f5c0112cc241f P 94586a933f564f86933166f64e43fefe: Aborting op as it isn't in flight: id { term: 1 index: 3 } timestamp: 7305991918404972544 op_type: CHANGE_CONFIG_OP change_config_record { tablet_id: "0d2891def0fa4dada77f5c0112cc241f" old_config { opid_index: 2 OBSOLETE_local: false peers { permanent_uuid: "8da5552c96ba4d268ab8a251bd388b7e" member_type: VOTER last_known_addr { host: "127.0.107.193" port: 46649 } } peers { permanent_uuid: "94586a933f564f86933166f64e43fefe" member_type: VOTER last_known_addr { host: "127.0.107.194" port: 36105 } attrs { replace: true } } peers { permanent_uuid: "2cd5cd9070434cee9f362e88b35b9ff8" member_type: VOTER last_known_addr { host: "127.0.107.195" port: 33227 } } peers { permanent_uuid: "c011709062df445fae25034dcfc875b3" member_type: NON_VOTER last_known_addr { host: "127.0.107.196" port: 46359 } attrs { promote: true } } } new_config { opid_index: 3 OBSOLETE_local: false peers { permanent_uuid: "8da5552c96ba4d268ab8a251bd388b7e" member_type: VOTER last_known_addr { host: "127.0.107.193" port: 46649 } } peers { permanent_uuid: "94586a933f564f86933166f64e43fefe" member_type: VOTER last_known_addr { host: "127.0.107.194" port: 36105 } attrs { replace: true } } peers { permanent_uuid: "2cd5cd9070434cee9f362e88b35b9ff8" member_type: VOTER last_known_addr { host: "127.0.107.195" port: 33227 } } peers { permanent_uuid: "c011709062df445fae25034dcfc875b3" member_type: VOTER last_known_addr { host: "127.0.107.196" port: 46359 } attrs { promote: false } } } }
I20260710 13:17:13.439139  2131 raft_consensus.cc:2917] T 0d2891def0fa4dada77f5c0112cc241f P 94586a933f564f86933166f64e43fefe [term 1 FOLLOWER]: Aborting config change with OpId 1.3: Aborted: Op aborted
I20260710 13:17:13.439539  2131 raft_consensus.cc:2889] T 0d2891def0fa4dada77f5c0112cc241f P 94586a933f564f86933166f64e43fefe [term 1 FOLLOWER]: CHANGE_CONFIG_OP replication failed: Aborted: Op aborted
I20260710 13:17:13.439889  2131 raft_consensus.cc:2272] T 0d2891def0fa4dada77f5c0112cc241f P 94586a933f564f86933166f64e43fefe [term 1 FOLLOWER]: Raft consensus is shut down!
I20260710 13:17:13.444960  2131 ts_tablet_manager.cc:1916] T 0d2891def0fa4dada77f5c0112cc241f P 94586a933f564f86933166f64e43fefe: Deleting tablet data with delete state TABLET_DATA_TOMBSTONED
I20260710 13:17:13.447582  1948 raft_consensus.cc:2955] T d7d9b3a364424766952f29299d1f1b5f P c011709062df445fae25034dcfc875b3 [term 1 FOLLOWER]: Committing config change with OpId 1.3: config changed from index 2 to 3, c011709062df445fae25034dcfc875b3 (127.0.107.196) changed from NON_VOTER to VOTER. New config: { opid_index: 3 OBSOLETE_local: false peers { permanent_uuid: "8da5552c96ba4d268ab8a251bd388b7e" member_type: VOTER last_known_addr { host: "127.0.107.193" port: 46649 } } peers { permanent_uuid: "94586a933f564f86933166f64e43fefe" member_type: VOTER last_known_addr { host: "127.0.107.194" port: 36105 } } peers { permanent_uuid: "2cd5cd9070434cee9f362e88b35b9ff8" member_type: VOTER last_known_addr { host: "127.0.107.195" port: 33227 } attrs { replace: true } } peers { permanent_uuid: "c011709062df445fae25034dcfc875b3" member_type: VOTER last_known_addr { host: "127.0.107.196" port: 46359 } attrs { promote: false } } }
I20260710 13:17:13.454643  1528 raft_consensus.cc:2955] T d7d9b3a364424766952f29299d1f1b5f P 8da5552c96ba4d268ab8a251bd388b7e [term 1 FOLLOWER]: Committing config change with OpId 1.3: config changed from index 2 to 3, c011709062df445fae25034dcfc875b3 (127.0.107.196) changed from NON_VOTER to VOTER. New config: { opid_index: 3 OBSOLETE_local: false peers { permanent_uuid: "8da5552c96ba4d268ab8a251bd388b7e" member_type: VOTER last_known_addr { host: "127.0.107.193" port: 46649 } } peers { permanent_uuid: "94586a933f564f86933166f64e43fefe" member_type: VOTER last_known_addr { host: "127.0.107.194" port: 36105 } } peers { permanent_uuid: "2cd5cd9070434cee9f362e88b35b9ff8" member_type: VOTER last_known_addr { host: "127.0.107.195" port: 33227 } attrs { replace: true } } peers { permanent_uuid: "c011709062df445fae25034dcfc875b3" member_type: VOTER last_known_addr { host: "127.0.107.196" port: 46359 } attrs { promote: false } } }
I20260710 13:17:13.461439  2131 ts_tablet_manager.cc:1929] T 0d2891def0fa4dada77f5c0112cc241f P 94586a933f564f86933166f64e43fefe: tablet deleted with delete type TABLET_DATA_TOMBSTONED: last-logged OpId 1.3
I20260710 13:17:13.461969  2131 log.cc:1199] T 0d2891def0fa4dada77f5c0112cc241f P 94586a933f564f86933166f64e43fefe: Deleting WAL directory at /tmp/dist-test-taskWTuPKQ/test-tmp/auto_leader_rebalancer-test.0.LeaderRebalancerTest.AddTserver.1783689398663415-431-0/minicluster-data/ts-1-root/wals/0d2891def0fa4dada77f5c0112cc241f
I20260710 13:17:13.464020  1410 catalog_manager.cc:5028] TS 94586a933f564f86933166f64e43fefe (127.0.107.194:36105): tablet 0d2891def0fa4dada77f5c0112cc241f (table test-workload [id=e4a394e46e1143a99255e21017e72b54]) successfully deleted
I20260710 13:17:13.470858  1426 catalog_manager.cc:5697] T d7d9b3a364424766952f29299d1f1b5f P c011709062df445fae25034dcfc875b3 reported cstate change: config changed from index 2 to 3, c011709062df445fae25034dcfc875b3 (127.0.107.196) changed from NON_VOTER to VOTER. New cstate: current_term: 1 leader_uuid: "94586a933f564f86933166f64e43fefe" committed_config { opid_index: 3 OBSOLETE_local: false peers { permanent_uuid: "8da5552c96ba4d268ab8a251bd388b7e" member_type: VOTER last_known_addr { host: "127.0.107.193" port: 46649 } } peers { permanent_uuid: "94586a933f564f86933166f64e43fefe" member_type: VOTER last_known_addr { host: "127.0.107.194" port: 36105 } } peers { permanent_uuid: "2cd5cd9070434cee9f362e88b35b9ff8" member_type: VOTER last_known_addr { host: "127.0.107.195" port: 33227 } attrs { replace: true } } peers { permanent_uuid: "c011709062df445fae25034dcfc875b3" member_type: VOTER last_known_addr { host: "127.0.107.196" port: 46359 } attrs { promote: false } } }
I20260710 13:17:13.483912  1602 consensus_queue.cc:237] T d7d9b3a364424766952f29299d1f1b5f P 94586a933f564f86933166f64e43fefe [LEADER]: Queue going to LEADER mode. State: All replicated index: 0, Majority replicated index: 3, Committed index: 3, Last appended: 1.3, Last appended by leader: 0, Current term: 1, Majority size: 2, State: 0, Mode: LEADER, active raft config: opid_index: 4 OBSOLETE_local: false peers { permanent_uuid: "8da5552c96ba4d268ab8a251bd388b7e" member_type: VOTER last_known_addr { host: "127.0.107.193" port: 46649 } } peers { permanent_uuid: "94586a933f564f86933166f64e43fefe" member_type: VOTER last_known_addr { host: "127.0.107.194" port: 36105 } } peers { permanent_uuid: "c011709062df445fae25034dcfc875b3" member_type: VOTER last_known_addr { host: "127.0.107.196" port: 46359 } attrs { promote: false } }
I20260710 13:17:13.488660  1948 raft_consensus.cc:1275] T d7d9b3a364424766952f29299d1f1b5f P c011709062df445fae25034dcfc875b3 [term 1 FOLLOWER]: Refusing update from remote peer 94586a933f564f86933166f64e43fefe: Log matching property violated. Preceding OpId in replica: term: 1 index: 3. Preceding OpId from leader: term: 1 index: 4. (index mismatch)
I20260710 13:17:13.489804  2076 consensus_queue.cc:1048] T d7d9b3a364424766952f29299d1f1b5f P 94586a933f564f86933166f64e43fefe [LEADER]: Connected to new peer: Peer: permanent_uuid: "c011709062df445fae25034dcfc875b3" member_type: VOTER last_known_addr { host: "127.0.107.196" port: 46359 } attrs { promote: false }, Status: LMP_MISMATCH, Last received: 0.0, Next index: 4, Last known committed idx: 3, Time since last communication: 0.000s
I20260710 13:17:13.490720  1528 raft_consensus.cc:1275] T d7d9b3a364424766952f29299d1f1b5f P 8da5552c96ba4d268ab8a251bd388b7e [term 1 FOLLOWER]: Refusing update from remote peer 94586a933f564f86933166f64e43fefe: Log matching property violated. Preceding OpId in replica: term: 1 index: 3. Preceding OpId from leader: term: 1 index: 4. (index mismatch)
I20260710 13:17:13.491966  2076 consensus_queue.cc:1048] T d7d9b3a364424766952f29299d1f1b5f P 94586a933f564f86933166f64e43fefe [LEADER]: Connected to new peer: Peer: permanent_uuid: "8da5552c96ba4d268ab8a251bd388b7e" member_type: VOTER last_known_addr { host: "127.0.107.193" port: 46649 }, Status: LMP_MISMATCH, Last received: 0.0, Next index: 4, Last known committed idx: 3, Time since last communication: 0.000s
I20260710 13:17:13.497269  2117 raft_consensus.cc:2955] T d7d9b3a364424766952f29299d1f1b5f P 94586a933f564f86933166f64e43fefe [term 1 LEADER]: Committing config change with OpId 1.4: config changed from index 3 to 4, VOTER 2cd5cd9070434cee9f362e88b35b9ff8 (127.0.107.195) evicted. New config: { opid_index: 4 OBSOLETE_local: false peers { permanent_uuid: "8da5552c96ba4d268ab8a251bd388b7e" member_type: VOTER last_known_addr { host: "127.0.107.193" port: 46649 } } peers { permanent_uuid: "94586a933f564f86933166f64e43fefe" member_type: VOTER last_known_addr { host: "127.0.107.194" port: 36105 } } peers { permanent_uuid: "c011709062df445fae25034dcfc875b3" member_type: VOTER last_known_addr { host: "127.0.107.196" port: 46359 } attrs { promote: false } } }
I20260710 13:17:13.502241  1948 raft_consensus.cc:2955] T d7d9b3a364424766952f29299d1f1b5f P c011709062df445fae25034dcfc875b3 [term 1 FOLLOWER]: Committing config change with OpId 1.4: config changed from index 3 to 4, VOTER 2cd5cd9070434cee9f362e88b35b9ff8 (127.0.107.195) evicted. New config: { opid_index: 4 OBSOLETE_local: false peers { permanent_uuid: "8da5552c96ba4d268ab8a251bd388b7e" member_type: VOTER last_known_addr { host: "127.0.107.193" port: 46649 } } peers { permanent_uuid: "94586a933f564f86933166f64e43fefe" member_type: VOTER last_known_addr { host: "127.0.107.194" port: 36105 } } peers { permanent_uuid: "c011709062df445fae25034dcfc875b3" member_type: VOTER last_known_addr { host: "127.0.107.196" port: 46359 } attrs { promote: false } } }
I20260710 13:17:13.505062  1528 raft_consensus.cc:2955] T d7d9b3a364424766952f29299d1f1b5f P 8da5552c96ba4d268ab8a251bd388b7e [term 1 FOLLOWER]: Committing config change with OpId 1.4: config changed from index 3 to 4, VOTER 2cd5cd9070434cee9f362e88b35b9ff8 (127.0.107.195) evicted. New config: { opid_index: 4 OBSOLETE_local: false peers { permanent_uuid: "8da5552c96ba4d268ab8a251bd388b7e" member_type: VOTER last_known_addr { host: "127.0.107.193" port: 46649 } } peers { permanent_uuid: "94586a933f564f86933166f64e43fefe" member_type: VOTER last_known_addr { host: "127.0.107.194" port: 36105 } } peers { permanent_uuid: "c011709062df445fae25034dcfc875b3" member_type: VOTER last_known_addr { host: "127.0.107.196" port: 46359 } attrs { promote: false } } }
I20260710 13:17:13.514221  1422 catalog_manager.cc:5697] T d7d9b3a364424766952f29299d1f1b5f P c011709062df445fae25034dcfc875b3 reported cstate change: config changed from index 3 to 4, VOTER 2cd5cd9070434cee9f362e88b35b9ff8 (127.0.107.195) evicted. New cstate: current_term: 1 leader_uuid: "94586a933f564f86933166f64e43fefe" committed_config { opid_index: 4 OBSOLETE_local: false peers { permanent_uuid: "8da5552c96ba4d268ab8a251bd388b7e" member_type: VOTER last_known_addr { host: "127.0.107.193" port: 46649 } } peers { permanent_uuid: "94586a933f564f86933166f64e43fefe" member_type: VOTER last_known_addr { host: "127.0.107.194" port: 36105 } } peers { permanent_uuid: "c011709062df445fae25034dcfc875b3" member_type: VOTER last_known_addr { host: "127.0.107.196" port: 46359 } attrs { promote: false } } }
I20260710 13:17:13.517040  1410 catalog_manager.cc:5210] ChangeConfig:REMOVE_PEER RPC for tablet d7d9b3a364424766952f29299d1f1b5f with cas_config_opid_index 3: ChangeConfig:REMOVE_PEER succeeded (attempt 1)
I20260710 13:17:13.524549  1662 tablet_service.cc:1558] Processing DeleteTablet for tablet d7d9b3a364424766952f29299d1f1b5f with delete_type TABLET_DATA_TOMBSTONED (TS 2cd5cd9070434cee9f362e88b35b9ff8 not found in new config with opid_index 4) from {username='slave'} at 127.0.0.1:42064
I20260710 13:17:13.526996  2127 tablet_replica.cc:333] T d7d9b3a364424766952f29299d1f1b5f P 2cd5cd9070434cee9f362e88b35b9ff8: stopping tablet replica
I20260710 13:17:13.527837  2127 raft_consensus.cc:2243] T d7d9b3a364424766952f29299d1f1b5f P 2cd5cd9070434cee9f362e88b35b9ff8 [term 1 FOLLOWER]: Raft consensus shutting down.
I20260710 13:17:13.528548  2127 raft_consensus.cc:2272] T d7d9b3a364424766952f29299d1f1b5f P 2cd5cd9070434cee9f362e88b35b9ff8 [term 1 FOLLOWER]: Raft consensus is shut down!
I20260710 13:17:13.531978  2127 ts_tablet_manager.cc:1916] T d7d9b3a364424766952f29299d1f1b5f P 2cd5cd9070434cee9f362e88b35b9ff8: Deleting tablet data with delete state TABLET_DATA_TOMBSTONED
I20260710 13:17:13.543501  2127 ts_tablet_manager.cc:1929] T d7d9b3a364424766952f29299d1f1b5f P 2cd5cd9070434cee9f362e88b35b9ff8: tablet deleted with delete type TABLET_DATA_TOMBSTONED: last-logged OpId 1.3
I20260710 13:17:13.543848  2127 log.cc:1199] T d7d9b3a364424766952f29299d1f1b5f P 2cd5cd9070434cee9f362e88b35b9ff8: Deleting WAL directory at /tmp/dist-test-taskWTuPKQ/test-tmp/auto_leader_rebalancer-test.0.LeaderRebalancerTest.AddTserver.1783689398663415-431-0/minicluster-data/ts-2-root/wals/d7d9b3a364424766952f29299d1f1b5f
I20260710 13:17:13.545670  1411 catalog_manager.cc:5028] TS 2cd5cd9070434cee9f362e88b35b9ff8 (127.0.107.195:33227): tablet d7d9b3a364424766952f29299d1f1b5f (table test-workload [id=e4a394e46e1143a99255e21017e72b54]) successfully deleted
I20260710 13:17:14.557580  1674 consensus_queue.cc:237] T c9f54044720a496ab1a2daff4c39e0e3 P 2cd5cd9070434cee9f362e88b35b9ff8 [LEADER]: Queue going to LEADER mode. State: All replicated index: 0, Majority replicated index: 1, Committed index: 1, Last appended: 1.1, Last appended by leader: 0, Current term: 1, Majority size: 2, State: 0, Mode: LEADER, active raft config: opid_index: 2 OBSOLETE_local: false peers { permanent_uuid: "8da5552c96ba4d268ab8a251bd388b7e" member_type: VOTER last_known_addr { host: "127.0.107.193" port: 46649 } attrs { replace: true } } peers { permanent_uuid: "94586a933f564f86933166f64e43fefe" member_type: VOTER last_known_addr { host: "127.0.107.194" port: 36105 } } peers { permanent_uuid: "2cd5cd9070434cee9f362e88b35b9ff8" member_type: VOTER last_known_addr { host: "127.0.107.195" port: 33227 } } peers { permanent_uuid: "c011709062df445fae25034dcfc875b3" member_type: NON_VOTER last_known_addr { host: "127.0.107.196" port: 46359 } attrs { promote: true } }
I20260710 13:17:14.564997  1528 raft_consensus.cc:1275] T c9f54044720a496ab1a2daff4c39e0e3 P 8da5552c96ba4d268ab8a251bd388b7e [term 1 FOLLOWER]: Refusing update from remote peer 2cd5cd9070434cee9f362e88b35b9ff8: Log matching property violated. Preceding OpId in replica: term: 1 index: 1. Preceding OpId from leader: term: 1 index: 2. (index mismatch)
I20260710 13:17:14.565081  1603 raft_consensus.cc:1275] T c9f54044720a496ab1a2daff4c39e0e3 P 94586a933f564f86933166f64e43fefe [term 1 FOLLOWER]: Refusing update from remote peer 2cd5cd9070434cee9f362e88b35b9ff8: Log matching property violated. Preceding OpId in replica: term: 1 index: 1. Preceding OpId from leader: term: 1 index: 2. (index mismatch)
W20260710 13:17:14.565470  1640 consensus_peers.cc:597] T c9f54044720a496ab1a2daff4c39e0e3 P 2cd5cd9070434cee9f362e88b35b9ff8 -> Peer c011709062df445fae25034dcfc875b3 (127.0.107.196:46359): Couldn't send request to peer c011709062df445fae25034dcfc875b3. Error code: TABLET_NOT_FOUND (6). Status: Not found: Tablet not found: c9f54044720a496ab1a2daff4c39e0e3. This is attempt 1: this message will repeat every 5th retry.
I20260710 13:17:14.566563  2079 consensus_queue.cc:1048] T c9f54044720a496ab1a2daff4c39e0e3 P 2cd5cd9070434cee9f362e88b35b9ff8 [LEADER]: Connected to new peer: Peer: permanent_uuid: "8da5552c96ba4d268ab8a251bd388b7e" member_type: VOTER last_known_addr { host: "127.0.107.193" port: 46649 } attrs { replace: true }, Status: LMP_MISMATCH, Last received: 0.0, Next index: 2, Last known committed idx: 1, Time since last communication: 0.000s
I20260710 13:17:14.567654  2134 consensus_queue.cc:1048] T c9f54044720a496ab1a2daff4c39e0e3 P 2cd5cd9070434cee9f362e88b35b9ff8 [LEADER]: Connected to new peer: Peer: permanent_uuid: "94586a933f564f86933166f64e43fefe" member_type: VOTER last_known_addr { host: "127.0.107.194" port: 36105 }, Status: LMP_MISMATCH, Last received: 0.0, Next index: 2, Last known committed idx: 1, Time since last communication: 0.000s
I20260710 13:17:14.575393  2079 raft_consensus.cc:2955] T c9f54044720a496ab1a2daff4c39e0e3 P 2cd5cd9070434cee9f362e88b35b9ff8 [term 1 LEADER]: Committing config change with OpId 1.2: config changed from index -1 to 2, NON_VOTER c011709062df445fae25034dcfc875b3 (127.0.107.196) added. New config: { opid_index: 2 OBSOLETE_local: false peers { permanent_uuid: "8da5552c96ba4d268ab8a251bd388b7e" member_type: VOTER last_known_addr { host: "127.0.107.193" port: 46649 } attrs { replace: true } } peers { permanent_uuid: "94586a933f564f86933166f64e43fefe" member_type: VOTER last_known_addr { host: "127.0.107.194" port: 36105 } } peers { permanent_uuid: "2cd5cd9070434cee9f362e88b35b9ff8" member_type: VOTER last_known_addr { host: "127.0.107.195" port: 33227 } } peers { permanent_uuid: "c011709062df445fae25034dcfc875b3" member_type: NON_VOTER last_known_addr { host: "127.0.107.196" port: 46359 } attrs { promote: true } } }
I20260710 13:17:14.577293  1603 raft_consensus.cc:2955] T c9f54044720a496ab1a2daff4c39e0e3 P 94586a933f564f86933166f64e43fefe [term 1 FOLLOWER]: Committing config change with OpId 1.2: config changed from index -1 to 2, NON_VOTER c011709062df445fae25034dcfc875b3 (127.0.107.196) added. New config: { opid_index: 2 OBSOLETE_local: false peers { permanent_uuid: "8da5552c96ba4d268ab8a251bd388b7e" member_type: VOTER last_known_addr { host: "127.0.107.193" port: 46649 } attrs { replace: true } } peers { permanent_uuid: "94586a933f564f86933166f64e43fefe" member_type: VOTER last_known_addr { host: "127.0.107.194" port: 36105 } } peers { permanent_uuid: "2cd5cd9070434cee9f362e88b35b9ff8" member_type: VOTER last_known_addr { host: "127.0.107.195" port: 33227 } } peers { permanent_uuid: "c011709062df445fae25034dcfc875b3" member_type: NON_VOTER last_known_addr { host: "127.0.107.196" port: 46359 } attrs { promote: true } } }
I20260710 13:17:14.577148  1528 raft_consensus.cc:2955] T c9f54044720a496ab1a2daff4c39e0e3 P 8da5552c96ba4d268ab8a251bd388b7e [term 1 FOLLOWER]: Committing config change with OpId 1.2: config changed from index -1 to 2, NON_VOTER c011709062df445fae25034dcfc875b3 (127.0.107.196) added. New config: { opid_index: 2 OBSOLETE_local: false peers { permanent_uuid: "8da5552c96ba4d268ab8a251bd388b7e" member_type: VOTER last_known_addr { host: "127.0.107.193" port: 46649 } attrs { replace: true } } peers { permanent_uuid: "94586a933f564f86933166f64e43fefe" member_type: VOTER last_known_addr { host: "127.0.107.194" port: 36105 } } peers { permanent_uuid: "2cd5cd9070434cee9f362e88b35b9ff8" member_type: VOTER last_known_addr { host: "127.0.107.195" port: 33227 } } peers { permanent_uuid: "c011709062df445fae25034dcfc875b3" member_type: NON_VOTER last_known_addr { host: "127.0.107.196" port: 46359 } attrs { promote: true } } }
I20260710 13:17:14.590844  1425 catalog_manager.cc:5697] T c9f54044720a496ab1a2daff4c39e0e3 P 94586a933f564f86933166f64e43fefe reported cstate change: config changed from index -1 to 2, NON_VOTER c011709062df445fae25034dcfc875b3 (127.0.107.196) added. New cstate: current_term: 1 leader_uuid: "2cd5cd9070434cee9f362e88b35b9ff8" committed_config { opid_index: 2 OBSOLETE_local: false peers { permanent_uuid: "8da5552c96ba4d268ab8a251bd388b7e" member_type: VOTER last_known_addr { host: "127.0.107.193" port: 46649 } attrs { replace: true } } peers { permanent_uuid: "94586a933f564f86933166f64e43fefe" member_type: VOTER last_known_addr { host: "127.0.107.194" port: 36105 } } peers { permanent_uuid: "2cd5cd9070434cee9f362e88b35b9ff8" member_type: VOTER last_known_addr { host: "127.0.107.195" port: 33227 } } peers { permanent_uuid: "c011709062df445fae25034dcfc875b3" member_type: NON_VOTER last_known_addr { host: "127.0.107.196" port: 46359 } attrs { promote: true } } }
I20260710 13:17:14.592249  1528 consensus_queue.cc:237] T ceab73215ebd4416ad0aea3c8d465199 P 8da5552c96ba4d268ab8a251bd388b7e [LEADER]: Queue going to LEADER mode. State: All replicated index: 0, Majority replicated index: 1, Committed index: 1, Last appended: 1.1, Last appended by leader: 0, Current term: 1, Majority size: 2, State: 0, Mode: LEADER, active raft config: opid_index: 2 OBSOLETE_local: false peers { permanent_uuid: "8da5552c96ba4d268ab8a251bd388b7e" member_type: VOTER last_known_addr { host: "127.0.107.193" port: 46649 } } peers { permanent_uuid: "94586a933f564f86933166f64e43fefe" member_type: VOTER last_known_addr { host: "127.0.107.194" port: 36105 } attrs { replace: true } } peers { permanent_uuid: "2cd5cd9070434cee9f362e88b35b9ff8" member_type: VOTER last_known_addr { host: "127.0.107.195" port: 33227 } } peers { permanent_uuid: "c011709062df445fae25034dcfc875b3" member_type: NON_VOTER last_known_addr { host: "127.0.107.196" port: 46359 } attrs { promote: true } }
I20260710 13:17:14.598448  1674 raft_consensus.cc:1275] T ceab73215ebd4416ad0aea3c8d465199 P 2cd5cd9070434cee9f362e88b35b9ff8 [term 1 FOLLOWER]: Refusing update from remote peer 8da5552c96ba4d268ab8a251bd388b7e: Log matching property violated. Preceding OpId in replica: term: 1 index: 1. Preceding OpId from leader: term: 1 index: 2. (index mismatch)
W20260710 13:17:14.598896  1491 consensus_peers.cc:597] T ceab73215ebd4416ad0aea3c8d465199 P 8da5552c96ba4d268ab8a251bd388b7e -> Peer c011709062df445fae25034dcfc875b3 (127.0.107.196:46359): Couldn't send request to peer c011709062df445fae25034dcfc875b3. Error code: TABLET_NOT_FOUND (6). Status: Not found: Tablet not found: ceab73215ebd4416ad0aea3c8d465199. This is attempt 1: this message will repeat every 5th retry.
I20260710 13:17:14.599701  1603 raft_consensus.cc:1275] T ceab73215ebd4416ad0aea3c8d465199 P 94586a933f564f86933166f64e43fefe [term 1 FOLLOWER]: Refusing update from remote peer 8da5552c96ba4d268ab8a251bd388b7e: Log matching property violated. Preceding OpId in replica: term: 1 index: 1. Preceding OpId from leader: term: 1 index: 2. (index mismatch)
I20260710 13:17:14.600906  2105 consensus_queue.cc:1048] T ceab73215ebd4416ad0aea3c8d465199 P 8da5552c96ba4d268ab8a251bd388b7e [LEADER]: Connected to new peer: Peer: permanent_uuid: "94586a933f564f86933166f64e43fefe" member_type: VOTER last_known_addr { host: "127.0.107.194" port: 36105 } attrs { replace: true }, Status: LMP_MISMATCH, Last received: 0.0, Next index: 2, Last known committed idx: 1, Time since last communication: 0.001s
I20260710 13:17:14.602195  2122 consensus_queue.cc:1048] T ceab73215ebd4416ad0aea3c8d465199 P 8da5552c96ba4d268ab8a251bd388b7e [LEADER]: Connected to new peer: Peer: permanent_uuid: "2cd5cd9070434cee9f362e88b35b9ff8" member_type: VOTER last_known_addr { host: "127.0.107.195" port: 33227 }, Status: LMP_MISMATCH, Last received: 0.0, Next index: 2, Last known committed idx: 1, Time since last communication: 0.000s
I20260710 13:17:14.610420  2105 raft_consensus.cc:2955] T ceab73215ebd4416ad0aea3c8d465199 P 8da5552c96ba4d268ab8a251bd388b7e [term 1 LEADER]: Committing config change with OpId 1.2: config changed from index -1 to 2, NON_VOTER c011709062df445fae25034dcfc875b3 (127.0.107.196) added. New config: { opid_index: 2 OBSOLETE_local: false peers { permanent_uuid: "8da5552c96ba4d268ab8a251bd388b7e" member_type: VOTER last_known_addr { host: "127.0.107.193" port: 46649 } } peers { permanent_uuid: "94586a933f564f86933166f64e43fefe" member_type: VOTER last_known_addr { host: "127.0.107.194" port: 36105 } attrs { replace: true } } peers { permanent_uuid: "2cd5cd9070434cee9f362e88b35b9ff8" member_type: VOTER last_known_addr { host: "127.0.107.195" port: 33227 } } peers { permanent_uuid: "c011709062df445fae25034dcfc875b3" member_type: NON_VOTER last_known_addr { host: "127.0.107.196" port: 46359 } attrs { promote: true } } }
I20260710 13:17:14.616922  1603 raft_consensus.cc:2955] T ceab73215ebd4416ad0aea3c8d465199 P 94586a933f564f86933166f64e43fefe [term 1 FOLLOWER]: Committing config change with OpId 1.2: config changed from index -1 to 2, NON_VOTER c011709062df445fae25034dcfc875b3 (127.0.107.196) added. New config: { opid_index: 2 OBSOLETE_local: false peers { permanent_uuid: "8da5552c96ba4d268ab8a251bd388b7e" member_type: VOTER last_known_addr { host: "127.0.107.193" port: 46649 } } peers { permanent_uuid: "94586a933f564f86933166f64e43fefe" member_type: VOTER last_known_addr { host: "127.0.107.194" port: 36105 } attrs { replace: true } } peers { permanent_uuid: "2cd5cd9070434cee9f362e88b35b9ff8" member_type: VOTER last_known_addr { host: "127.0.107.195" port: 33227 } } peers { permanent_uuid: "c011709062df445fae25034dcfc875b3" member_type: NON_VOTER last_known_addr { host: "127.0.107.196" port: 46359 } attrs { promote: true } } }
I20260710 13:17:14.619108  1674 raft_consensus.cc:2955] T ceab73215ebd4416ad0aea3c8d465199 P 2cd5cd9070434cee9f362e88b35b9ff8 [term 1 FOLLOWER]: Committing config change with OpId 1.2: config changed from index -1 to 2, NON_VOTER c011709062df445fae25034dcfc875b3 (127.0.107.196) added. New config: { opid_index: 2 OBSOLETE_local: false peers { permanent_uuid: "8da5552c96ba4d268ab8a251bd388b7e" member_type: VOTER last_known_addr { host: "127.0.107.193" port: 46649 } } peers { permanent_uuid: "94586a933f564f86933166f64e43fefe" member_type: VOTER last_known_addr { host: "127.0.107.194" port: 36105 } attrs { replace: true } } peers { permanent_uuid: "2cd5cd9070434cee9f362e88b35b9ff8" member_type: VOTER last_known_addr { host: "127.0.107.195" port: 33227 } } peers { permanent_uuid: "c011709062df445fae25034dcfc875b3" member_type: NON_VOTER last_known_addr { host: "127.0.107.196" port: 46359 } attrs { promote: true } } }
I20260710 13:17:14.628100  1528 consensus_queue.cc:237] T a5a06bb0b0f94790bbb4e5565f660109 P 8da5552c96ba4d268ab8a251bd388b7e [LEADER]: Queue going to LEADER mode. State: All replicated index: 0, Majority replicated index: 1, Committed index: 1, Last appended: 1.1, Last appended by leader: 0, Current term: 1, Majority size: 2, State: 0, Mode: LEADER, active raft config: opid_index: 2 OBSOLETE_local: false peers { permanent_uuid: "8da5552c96ba4d268ab8a251bd388b7e" member_type: VOTER last_known_addr { host: "127.0.107.193" port: 46649 } } peers { permanent_uuid: "94586a933f564f86933166f64e43fefe" member_type: VOTER last_known_addr { host: "127.0.107.194" port: 36105 } } peers { permanent_uuid: "2cd5cd9070434cee9f362e88b35b9ff8" member_type: VOTER last_known_addr { host: "127.0.107.195" port: 33227 } attrs { replace: true } } peers { permanent_uuid: "c011709062df445fae25034dcfc875b3" member_type: NON_VOTER last_known_addr { host: "127.0.107.196" port: 46359 } attrs { promote: true } }
I20260710 13:17:14.632418  1423 catalog_manager.cc:5697] T ceab73215ebd4416ad0aea3c8d465199 P 94586a933f564f86933166f64e43fefe reported cstate change: config changed from index -1 to 2, NON_VOTER c011709062df445fae25034dcfc875b3 (127.0.107.196) added. New cstate: current_term: 1 leader_uuid: "8da5552c96ba4d268ab8a251bd388b7e" committed_config { opid_index: 2 OBSOLETE_local: false peers { permanent_uuid: "8da5552c96ba4d268ab8a251bd388b7e" member_type: VOTER last_known_addr { host: "127.0.107.193" port: 46649 } } peers { permanent_uuid: "94586a933f564f86933166f64e43fefe" member_type: VOTER last_known_addr { host: "127.0.107.194" port: 36105 } attrs { replace: true } } peers { permanent_uuid: "2cd5cd9070434cee9f362e88b35b9ff8" member_type: VOTER last_known_addr { host: "127.0.107.195" port: 33227 } } peers { permanent_uuid: "c011709062df445fae25034dcfc875b3" member_type: NON_VOTER last_known_addr { host: "127.0.107.196" port: 46359 } attrs { promote: true } } }
I20260710 13:17:14.636334  1674 raft_consensus.cc:1275] T a5a06bb0b0f94790bbb4e5565f660109 P 2cd5cd9070434cee9f362e88b35b9ff8 [term 1 FOLLOWER]: Refusing update from remote peer 8da5552c96ba4d268ab8a251bd388b7e: Log matching property violated. Preceding OpId in replica: term: 1 index: 1. Preceding OpId from leader: term: 1 index: 2. (index mismatch)
I20260710 13:17:14.637849  2122 consensus_queue.cc:1048] T a5a06bb0b0f94790bbb4e5565f660109 P 8da5552c96ba4d268ab8a251bd388b7e [LEADER]: Connected to new peer: Peer: permanent_uuid: "2cd5cd9070434cee9f362e88b35b9ff8" member_type: VOTER last_known_addr { host: "127.0.107.195" port: 33227 } attrs { replace: true }, Status: LMP_MISMATCH, Last received: 0.0, Next index: 2, Last known committed idx: 1, Time since last communication: 0.000s
W20260710 13:17:14.638756  1491 consensus_peers.cc:597] T a5a06bb0b0f94790bbb4e5565f660109 P 8da5552c96ba4d268ab8a251bd388b7e -> Peer c011709062df445fae25034dcfc875b3 (127.0.107.196:46359): Couldn't send request to peer c011709062df445fae25034dcfc875b3. Error code: TABLET_NOT_FOUND (6). Status: Not found: Tablet not found: a5a06bb0b0f94790bbb4e5565f660109. This is attempt 1: this message will repeat every 5th retry.
I20260710 13:17:14.639043  1603 raft_consensus.cc:1275] T a5a06bb0b0f94790bbb4e5565f660109 P 94586a933f564f86933166f64e43fefe [term 1 FOLLOWER]: Refusing update from remote peer 8da5552c96ba4d268ab8a251bd388b7e: Log matching property violated. Preceding OpId in replica: term: 1 index: 1. Preceding OpId from leader: term: 1 index: 2. (index mismatch)
I20260710 13:17:14.640313  2122 consensus_queue.cc:1048] T a5a06bb0b0f94790bbb4e5565f660109 P 8da5552c96ba4d268ab8a251bd388b7e [LEADER]: Connected to new peer: Peer: permanent_uuid: "94586a933f564f86933166f64e43fefe" member_type: VOTER last_known_addr { host: "127.0.107.194" port: 36105 }, Status: LMP_MISMATCH, Last received: 0.0, Next index: 2, Last known committed idx: 1, Time since last communication: 0.000s
I20260710 13:17:14.652719  2105 raft_consensus.cc:2955] T a5a06bb0b0f94790bbb4e5565f660109 P 8da5552c96ba4d268ab8a251bd388b7e [term 1 LEADER]: Committing config change with OpId 1.2: config changed from index -1 to 2, NON_VOTER c011709062df445fae25034dcfc875b3 (127.0.107.196) added. New config: { opid_index: 2 OBSOLETE_local: false peers { permanent_uuid: "8da5552c96ba4d268ab8a251bd388b7e" member_type: VOTER last_known_addr { host: "127.0.107.193" port: 46649 } } peers { permanent_uuid: "94586a933f564f86933166f64e43fefe" member_type: VOTER last_known_addr { host: "127.0.107.194" port: 36105 } } peers { permanent_uuid: "2cd5cd9070434cee9f362e88b35b9ff8" member_type: VOTER last_known_addr { host: "127.0.107.195" port: 33227 } attrs { replace: true } } peers { permanent_uuid: "c011709062df445fae25034dcfc875b3" member_type: NON_VOTER last_known_addr { host: "127.0.107.196" port: 46359 } attrs { promote: true } } }
I20260710 13:17:14.654400  1674 raft_consensus.cc:2955] T a5a06bb0b0f94790bbb4e5565f660109 P 2cd5cd9070434cee9f362e88b35b9ff8 [term 1 FOLLOWER]: Committing config change with OpId 1.2: config changed from index -1 to 2, NON_VOTER c011709062df445fae25034dcfc875b3 (127.0.107.196) added. New config: { opid_index: 2 OBSOLETE_local: false peers { permanent_uuid: "8da5552c96ba4d268ab8a251bd388b7e" member_type: VOTER last_known_addr { host: "127.0.107.193" port: 46649 } } peers { permanent_uuid: "94586a933f564f86933166f64e43fefe" member_type: VOTER last_known_addr { host: "127.0.107.194" port: 36105 } } peers { permanent_uuid: "2cd5cd9070434cee9f362e88b35b9ff8" member_type: VOTER last_known_addr { host: "127.0.107.195" port: 33227 } attrs { replace: true } } peers { permanent_uuid: "c011709062df445fae25034dcfc875b3" member_type: NON_VOTER last_known_addr { host: "127.0.107.196" port: 46359 } attrs { promote: true } } }
I20260710 13:17:14.656116  1603 raft_consensus.cc:2955] T a5a06bb0b0f94790bbb4e5565f660109 P 94586a933f564f86933166f64e43fefe [term 1 FOLLOWER]: Committing config change with OpId 1.2: config changed from index -1 to 2, NON_VOTER c011709062df445fae25034dcfc875b3 (127.0.107.196) added. New config: { opid_index: 2 OBSOLETE_local: false peers { permanent_uuid: "8da5552c96ba4d268ab8a251bd388b7e" member_type: VOTER last_known_addr { host: "127.0.107.193" port: 46649 } } peers { permanent_uuid: "94586a933f564f86933166f64e43fefe" member_type: VOTER last_known_addr { host: "127.0.107.194" port: 36105 } } peers { permanent_uuid: "2cd5cd9070434cee9f362e88b35b9ff8" member_type: VOTER last_known_addr { host: "127.0.107.195" port: 33227 } attrs { replace: true } } peers { permanent_uuid: "c011709062df445fae25034dcfc875b3" member_type: NON_VOTER last_known_addr { host: "127.0.107.196" port: 46359 } attrs { promote: true } } }
I20260710 13:17:14.667299  1422 catalog_manager.cc:5697] T a5a06bb0b0f94790bbb4e5565f660109 P 2cd5cd9070434cee9f362e88b35b9ff8 reported cstate change: config changed from index -1 to 2, NON_VOTER c011709062df445fae25034dcfc875b3 (127.0.107.196) added. New cstate: current_term: 1 leader_uuid: "8da5552c96ba4d268ab8a251bd388b7e" committed_config { opid_index: 2 OBSOLETE_local: false peers { permanent_uuid: "8da5552c96ba4d268ab8a251bd388b7e" member_type: VOTER last_known_addr { host: "127.0.107.193" port: 46649 } } peers { permanent_uuid: "94586a933f564f86933166f64e43fefe" member_type: VOTER last_known_addr { host: "127.0.107.194" port: 36105 } } peers { permanent_uuid: "2cd5cd9070434cee9f362e88b35b9ff8" member_type: VOTER last_known_addr { host: "127.0.107.195" port: 33227 } attrs { replace: true } } peers { permanent_uuid: "c011709062df445fae25034dcfc875b3" member_type: NON_VOTER last_known_addr { host: "127.0.107.196" port: 46359 } attrs { promote: true } } }
I20260710 13:17:14.671816  1603 consensus_queue.cc:237] T 3f38d85cc0064017a44c6be6c850d362 P 94586a933f564f86933166f64e43fefe [LEADER]: Queue going to LEADER mode. State: All replicated index: 0, Majority replicated index: 1, Committed index: 1, Last appended: 1.1, Last appended by leader: 0, Current term: 1, Majority size: 2, State: 0, Mode: LEADER, active raft config: opid_index: 2 OBSOLETE_local: false peers { permanent_uuid: "8da5552c96ba4d268ab8a251bd388b7e" member_type: VOTER last_known_addr { host: "127.0.107.193" port: 46649 } attrs { replace: true } } peers { permanent_uuid: "94586a933f564f86933166f64e43fefe" member_type: VOTER last_known_addr { host: "127.0.107.194" port: 36105 } } peers { permanent_uuid: "2cd5cd9070434cee9f362e88b35b9ff8" member_type: VOTER last_known_addr { host: "127.0.107.195" port: 33227 } } peers { permanent_uuid: "c011709062df445fae25034dcfc875b3" member_type: NON_VOTER last_known_addr { host: "127.0.107.196" port: 46359 } attrs { promote: true } }
W20260710 13:17:14.681308  1566 consensus_peers.cc:597] T 3f38d85cc0064017a44c6be6c850d362 P 94586a933f564f86933166f64e43fefe -> Peer c011709062df445fae25034dcfc875b3 (127.0.107.196:46359): Couldn't send request to peer c011709062df445fae25034dcfc875b3. Error code: TABLET_NOT_FOUND (6). Status: Not found: Tablet not found: 3f38d85cc0064017a44c6be6c850d362. This is attempt 1: this message will repeat every 5th retry.
I20260710 13:17:14.681360  1674 raft_consensus.cc:1275] T 3f38d85cc0064017a44c6be6c850d362 P 2cd5cd9070434cee9f362e88b35b9ff8 [term 1 FOLLOWER]: Refusing update from remote peer 94586a933f564f86933166f64e43fefe: Log matching property violated. Preceding OpId in replica: term: 1 index: 1. Preceding OpId from leader: term: 1 index: 2. (index mismatch)
I20260710 13:17:14.682966  2117 consensus_queue.cc:1048] T 3f38d85cc0064017a44c6be6c850d362 P 94586a933f564f86933166f64e43fefe [LEADER]: Connected to new peer: Peer: permanent_uuid: "2cd5cd9070434cee9f362e88b35b9ff8" member_type: VOTER last_known_addr { host: "127.0.107.195" port: 33227 }, Status: LMP_MISMATCH, Last received: 0.0, Next index: 2, Last known committed idx: 1, Time since last communication: 0.000s
I20260710 13:17:14.685544  1528 raft_consensus.cc:1275] T 3f38d85cc0064017a44c6be6c850d362 P 8da5552c96ba4d268ab8a251bd388b7e [term 1 FOLLOWER]: Refusing update from remote peer 94586a933f564f86933166f64e43fefe: Log matching property violated. Preceding OpId in replica: term: 1 index: 1. Preceding OpId from leader: term: 1 index: 2. (index mismatch)
I20260710 13:17:14.686944  2149 consensus_queue.cc:1048] T 3f38d85cc0064017a44c6be6c850d362 P 94586a933f564f86933166f64e43fefe [LEADER]: Connected to new peer: Peer: permanent_uuid: "8da5552c96ba4d268ab8a251bd388b7e" member_type: VOTER last_known_addr { host: "127.0.107.193" port: 46649 } attrs { replace: true }, Status: LMP_MISMATCH, Last received: 0.0, Next index: 2, Last known committed idx: 1, Time since last communication: 0.001s
I20260710 13:17:14.691568  2117 raft_consensus.cc:2955] T 3f38d85cc0064017a44c6be6c850d362 P 94586a933f564f86933166f64e43fefe [term 1 LEADER]: Committing config change with OpId 1.2: config changed from index -1 to 2, NON_VOTER c011709062df445fae25034dcfc875b3 (127.0.107.196) added. New config: { opid_index: 2 OBSOLETE_local: false peers { permanent_uuid: "8da5552c96ba4d268ab8a251bd388b7e" member_type: VOTER last_known_addr { host: "127.0.107.193" port: 46649 } attrs { replace: true } } peers { permanent_uuid: "94586a933f564f86933166f64e43fefe" member_type: VOTER last_known_addr { host: "127.0.107.194" port: 36105 } } peers { permanent_uuid: "2cd5cd9070434cee9f362e88b35b9ff8" member_type: VOTER last_known_addr { host: "127.0.107.195" port: 33227 } } peers { permanent_uuid: "c011709062df445fae25034dcfc875b3" member_type: NON_VOTER last_known_addr { host: "127.0.107.196" port: 46359 } attrs { promote: true } } }
I20260710 13:17:14.693004  1674 raft_consensus.cc:2955] T 3f38d85cc0064017a44c6be6c850d362 P 2cd5cd9070434cee9f362e88b35b9ff8 [term 1 FOLLOWER]: Committing config change with OpId 1.2: config changed from index -1 to 2, NON_VOTER c011709062df445fae25034dcfc875b3 (127.0.107.196) added. New config: { opid_index: 2 OBSOLETE_local: false peers { permanent_uuid: "8da5552c96ba4d268ab8a251bd388b7e" member_type: VOTER last_known_addr { host: "127.0.107.193" port: 46649 } attrs { replace: true } } peers { permanent_uuid: "94586a933f564f86933166f64e43fefe" member_type: VOTER last_known_addr { host: "127.0.107.194" port: 36105 } } peers { permanent_uuid: "2cd5cd9070434cee9f362e88b35b9ff8" member_type: VOTER last_known_addr { host: "127.0.107.195" port: 33227 } } peers { permanent_uuid: "c011709062df445fae25034dcfc875b3" member_type: NON_VOTER last_known_addr { host: "127.0.107.196" port: 46359 } attrs { promote: true } } }
