I20260710 13:16:41.706357   760 tablet_bootstrap.cc:654] T 0f7ca848fa124b86a41c74ad2b871459 P 33b0848dc6b2429a82fbda6ad2384a09: Neither blocks nor log segments found. Creating new log.
I20260710 13:16:41.706843   758 raft_consensus.cc:385] T 0f7ca848fa124b86a41c74ad2b871459 P a098eedcccaf488c84492c020765fb14 [term 0 FOLLOWER]: Consensus starting up: Expiring failure detector timer to make a prompt election more likely
I20260710 13:16:41.707177   758 raft_consensus.cc:740] T 0f7ca848fa124b86a41c74ad2b871459 P a098eedcccaf488c84492c020765fb14 [term 0 FOLLOWER]: Becoming Follower/Learner. State: Replica: a098eedcccaf488c84492c020765fb14, State: Initialized, Role: FOLLOWER
I20260710 13:16:41.708828   740 heartbeater.cc:499] Master 127.0.107.254:33603 was elected leader, sending a full tablet report...
I20260710 13:16:41.709956   759 ts_tablet_manager.cc:1434] T 0f7ca848fa124b86a41c74ad2b871459 P 22e3e7ba2cda4b3c9c6556ec7a68a1be: Time spent starting tablet: real 0.016s	user 0.006s	sys 0.000s
I20260710 13:16:41.711120   759 tablet_bootstrap.cc:492] T 189bfe9644de42c98824be865da22597 P 22e3e7ba2cda4b3c9c6556ec7a68a1be: Bootstrap starting.
I20260710 13:16:41.707926   758 consensus_queue.cc:260] T 0f7ca848fa124b86a41c74ad2b871459 P a098eedcccaf488c84492c020765fb14 [NON_LEADER]: Queue going to NON_LEADER mode. State: All replicated index: 0, Majority replicated index: 0, Committed index: 0, Last appended: 0.0, Last appended by leader: 0, Current term: 0, Majority size: -1, State: 0, Mode: NON_LEADER, active raft config: opid_index: -1 OBSOLETE_local: false peers { permanent_uuid: "a098eedcccaf488c84492c020765fb14" member_type: VOTER last_known_addr { host: "127.0.107.193" port: 35319 } } peers { permanent_uuid: "33b0848dc6b2429a82fbda6ad2384a09" member_type: VOTER last_known_addr { host: "127.0.107.194" port: 38311 } } peers { permanent_uuid: "22e3e7ba2cda4b3c9c6556ec7a68a1be" member_type: VOTER last_known_addr { host: "127.0.107.195" port: 37897 } }
I20260710 13:16:41.720633   759 tablet_bootstrap.cc:654] T 189bfe9644de42c98824be865da22597 P 22e3e7ba2cda4b3c9c6556ec7a68a1be: Neither blocks nor log segments found. Creating new log.
I20260710 13:16:41.746238   591 heartbeater.cc:499] Master 127.0.107.254:33603 was elected leader, sending a full tablet report...
I20260710 13:16:41.747589   758 ts_tablet_manager.cc:1434] T 0f7ca848fa124b86a41c74ad2b871459 P a098eedcccaf488c84492c020765fb14: Time spent starting tablet: real 0.056s	user 0.009s	sys 0.015s
I20260710 13:16:41.748543   758 tablet_bootstrap.cc:492] T 2d8d601d15544f048184d00339b5589e P a098eedcccaf488c84492c020765fb14: Bootstrap starting.
I20260710 13:16:41.749863   760 tablet_bootstrap.cc:492] T 0f7ca848fa124b86a41c74ad2b871459 P 33b0848dc6b2429a82fbda6ad2384a09: No bootstrap required, opened a new log
I20260710 13:16:41.750332   760 ts_tablet_manager.cc:1403] T 0f7ca848fa124b86a41c74ad2b871459 P 33b0848dc6b2429a82fbda6ad2384a09: Time spent bootstrapping tablet: real 0.049s	user 0.028s	sys 0.019s
I20260710 13:16:41.753186   760 raft_consensus.cc:359] T 0f7ca848fa124b86a41c74ad2b871459 P 33b0848dc6b2429a82fbda6ad2384a09 [term 0 FOLLOWER]: Replica starting. Triggering 0 pending ops. Active config: opid_index: -1 OBSOLETE_local: false peers { permanent_uuid: "a098eedcccaf488c84492c020765fb14" member_type: VOTER last_known_addr { host: "127.0.107.193" port: 35319 } } peers { permanent_uuid: "33b0848dc6b2429a82fbda6ad2384a09" member_type: VOTER last_known_addr { host: "127.0.107.194" port: 38311 } } peers { permanent_uuid: "22e3e7ba2cda4b3c9c6556ec7a68a1be" member_type: VOTER last_known_addr { host: "127.0.107.195" port: 37897 } }
I20260710 13:16:41.753922   760 raft_consensus.cc:385] T 0f7ca848fa124b86a41c74ad2b871459 P 33b0848dc6b2429a82fbda6ad2384a09 [term 0 FOLLOWER]: Consensus starting up: Expiring failure detector timer to make a prompt election more likely
I20260710 13:16:41.754238   760 raft_consensus.cc:740] T 0f7ca848fa124b86a41c74ad2b871459 P 33b0848dc6b2429a82fbda6ad2384a09 [term 0 FOLLOWER]: Becoming Follower/Learner. State: Replica: 33b0848dc6b2429a82fbda6ad2384a09, State: Initialized, Role: FOLLOWER
I20260710 13:16:41.754992   760 consensus_queue.cc:260] T 0f7ca848fa124b86a41c74ad2b871459 P 33b0848dc6b2429a82fbda6ad2384a09 [NON_LEADER]: Queue going to NON_LEADER mode. State: All replicated index: 0, Majority replicated index: 0, Committed index: 0, Last appended: 0.0, Last appended by leader: 0, Current term: 0, Majority size: -1, State: 0, Mode: NON_LEADER, active raft config: opid_index: -1 OBSOLETE_local: false peers { permanent_uuid: "a098eedcccaf488c84492c020765fb14" member_type: VOTER last_known_addr { host: "127.0.107.193" port: 35319 } } peers { permanent_uuid: "33b0848dc6b2429a82fbda6ad2384a09" member_type: VOTER last_known_addr { host: "127.0.107.194" port: 38311 } } peers { permanent_uuid: "22e3e7ba2cda4b3c9c6556ec7a68a1be" member_type: VOTER last_known_addr { host: "127.0.107.195" port: 37897 } }
I20260710 13:16:41.756335   758 tablet_bootstrap.cc:654] T 2d8d601d15544f048184d00339b5589e P a098eedcccaf488c84492c020765fb14: Neither blocks nor log segments found. Creating new log.
I20260710 13:16:41.759527   760 ts_tablet_manager.cc:1434] T 0f7ca848fa124b86a41c74ad2b871459 P 33b0848dc6b2429a82fbda6ad2384a09: Time spent starting tablet: real 0.009s	user 0.006s	sys 0.000s
I20260710 13:16:41.760461   760 tablet_bootstrap.cc:492] T 4c4f56440674477fbae6edef574c0870 P 33b0848dc6b2429a82fbda6ad2384a09: Bootstrap starting.
I20260710 13:16:41.762238   759 tablet_bootstrap.cc:492] T 189bfe9644de42c98824be865da22597 P 22e3e7ba2cda4b3c9c6556ec7a68a1be: No bootstrap required, opened a new log
I20260710 13:16:41.762836   759 ts_tablet_manager.cc:1403] T 189bfe9644de42c98824be865da22597 P 22e3e7ba2cda4b3c9c6556ec7a68a1be: Time spent bootstrapping tablet: real 0.052s	user 0.017s	sys 0.008s
I20260710 13:16:41.767768   759 raft_consensus.cc:359] T 189bfe9644de42c98824be865da22597 P 22e3e7ba2cda4b3c9c6556ec7a68a1be [term 0 FOLLOWER]: Replica starting. Triggering 0 pending ops. Active config: opid_index: -1 OBSOLETE_local: false peers { permanent_uuid: "a098eedcccaf488c84492c020765fb14" member_type: VOTER last_known_addr { host: "127.0.107.193" port: 35319 } } peers { permanent_uuid: "33b0848dc6b2429a82fbda6ad2384a09" member_type: VOTER last_known_addr { host: "127.0.107.194" port: 38311 } } peers { permanent_uuid: "22e3e7ba2cda4b3c9c6556ec7a68a1be" member_type: VOTER last_known_addr { host: "127.0.107.195" port: 37897 } }
I20260710 13:16:41.768963   759 raft_consensus.cc:385] T 189bfe9644de42c98824be865da22597 P 22e3e7ba2cda4b3c9c6556ec7a68a1be [term 0 FOLLOWER]: Consensus starting up: Expiring failure detector timer to make a prompt election more likely
I20260710 13:16:41.769285   759 raft_consensus.cc:740] T 189bfe9644de42c98824be865da22597 P 22e3e7ba2cda4b3c9c6556ec7a68a1be [term 0 FOLLOWER]: Becoming Follower/Learner. State: Replica: 22e3e7ba2cda4b3c9c6556ec7a68a1be, State: Initialized, Role: FOLLOWER
I20260710 13:16:41.770219   759 consensus_queue.cc:260] T 189bfe9644de42c98824be865da22597 P 22e3e7ba2cda4b3c9c6556ec7a68a1be [NON_LEADER]: Queue going to NON_LEADER mode. State: All replicated index: 0, Majority replicated index: 0, Committed index: 0, Last appended: 0.0, Last appended by leader: 0, Current term: 0, Majority size: -1, State: 0, Mode: NON_LEADER, active raft config: opid_index: -1 OBSOLETE_local: false peers { permanent_uuid: "a098eedcccaf488c84492c020765fb14" member_type: VOTER last_known_addr { host: "127.0.107.193" port: 35319 } } peers { permanent_uuid: "33b0848dc6b2429a82fbda6ad2384a09" member_type: VOTER last_known_addr { host: "127.0.107.194" port: 38311 } } peers { permanent_uuid: "22e3e7ba2cda4b3c9c6556ec7a68a1be" member_type: VOTER last_known_addr { host: "127.0.107.195" port: 37897 } }
I20260710 13:16:41.771142   760 tablet_bootstrap.cc:654] T 4c4f56440674477fbae6edef574c0870 P 33b0848dc6b2429a82fbda6ad2384a09: Neither blocks nor log segments found. Creating new log.
I20260710 13:16:41.775113   758 tablet_bootstrap.cc:492] T 2d8d601d15544f048184d00339b5589e P a098eedcccaf488c84492c020765fb14: No bootstrap required, opened a new log
I20260710 13:16:41.775585   758 ts_tablet_manager.cc:1403] T 2d8d601d15544f048184d00339b5589e P a098eedcccaf488c84492c020765fb14: Time spent bootstrapping tablet: real 0.027s	user 0.012s	sys 0.005s
I20260710 13:16:41.777137   759 ts_tablet_manager.cc:1434] T 189bfe9644de42c98824be865da22597 P 22e3e7ba2cda4b3c9c6556ec7a68a1be: Time spent starting tablet: real 0.014s	user 0.005s	sys 0.003s
I20260710 13:16:41.778164   759 tablet_bootstrap.cc:492] T 2d8d601d15544f048184d00339b5589e P 22e3e7ba2cda4b3c9c6556ec7a68a1be: Bootstrap starting.
I20260710 13:16:41.778817   758 raft_consensus.cc:359] T 2d8d601d15544f048184d00339b5589e P a098eedcccaf488c84492c020765fb14 [term 0 FOLLOWER]: Replica starting. Triggering 0 pending ops. Active config: opid_index: -1 OBSOLETE_local: false peers { permanent_uuid: "22e3e7ba2cda4b3c9c6556ec7a68a1be" member_type: VOTER last_known_addr { host: "127.0.107.195" port: 37897 } } peers { permanent_uuid: "33b0848dc6b2429a82fbda6ad2384a09" member_type: VOTER last_known_addr { host: "127.0.107.194" port: 38311 } } peers { permanent_uuid: "a098eedcccaf488c84492c020765fb14" member_type: VOTER last_known_addr { host: "127.0.107.193" port: 35319 } }
I20260710 13:16:41.779541   758 raft_consensus.cc:385] T 2d8d601d15544f048184d00339b5589e P a098eedcccaf488c84492c020765fb14 [term 0 FOLLOWER]: Consensus starting up: Expiring failure detector timer to make a prompt election more likely
I20260710 13:16:41.779839   758 raft_consensus.cc:740] T 2d8d601d15544f048184d00339b5589e P a098eedcccaf488c84492c020765fb14 [term 0 FOLLOWER]: Becoming Follower/Learner. State: Replica: a098eedcccaf488c84492c020765fb14, State: Initialized, Role: FOLLOWER
I20260710 13:16:41.780668   758 consensus_queue.cc:260] T 2d8d601d15544f048184d00339b5589e P a098eedcccaf488c84492c020765fb14 [NON_LEADER]: Queue going to NON_LEADER mode. State: All replicated index: 0, Majority replicated index: 0, Committed index: 0, Last appended: 0.0, Last appended by leader: 0, Current term: 0, Majority size: -1, State: 0, Mode: NON_LEADER, active raft config: opid_index: -1 OBSOLETE_local: false peers { permanent_uuid: "22e3e7ba2cda4b3c9c6556ec7a68a1be" member_type: VOTER last_known_addr { host: "127.0.107.195" port: 37897 } } peers { permanent_uuid: "33b0848dc6b2429a82fbda6ad2384a09" member_type: VOTER last_known_addr { host: "127.0.107.194" port: 38311 } } peers { permanent_uuid: "a098eedcccaf488c84492c020765fb14" member_type: VOTER last_known_addr { host: "127.0.107.193" port: 35319 } }
I20260710 13:16:41.783795   758 ts_tablet_manager.cc:1434] T 2d8d601d15544f048184d00339b5589e P a098eedcccaf488c84492c020765fb14: Time spent starting tablet: real 0.008s	user 0.003s	sys 0.005s
I20260710 13:16:41.784811   758 tablet_bootstrap.cc:492] T 5adf84d6bd194a4d81c0ccc69098b6f3 P a098eedcccaf488c84492c020765fb14: Bootstrap starting.
I20260710 13:16:41.791699   758 tablet_bootstrap.cc:654] T 5adf84d6bd194a4d81c0ccc69098b6f3 P a098eedcccaf488c84492c020765fb14: Neither blocks nor log segments found. Creating new log.
I20260710 13:16:41.796054   765 raft_consensus.cc:493] T 0f7ca848fa124b86a41c74ad2b871459 P 22e3e7ba2cda4b3c9c6556ec7a68a1be [term 0 FOLLOWER]: Starting pre-election (no leader contacted us within the election timeout)
I20260710 13:16:41.796583   765 raft_consensus.cc:515] T 0f7ca848fa124b86a41c74ad2b871459 P 22e3e7ba2cda4b3c9c6556ec7a68a1be [term 0 FOLLOWER]: Starting pre-election with config: opid_index: -1 OBSOLETE_local: false peers { permanent_uuid: "a098eedcccaf488c84492c020765fb14" member_type: VOTER last_known_addr { host: "127.0.107.193" port: 35319 } } peers { permanent_uuid: "33b0848dc6b2429a82fbda6ad2384a09" member_type: VOTER last_known_addr { host: "127.0.107.194" port: 38311 } } peers { permanent_uuid: "22e3e7ba2cda4b3c9c6556ec7a68a1be" member_type: VOTER last_known_addr { host: "127.0.107.195" port: 37897 } }
I20260710 13:16:41.798159   759 tablet_bootstrap.cc:654] T 2d8d601d15544f048184d00339b5589e P 22e3e7ba2cda4b3c9c6556ec7a68a1be: Neither blocks nor log segments found. Creating new log.
I20260710 13:16:41.803767   765 leader_election.cc:290] T 0f7ca848fa124b86a41c74ad2b871459 P 22e3e7ba2cda4b3c9c6556ec7a68a1be [CANDIDATE]: Term 1 pre-election: Requested pre-vote from peers a098eedcccaf488c84492c020765fb14 (127.0.107.193:35319), 33b0848dc6b2429a82fbda6ad2384a09 (127.0.107.194:38311)
I20260710 13:16:41.815817   760 tablet_bootstrap.cc:492] T 4c4f56440674477fbae6edef574c0870 P 33b0848dc6b2429a82fbda6ad2384a09: No bootstrap required, opened a new log
I20260710 13:16:41.816444   760 ts_tablet_manager.cc:1403] T 4c4f56440674477fbae6edef574c0870 P 33b0848dc6b2429a82fbda6ad2384a09: Time spent bootstrapping tablet: real 0.056s	user 0.015s	sys 0.015s
I20260710 13:16:41.820102   566 tablet_service.cc:1917] Received RequestConsensusVote() RPC: tablet_id: "0f7ca848fa124b86a41c74ad2b871459" candidate_uuid: "22e3e7ba2cda4b3c9c6556ec7a68a1be" candidate_term: 1 candidate_status { last_received { term: 0 index: 0 } } ignore_live_leader: false dest_uuid: "a098eedcccaf488c84492c020765fb14" is_pre_election: true
I20260710 13:16:41.820144   760 raft_consensus.cc:359] T 4c4f56440674477fbae6edef574c0870 P 33b0848dc6b2429a82fbda6ad2384a09 [term 0 FOLLOWER]: Replica starting. Triggering 0 pending ops. Active config: opid_index: -1 OBSOLETE_local: false peers { permanent_uuid: "a098eedcccaf488c84492c020765fb14" member_type: VOTER last_known_addr { host: "127.0.107.193" port: 35319 } } peers { permanent_uuid: "33b0848dc6b2429a82fbda6ad2384a09" member_type: VOTER last_known_addr { host: "127.0.107.194" port: 38311 } } peers { permanent_uuid: "22e3e7ba2cda4b3c9c6556ec7a68a1be" member_type: VOTER last_known_addr { host: "127.0.107.195" port: 37897 } }
I20260710 13:16:41.821054   566 raft_consensus.cc:2468] T 0f7ca848fa124b86a41c74ad2b871459 P a098eedcccaf488c84492c020765fb14 [term 0 FOLLOWER]: Leader pre-election vote request: Granting yes vote for candidate 22e3e7ba2cda4b3c9c6556ec7a68a1be in term 0.
I20260710 13:16:41.821177   760 raft_consensus.cc:385] T 4c4f56440674477fbae6edef574c0870 P 33b0848dc6b2429a82fbda6ad2384a09 [term 0 FOLLOWER]: Consensus starting up: Expiring failure detector timer to make a prompt election more likely
I20260710 13:16:41.821663   760 raft_consensus.cc:740] T 4c4f56440674477fbae6edef574c0870 P 33b0848dc6b2429a82fbda6ad2384a09 [term 0 FOLLOWER]: Becoming Follower/Learner. State: Replica: 33b0848dc6b2429a82fbda6ad2384a09, State: Initialized, Role: FOLLOWER
I20260710 13:16:41.822713   679 leader_election.cc:304] T 0f7ca848fa124b86a41c74ad2b871459 P 22e3e7ba2cda4b3c9c6556ec7a68a1be [CANDIDATE]: Term 1 pre-election: Election decided. Result: candidate won. Election summary: received 2 responses out of 3 voters: 2 yes votes; 0 no votes. yes voters: 22e3e7ba2cda4b3c9c6556ec7a68a1be, a098eedcccaf488c84492c020765fb14; no voters: 
I20260710 13:16:41.822667   760 consensus_queue.cc:260] T 4c4f56440674477fbae6edef574c0870 P 33b0848dc6b2429a82fbda6ad2384a09 [NON_LEADER]: Queue going to NON_LEADER mode. State: All replicated index: 0, Majority replicated index: 0, Committed index: 0, Last appended: 0.0, Last appended by leader: 0, Current term: 0, Majority size: -1, State: 0, Mode: NON_LEADER, active raft config: opid_index: -1 OBSOLETE_local: false peers { permanent_uuid: "a098eedcccaf488c84492c020765fb14" member_type: VOTER last_known_addr { host: "127.0.107.193" port: 35319 } } peers { permanent_uuid: "33b0848dc6b2429a82fbda6ad2384a09" member_type: VOTER last_known_addr { host: "127.0.107.194" port: 38311 } } peers { permanent_uuid: "22e3e7ba2cda4b3c9c6556ec7a68a1be" member_type: VOTER last_known_addr { host: "127.0.107.195" port: 37897 } }
I20260710 13:16:41.823660   765 raft_consensus.cc:2804] T 0f7ca848fa124b86a41c74ad2b871459 P 22e3e7ba2cda4b3c9c6556ec7a68a1be [term 0 FOLLOWER]: Leader pre-election won for term 1
I20260710 13:16:41.824015   765 raft_consensus.cc:493] T 0f7ca848fa124b86a41c74ad2b871459 P 22e3e7ba2cda4b3c9c6556ec7a68a1be [term 0 FOLLOWER]: Starting leader election (no leader contacted us within the election timeout)
I20260710 13:16:41.824353   765 raft_consensus.cc:3060] T 0f7ca848fa124b86a41c74ad2b871459 P 22e3e7ba2cda4b3c9c6556ec7a68a1be [term 0 FOLLOWER]: Advancing to term 1
I20260710 13:16:41.832185   760 ts_tablet_manager.cc:1434] T 4c4f56440674477fbae6edef574c0870 P 33b0848dc6b2429a82fbda6ad2384a09: Time spent starting tablet: real 0.015s	user 0.010s	sys 0.002s
I20260710 13:16:41.833580   760 tablet_bootstrap.cc:492] T 76d8b6c4361b4016bb7d5fcb58dc13b5 P 33b0848dc6b2429a82fbda6ad2384a09: Bootstrap starting.
I20260710 13:16:41.840517   758 tablet_bootstrap.cc:492] T 5adf84d6bd194a4d81c0ccc69098b6f3 P a098eedcccaf488c84492c020765fb14: No bootstrap required, opened a new log
I20260710 13:16:41.841136   758 ts_tablet_manager.cc:1403] T 5adf84d6bd194a4d81c0ccc69098b6f3 P a098eedcccaf488c84492c020765fb14: Time spent bootstrapping tablet: real 0.057s	user 0.008s	sys 0.008s
I20260710 13:16:41.842738   641 tablet_service.cc:1917] Received RequestConsensusVote() RPC: tablet_id: "0f7ca848fa124b86a41c74ad2b871459" candidate_uuid: "22e3e7ba2cda4b3c9c6556ec7a68a1be" candidate_term: 1 candidate_status { last_received { term: 0 index: 0 } } ignore_live_leader: false dest_uuid: "33b0848dc6b2429a82fbda6ad2384a09" is_pre_election: true
I20260710 13:16:41.843580   641 raft_consensus.cc:2468] T 0f7ca848fa124b86a41c74ad2b871459 P 33b0848dc6b2429a82fbda6ad2384a09 [term 0 FOLLOWER]: Leader pre-election vote request: Granting yes vote for candidate 22e3e7ba2cda4b3c9c6556ec7a68a1be in term 0.
I20260710 13:16:41.844889   765 raft_consensus.cc:515] T 0f7ca848fa124b86a41c74ad2b871459 P 22e3e7ba2cda4b3c9c6556ec7a68a1be [term 1 FOLLOWER]: Starting leader election with config: opid_index: -1 OBSOLETE_local: false peers { permanent_uuid: "a098eedcccaf488c84492c020765fb14" member_type: VOTER last_known_addr { host: "127.0.107.193" port: 35319 } } peers { permanent_uuid: "33b0848dc6b2429a82fbda6ad2384a09" member_type: VOTER last_known_addr { host: "127.0.107.194" port: 38311 } } peers { permanent_uuid: "22e3e7ba2cda4b3c9c6556ec7a68a1be" member_type: VOTER last_known_addr { host: "127.0.107.195" port: 37897 } }
I20260710 13:16:41.845234   758 raft_consensus.cc:359] T 5adf84d6bd194a4d81c0ccc69098b6f3 P a098eedcccaf488c84492c020765fb14 [term 0 FOLLOWER]: Replica starting. Triggering 0 pending ops. Active config: opid_index: -1 OBSOLETE_local: false peers { permanent_uuid: "a098eedcccaf488c84492c020765fb14" member_type: VOTER last_known_addr { host: "127.0.107.193" port: 35319 } } peers { permanent_uuid: "33b0848dc6b2429a82fbda6ad2384a09" member_type: VOTER last_known_addr { host: "127.0.107.194" port: 38311 } } peers { permanent_uuid: "22e3e7ba2cda4b3c9c6556ec7a68a1be" member_type: VOTER last_known_addr { host: "127.0.107.195" port: 37897 } }
I20260710 13:16:41.847002   765 leader_election.cc:290] T 0f7ca848fa124b86a41c74ad2b871459 P 22e3e7ba2cda4b3c9c6556ec7a68a1be [CANDIDATE]: Term 1 election: Requested vote from peers a098eedcccaf488c84492c020765fb14 (127.0.107.193:35319), 33b0848dc6b2429a82fbda6ad2384a09 (127.0.107.194:38311)
I20260710 13:16:41.847687   759 tablet_bootstrap.cc:492] T 2d8d601d15544f048184d00339b5589e P 22e3e7ba2cda4b3c9c6556ec7a68a1be: No bootstrap required, opened a new log
I20260710 13:16:41.847615   566 tablet_service.cc:1917] Received RequestConsensusVote() RPC: tablet_id: "0f7ca848fa124b86a41c74ad2b871459" candidate_uuid: "22e3e7ba2cda4b3c9c6556ec7a68a1be" candidate_term: 1 candidate_status { last_received { term: 0 index: 0 } } ignore_live_leader: false dest_uuid: "a098eedcccaf488c84492c020765fb14"
I20260710 13:16:41.848174   759 ts_tablet_manager.cc:1403] T 2d8d601d15544f048184d00339b5589e P 22e3e7ba2cda4b3c9c6556ec7a68a1be: Time spent bootstrapping tablet: real 0.070s	user 0.011s	sys 0.021s
I20260710 13:16:41.848220   566 raft_consensus.cc:3060] T 0f7ca848fa124b86a41c74ad2b871459 P a098eedcccaf488c84492c020765fb14 [term 0 FOLLOWER]: Advancing to term 1
I20260710 13:16:41.849099   641 tablet_service.cc:1917] Received RequestConsensusVote() RPC: tablet_id: "0f7ca848fa124b86a41c74ad2b871459" candidate_uuid: "22e3e7ba2cda4b3c9c6556ec7a68a1be" candidate_term: 1 candidate_status { last_received { term: 0 index: 0 } } ignore_live_leader: false dest_uuid: "33b0848dc6b2429a82fbda6ad2384a09"
I20260710 13:16:41.849642   641 raft_consensus.cc:3060] T 0f7ca848fa124b86a41c74ad2b871459 P 33b0848dc6b2429a82fbda6ad2384a09 [term 0 FOLLOWER]: Advancing to term 1
I20260710 13:16:41.851296   759 raft_consensus.cc:359] T 2d8d601d15544f048184d00339b5589e P 22e3e7ba2cda4b3c9c6556ec7a68a1be [term 0 FOLLOWER]: Replica starting. Triggering 0 pending ops. Active config: opid_index: -1 OBSOLETE_local: false peers { permanent_uuid: "22e3e7ba2cda4b3c9c6556ec7a68a1be" member_type: VOTER last_known_addr { host: "127.0.107.195" port: 37897 } } peers { permanent_uuid: "33b0848dc6b2429a82fbda6ad2384a09" member_type: VOTER last_known_addr { host: "127.0.107.194" port: 38311 } } peers { permanent_uuid: "a098eedcccaf488c84492c020765fb14" member_type: VOTER last_known_addr { host: "127.0.107.193" port: 35319 } }
I20260710 13:16:41.852505   759 raft_consensus.cc:385] T 2d8d601d15544f048184d00339b5589e P 22e3e7ba2cda4b3c9c6556ec7a68a1be [term 0 FOLLOWER]: Consensus starting up: Expiring failure detector timer to make a prompt election more likely
I20260710 13:16:41.852815   759 raft_consensus.cc:740] T 2d8d601d15544f048184d00339b5589e P 22e3e7ba2cda4b3c9c6556ec7a68a1be [term 0 FOLLOWER]: Becoming Follower/Learner. State: Replica: 22e3e7ba2cda4b3c9c6556ec7a68a1be, State: Initialized, Role: FOLLOWER
I20260710 13:16:41.853567   759 consensus_queue.cc:260] T 2d8d601d15544f048184d00339b5589e P 22e3e7ba2cda4b3c9c6556ec7a68a1be [NON_LEADER]: Queue going to NON_LEADER mode. State: All replicated index: 0, Majority replicated index: 0, Committed index: 0, Last appended: 0.0, Last appended by leader: 0, Current term: 0, Majority size: -1, State: 0, Mode: NON_LEADER, active raft config: opid_index: -1 OBSOLETE_local: false peers { permanent_uuid: "22e3e7ba2cda4b3c9c6556ec7a68a1be" member_type: VOTER last_known_addr { host: "127.0.107.195" port: 37897 } } peers { permanent_uuid: "33b0848dc6b2429a82fbda6ad2384a09" member_type: VOTER last_known_addr { host: "127.0.107.194" port: 38311 } } peers { permanent_uuid: "a098eedcccaf488c84492c020765fb14" member_type: VOTER last_known_addr { host: "127.0.107.193" port: 35319 } }
I20260710 13:16:41.854118   760 tablet_bootstrap.cc:654] T 76d8b6c4361b4016bb7d5fcb58dc13b5 P 33b0848dc6b2429a82fbda6ad2384a09: Neither blocks nor log segments found. Creating new log.
I20260710 13:16:41.846380   758 raft_consensus.cc:385] T 5adf84d6bd194a4d81c0ccc69098b6f3 P a098eedcccaf488c84492c020765fb14 [term 0 FOLLOWER]: Consensus starting up: Expiring failure detector timer to make a prompt election more likely
I20260710 13:16:41.857791   758 raft_consensus.cc:740] T 5adf84d6bd194a4d81c0ccc69098b6f3 P a098eedcccaf488c84492c020765fb14 [term 0 FOLLOWER]: Becoming Follower/Learner. State: Replica: a098eedcccaf488c84492c020765fb14, State: Initialized, Role: FOLLOWER
I20260710 13:16:41.858573   758 consensus_queue.cc:260] T 5adf84d6bd194a4d81c0ccc69098b6f3 P a098eedcccaf488c84492c020765fb14 [NON_LEADER]: Queue going to NON_LEADER mode. State: All replicated index: 0, Majority replicated index: 0, Committed index: 0, Last appended: 0.0, Last appended by leader: 0, Current term: 0, Majority size: -1, State: 0, Mode: NON_LEADER, active raft config: opid_index: -1 OBSOLETE_local: false peers { permanent_uuid: "a098eedcccaf488c84492c020765fb14" member_type: VOTER last_known_addr { host: "127.0.107.193" port: 35319 } } peers { permanent_uuid: "33b0848dc6b2429a82fbda6ad2384a09" member_type: VOTER last_known_addr { host: "127.0.107.194" port: 38311 } } peers { permanent_uuid: "22e3e7ba2cda4b3c9c6556ec7a68a1be" member_type: VOTER last_known_addr { host: "127.0.107.195" port: 37897 } }
I20260710 13:16:41.860769   758 ts_tablet_manager.cc:1434] T 5adf84d6bd194a4d81c0ccc69098b6f3 P a098eedcccaf488c84492c020765fb14: Time spent starting tablet: real 0.019s	user 0.005s	sys 0.000s
I20260710 13:16:41.861754   758 tablet_bootstrap.cc:492] T 189bfe9644de42c98824be865da22597 P a098eedcccaf488c84492c020765fb14: Bootstrap starting.
I20260710 13:16:41.864243   759 ts_tablet_manager.cc:1434] T 2d8d601d15544f048184d00339b5589e P 22e3e7ba2cda4b3c9c6556ec7a68a1be: Time spent starting tablet: real 0.016s	user 0.003s	sys 0.003s
I20260710 13:16:41.865626   759 tablet_bootstrap.cc:492] T 76d8b6c4361b4016bb7d5fcb58dc13b5 P 22e3e7ba2cda4b3c9c6556ec7a68a1be: Bootstrap starting.
I20260710 13:16:41.872473   759 tablet_bootstrap.cc:654] T 76d8b6c4361b4016bb7d5fcb58dc13b5 P 22e3e7ba2cda4b3c9c6556ec7a68a1be: Neither blocks nor log segments found. Creating new log.
I20260710 13:16:41.873148   758 tablet_bootstrap.cc:654] T 189bfe9644de42c98824be865da22597 P a098eedcccaf488c84492c020765fb14: Neither blocks nor log segments found. Creating new log.
I20260710 13:16:41.876070   641 raft_consensus.cc:2468] T 0f7ca848fa124b86a41c74ad2b871459 P 33b0848dc6b2429a82fbda6ad2384a09 [term 1 FOLLOWER]: Leader election vote request: Granting yes vote for candidate 22e3e7ba2cda4b3c9c6556ec7a68a1be in term 1.
I20260710 13:16:41.880602   678 leader_election.cc:304] T 0f7ca848fa124b86a41c74ad2b871459 P 22e3e7ba2cda4b3c9c6556ec7a68a1be [CANDIDATE]: Term 1 election: Election decided. Result: candidate won. Election summary: received 2 responses out of 3 voters: 2 yes votes; 0 no votes. yes voters: 22e3e7ba2cda4b3c9c6556ec7a68a1be, 33b0848dc6b2429a82fbda6ad2384a09; no voters: 
I20260710 13:16:41.880774   566 raft_consensus.cc:2468] T 0f7ca848fa124b86a41c74ad2b871459 P a098eedcccaf488c84492c020765fb14 [term 1 FOLLOWER]: Leader election vote request: Granting yes vote for candidate 22e3e7ba2cda4b3c9c6556ec7a68a1be in term 1.
I20260710 13:16:41.881340   760 tablet_bootstrap.cc:492] T 76d8b6c4361b4016bb7d5fcb58dc13b5 P 33b0848dc6b2429a82fbda6ad2384a09: No bootstrap required, opened a new log
I20260710 13:16:41.881424   765 raft_consensus.cc:2804] T 0f7ca848fa124b86a41c74ad2b871459 P 22e3e7ba2cda4b3c9c6556ec7a68a1be [term 1 FOLLOWER]: Leader election won for term 1
I20260710 13:16:41.881901   760 ts_tablet_manager.cc:1403] T 76d8b6c4361b4016bb7d5fcb58dc13b5 P 33b0848dc6b2429a82fbda6ad2384a09: Time spent bootstrapping tablet: real 0.049s	user 0.017s	sys 0.003s
I20260710 13:16:41.883641   765 raft_consensus.cc:697] T 0f7ca848fa124b86a41c74ad2b871459 P 22e3e7ba2cda4b3c9c6556ec7a68a1be [term 1 LEADER]: Becoming Leader. State: Replica: 22e3e7ba2cda4b3c9c6556ec7a68a1be, State: Running, Role: LEADER
I20260710 13:16:41.884524   765 consensus_queue.cc:237] T 0f7ca848fa124b86a41c74ad2b871459 P 22e3e7ba2cda4b3c9c6556ec7a68a1be [LEADER]: Queue going to LEADER mode. State: All replicated index: 0, Majority replicated index: 0, Committed index: 0, Last appended: 0.0, Last appended by leader: 0, Current term: 1, Majority size: 2, State: 0, Mode: LEADER, active raft config: opid_index: -1 OBSOLETE_local: false peers { permanent_uuid: "a098eedcccaf488c84492c020765fb14" member_type: VOTER last_known_addr { host: "127.0.107.193" port: 35319 } } peers { permanent_uuid: "33b0848dc6b2429a82fbda6ad2384a09" member_type: VOTER last_known_addr { host: "127.0.107.194" port: 38311 } } peers { permanent_uuid: "22e3e7ba2cda4b3c9c6556ec7a68a1be" member_type: VOTER last_known_addr { host: "127.0.107.195" port: 37897 } }
I20260710 13:16:41.885159   759 tablet_bootstrap.cc:492] T 76d8b6c4361b4016bb7d5fcb58dc13b5 P 22e3e7ba2cda4b3c9c6556ec7a68a1be: No bootstrap required, opened a new log
I20260710 13:16:41.886116   759 ts_tablet_manager.cc:1403] T 76d8b6c4361b4016bb7d5fcb58dc13b5 P 22e3e7ba2cda4b3c9c6556ec7a68a1be: Time spent bootstrapping tablet: real 0.021s	user 0.009s	sys 0.006s
I20260710 13:16:41.889102   759 raft_consensus.cc:359] T 76d8b6c4361b4016bb7d5fcb58dc13b5 P 22e3e7ba2cda4b3c9c6556ec7a68a1be [term 0 FOLLOWER]: Replica starting. Triggering 0 pending ops. Active config: opid_index: -1 OBSOLETE_local: false peers { permanent_uuid: "a098eedcccaf488c84492c020765fb14" member_type: VOTER last_known_addr { host: "127.0.107.193" port: 35319 } } peers { permanent_uuid: "33b0848dc6b2429a82fbda6ad2384a09" member_type: VOTER last_known_addr { host: "127.0.107.194" port: 38311 } } peers { permanent_uuid: "22e3e7ba2cda4b3c9c6556ec7a68a1be" member_type: VOTER last_known_addr { host: "127.0.107.195" port: 37897 } }
I20260710 13:16:41.889914   759 raft_consensus.cc:385] T 76d8b6c4361b4016bb7d5fcb58dc13b5 P 22e3e7ba2cda4b3c9c6556ec7a68a1be [term 0 FOLLOWER]: Consensus starting up: Expiring failure detector timer to make a prompt election more likely
I20260710 13:16:41.890287   759 raft_consensus.cc:740] T 76d8b6c4361b4016bb7d5fcb58dc13b5 P 22e3e7ba2cda4b3c9c6556ec7a68a1be [term 0 FOLLOWER]: Becoming Follower/Learner. State: Replica: 22e3e7ba2cda4b3c9c6556ec7a68a1be, State: Initialized, Role: FOLLOWER
I20260710 13:16:41.891026   759 consensus_queue.cc:260] T 76d8b6c4361b4016bb7d5fcb58dc13b5 P 22e3e7ba2cda4b3c9c6556ec7a68a1be [NON_LEADER]: Queue going to NON_LEADER mode. State: All replicated index: 0, Majority replicated index: 0, Committed index: 0, Last appended: 0.0, Last appended by leader: 0, Current term: 0, Majority size: -1, State: 0, Mode: NON_LEADER, active raft config: opid_index: -1 OBSOLETE_local: false peers { permanent_uuid: "a098eedcccaf488c84492c020765fb14" member_type: VOTER last_known_addr { host: "127.0.107.193" port: 35319 } } peers { permanent_uuid: "33b0848dc6b2429a82fbda6ad2384a09" member_type: VOTER last_known_addr { host: "127.0.107.194" port: 38311 } } peers { permanent_uuid: "22e3e7ba2cda4b3c9c6556ec7a68a1be" member_type: VOTER last_known_addr { host: "127.0.107.195" port: 37897 } }
I20260710 13:16:41.891633   760 raft_consensus.cc:359] T 76d8b6c4361b4016bb7d5fcb58dc13b5 P 33b0848dc6b2429a82fbda6ad2384a09 [term 0 FOLLOWER]: Replica starting. Triggering 0 pending ops. Active config: opid_index: -1 OBSOLETE_local: false peers { permanent_uuid: "a098eedcccaf488c84492c020765fb14" member_type: VOTER last_known_addr { host: "127.0.107.193" port: 35319 } } peers { permanent_uuid: "33b0848dc6b2429a82fbda6ad2384a09" member_type: VOTER last_known_addr { host: "127.0.107.194" port: 38311 } } peers { permanent_uuid: "22e3e7ba2cda4b3c9c6556ec7a68a1be" member_type: VOTER last_known_addr { host: "127.0.107.195" port: 37897 } }
I20260710 13:16:41.892350   760 raft_consensus.cc:385] T 76d8b6c4361b4016bb7d5fcb58dc13b5 P 33b0848dc6b2429a82fbda6ad2384a09 [term 0 FOLLOWER]: Consensus starting up: Expiring failure detector timer to make a prompt election more likely
I20260710 13:16:41.892647   760 raft_consensus.cc:740] T 76d8b6c4361b4016bb7d5fcb58dc13b5 P 33b0848dc6b2429a82fbda6ad2384a09 [term 0 FOLLOWER]: Becoming Follower/Learner. State: Replica: 33b0848dc6b2429a82fbda6ad2384a09, State: Initialized, Role: FOLLOWER
I20260710 13:16:41.893356   760 consensus_queue.cc:260] T 76d8b6c4361b4016bb7d5fcb58dc13b5 P 33b0848dc6b2429a82fbda6ad2384a09 [NON_LEADER]: Queue going to NON_LEADER mode. State: All replicated index: 0, Majority replicated index: 0, Committed index: 0, Last appended: 0.0, Last appended by leader: 0, Current term: 0, Majority size: -1, State: 0, Mode: NON_LEADER, active raft config: opid_index: -1 OBSOLETE_local: false peers { permanent_uuid: "a098eedcccaf488c84492c020765fb14" member_type: VOTER last_known_addr { host: "127.0.107.193" port: 35319 } } peers { permanent_uuid: "33b0848dc6b2429a82fbda6ad2384a09" member_type: VOTER last_known_addr { host: "127.0.107.194" port: 38311 } } peers { permanent_uuid: "22e3e7ba2cda4b3c9c6556ec7a68a1be" member_type: VOTER last_known_addr { host: "127.0.107.195" port: 37897 } }
I20260710 13:16:41.898213   760 ts_tablet_manager.cc:1434] T 76d8b6c4361b4016bb7d5fcb58dc13b5 P 33b0848dc6b2429a82fbda6ad2384a09: Time spent starting tablet: real 0.016s	user 0.002s	sys 0.011s
I20260710 13:16:41.899201   760 tablet_bootstrap.cc:492] T 189bfe9644de42c98824be865da22597 P 33b0848dc6b2429a82fbda6ad2384a09: Bootstrap starting.
I20260710 13:16:41.903261   764 raft_consensus.cc:493] T 4c4f56440674477fbae6edef574c0870 P 33b0848dc6b2429a82fbda6ad2384a09 [term 0 FOLLOWER]: Starting pre-election (no leader contacted us within the election timeout)
I20260710 13:16:41.903760   764 raft_consensus.cc:515] T 4c4f56440674477fbae6edef574c0870 P 33b0848dc6b2429a82fbda6ad2384a09 [term 0 FOLLOWER]: Starting pre-election with config: opid_index: -1 OBSOLETE_local: false peers { permanent_uuid: "a098eedcccaf488c84492c020765fb14" member_type: VOTER last_known_addr { host: "127.0.107.193" port: 35319 } } peers { permanent_uuid: "33b0848dc6b2429a82fbda6ad2384a09" member_type: VOTER last_known_addr { host: "127.0.107.194" port: 38311 } } peers { permanent_uuid: "22e3e7ba2cda4b3c9c6556ec7a68a1be" member_type: VOTER last_known_addr { host: "127.0.107.195" port: 37897 } }
I20260710 13:16:41.904464   758 tablet_bootstrap.cc:492] T 189bfe9644de42c98824be865da22597 P a098eedcccaf488c84492c020765fb14: No bootstrap required, opened a new log
I20260710 13:16:41.904932   758 ts_tablet_manager.cc:1403] T 189bfe9644de42c98824be865da22597 P a098eedcccaf488c84492c020765fb14: Time spent bootstrapping tablet: real 0.043s	user 0.011s	sys 0.003s
I20260710 13:16:41.906463   764 leader_election.cc:290] T 4c4f56440674477fbae6edef574c0870 P 33b0848dc6b2429a82fbda6ad2384a09 [CANDIDATE]: Term 1 pre-election: Requested pre-vote from peers a098eedcccaf488c84492c020765fb14 (127.0.107.193:35319), 22e3e7ba2cda4b3c9c6556ec7a68a1be (127.0.107.195:37897)
I20260710 13:16:41.912950   760 tablet_bootstrap.cc:654] T 189bfe9644de42c98824be865da22597 P 33b0848dc6b2429a82fbda6ad2384a09: Neither blocks nor log segments found. Creating new log.
I20260710 13:16:41.932382   760 tablet_bootstrap.cc:492] T 189bfe9644de42c98824be865da22597 P 33b0848dc6b2429a82fbda6ad2384a09: No bootstrap required, opened a new log
I20260710 13:16:41.932899   760 ts_tablet_manager.cc:1403] T 189bfe9644de42c98824be865da22597 P 33b0848dc6b2429a82fbda6ad2384a09: Time spent bootstrapping tablet: real 0.034s	user 0.006s	sys 0.016s
I20260710 13:16:41.935739   760 raft_consensus.cc:359] T 189bfe9644de42c98824be865da22597 P 33b0848dc6b2429a82fbda6ad2384a09 [term 0 FOLLOWER]: Replica starting. Triggering 0 pending ops. Active config: opid_index: -1 OBSOLETE_local: false peers { permanent_uuid: "a098eedcccaf488c84492c020765fb14" member_type: VOTER last_known_addr { host: "127.0.107.193" port: 35319 } } peers { permanent_uuid: "33b0848dc6b2429a82fbda6ad2384a09" member_type: VOTER last_known_addr { host: "127.0.107.194" port: 38311 } } peers { permanent_uuid: "22e3e7ba2cda4b3c9c6556ec7a68a1be" member_type: VOTER last_known_addr { host: "127.0.107.195" port: 37897 } }
I20260710 13:16:41.936522   760 raft_consensus.cc:385] T 189bfe9644de42c98824be865da22597 P 33b0848dc6b2429a82fbda6ad2384a09 [term 0 FOLLOWER]: Consensus starting up: Expiring failure detector timer to make a prompt election more likely
I20260710 13:16:41.936815   760 raft_consensus.cc:740] T 189bfe9644de42c98824be865da22597 P 33b0848dc6b2429a82fbda6ad2384a09 [term 0 FOLLOWER]: Becoming Follower/Learner. State: Replica: 33b0848dc6b2429a82fbda6ad2384a09, State: Initialized, Role: FOLLOWER
I20260710 13:16:41.937567   760 consensus_queue.cc:260] T 189bfe9644de42c98824be865da22597 P 33b0848dc6b2429a82fbda6ad2384a09 [NON_LEADER]: Queue going to NON_LEADER mode. State: All replicated index: 0, Majority replicated index: 0, Committed index: 0, Last appended: 0.0, Last appended by leader: 0, Current term: 0, Majority size: -1, State: 0, Mode: NON_LEADER, active raft config: opid_index: -1 OBSOLETE_local: false peers { permanent_uuid: "a098eedcccaf488c84492c020765fb14" member_type: VOTER last_known_addr { host: "127.0.107.193" port: 35319 } } peers { permanent_uuid: "33b0848dc6b2429a82fbda6ad2384a09" member_type: VOTER last_known_addr { host: "127.0.107.194" port: 38311 } } peers { permanent_uuid: "22e3e7ba2cda4b3c9c6556ec7a68a1be" member_type: VOTER last_known_addr { host: "127.0.107.195" port: 37897 } }
I20260710 13:16:41.943630   759 ts_tablet_manager.cc:1434] T 76d8b6c4361b4016bb7d5fcb58dc13b5 P 22e3e7ba2cda4b3c9c6556ec7a68a1be: Time spent starting tablet: real 0.057s	user 0.030s	sys 0.014s
I20260710 13:16:41.945678   759 tablet_bootstrap.cc:492] T 4c4f56440674477fbae6edef574c0870 P 22e3e7ba2cda4b3c9c6556ec7a68a1be: Bootstrap starting.
I20260710 13:16:41.947968   760 ts_tablet_manager.cc:1434] T 189bfe9644de42c98824be865da22597 P 33b0848dc6b2429a82fbda6ad2384a09: Time spent starting tablet: real 0.015s	user 0.004s	sys 0.004s
I20260710 13:16:41.950584   758 raft_consensus.cc:359] T 189bfe9644de42c98824be865da22597 P a098eedcccaf488c84492c020765fb14 [term 0 FOLLOWER]: Replica starting. Triggering 0 pending ops. Active config: opid_index: -1 OBSOLETE_local: false peers { permanent_uuid: "a098eedcccaf488c84492c020765fb14" member_type: VOTER last_known_addr { host: "127.0.107.193" port: 35319 } } peers { permanent_uuid: "33b0848dc6b2429a82fbda6ad2384a09" member_type: VOTER last_known_addr { host: "127.0.107.194" port: 38311 } } peers { permanent_uuid: "22e3e7ba2cda4b3c9c6556ec7a68a1be" member_type: VOTER last_known_addr { host: "127.0.107.195" port: 37897 } }
I20260710 13:16:41.951376   758 raft_consensus.cc:385] T 189bfe9644de42c98824be865da22597 P a098eedcccaf488c84492c020765fb14 [term 0 FOLLOWER]: Consensus starting up: Expiring failure detector timer to make a prompt election more likely
I20260710 13:16:41.951674   758 raft_consensus.cc:740] T 189bfe9644de42c98824be865da22597 P a098eedcccaf488c84492c020765fb14 [term 0 FOLLOWER]: Becoming Follower/Learner. State: Replica: a098eedcccaf488c84492c020765fb14, State: Initialized, Role: FOLLOWER
I20260710 13:16:41.952795   758 consensus_queue.cc:260] T 189bfe9644de42c98824be865da22597 P a098eedcccaf488c84492c020765fb14 [NON_LEADER]: Queue going to NON_LEADER mode. State: All replicated index: 0, Majority replicated index: 0, Committed index: 0, Last appended: 0.0, Last appended by leader: 0, Current term: 0, Majority size: -1, State: 0, Mode: NON_LEADER, active raft config: opid_index: -1 OBSOLETE_local: false peers { permanent_uuid: "a098eedcccaf488c84492c020765fb14" member_type: VOTER last_known_addr { host: "127.0.107.193" port: 35319 } } peers { permanent_uuid: "33b0848dc6b2429a82fbda6ad2384a09" member_type: VOTER last_known_addr { host: "127.0.107.194" port: 38311 } } peers { permanent_uuid: "22e3e7ba2cda4b3c9c6556ec7a68a1be" member_type: VOTER last_known_addr { host: "127.0.107.195" port: 37897 } }
I20260710 13:16:41.953347   759 tablet_bootstrap.cc:654] T 4c4f56440674477fbae6edef574c0870 P 22e3e7ba2cda4b3c9c6556ec7a68a1be: Neither blocks nor log segments found. Creating new log.
I20260710 13:16:41.955165   760 tablet_bootstrap.cc:492] T 5adf84d6bd194a4d81c0ccc69098b6f3 P 33b0848dc6b2429a82fbda6ad2384a09: Bootstrap starting.
I20260710 13:16:41.962960   760 tablet_bootstrap.cc:654] T 5adf84d6bd194a4d81c0ccc69098b6f3 P 33b0848dc6b2429a82fbda6ad2384a09: Neither blocks nor log segments found. Creating new log.
I20260710 13:16:41.963826   462 catalog_manager.cc:5697] T 0f7ca848fa124b86a41c74ad2b871459 P 22e3e7ba2cda4b3c9c6556ec7a68a1be reported cstate change: term changed from 0 to 1, leader changed from <none> to 22e3e7ba2cda4b3c9c6556ec7a68a1be (127.0.107.195). New cstate: current_term: 1 leader_uuid: "22e3e7ba2cda4b3c9c6556ec7a68a1be" committed_config { opid_index: -1 OBSOLETE_local: false peers { permanent_uuid: "a098eedcccaf488c84492c020765fb14" member_type: VOTER last_known_addr { host: "127.0.107.193" port: 35319 } health_report { overall_health: UNKNOWN } } peers { permanent_uuid: "33b0848dc6b2429a82fbda6ad2384a09" member_type: VOTER last_known_addr { host: "127.0.107.194" port: 38311 } health_report { overall_health: UNKNOWN } } peers { permanent_uuid: "22e3e7ba2cda4b3c9c6556ec7a68a1be" member_type: VOTER last_known_addr { host: "127.0.107.195" port: 37897 } health_report { overall_health: HEALTHY } } }
I20260710 13:16:41.968302   715 tablet_service.cc:1917] Received RequestConsensusVote() RPC: tablet_id: "4c4f56440674477fbae6edef574c0870" candidate_uuid: "33b0848dc6b2429a82fbda6ad2384a09" candidate_term: 1 candidate_status { last_received { term: 0 index: 0 } } ignore_live_leader: false dest_uuid: "22e3e7ba2cda4b3c9c6556ec7a68a1be" is_pre_election: true
I20260710 13:16:41.973871   758 ts_tablet_manager.cc:1434] T 189bfe9644de42c98824be865da22597 P a098eedcccaf488c84492c020765fb14: Time spent starting tablet: real 0.069s	user 0.007s	sys 0.004s
I20260710 13:16:41.974918   758 tablet_bootstrap.cc:492] T 76d8b6c4361b4016bb7d5fcb58dc13b5 P a098eedcccaf488c84492c020765fb14: Bootstrap starting.
W20260710 13:16:41.979382   605 leader_election.cc:343] T 4c4f56440674477fbae6edef574c0870 P 33b0848dc6b2429a82fbda6ad2384a09 [CANDIDATE]: Term 1 pre-election: Tablet error from VoteRequest() call to peer 22e3e7ba2cda4b3c9c6556ec7a68a1be (127.0.107.195:37897): Illegal state: must be running to vote when last-logged opid is not known
I20260710 13:16:41.982787   566 tablet_service.cc:1917] Received RequestConsensusVote() RPC: tablet_id: "4c4f56440674477fbae6edef574c0870" candidate_uuid: "33b0848dc6b2429a82fbda6ad2384a09" candidate_term: 1 candidate_status { last_received { term: 0 index: 0 } } ignore_live_leader: false dest_uuid: "a098eedcccaf488c84492c020765fb14" is_pre_election: true
I20260710 13:16:41.984167   758 tablet_bootstrap.cc:654] T 76d8b6c4361b4016bb7d5fcb58dc13b5 P a098eedcccaf488c84492c020765fb14: Neither blocks nor log segments found. Creating new log.
W20260710 13:16:41.984709   605 leader_election.cc:343] T 4c4f56440674477fbae6edef574c0870 P 33b0848dc6b2429a82fbda6ad2384a09 [CANDIDATE]: Term 1 pre-election: Tablet error from VoteRequest() call to peer a098eedcccaf488c84492c020765fb14 (127.0.107.193:35319): Illegal state: must be running to vote when last-logged opid is not known
I20260710 13:16:41.987147   605 leader_election.cc:304] T 4c4f56440674477fbae6edef574c0870 P 33b0848dc6b2429a82fbda6ad2384a09 [CANDIDATE]: Term 1 pre-election: Election decided. Result: candidate lost. Election summary: received 3 responses out of 3 voters: 1 yes votes; 2 no votes. yes voters: 33b0848dc6b2429a82fbda6ad2384a09; no voters: 22e3e7ba2cda4b3c9c6556ec7a68a1be, a098eedcccaf488c84492c020765fb14
I20260710 13:16:41.987993   764 raft_consensus.cc:2749] T 4c4f56440674477fbae6edef574c0870 P 33b0848dc6b2429a82fbda6ad2384a09 [term 0 FOLLOWER]: Leader pre-election lost for term 1. Reason: could not achieve majority
I20260710 13:16:41.991797   764 raft_consensus.cc:493] T 76d8b6c4361b4016bb7d5fcb58dc13b5 P 33b0848dc6b2429a82fbda6ad2384a09 [term 0 FOLLOWER]: Starting pre-election (no leader contacted us within the election timeout)
I20260710 13:16:41.992307   764 raft_consensus.cc:515] T 76d8b6c4361b4016bb7d5fcb58dc13b5 P 33b0848dc6b2429a82fbda6ad2384a09 [term 0 FOLLOWER]: Starting pre-election with config: opid_index: -1 OBSOLETE_local: false peers { permanent_uuid: "a098eedcccaf488c84492c020765fb14" member_type: VOTER last_known_addr { host: "127.0.107.193" port: 35319 } } peers { permanent_uuid: "33b0848dc6b2429a82fbda6ad2384a09" member_type: VOTER last_known_addr { host: "127.0.107.194" port: 38311 } } peers { permanent_uuid: "22e3e7ba2cda4b3c9c6556ec7a68a1be" member_type: VOTER last_known_addr { host: "127.0.107.195" port: 37897 } }
I20260710 13:16:41.994627   760 tablet_bootstrap.cc:492] T 5adf84d6bd194a4d81c0ccc69098b6f3 P 33b0848dc6b2429a82fbda6ad2384a09: No bootstrap required, opened a new log
I20260710 13:16:41.995091   760 ts_tablet_manager.cc:1403] T 5adf84d6bd194a4d81c0ccc69098b6f3 P 33b0848dc6b2429a82fbda6ad2384a09: Time spent bootstrapping tablet: real 0.040s	user 0.014s	sys 0.015s
I20260710 13:16:41.995239   764 leader_election.cc:290] T 76d8b6c4361b4016bb7d5fcb58dc13b5 P 33b0848dc6b2429a82fbda6ad2384a09 [CANDIDATE]: Term 1 pre-election: Requested pre-vote from peers a098eedcccaf488c84492c020765fb14 (127.0.107.193:35319), 22e3e7ba2cda4b3c9c6556ec7a68a1be (127.0.107.195:37897)
I20260710 13:16:41.996582   715 tablet_service.cc:1917] Received RequestConsensusVote() RPC: tablet_id: "76d8b6c4361b4016bb7d5fcb58dc13b5" candidate_uuid: "33b0848dc6b2429a82fbda6ad2384a09" candidate_term: 1 candidate_status { last_received { term: 0 index: 0 } } ignore_live_leader: false dest_uuid: "22e3e7ba2cda4b3c9c6556ec7a68a1be" is_pre_election: true
I20260710 13:16:41.998617   566 tablet_service.cc:1917] Received RequestConsensusVote() RPC: tablet_id: "76d8b6c4361b4016bb7d5fcb58dc13b5" candidate_uuid: "33b0848dc6b2429a82fbda6ad2384a09" candidate_term: 1 candidate_status { last_received { term: 0 index: 0 } } ignore_live_leader: false dest_uuid: "a098eedcccaf488c84492c020765fb14" is_pre_election: true
I20260710 13:16:41.999655   759 tablet_bootstrap.cc:492] T 4c4f56440674477fbae6edef574c0870 P 22e3e7ba2cda4b3c9c6556ec7a68a1be: No bootstrap required, opened a new log
I20260710 13:16:42.000116   759 ts_tablet_manager.cc:1403] T 4c4f56440674477fbae6edef574c0870 P 22e3e7ba2cda4b3c9c6556ec7a68a1be: Time spent bootstrapping tablet: real 0.055s	user 0.008s	sys 0.004s
I20260710 13:16:41.997399   715 raft_consensus.cc:2468] T 76d8b6c4361b4016bb7d5fcb58dc13b5 P 22e3e7ba2cda4b3c9c6556ec7a68a1be [term 0 FOLLOWER]: Leader pre-election vote request: Granting yes vote for candidate 33b0848dc6b2429a82fbda6ad2384a09 in term 0.
I20260710 13:16:42.001678   605 leader_election.cc:304] T 76d8b6c4361b4016bb7d5fcb58dc13b5 P 33b0848dc6b2429a82fbda6ad2384a09 [CANDIDATE]: Term 1 pre-election: Election decided. Result: candidate won. Election summary: received 2 responses out of 3 voters: 2 yes votes; 0 no votes. yes voters: 22e3e7ba2cda4b3c9c6556ec7a68a1be, 33b0848dc6b2429a82fbda6ad2384a09; no voters: 
W20260710 13:16:42.003638   605 leader_election.cc:343] T 76d8b6c4361b4016bb7d5fcb58dc13b5 P 33b0848dc6b2429a82fbda6ad2384a09 [CANDIDATE]: Term 1 pre-election: Tablet error from VoteRequest() call to peer a098eedcccaf488c84492c020765fb14 (127.0.107.193:35319): Illegal state: must be running to vote when last-logged opid is not known
I20260710 13:16:42.004802   764 raft_consensus.cc:2804] T 76d8b6c4361b4016bb7d5fcb58dc13b5 P 33b0848dc6b2429a82fbda6ad2384a09 [term 0 FOLLOWER]: Leader pre-election won for term 1
I20260710 13:16:42.005086   764 raft_consensus.cc:493] T 76d8b6c4361b4016bb7d5fcb58dc13b5 P 33b0848dc6b2429a82fbda6ad2384a09 [term 0 FOLLOWER]: Starting leader election (no leader contacted us within the election timeout)
I20260710 13:16:42.005419   764 raft_consensus.cc:3060] T 76d8b6c4361b4016bb7d5fcb58dc13b5 P 33b0848dc6b2429a82fbda6ad2384a09 [term 0 FOLLOWER]: Advancing to term 1
I20260710 13:16:42.004984   759 raft_consensus.cc:359] T 4c4f56440674477fbae6edef574c0870 P 22e3e7ba2cda4b3c9c6556ec7a68a1be [term 0 FOLLOWER]: Replica starting. Triggering 0 pending ops. Active config: opid_index: -1 OBSOLETE_local: false peers { permanent_uuid: "a098eedcccaf488c84492c020765fb14" member_type: VOTER last_known_addr { host: "127.0.107.193" port: 35319 } } peers { permanent_uuid: "33b0848dc6b2429a82fbda6ad2384a09" member_type: VOTER last_known_addr { host: "127.0.107.194" port: 38311 } } peers { permanent_uuid: "22e3e7ba2cda4b3c9c6556ec7a68a1be" member_type: VOTER last_known_addr { host: "127.0.107.195" port: 37897 } }
I20260710 13:16:42.006330   759 raft_consensus.cc:385] T 4c4f56440674477fbae6edef574c0870 P 22e3e7ba2cda4b3c9c6556ec7a68a1be [term 0 FOLLOWER]: Consensus starting up: Expiring failure detector timer to make a prompt election more likely
I20260710 13:16:42.007233   759 raft_consensus.cc:740] T 4c4f56440674477fbae6edef574c0870 P 22e3e7ba2cda4b3c9c6556ec7a68a1be [term 0 FOLLOWER]: Becoming Follower/Learner. State: Replica: 22e3e7ba2cda4b3c9c6556ec7a68a1be, State: Initialized, Role: FOLLOWER
I20260710 13:16:42.008275   760 raft_consensus.cc:359] T 5adf84d6bd194a4d81c0ccc69098b6f3 P 33b0848dc6b2429a82fbda6ad2384a09 [term 0 FOLLOWER]: Replica starting. Triggering 0 pending ops. Active config: opid_index: -1 OBSOLETE_local: false peers { permanent_uuid: "a098eedcccaf488c84492c020765fb14" member_type: VOTER last_known_addr { host: "127.0.107.193" port: 35319 } } peers { permanent_uuid: "33b0848dc6b2429a82fbda6ad2384a09" member_type: VOTER last_known_addr { host: "127.0.107.194" port: 38311 } } peers { permanent_uuid: "22e3e7ba2cda4b3c9c6556ec7a68a1be" member_type: VOTER last_known_addr { host: "127.0.107.195" port: 37897 } }
I20260710 13:16:42.008514   759 consensus_queue.cc:260] T 4c4f56440674477fbae6edef574c0870 P 22e3e7ba2cda4b3c9c6556ec7a68a1be [NON_LEADER]: Queue going to NON_LEADER mode. State: All replicated index: 0, Majority replicated index: 0, Committed index: 0, Last appended: 0.0, Last appended by leader: 0, Current term: 0, Majority size: -1, State: 0, Mode: NON_LEADER, active raft config: opid_index: -1 OBSOLETE_local: false peers { permanent_uuid: "a098eedcccaf488c84492c020765fb14" member_type: VOTER last_known_addr { host: "127.0.107.193" port: 35319 } } peers { permanent_uuid: "33b0848dc6b2429a82fbda6ad2384a09" member_type: VOTER last_known_addr { host: "127.0.107.194" port: 38311 } } peers { permanent_uuid: "22e3e7ba2cda4b3c9c6556ec7a68a1be" member_type: VOTER last_known_addr { host: "127.0.107.195" port: 37897 } }
I20260710 13:16:42.009117   760 raft_consensus.cc:385] T 5adf84d6bd194a4d81c0ccc69098b6f3 P 33b0848dc6b2429a82fbda6ad2384a09 [term 0 FOLLOWER]: Consensus starting up: Expiring failure detector timer to make a prompt election more likely
I20260710 13:16:42.009567   760 raft_consensus.cc:740] T 5adf84d6bd194a4d81c0ccc69098b6f3 P 33b0848dc6b2429a82fbda6ad2384a09 [term 0 FOLLOWER]: Becoming Follower/Learner. State: Replica: 33b0848dc6b2429a82fbda6ad2384a09, State: Initialized, Role: FOLLOWER
