I20260710 13:16:53.374679  1246 consensus_queue.cc:260] T d24cbc16855d4eacb6a5009f9315bdc8 P ac6e53c410544fc6931e3ca77779a950 [NON_LEADER]: Queue going to NON_LEADER mode. State: All replicated index: 0, Majority replicated index: 0, Committed index: 0, Last appended: 0.0, Last appended by leader: 0, Current term: 0, Majority size: -1, State: 0, Mode: NON_LEADER, active raft config: opid_index: -1 OBSOLETE_local: false peers { permanent_uuid: "ac6e53c410544fc6931e3ca77779a950" member_type: VOTER last_known_addr { host: "127.0.107.194" port: 43569 } } peers { permanent_uuid: "c1461be6ef0243089a34da99c57e58e3" member_type: VOTER last_known_addr { host: "127.0.107.193" port: 35171 } } peers { permanent_uuid: "1e223f215dd44031bc1a681f8e45a158" member_type: VOTER last_known_addr { host: "127.0.107.195" port: 44077 } }
I20260710 13:16:53.376703  1246 ts_tablet_manager.cc:1434] T d24cbc16855d4eacb6a5009f9315bdc8 P ac6e53c410544fc6931e3ca77779a950: Time spent starting tablet: real 0.007s	user 0.004s	sys 0.004s
I20260710 13:16:53.377743  1246 tablet_bootstrap.cc:492] T 4304c9357c0a48ecb0a0c7435d7ccc85 P ac6e53c410544fc6931e3ca77779a950: Bootstrap starting.
I20260710 13:16:53.382303  1246 tablet_bootstrap.cc:654] T 4304c9357c0a48ecb0a0c7435d7ccc85 P ac6e53c410544fc6931e3ca77779a950: Neither blocks nor log segments found. Creating new log.
I20260710 13:16:53.386956  1246 tablet_bootstrap.cc:492] T 4304c9357c0a48ecb0a0c7435d7ccc85 P ac6e53c410544fc6931e3ca77779a950: No bootstrap required, opened a new log
I20260710 13:16:53.387353  1246 ts_tablet_manager.cc:1403] T 4304c9357c0a48ecb0a0c7435d7ccc85 P ac6e53c410544fc6931e3ca77779a950: Time spent bootstrapping tablet: real 0.010s	user 0.007s	sys 0.000s
I20260710 13:16:53.390151  1246 raft_consensus.cc:359] T 4304c9357c0a48ecb0a0c7435d7ccc85 P ac6e53c410544fc6931e3ca77779a950 [term 0 FOLLOWER]: Replica starting. Triggering 0 pending ops. Active config: opid_index: -1 OBSOLETE_local: false peers { permanent_uuid: "c1461be6ef0243089a34da99c57e58e3" member_type: VOTER last_known_addr { host: "127.0.107.193" port: 35171 } } peers { permanent_uuid: "ac6e53c410544fc6931e3ca77779a950" member_type: VOTER last_known_addr { host: "127.0.107.194" port: 43569 } } peers { permanent_uuid: "1e223f215dd44031bc1a681f8e45a158" member_type: VOTER last_known_addr { host: "127.0.107.195" port: 44077 } }
I20260710 13:16:53.390846  1246 raft_consensus.cc:385] T 4304c9357c0a48ecb0a0c7435d7ccc85 P ac6e53c410544fc6931e3ca77779a950 [term 0 FOLLOWER]: Consensus starting up: Expiring failure detector timer to make a prompt election more likely
I20260710 13:16:53.391207  1246 raft_consensus.cc:740] T 4304c9357c0a48ecb0a0c7435d7ccc85 P ac6e53c410544fc6931e3ca77779a950 [term 0 FOLLOWER]: Becoming Follower/Learner. State: Replica: ac6e53c410544fc6931e3ca77779a950, State: Initialized, Role: FOLLOWER
I20260710 13:16:53.392227  1246 consensus_queue.cc:260] T 4304c9357c0a48ecb0a0c7435d7ccc85 P ac6e53c410544fc6931e3ca77779a950 [NON_LEADER]: Queue going to NON_LEADER mode. State: All replicated index: 0, Majority replicated index: 0, Committed index: 0, Last appended: 0.0, Last appended by leader: 0, Current term: 0, Majority size: -1, State: 0, Mode: NON_LEADER, active raft config: opid_index: -1 OBSOLETE_local: false peers { permanent_uuid: "c1461be6ef0243089a34da99c57e58e3" member_type: VOTER last_known_addr { host: "127.0.107.193" port: 35171 } } peers { permanent_uuid: "ac6e53c410544fc6931e3ca77779a950" member_type: VOTER last_known_addr { host: "127.0.107.194" port: 43569 } } peers { permanent_uuid: "1e223f215dd44031bc1a681f8e45a158" member_type: VOTER last_known_addr { host: "127.0.107.195" port: 44077 } }
I20260710 13:16:53.393662  1205 raft_consensus.cc:2468] T ac07e5b6af6f4e099f36a96f0d17200f P 1e223f215dd44031bc1a681f8e45a158 [term 1 FOLLOWER]: Leader election vote request: Granting yes vote for candidate c1461be6ef0243089a34da99c57e58e3 in term 1.
I20260710 13:16:53.394119  1246 ts_tablet_manager.cc:1434] T 4304c9357c0a48ecb0a0c7435d7ccc85 P ac6e53c410544fc6931e3ca77779a950: Time spent starting tablet: real 0.006s	user 0.006s	sys 0.002s
I20260710 13:16:53.393693  1280 raft_consensus.cc:515] T 4304c9357c0a48ecb0a0c7435d7ccc85 P c1461be6ef0243089a34da99c57e58e3 [term 1 FOLLOWER]: Starting leader election with config: opid_index: -1 OBSOLETE_local: false peers { permanent_uuid: "c1461be6ef0243089a34da99c57e58e3" member_type: VOTER last_known_addr { host: "127.0.107.193" port: 35171 } } peers { permanent_uuid: "ac6e53c410544fc6931e3ca77779a950" member_type: VOTER last_known_addr { host: "127.0.107.194" port: 43569 } } peers { permanent_uuid: "1e223f215dd44031bc1a681f8e45a158" member_type: VOTER last_known_addr { host: "127.0.107.195" port: 44077 } }
I20260710 13:16:53.398370  1130 tablet_service.cc:1917] Received RequestConsensusVote() RPC: tablet_id: "4304c9357c0a48ecb0a0c7435d7ccc85" candidate_uuid: "c1461be6ef0243089a34da99c57e58e3" candidate_term: 1 candidate_status { last_received { term: 0 index: 0 } } ignore_live_leader: false dest_uuid: "ac6e53c410544fc6931e3ca77779a950"
I20260710 13:16:53.398964  1130 raft_consensus.cc:3060] T 4304c9357c0a48ecb0a0c7435d7ccc85 P ac6e53c410544fc6931e3ca77779a950 [term 0 FOLLOWER]: Advancing to term 1
I20260710 13:16:53.399161  1056 raft_consensus.cc:2468] T d24cbc16855d4eacb6a5009f9315bdc8 P c1461be6ef0243089a34da99c57e58e3 [term 1 FOLLOWER]: Leader election vote request: Granting yes vote for candidate 1e223f215dd44031bc1a681f8e45a158 in term 1.
I20260710 13:16:53.398947  1019 leader_election.cc:304] T ac07e5b6af6f4e099f36a96f0d17200f P c1461be6ef0243089a34da99c57e58e3 [CANDIDATE]: Term 1 election: Election decided. Result: candidate won. Election summary: received 2 responses out of 3 voters: 2 yes votes; 0 no votes. yes voters: 1e223f215dd44031bc1a681f8e45a158, c1461be6ef0243089a34da99c57e58e3; no voters: 
I20260710 13:16:53.400064  1128 raft_consensus.cc:2468] T ac07e5b6af6f4e099f36a96f0d17200f P ac6e53c410544fc6931e3ca77779a950 [term 1 FOLLOWER]: Leader election vote request: Granting yes vote for candidate c1461be6ef0243089a34da99c57e58e3 in term 1.
I20260710 13:16:53.400408  1169 leader_election.cc:304] T d24cbc16855d4eacb6a5009f9315bdc8 P 1e223f215dd44031bc1a681f8e45a158 [CANDIDATE]: Term 1 election: Election decided. Result: candidate won. Election summary: received 3 responses out of 3 voters: 2 yes votes; 1 no votes. yes voters: 1e223f215dd44031bc1a681f8e45a158, c1461be6ef0243089a34da99c57e58e3; no voters: ac6e53c410544fc6931e3ca77779a950
I20260710 13:16:53.400151  1251 raft_consensus.cc:2804] T ac07e5b6af6f4e099f36a96f0d17200f P c1461be6ef0243089a34da99c57e58e3 [term 1 FOLLOWER]: Leader election won for term 1
I20260710 13:16:53.401724  1264 raft_consensus.cc:2804] T d24cbc16855d4eacb6a5009f9315bdc8 P 1e223f215dd44031bc1a681f8e45a158 [term 1 FOLLOWER]: Leader election won for term 1
I20260710 13:16:53.402199  1251 raft_consensus.cc:697] T ac07e5b6af6f4e099f36a96f0d17200f P c1461be6ef0243089a34da99c57e58e3 [term 1 LEADER]: Becoming Leader. State: Replica: c1461be6ef0243089a34da99c57e58e3, State: Running, Role: LEADER
I20260710 13:16:53.402360  1264 raft_consensus.cc:697] T d24cbc16855d4eacb6a5009f9315bdc8 P 1e223f215dd44031bc1a681f8e45a158 [term 1 LEADER]: Becoming Leader. State: Replica: 1e223f215dd44031bc1a681f8e45a158, State: Running, Role: LEADER
I20260710 13:16:53.402969  1205 tablet_service.cc:1917] Received RequestConsensusVote() RPC: tablet_id: "4304c9357c0a48ecb0a0c7435d7ccc85" candidate_uuid: "c1461be6ef0243089a34da99c57e58e3" candidate_term: 1 candidate_status { last_received { term: 0 index: 0 } } ignore_live_leader: false dest_uuid: "1e223f215dd44031bc1a681f8e45a158"
I20260710 13:16:53.403568  1205 raft_consensus.cc:3060] T 4304c9357c0a48ecb0a0c7435d7ccc85 P 1e223f215dd44031bc1a681f8e45a158 [term 0 FOLLOWER]: Advancing to term 1
I20260710 13:16:53.403448  1264 consensus_queue.cc:237] T d24cbc16855d4eacb6a5009f9315bdc8 P 1e223f215dd44031bc1a681f8e45a158 [LEADER]: Queue going to LEADER mode. State: All replicated index: 0, Majority replicated index: 0, Committed index: 0, Last appended: 0.0, Last appended by leader: 0, Current term: 1, Majority size: 2, State: 0, Mode: LEADER, active raft config: opid_index: -1 OBSOLETE_local: false peers { permanent_uuid: "ac6e53c410544fc6931e3ca77779a950" member_type: VOTER last_known_addr { host: "127.0.107.194" port: 43569 } } peers { permanent_uuid: "c1461be6ef0243089a34da99c57e58e3" member_type: VOTER last_known_addr { host: "127.0.107.193" port: 35171 } } peers { permanent_uuid: "1e223f215dd44031bc1a681f8e45a158" member_type: VOTER last_known_addr { host: "127.0.107.195" port: 44077 } }
I20260710 13:16:53.403177  1251 consensus_queue.cc:237] T ac07e5b6af6f4e099f36a96f0d17200f P c1461be6ef0243089a34da99c57e58e3 [LEADER]: Queue going to LEADER mode. State: All replicated index: 0, Majority replicated index: 0, Committed index: 0, Last appended: 0.0, Last appended by leader: 0, Current term: 1, Majority size: 2, State: 0, Mode: LEADER, active raft config: opid_index: -1 OBSOLETE_local: false peers { permanent_uuid: "c1461be6ef0243089a34da99c57e58e3" member_type: VOTER last_known_addr { host: "127.0.107.193" port: 35171 } } peers { permanent_uuid: "ac6e53c410544fc6931e3ca77779a950" member_type: VOTER last_known_addr { host: "127.0.107.194" port: 43569 } } peers { permanent_uuid: "1e223f215dd44031bc1a681f8e45a158" member_type: VOTER last_known_addr { host: "127.0.107.195" port: 44077 } }
I20260710 13:16:53.404003  1280 leader_election.cc:290] T 4304c9357c0a48ecb0a0c7435d7ccc85 P c1461be6ef0243089a34da99c57e58e3 [CANDIDATE]: Term 1 election: Requested vote from peers ac6e53c410544fc6931e3ca77779a950 (127.0.107.194:43569), 1e223f215dd44031bc1a681f8e45a158 (127.0.107.195:44077)
I20260710 13:16:53.414346   951 catalog_manager.cc:5697] T ac07e5b6af6f4e099f36a96f0d17200f P c1461be6ef0243089a34da99c57e58e3 reported cstate change: term changed from 0 to 1, leader changed from <none> to c1461be6ef0243089a34da99c57e58e3 (127.0.107.193). New cstate: current_term: 1 leader_uuid: "c1461be6ef0243089a34da99c57e58e3" committed_config { opid_index: -1 OBSOLETE_local: false peers { permanent_uuid: "c1461be6ef0243089a34da99c57e58e3" member_type: VOTER last_known_addr { host: "127.0.107.193" port: 35171 } health_report { overall_health: HEALTHY } } peers { permanent_uuid: "ac6e53c410544fc6931e3ca77779a950" member_type: VOTER last_known_addr { host: "127.0.107.194" port: 43569 } health_report { overall_health: UNKNOWN } } peers { permanent_uuid: "1e223f215dd44031bc1a681f8e45a158" member_type: VOTER last_known_addr { host: "127.0.107.195" port: 44077 } health_report { overall_health: UNKNOWN } } }
I20260710 13:16:53.417579   952 catalog_manager.cc:5697] T d24cbc16855d4eacb6a5009f9315bdc8 P 1e223f215dd44031bc1a681f8e45a158 reported cstate change: term changed from 0 to 1, leader changed from <none> to 1e223f215dd44031bc1a681f8e45a158 (127.0.107.195). New cstate: current_term: 1 leader_uuid: "1e223f215dd44031bc1a681f8e45a158" committed_config { opid_index: -1 OBSOLETE_local: false peers { permanent_uuid: "ac6e53c410544fc6931e3ca77779a950" member_type: VOTER last_known_addr { host: "127.0.107.194" port: 43569 } health_report { overall_health: UNKNOWN } } peers { permanent_uuid: "c1461be6ef0243089a34da99c57e58e3" member_type: VOTER last_known_addr { host: "127.0.107.193" port: 35171 } health_report { overall_health: UNKNOWN } } peers { permanent_uuid: "1e223f215dd44031bc1a681f8e45a158" member_type: VOTER last_known_addr { host: "127.0.107.195" port: 44077 } health_report { overall_health: HEALTHY } } }
I20260710 13:16:53.487952  1130 raft_consensus.cc:2468] T 4304c9357c0a48ecb0a0c7435d7ccc85 P ac6e53c410544fc6931e3ca77779a950 [term 1 FOLLOWER]: Leader election vote request: Granting yes vote for candidate c1461be6ef0243089a34da99c57e58e3 in term 1.
I20260710 13:16:53.487911  1204 raft_consensus.cc:2468] T 6fd3e66bcdfa47db8ceec17f1c143c73 P 1e223f215dd44031bc1a681f8e45a158 [term 1 FOLLOWER]: Leader election vote request: Granting yes vote for candidate ac6e53c410544fc6931e3ca77779a950 in term 1.
I20260710 13:16:53.488217  1205 raft_consensus.cc:2468] T 4304c9357c0a48ecb0a0c7435d7ccc85 P 1e223f215dd44031bc1a681f8e45a158 [term 1 FOLLOWER]: Leader election vote request: Granting yes vote for candidate c1461be6ef0243089a34da99c57e58e3 in term 1.
I20260710 13:16:53.487913  1282 raft_consensus.cc:493] T 9f644289a40840998b0b752d8bd8459b P ac6e53c410544fc6931e3ca77779a950 [term 0 FOLLOWER]: Starting pre-election (no leader contacted us within the election timeout)
I20260710 13:16:53.489858  1094 leader_election.cc:304] T 6fd3e66bcdfa47db8ceec17f1c143c73 P ac6e53c410544fc6931e3ca77779a950 [CANDIDATE]: Term 1 election: Election decided. Result: candidate won. Election summary: received 3 responses out of 3 voters: 2 yes votes; 1 no votes. yes voters: 1e223f215dd44031bc1a681f8e45a158, ac6e53c410544fc6931e3ca77779a950; no voters: c1461be6ef0243089a34da99c57e58e3
I20260710 13:16:53.490094  1282 raft_consensus.cc:515] T 9f644289a40840998b0b752d8bd8459b P ac6e53c410544fc6931e3ca77779a950 [term 0 FOLLOWER]: Starting pre-election with config: opid_index: -1 OBSOLETE_local: false peers { permanent_uuid: "c1461be6ef0243089a34da99c57e58e3" member_type: VOTER last_known_addr { host: "127.0.107.193" port: 35171 } } peers { permanent_uuid: "ac6e53c410544fc6931e3ca77779a950" member_type: VOTER last_known_addr { host: "127.0.107.194" port: 43569 } } peers { permanent_uuid: "1e223f215dd44031bc1a681f8e45a158" member_type: VOTER last_known_addr { host: "127.0.107.195" port: 44077 } }
I20260710 13:16:53.491024  1250 raft_consensus.cc:2804] T 6fd3e66bcdfa47db8ceec17f1c143c73 P ac6e53c410544fc6931e3ca77779a950 [term 1 FOLLOWER]: Leader election won for term 1
I20260710 13:16:53.491470  1250 raft_consensus.cc:697] T 6fd3e66bcdfa47db8ceec17f1c143c73 P ac6e53c410544fc6931e3ca77779a950 [term 1 LEADER]: Becoming Leader. State: Replica: ac6e53c410544fc6931e3ca77779a950, State: Running, Role: LEADER
I20260710 13:16:53.492238  1282 leader_election.cc:290] T 9f644289a40840998b0b752d8bd8459b P ac6e53c410544fc6931e3ca77779a950 [CANDIDATE]: Term 1 pre-election: Requested pre-vote from peers c1461be6ef0243089a34da99c57e58e3 (127.0.107.193:35171), 1e223f215dd44031bc1a681f8e45a158 (127.0.107.195:44077)
I20260710 13:16:53.492291  1250 consensus_queue.cc:237] T 6fd3e66bcdfa47db8ceec17f1c143c73 P ac6e53c410544fc6931e3ca77779a950 [LEADER]: Queue going to LEADER mode. State: All replicated index: 0, Majority replicated index: 0, Committed index: 0, Last appended: 0.0, Last appended by leader: 0, Current term: 1, Majority size: 2, State: 0, Mode: LEADER, active raft config: opid_index: -1 OBSOLETE_local: false peers { permanent_uuid: "c1461be6ef0243089a34da99c57e58e3" member_type: VOTER last_known_addr { host: "127.0.107.193" port: 35171 } } peers { permanent_uuid: "ac6e53c410544fc6931e3ca77779a950" member_type: VOTER last_known_addr { host: "127.0.107.194" port: 43569 } } peers { permanent_uuid: "1e223f215dd44031bc1a681f8e45a158" member_type: VOTER last_known_addr { host: "127.0.107.195" port: 44077 } }
I20260710 13:16:53.489858  1019 leader_election.cc:304] T 4304c9357c0a48ecb0a0c7435d7ccc85 P c1461be6ef0243089a34da99c57e58e3 [CANDIDATE]: Term 1 election: Election decided. Result: candidate won. Election summary: received 2 responses out of 3 voters: 2 yes votes; 0 no votes. yes voters: 1e223f215dd44031bc1a681f8e45a158, c1461be6ef0243089a34da99c57e58e3; no voters: 
I20260710 13:16:53.493897  1251 raft_consensus.cc:2804] T 4304c9357c0a48ecb0a0c7435d7ccc85 P c1461be6ef0243089a34da99c57e58e3 [term 1 FOLLOWER]: Leader election won for term 1
I20260710 13:16:53.494421  1251 raft_consensus.cc:697] T 4304c9357c0a48ecb0a0c7435d7ccc85 P c1461be6ef0243089a34da99c57e58e3 [term 1 LEADER]: Becoming Leader. State: Replica: c1461be6ef0243089a34da99c57e58e3, State: Running, Role: LEADER
I20260710 13:16:53.494596  1204 tablet_service.cc:1917] Received RequestConsensusVote() RPC: tablet_id: "9f644289a40840998b0b752d8bd8459b" candidate_uuid: "ac6e53c410544fc6931e3ca77779a950" candidate_term: 1 candidate_status { last_received { term: 0 index: 0 } } ignore_live_leader: false dest_uuid: "1e223f215dd44031bc1a681f8e45a158" is_pre_election: true
I20260710 13:16:53.495479  1251 consensus_queue.cc:237] T 4304c9357c0a48ecb0a0c7435d7ccc85 P c1461be6ef0243089a34da99c57e58e3 [LEADER]: Queue going to LEADER mode. State: All replicated index: 0, Majority replicated index: 0, Committed index: 0, Last appended: 0.0, Last appended by leader: 0, Current term: 1, Majority size: 2, State: 0, Mode: LEADER, active raft config: opid_index: -1 OBSOLETE_local: false peers { permanent_uuid: "c1461be6ef0243089a34da99c57e58e3" member_type: VOTER last_known_addr { host: "127.0.107.193" port: 35171 } } peers { permanent_uuid: "ac6e53c410544fc6931e3ca77779a950" member_type: VOTER last_known_addr { host: "127.0.107.194" port: 43569 } } peers { permanent_uuid: "1e223f215dd44031bc1a681f8e45a158" member_type: VOTER last_known_addr { host: "127.0.107.195" port: 44077 } }
I20260710 13:16:53.497509  1056 tablet_service.cc:1917] Received RequestConsensusVote() RPC: tablet_id: "9f644289a40840998b0b752d8bd8459b" candidate_uuid: "ac6e53c410544fc6931e3ca77779a950" candidate_term: 1 candidate_status { last_received { term: 0 index: 0 } } ignore_live_leader: false dest_uuid: "c1461be6ef0243089a34da99c57e58e3" is_pre_election: true
I20260710 13:16:53.495451  1204 raft_consensus.cc:2393] T 9f644289a40840998b0b752d8bd8459b P 1e223f215dd44031bc1a681f8e45a158 [term 1 FOLLOWER]: Leader pre-election vote request: Denying vote to candidate ac6e53c410544fc6931e3ca77779a950 in current term 1: Already voted for candidate c1461be6ef0243089a34da99c57e58e3 in this term.
I20260710 13:16:53.499697  1094 leader_election.cc:304] T 9f644289a40840998b0b752d8bd8459b P ac6e53c410544fc6931e3ca77779a950 [CANDIDATE]: Term 1 pre-election: Election decided. Result: candidate lost. Election summary: received 3 responses out of 3 voters: 1 yes votes; 2 no votes. yes voters: ac6e53c410544fc6931e3ca77779a950; no voters: 1e223f215dd44031bc1a681f8e45a158, c1461be6ef0243089a34da99c57e58e3
I20260710 13:16:53.500535  1284 raft_consensus.cc:3060] T 9f644289a40840998b0b752d8bd8459b P ac6e53c410544fc6931e3ca77779a950 [term 0 FOLLOWER]: Advancing to term 1
I20260710 13:16:53.509053   952 catalog_manager.cc:5697] T 4304c9357c0a48ecb0a0c7435d7ccc85 P c1461be6ef0243089a34da99c57e58e3 reported cstate change: term changed from 0 to 1, leader changed from <none> to c1461be6ef0243089a34da99c57e58e3 (127.0.107.193). New cstate: current_term: 1 leader_uuid: "c1461be6ef0243089a34da99c57e58e3" committed_config { opid_index: -1 OBSOLETE_local: false peers { permanent_uuid: "c1461be6ef0243089a34da99c57e58e3" member_type: VOTER last_known_addr { host: "127.0.107.193" port: 35171 } health_report { overall_health: HEALTHY } } peers { permanent_uuid: "ac6e53c410544fc6931e3ca77779a950" member_type: VOTER last_known_addr { host: "127.0.107.194" port: 43569 } health_report { overall_health: UNKNOWN } } peers { permanent_uuid: "1e223f215dd44031bc1a681f8e45a158" member_type: VOTER last_known_addr { host: "127.0.107.195" port: 44077 } health_report { overall_health: UNKNOWN } } }
I20260710 13:16:53.512180  1264 consensus_queue.cc:1048] T 71a50b874eb64a2b80db671aacb67569 P 1e223f215dd44031bc1a681f8e45a158 [LEADER]: Connected to new peer: Peer: permanent_uuid: "c1461be6ef0243089a34da99c57e58e3" member_type: VOTER last_known_addr { host: "127.0.107.193" port: 35171 }, Status: LMP_MISMATCH, Last received: 0.0, Next index: 1, Last known committed idx: 0, Time since last communication: 0.000s
I20260710 13:16:53.512439   951 catalog_manager.cc:5697] T 6fd3e66bcdfa47db8ceec17f1c143c73 P ac6e53c410544fc6931e3ca77779a950 reported cstate change: term changed from 0 to 1, leader changed from <none> to ac6e53c410544fc6931e3ca77779a950 (127.0.107.194). New cstate: current_term: 1 leader_uuid: "ac6e53c410544fc6931e3ca77779a950" committed_config { opid_index: -1 OBSOLETE_local: false peers { permanent_uuid: "c1461be6ef0243089a34da99c57e58e3" member_type: VOTER last_known_addr { host: "127.0.107.193" port: 35171 } health_report { overall_health: UNKNOWN } } peers { permanent_uuid: "ac6e53c410544fc6931e3ca77779a950" member_type: VOTER last_known_addr { host: "127.0.107.194" port: 43569 } health_report { overall_health: HEALTHY } } peers { permanent_uuid: "1e223f215dd44031bc1a681f8e45a158" member_type: VOTER last_known_addr { host: "127.0.107.195" port: 44077 } health_report { overall_health: UNKNOWN } } }
I20260710 13:16:53.528752  1283 consensus_queue.cc:1048] T 71a50b874eb64a2b80db671aacb67569 P 1e223f215dd44031bc1a681f8e45a158 [LEADER]: Connected to new peer: Peer: permanent_uuid: "ac6e53c410544fc6931e3ca77779a950" member_type: VOTER last_known_addr { host: "127.0.107.194" port: 43569 }, Status: LMP_MISMATCH, Last received: 0.0, Next index: 1, Last known committed idx: 0, Time since last communication: 0.000s
I20260710 13:16:53.540741  1284 raft_consensus.cc:2749] T 9f644289a40840998b0b752d8bd8459b P ac6e53c410544fc6931e3ca77779a950 [term 1 FOLLOWER]: Leader pre-election lost for term 1. Reason: could not achieve majority
I20260710 13:16:53.552184  1251 consensus_queue.cc:1048] T 9f644289a40840998b0b752d8bd8459b P c1461be6ef0243089a34da99c57e58e3 [LEADER]: Connected to new peer: Peer: permanent_uuid: "1e223f215dd44031bc1a681f8e45a158" member_type: VOTER last_known_addr { host: "127.0.107.195" port: 44077 }, Status: LMP_MISMATCH, Last received: 0.0, Next index: 1, Last known committed idx: 0, Time since last communication: 0.000s
I20260710 13:16:53.565095  1288 consensus_queue.cc:1048] T 9f644289a40840998b0b752d8bd8459b P c1461be6ef0243089a34da99c57e58e3 [LEADER]: Connected to new peer: Peer: permanent_uuid: "ac6e53c410544fc6931e3ca77779a950" member_type: VOTER last_known_addr { host: "127.0.107.194" port: 43569 }, Status: LMP_MISMATCH, Last received: 0.0, Next index: 1, Last known committed idx: 0, Time since last communication: 0.000s
I20260710 13:16:53.589740  1204 tablet_service.cc:2072] Received LeaderStepDown RPC: tablet_id: "d24cbc16855d4eacb6a5009f9315bdc8"
dest_uuid: "1e223f215dd44031bc1a681f8e45a158"
mode: GRACEFUL
new_leader_uuid: "c1461be6ef0243089a34da99c57e58e3"
 from {username='slave'} at 127.0.0.1:35238
I20260710 13:16:53.590302  1204 raft_consensus.cc:606] T d24cbc16855d4eacb6a5009f9315bdc8 P 1e223f215dd44031bc1a681f8e45a158 [term 1 LEADER]: Received request to transfer leadership to TS c1461be6ef0243089a34da99c57e58e3
I20260710 13:16:53.595619  1204 tablet_service.cc:2072] Received LeaderStepDown RPC: tablet_id: "bd55720bbbd5429191d55a5d88d0de5e"
dest_uuid: "1e223f215dd44031bc1a681f8e45a158"
mode: GRACEFUL
new_leader_uuid: "c1461be6ef0243089a34da99c57e58e3"
 from {username='slave'} at 127.0.0.1:35238
I20260710 13:16:53.596151  1204 raft_consensus.cc:606] T bd55720bbbd5429191d55a5d88d0de5e P 1e223f215dd44031bc1a681f8e45a158 [term 1 LEADER]: Received request to transfer leadership to TS c1461be6ef0243089a34da99c57e58e3
I20260710 13:16:53.615517  1130 tablet_service.cc:2072] Received LeaderStepDown RPC: tablet_id: "6fd3e66bcdfa47db8ceec17f1c143c73"
dest_uuid: "ac6e53c410544fc6931e3ca77779a950"
mode: GRACEFUL
new_leader_uuid: "c1461be6ef0243089a34da99c57e58e3"
 from {username='slave'} at 127.0.0.1:33186
I20260710 13:16:53.616065  1130 raft_consensus.cc:606] T 6fd3e66bcdfa47db8ceec17f1c143c73 P ac6e53c410544fc6931e3ca77779a950 [term 1 LEADER]: Received request to transfer leadership to TS c1461be6ef0243089a34da99c57e58e3
I20260710 13:16:53.621516  1204 tablet_service.cc:2072] Received LeaderStepDown RPC: tablet_id: "3feb7fa32fe64cac984a9b49dea1954b"
dest_uuid: "1e223f215dd44031bc1a681f8e45a158"
mode: GRACEFUL
new_leader_uuid: "ac6e53c410544fc6931e3ca77779a950"
 from {username='slave'} at 127.0.0.1:35238
I20260710 13:16:53.622179  1204 raft_consensus.cc:606] T 3feb7fa32fe64cac984a9b49dea1954b P 1e223f215dd44031bc1a681f8e45a158 [term 1 LEADER]: Received request to transfer leadership to TS ac6e53c410544fc6931e3ca77779a950
I20260710 13:16:53.630046  1204 tablet_service.cc:2072] Received LeaderStepDown RPC: tablet_id: "71a50b874eb64a2b80db671aacb67569"
dest_uuid: "1e223f215dd44031bc1a681f8e45a158"
mode: GRACEFUL
new_leader_uuid: "ac6e53c410544fc6931e3ca77779a950"
 from {username='slave'} at 127.0.0.1:35238
I20260710 13:16:53.630551  1204 raft_consensus.cc:606] T 71a50b874eb64a2b80db671aacb67569 P 1e223f215dd44031bc1a681f8e45a158 [term 1 LEADER]: Received request to transfer leadership to TS ac6e53c410544fc6931e3ca77779a950
I20260710 13:16:53.632977  1288 consensus_queue.cc:1048] T 77fc0ff576174248abe87b4cba5ff6c9 P c1461be6ef0243089a34da99c57e58e3 [LEADER]: Connected to new peer: Peer: permanent_uuid: "1e223f215dd44031bc1a681f8e45a158" member_type: VOTER last_known_addr { host: "127.0.107.195" port: 44077 }, Status: LMP_MISMATCH, Last received: 0.0, Next index: 1, Last known committed idx: 0, Time since last communication: 0.000s
I20260710 13:16:53.641320  1283 consensus_queue.cc:1048] T 3feb7fa32fe64cac984a9b49dea1954b P 1e223f215dd44031bc1a681f8e45a158 [LEADER]: Connected to new peer: Peer: permanent_uuid: "ac6e53c410544fc6931e3ca77779a950" member_type: VOTER last_known_addr { host: "127.0.107.194" port: 43569 }, Status: LMP_MISMATCH, Last received: 0.0, Next index: 1, Last known committed idx: 0, Time since last communication: 0.000s
I20260710 13:16:53.648943  1280 consensus_queue.cc:1048] T 77fc0ff576174248abe87b4cba5ff6c9 P c1461be6ef0243089a34da99c57e58e3 [LEADER]: Connected to new peer: Peer: permanent_uuid: "ac6e53c410544fc6931e3ca77779a950" member_type: VOTER last_known_addr { host: "127.0.107.194" port: 43569 }, Status: LMP_MISMATCH, Last received: 0.0, Next index: 1, Last known committed idx: 0, Time since last communication: 0.000s
I20260710 13:16:53.649091  1055 tablet_service.cc:2072] Received LeaderStepDown RPC: tablet_id: "9f644289a40840998b0b752d8bd8459b"
dest_uuid: "c1461be6ef0243089a34da99c57e58e3"
mode: GRACEFUL
new_leader_uuid: "ac6e53c410544fc6931e3ca77779a950"
 from {username='slave'} at 127.0.0.1:39026
I20260710 13:16:53.649734  1055 raft_consensus.cc:606] T 9f644289a40840998b0b752d8bd8459b P c1461be6ef0243089a34da99c57e58e3 [term 1 LEADER]: Received request to transfer leadership to TS ac6e53c410544fc6931e3ca77779a950
I20260710 13:16:53.650382  1255 consensus_queue.cc:1048] T 3feb7fa32fe64cac984a9b49dea1954b P 1e223f215dd44031bc1a681f8e45a158 [LEADER]: Connected to new peer: Peer: permanent_uuid: "c1461be6ef0243089a34da99c57e58e3" member_type: VOTER last_known_addr { host: "127.0.107.193" port: 35171 }, Status: LMP_MISMATCH, Last received: 0.0, Next index: 1, Last known committed idx: 0, Time since last communication: 0.000s
I20260710 13:16:53.659863  1056 tablet_service.cc:2072] Received LeaderStepDown RPC: tablet_id: "4304c9357c0a48ecb0a0c7435d7ccc85"
dest_uuid: "c1461be6ef0243089a34da99c57e58e3"
mode: GRACEFUL
new_leader_uuid: "1e223f215dd44031bc1a681f8e45a158"
 from {username='slave'} at 127.0.0.1:39026
I20260710 13:16:53.660640  1056 raft_consensus.cc:606] T 4304c9357c0a48ecb0a0c7435d7ccc85 P c1461be6ef0243089a34da99c57e58e3 [term 1 LEADER]: Received request to transfer leadership to TS 1e223f215dd44031bc1a681f8e45a158
I20260710 13:16:53.669844  1205 raft_consensus.cc:3060] T c309ee87cb2f48b8af60cbc9f39f444c P 1e223f215dd44031bc1a681f8e45a158 [term 0 FOLLOWER]: Advancing to term 1
I20260710 13:16:53.674260  1286 raft_consensus.cc:993] T 3feb7fa32fe64cac984a9b49dea1954b P 1e223f215dd44031bc1a681f8e45a158: : Instructing follower ac6e53c410544fc6931e3ca77779a950 to start an election
I20260710 13:16:53.674813  1286 raft_consensus.cc:1081] T 3feb7fa32fe64cac984a9b49dea1954b P 1e223f215dd44031bc1a681f8e45a158 [term 1 LEADER]: Signalling peer ac6e53c410544fc6931e3ca77779a950 to start an election
I20260710 13:16:53.685484  1284 consensus_queue.cc:1048] T c309ee87cb2f48b8af60cbc9f39f444c P ac6e53c410544fc6931e3ca77779a950 [LEADER]: Connected to new peer: Peer: permanent_uuid: "1e223f215dd44031bc1a681f8e45a158" member_type: VOTER last_known_addr { host: "127.0.107.195" port: 44077 }, Status: LMP_MISMATCH, Last received: 0.0, Next index: 1, Last known committed idx: 0, Time since last communication: 0.001s
I20260710 13:16:53.685859  1128 tablet_service.cc:2044] Received Run Leader Election RPC: tablet_id: "3feb7fa32fe64cac984a9b49dea1954b"
dest_uuid: "ac6e53c410544fc6931e3ca77779a950"
 from {username='slave'} at 127.0.0.1:33168
I20260710 13:16:53.686436  1128 raft_consensus.cc:493] T 3feb7fa32fe64cac984a9b49dea1954b P ac6e53c410544fc6931e3ca77779a950 [term 1 FOLLOWER]: Starting forced leader election (received explicit request)
I20260710 13:16:53.686801  1128 raft_consensus.cc:3060] T 3feb7fa32fe64cac984a9b49dea1954b P ac6e53c410544fc6931e3ca77779a950 [term 1 FOLLOWER]: Advancing to term 2
I20260710 13:16:53.694172  1128 raft_consensus.cc:515] T 3feb7fa32fe64cac984a9b49dea1954b P ac6e53c410544fc6931e3ca77779a950 [term 2 FOLLOWER]: Starting forced leader election with config: opid_index: -1 OBSOLETE_local: false peers { permanent_uuid: "c1461be6ef0243089a34da99c57e58e3" member_type: VOTER last_known_addr { host: "127.0.107.193" port: 35171 } } peers { permanent_uuid: "ac6e53c410544fc6931e3ca77779a950" member_type: VOTER last_known_addr { host: "127.0.107.194" port: 43569 } } peers { permanent_uuid: "1e223f215dd44031bc1a681f8e45a158" member_type: VOTER last_known_addr { host: "127.0.107.195" port: 44077 } }
I20260710 13:16:53.696926  1128 leader_election.cc:290] T 3feb7fa32fe64cac984a9b49dea1954b P ac6e53c410544fc6931e3ca77779a950 [CANDIDATE]: Term 2 election: Requested vote from peers c1461be6ef0243089a34da99c57e58e3 (127.0.107.193:35171), 1e223f215dd44031bc1a681f8e45a158 (127.0.107.195:44077)
I20260710 13:16:53.697176  1055 tablet_service.cc:1917] Received RequestConsensusVote() RPC: tablet_id: "3feb7fa32fe64cac984a9b49dea1954b" candidate_uuid: "ac6e53c410544fc6931e3ca77779a950" candidate_term: 2 candidate_status { last_received { term: 1 index: 1 } } ignore_live_leader: true dest_uuid: "c1461be6ef0243089a34da99c57e58e3"
I20260710 13:16:53.697793  1055 raft_consensus.cc:3060] T 3feb7fa32fe64cac984a9b49dea1954b P c1461be6ef0243089a34da99c57e58e3 [term 1 FOLLOWER]: Advancing to term 2
I20260710 13:16:53.698069  1204 tablet_service.cc:1917] Received RequestConsensusVote() RPC: tablet_id: "3feb7fa32fe64cac984a9b49dea1954b" candidate_uuid: "ac6e53c410544fc6931e3ca77779a950" candidate_term: 2 candidate_status { last_received { term: 1 index: 1 } } ignore_live_leader: true dest_uuid: "1e223f215dd44031bc1a681f8e45a158"
I20260710 13:16:53.698609  1204 raft_consensus.cc:3055] T 3feb7fa32fe64cac984a9b49dea1954b P 1e223f215dd44031bc1a681f8e45a158 [term 1 LEADER]: Stepping down as leader of term 1
I20260710 13:16:53.698933  1204 raft_consensus.cc:740] T 3feb7fa32fe64cac984a9b49dea1954b P 1e223f215dd44031bc1a681f8e45a158 [term 1 LEADER]: Becoming Follower/Learner. State: Replica: 1e223f215dd44031bc1a681f8e45a158, State: Running, Role: LEADER
I20260710 13:16:53.699717  1204 consensus_queue.cc:260] T 3feb7fa32fe64cac984a9b49dea1954b P 1e223f215dd44031bc1a681f8e45a158 [NON_LEADER]: Queue going to NON_LEADER mode. State: All replicated index: 0, Majority replicated index: 1, Committed index: 1, Last appended: 1.1, Last appended by leader: 1, Current term: 1, Majority size: -1, State: 0, Mode: NON_LEADER, active raft config: opid_index: -1 OBSOLETE_local: false peers { permanent_uuid: "c1461be6ef0243089a34da99c57e58e3" member_type: VOTER last_known_addr { host: "127.0.107.193" port: 35171 } } peers { permanent_uuid: "ac6e53c410544fc6931e3ca77779a950" member_type: VOTER last_known_addr { host: "127.0.107.194" port: 43569 } } peers { permanent_uuid: "1e223f215dd44031bc1a681f8e45a158" member_type: VOTER last_known_addr { host: "127.0.107.195" port: 44077 } }
I20260710 13:16:53.700911  1204 raft_consensus.cc:3060] T 3feb7fa32fe64cac984a9b49dea1954b P 1e223f215dd44031bc1a681f8e45a158 [term 1 FOLLOWER]: Advancing to term 2
I20260710 13:16:53.704264  1292 consensus_queue.cc:1048] T c309ee87cb2f48b8af60cbc9f39f444c P ac6e53c410544fc6931e3ca77779a950 [LEADER]: Connected to new peer: Peer: permanent_uuid: "c1461be6ef0243089a34da99c57e58e3" member_type: VOTER last_known_addr { host: "127.0.107.193" port: 35171 }, Status: LMP_MISMATCH, Last received: 0.0, Next index: 1, Last known committed idx: 0, Time since last communication: 0.001s
I20260710 13:16:53.707374  1055 raft_consensus.cc:2468] T 3feb7fa32fe64cac984a9b49dea1954b P c1461be6ef0243089a34da99c57e58e3 [term 2 FOLLOWER]: Leader election vote request: Granting yes vote for candidate ac6e53c410544fc6931e3ca77779a950 in term 2.
I20260710 13:16:53.708515  1095 leader_election.cc:304] T 3feb7fa32fe64cac984a9b49dea1954b P ac6e53c410544fc6931e3ca77779a950 [CANDIDATE]: Term 2 election: Election decided. Result: candidate won. Election summary: received 2 responses out of 3 voters: 2 yes votes; 0 no votes. yes voters: ac6e53c410544fc6931e3ca77779a950, c1461be6ef0243089a34da99c57e58e3; no voters: 
I20260710 13:16:53.709285  1292 raft_consensus.cc:2804] T 3feb7fa32fe64cac984a9b49dea1954b P ac6e53c410544fc6931e3ca77779a950 [term 2 FOLLOWER]: Leader election won for term 2
I20260710 13:16:53.709757  1292 raft_consensus.cc:697] T 3feb7fa32fe64cac984a9b49dea1954b P ac6e53c410544fc6931e3ca77779a950 [term 2 LEADER]: Becoming Leader. State: Replica: ac6e53c410544fc6931e3ca77779a950, State: Running, Role: LEADER
I20260710 13:16:53.710558  1292 consensus_queue.cc:237] T 3feb7fa32fe64cac984a9b49dea1954b P ac6e53c410544fc6931e3ca77779a950 [LEADER]: Queue going to LEADER mode. State: All replicated index: 0, Majority replicated index: 1, Committed index: 1, Last appended: 1.1, Last appended by leader: 1, Current term: 2, Majority size: 2, State: 0, Mode: LEADER, active raft config: opid_index: -1 OBSOLETE_local: false peers { permanent_uuid: "c1461be6ef0243089a34da99c57e58e3" member_type: VOTER last_known_addr { host: "127.0.107.193" port: 35171 } } peers { permanent_uuid: "ac6e53c410544fc6931e3ca77779a950" member_type: VOTER last_known_addr { host: "127.0.107.194" port: 43569 } } peers { permanent_uuid: "1e223f215dd44031bc1a681f8e45a158" member_type: VOTER last_known_addr { host: "127.0.107.195" port: 44077 } }
I20260710 13:16:53.710542  1204 raft_consensus.cc:2468] T 3feb7fa32fe64cac984a9b49dea1954b P 1e223f215dd44031bc1a681f8e45a158 [term 2 FOLLOWER]: Leader election vote request: Granting yes vote for candidate ac6e53c410544fc6931e3ca77779a950 in term 2.
I20260710 13:16:53.724803   954 catalog_manager.cc:5697] T 3feb7fa32fe64cac984a9b49dea1954b P ac6e53c410544fc6931e3ca77779a950 reported cstate change: term changed from 1 to 2, leader changed from 1e223f215dd44031bc1a681f8e45a158 (127.0.107.195) to ac6e53c410544fc6931e3ca77779a950 (127.0.107.194). New cstate: current_term: 2 leader_uuid: "ac6e53c410544fc6931e3ca77779a950" committed_config { opid_index: -1 OBSOLETE_local: false peers { permanent_uuid: "c1461be6ef0243089a34da99c57e58e3" member_type: VOTER last_known_addr { host: "127.0.107.193" port: 35171 } health_report { overall_health: UNKNOWN } } peers { permanent_uuid: "ac6e53c410544fc6931e3ca77779a950" member_type: VOTER last_known_addr { host: "127.0.107.194" port: 43569 } health_report { overall_health: HEALTHY } } peers { permanent_uuid: "1e223f215dd44031bc1a681f8e45a158" member_type: VOTER last_known_addr { host: "127.0.107.195" port: 44077 } health_report { overall_health: UNKNOWN } } }
I20260710 13:16:53.753971  1250 raft_consensus.cc:493] T d24cbc16855d4eacb6a5009f9315bdc8 P ac6e53c410544fc6931e3ca77779a950 [term 0 FOLLOWER]: Starting pre-election (no leader contacted us within the election timeout)
I20260710 13:16:53.754446  1250 raft_consensus.cc:515] T d24cbc16855d4eacb6a5009f9315bdc8 P ac6e53c410544fc6931e3ca77779a950 [term 0 FOLLOWER]: Starting pre-election with config: opid_index: -1 OBSOLETE_local: false peers { permanent_uuid: "ac6e53c410544fc6931e3ca77779a950" member_type: VOTER last_known_addr { host: "127.0.107.194" port: 43569 } } peers { permanent_uuid: "c1461be6ef0243089a34da99c57e58e3" member_type: VOTER last_known_addr { host: "127.0.107.193" port: 35171 } } peers { permanent_uuid: "1e223f215dd44031bc1a681f8e45a158" member_type: VOTER last_known_addr { host: "127.0.107.195" port: 44077 } }
I20260710 13:16:53.756206  1250 leader_election.cc:290] T d24cbc16855d4eacb6a5009f9315bdc8 P ac6e53c410544fc6931e3ca77779a950 [CANDIDATE]: Term 1 pre-election: Requested pre-vote from peers c1461be6ef0243089a34da99c57e58e3 (127.0.107.193:35171), 1e223f215dd44031bc1a681f8e45a158 (127.0.107.195:44077)
I20260710 13:16:53.757030  1055 tablet_service.cc:1917] Received RequestConsensusVote() RPC: tablet_id: "d24cbc16855d4eacb6a5009f9315bdc8" candidate_uuid: "ac6e53c410544fc6931e3ca77779a950" candidate_term: 1 candidate_status { last_received { term: 0 index: 0 } } ignore_live_leader: false dest_uuid: "c1461be6ef0243089a34da99c57e58e3" is_pre_election: true
I20260710 13:16:53.757257  1204 tablet_service.cc:1917] Received RequestConsensusVote() RPC: tablet_id: "d24cbc16855d4eacb6a5009f9315bdc8" candidate_uuid: "ac6e53c410544fc6931e3ca77779a950" candidate_term: 1 candidate_status { last_received { term: 0 index: 0 } } ignore_live_leader: false dest_uuid: "1e223f215dd44031bc1a681f8e45a158" is_pre_election: true
I20260710 13:16:53.757720  1055 raft_consensus.cc:2393] T d24cbc16855d4eacb6a5009f9315bdc8 P c1461be6ef0243089a34da99c57e58e3 [term 1 FOLLOWER]: Leader pre-election vote request: Denying vote to candidate ac6e53c410544fc6931e3ca77779a950 in current term 1: Already voted for candidate 1e223f215dd44031bc1a681f8e45a158 in this term.
I20260710 13:16:53.758663  1095 leader_election.cc:304] T d24cbc16855d4eacb6a5009f9315bdc8 P ac6e53c410544fc6931e3ca77779a950 [CANDIDATE]: Term 1 pre-election: Election decided. Result: candidate lost. Election summary: received 3 responses out of 3 voters: 1 yes votes; 2 no votes. yes voters: ac6e53c410544fc6931e3ca77779a950; no voters: 1e223f215dd44031bc1a681f8e45a158, c1461be6ef0243089a34da99c57e58e3
I20260710 13:16:53.759297  1250 raft_consensus.cc:3060] T d24cbc16855d4eacb6a5009f9315bdc8 P ac6e53c410544fc6931e3ca77779a950 [term 0 FOLLOWER]: Advancing to term 1
I20260710 13:16:53.763671  1250 raft_consensus.cc:2749] T d24cbc16855d4eacb6a5009f9315bdc8 P ac6e53c410544fc6931e3ca77779a950 [term 1 FOLLOWER]: Leader pre-election lost for term 1. Reason: could not achieve majority
I20260710 13:16:53.829250  1286 consensus_queue.cc:1048] T d24cbc16855d4eacb6a5009f9315bdc8 P 1e223f215dd44031bc1a681f8e45a158 [LEADER]: Connected to new peer: Peer: permanent_uuid: "ac6e53c410544fc6931e3ca77779a950" member_type: VOTER last_known_addr { host: "127.0.107.194" port: 43569 }, Status: LMP_MISMATCH, Last received: 0.0, Next index: 1, Last known committed idx: 0, Time since last communication: 0.000s
I20260710 13:16:53.839475  1255 consensus_queue.cc:1048] T d24cbc16855d4eacb6a5009f9315bdc8 P 1e223f215dd44031bc1a681f8e45a158 [LEADER]: Connected to new peer: Peer: permanent_uuid: "c1461be6ef0243089a34da99c57e58e3" member_type: VOTER last_known_addr { host: "127.0.107.193" port: 35171 }, Status: LMP_MISMATCH, Last received: 0.0, Next index: 1, Last known committed idx: 0, Time since last communication: 0.000s
I20260710 13:16:53.846513  1286 raft_consensus.cc:993] T d24cbc16855d4eacb6a5009f9315bdc8 P 1e223f215dd44031bc1a681f8e45a158: : Instructing follower c1461be6ef0243089a34da99c57e58e3 to start an election
I20260710 13:16:53.847003  1255 raft_consensus.cc:1081] T d24cbc16855d4eacb6a5009f9315bdc8 P 1e223f215dd44031bc1a681f8e45a158 [term 1 LEADER]: Signalling peer c1461be6ef0243089a34da99c57e58e3 to start an election
I20260710 13:16:53.848645  1056 tablet_service.cc:2044] Received Run Leader Election RPC: tablet_id: "d24cbc16855d4eacb6a5009f9315bdc8"
dest_uuid: "c1461be6ef0243089a34da99c57e58e3"
 from {username='slave'} at 127.0.0.1:38994
I20260710 13:16:53.849179  1056 raft_consensus.cc:493] T d24cbc16855d4eacb6a5009f9315bdc8 P c1461be6ef0243089a34da99c57e58e3 [term 1 FOLLOWER]: Starting forced leader election (received explicit request)
I20260710 13:16:53.849579  1255 raft_consensus.cc:993] T bd55720bbbd5429191d55a5d88d0de5e P 1e223f215dd44031bc1a681f8e45a158: : Instructing follower c1461be6ef0243089a34da99c57e58e3 to start an election
I20260710 13:16:53.849565  1056 raft_consensus.cc:3060] T d24cbc16855d4eacb6a5009f9315bdc8 P c1461be6ef0243089a34da99c57e58e3 [term 1 FOLLOWER]: Advancing to term 2
I20260710 13:16:53.850131  1264 raft_consensus.cc:1081] T bd55720bbbd5429191d55a5d88d0de5e P 1e223f215dd44031bc1a681f8e45a158 [term 1 LEADER]: Signalling peer c1461be6ef0243089a34da99c57e58e3 to start an election
I20260710 13:16:53.854779  1055 tablet_service.cc:2044] Received Run Leader Election RPC: tablet_id: "bd55720bbbd5429191d55a5d88d0de5e"
dest_uuid: "c1461be6ef0243089a34da99c57e58e3"
 from {username='slave'} at 127.0.0.1:38994
I20260710 13:16:53.855436  1055 raft_consensus.cc:493] T bd55720bbbd5429191d55a5d88d0de5e P c1461be6ef0243089a34da99c57e58e3 [term 1 FOLLOWER]: Starting forced leader election (received explicit request)
I20260710 13:16:53.855876  1055 raft_consensus.cc:3060] T bd55720bbbd5429191d55a5d88d0de5e P c1461be6ef0243089a34da99c57e58e3 [term 1 FOLLOWER]: Advancing to term 2
I20260710 13:16:53.857313  1056 raft_consensus.cc:515] T d24cbc16855d4eacb6a5009f9315bdc8 P c1461be6ef0243089a34da99c57e58e3 [term 2 FOLLOWER]: Starting forced leader election with config: opid_index: -1 OBSOLETE_local: false peers { permanent_uuid: "ac6e53c410544fc6931e3ca77779a950" member_type: VOTER last_known_addr { host: "127.0.107.194" port: 43569 } } peers { permanent_uuid: "c1461be6ef0243089a34da99c57e58e3" member_type: VOTER last_known_addr { host: "127.0.107.193" port: 35171 } } peers { permanent_uuid: "1e223f215dd44031bc1a681f8e45a158" member_type: VOTER last_known_addr { host: "127.0.107.195" port: 44077 } }
I20260710 13:16:53.860146  1128 tablet_service.cc:1917] Received RequestConsensusVote() RPC: tablet_id: "d24cbc16855d4eacb6a5009f9315bdc8" candidate_uuid: "c1461be6ef0243089a34da99c57e58e3" candidate_term: 2 candidate_status { last_received { term: 1 index: 1 } } ignore_live_leader: true dest_uuid: "ac6e53c410544fc6931e3ca77779a950"
I20260710 13:16:53.860390  1204 tablet_service.cc:1917] Received RequestConsensusVote() RPC: tablet_id: "d24cbc16855d4eacb6a5009f9315bdc8" candidate_uuid: "c1461be6ef0243089a34da99c57e58e3" candidate_term: 2 candidate_status { last_received { term: 1 index: 1 } } ignore_live_leader: true dest_uuid: "1e223f215dd44031bc1a681f8e45a158"
I20260710 13:16:53.860790  1128 raft_consensus.cc:3060] T d24cbc16855d4eacb6a5009f9315bdc8 P ac6e53c410544fc6931e3ca77779a950 [term 1 FOLLOWER]: Advancing to term 2
I20260710 13:16:53.860975  1204 raft_consensus.cc:3055] T d24cbc16855d4eacb6a5009f9315bdc8 P 1e223f215dd44031bc1a681f8e45a158 [term 1 LEADER]: Stepping down as leader of term 1
I20260710 13:16:53.861380  1204 raft_consensus.cc:740] T d24cbc16855d4eacb6a5009f9315bdc8 P 1e223f215dd44031bc1a681f8e45a158 [term 1 LEADER]: Becoming Follower/Learner. State: Replica: 1e223f215dd44031bc1a681f8e45a158, State: Running, Role: LEADER
I20260710 13:16:53.861780  1055 raft_consensus.cc:515] T bd55720bbbd5429191d55a5d88d0de5e P c1461be6ef0243089a34da99c57e58e3 [term 2 FOLLOWER]: Starting forced leader election with config: opid_index: -1 OBSOLETE_local: false peers { permanent_uuid: "c1461be6ef0243089a34da99c57e58e3" member_type: VOTER last_known_addr { host: "127.0.107.193" port: 35171 } } peers { permanent_uuid: "ac6e53c410544fc6931e3ca77779a950" member_type: VOTER last_known_addr { host: "127.0.107.194" port: 43569 } } peers { permanent_uuid: "1e223f215dd44031bc1a681f8e45a158" member_type: VOTER last_known_addr { host: "127.0.107.195" port: 44077 } }
I20260710 13:16:53.862169  1204 consensus_queue.cc:260] T d24cbc16855d4eacb6a5009f9315bdc8 P 1e223f215dd44031bc1a681f8e45a158 [NON_LEADER]: Queue going to NON_LEADER mode. State: All replicated index: 0, Majority replicated index: 1, Committed index: 1, Last appended: 1.1, Last appended by leader: 1, Current term: 1, Majority size: -1, State: 0, Mode: NON_LEADER, active raft config: opid_index: -1 OBSOLETE_local: false peers { permanent_uuid: "ac6e53c410544fc6931e3ca77779a950" member_type: VOTER last_known_addr { host: "127.0.107.194" port: 43569 } } peers { permanent_uuid: "c1461be6ef0243089a34da99c57e58e3" member_type: VOTER last_known_addr { host: "127.0.107.193" port: 35171 } } peers { permanent_uuid: "1e223f215dd44031bc1a681f8e45a158" member_type: VOTER last_known_addr { host: "127.0.107.195" port: 44077 } }
I20260710 13:16:53.863312  1204 raft_consensus.cc:3060] T d24cbc16855d4eacb6a5009f9315bdc8 P 1e223f215dd44031bc1a681f8e45a158 [term 1 FOLLOWER]: Advancing to term 2
I20260710 13:16:53.864670  1130 tablet_service.cc:1917] Received RequestConsensusVote() RPC: tablet_id: "bd55720bbbd5429191d55a5d88d0de5e" candidate_uuid: "c1461be6ef0243089a34da99c57e58e3" candidate_term: 2 candidate_status { last_received { term: 1 index: 1 } } ignore_live_leader: true dest_uuid: "ac6e53c410544fc6931e3ca77779a950"
I20260710 13:16:53.864895  1055 leader_election.cc:290] T bd55720bbbd5429191d55a5d88d0de5e P c1461be6ef0243089a34da99c57e58e3 [CANDIDATE]: Term 2 election: Requested vote from peers ac6e53c410544fc6931e3ca77779a950 (127.0.107.194:43569), 1e223f215dd44031bc1a681f8e45a158 (127.0.107.195:44077)
I20260710 13:16:53.865331  1130 raft_consensus.cc:3060] T bd55720bbbd5429191d55a5d88d0de5e P ac6e53c410544fc6931e3ca77779a950 [term 1 FOLLOWER]: Advancing to term 2
I20260710 13:16:53.860203  1056 leader_election.cc:290] T d24cbc16855d4eacb6a5009f9315bdc8 P c1461be6ef0243089a34da99c57e58e3 [CANDIDATE]: Term 2 election: Requested vote from peers ac6e53c410544fc6931e3ca77779a950 (127.0.107.194:43569), 1e223f215dd44031bc1a681f8e45a158 (127.0.107.195:44077)
I20260710 13:16:53.867079  1205 tablet_service.cc:1917] Received RequestConsensusVote() RPC: tablet_id: "bd55720bbbd5429191d55a5d88d0de5e" candidate_uuid: "c1461be6ef0243089a34da99c57e58e3" candidate_term: 2 candidate_status { last_received { term: 1 index: 1 } } ignore_live_leader: true dest_uuid: "1e223f215dd44031bc1a681f8e45a158"
I20260710 13:16:53.867681  1205 raft_consensus.cc:3055] T bd55720bbbd5429191d55a5d88d0de5e P 1e223f215dd44031bc1a681f8e45a158 [term 1 LEADER]: Stepping down as leader of term 1
I20260710 13:16:53.867887  1128 raft_consensus.cc:2468] T d24cbc16855d4eacb6a5009f9315bdc8 P ac6e53c410544fc6931e3ca77779a950 [term 2 FOLLOWER]: Leader election vote request: Granting yes vote for candidate c1461be6ef0243089a34da99c57e58e3 in term 2.
I20260710 13:16:53.868022  1205 raft_consensus.cc:740] T bd55720bbbd5429191d55a5d88d0de5e P 1e223f215dd44031bc1a681f8e45a158 [term 1 LEADER]: Becoming Follower/Learner. State: Replica: 1e223f215dd44031bc1a681f8e45a158, State: Running, Role: LEADER
I20260710 13:16:53.869117  1021 leader_election.cc:304] T d24cbc16855d4eacb6a5009f9315bdc8 P c1461be6ef0243089a34da99c57e58e3 [CANDIDATE]: Term 2 election: Election decided. Result: candidate won. Election summary: received 2 responses out of 3 voters: 2 yes votes; 0 no votes. yes voters: ac6e53c410544fc6931e3ca77779a950, c1461be6ef0243089a34da99c57e58e3; no voters: 
I20260710 13:16:53.869938  1280 raft_consensus.cc:2804] T d24cbc16855d4eacb6a5009f9315bdc8 P c1461be6ef0243089a34da99c57e58e3 [term 2 FOLLOWER]: Leader election won for term 2
I20260710 13:16:53.868820  1205 consensus_queue.cc:260] T bd55720bbbd5429191d55a5d88d0de5e P 1e223f215dd44031bc1a681f8e45a158 [NON_LEADER]: Queue going to NON_LEADER mode. State: All replicated index: 0, Majority replicated index: 1, Committed index: 1, Last appended: 1.1, Last appended by leader: 1, Current term: 1, Majority size: -1, State: 0, Mode: NON_LEADER, active raft config: opid_index: -1 OBSOLETE_local: false peers { permanent_uuid: "c1461be6ef0243089a34da99c57e58e3" member_type: VOTER last_known_addr { host: "127.0.107.193" port: 35171 } } peers { permanent_uuid: "ac6e53c410544fc6931e3ca77779a950" member_type: VOTER last_known_addr { host: "127.0.107.194" port: 43569 } } peers { permanent_uuid: "1e223f215dd44031bc1a681f8e45a158" member_type: VOTER last_known_addr { host: "127.0.107.195" port: 44077 } }
I20260710 13:16:53.870419  1280 raft_consensus.cc:697] T d24cbc16855d4eacb6a5009f9315bdc8 P c1461be6ef0243089a34da99c57e58e3 [term 2 LEADER]: Becoming Leader. State: Replica: c1461be6ef0243089a34da99c57e58e3, State: Running, Role: LEADER
I20260710 13:16:53.871079  1205 raft_consensus.cc:3060] T bd55720bbbd5429191d55a5d88d0de5e P 1e223f215dd44031bc1a681f8e45a158 [term 1 FOLLOWER]: Advancing to term 2
I20260710 13:16:53.871240  1280 consensus_queue.cc:237] T d24cbc16855d4eacb6a5009f9315bdc8 P c1461be6ef0243089a34da99c57e58e3 [LEADER]: Queue going to LEADER mode. State: All replicated index: 0, Majority replicated index: 1, Committed index: 1, Last appended: 1.1, Last appended by leader: 1, Current term: 2, Majority size: 2, State: 0, Mode: LEADER, active raft config: opid_index: -1 OBSOLETE_local: false peers { permanent_uuid: "ac6e53c410544fc6931e3ca77779a950" member_type: VOTER last_known_addr { host: "127.0.107.194" port: 43569 } } peers { permanent_uuid: "c1461be6ef0243089a34da99c57e58e3" member_type: VOTER last_known_addr { host: "127.0.107.193" port: 35171 } } peers { permanent_uuid: "1e223f215dd44031bc1a681f8e45a158" member_type: VOTER last_known_addr { host: "127.0.107.195" port: 44077 } }
I20260710 13:16:53.873250  1204 raft_consensus.cc:2468] T d24cbc16855d4eacb6a5009f9315bdc8 P 1e223f215dd44031bc1a681f8e45a158 [term 2 FOLLOWER]: Leader election vote request: Granting yes vote for candidate c1461be6ef0243089a34da99c57e58e3 in term 2.
