I20260710 13:16:52.215449  1224 raft_consensus.cc:2468] T 84e7f980b3df464bb3e90c75094d5c43 P b9b14d93e56b4346a5c09cc49fc49273 [term 1 FOLLOWER]: Leader election vote request: Granting yes vote for candidate 6ec493a434124fdeb72746d7645415dc in term 1.
I20260710 13:16:52.200879  1151 raft_consensus.cc:2393] T 18cfee3d7c034a63afcbffb4698d7cff P 6ec493a434124fdeb72746d7645415dc [term 1 FOLLOWER]: Leader pre-election vote request: Denying vote to candidate b9b14d93e56b4346a5c09cc49fc49273 in current term 1: Already voted for candidate 6ec493a434124fdeb72746d7645415dc in this term.
I20260710 13:16:52.217149  1115 leader_election.cc:304] T 0972ea7502a2447eac45700caa008127 P 6ec493a434124fdeb72746d7645415dc [CANDIDATE]: Term 1 pre-election: Election decided. Result: candidate lost. Election summary: received 3 responses out of 3 voters: 1 yes votes; 2 no votes. yes voters: 6ec493a434124fdeb72746d7645415dc; no voters: b9b14d93e56b4346a5c09cc49fc49273, c9e1f26b7bd44a919ce303cad9556fd2
I20260710 13:16:52.218024  1271 raft_consensus.cc:3060] T 0972ea7502a2447eac45700caa008127 P 6ec493a434124fdeb72746d7645415dc [term 0 FOLLOWER]: Advancing to term 1
I20260710 13:16:52.218456  1115 leader_election.cc:304] T 84e7f980b3df464bb3e90c75094d5c43 P 6ec493a434124fdeb72746d7645415dc [CANDIDATE]: Term 1 election: Election decided. Result: candidate won. Election summary: received 2 responses out of 3 voters: 2 yes votes; 0 no votes. yes voters: 6ec493a434124fdeb72746d7645415dc, b9b14d93e56b4346a5c09cc49fc49273; no voters: 
I20260710 13:16:52.193789  1320 raft_consensus.cc:2749] T 45ab8266bc97404dbc98debe82651cde P b9b14d93e56b4346a5c09cc49fc49273 [term 1 FOLLOWER]: Leader pre-election lost for term 1. Reason: could not achieve majority
I20260710 13:16:52.189970  1075 raft_consensus.cc:2468] T 84e7f980b3df464bb3e90c75094d5c43 P c9e1f26b7bd44a919ce303cad9556fd2 [term 1 FOLLOWER]: Leader election vote request: Granting yes vote for candidate 6ec493a434124fdeb72746d7645415dc in term 1.
I20260710 13:16:52.225430  1285 leader_election.cc:290] T 18cfee3d7c034a63afcbffb4698d7cff P 6ec493a434124fdeb72746d7645415dc [CANDIDATE]: Term 1 election: Requested vote from peers c9e1f26b7bd44a919ce303cad9556fd2 (127.0.107.193:38497), b9b14d93e56b4346a5c09cc49fc49273 (127.0.107.195:45925)
I20260710 13:16:52.226986  1301 raft_consensus.cc:2804] T 84e7f980b3df464bb3e90c75094d5c43 P 6ec493a434124fdeb72746d7645415dc [term 1 FOLLOWER]: Leader election won for term 1
I20260710 13:16:52.233646  1271 raft_consensus.cc:2749] T 0972ea7502a2447eac45700caa008127 P 6ec493a434124fdeb72746d7645415dc [term 1 FOLLOWER]: Leader pre-election lost for term 1. Reason: could not achieve majority
I20260710 13:16:52.234766  1285 consensus_queue.cc:1048] T 45ab8266bc97404dbc98debe82651cde P 6ec493a434124fdeb72746d7645415dc [LEADER]: Connected to new peer: Peer: permanent_uuid: "b9b14d93e56b4346a5c09cc49fc49273" member_type: VOTER last_known_addr { host: "127.0.107.195" port: 45925 }, Status: LMP_MISMATCH, Last received: 0.0, Next index: 1, Last known committed idx: 0, Time since last communication: 0.002s
I20260710 13:16:52.240276  1075 tablet_service.cc:1917] Received RequestConsensusVote() RPC: tablet_id: "18cfee3d7c034a63afcbffb4698d7cff" candidate_uuid: "6ec493a434124fdeb72746d7645415dc" candidate_term: 1 candidate_status { last_received { term: 0 index: 0 } } ignore_live_leader: false dest_uuid: "c9e1f26b7bd44a919ce303cad9556fd2"
I20260710 13:16:52.241241  1075 raft_consensus.cc:3060] T 18cfee3d7c034a63afcbffb4698d7cff P c9e1f26b7bd44a919ce303cad9556fd2 [term 0 FOLLOWER]: Advancing to term 1
I20260710 13:16:52.241529  1267 tablet_bootstrap.cc:492] T d684d8bc8c134149a043571932558962 P c9e1f26b7bd44a919ce303cad9556fd2: No bootstrap required, opened a new log
I20260710 13:16:52.243319  1267 ts_tablet_manager.cc:1403] T d684d8bc8c134149a043571932558962 P c9e1f26b7bd44a919ce303cad9556fd2: Time spent bootstrapping tablet: real 0.193s	user 0.014s	sys 0.032s
I20260710 13:16:52.242578   972 catalog_manager.cc:5697] T 4742c1c9ed20461ca23529f2fc7183b7 P b9b14d93e56b4346a5c09cc49fc49273 reported cstate change: term changed from 0 to 1, leader changed from <none> to b9b14d93e56b4346a5c09cc49fc49273 (127.0.107.195). New cstate: current_term: 1 leader_uuid: "b9b14d93e56b4346a5c09cc49fc49273" committed_config { opid_index: -1 OBSOLETE_local: false peers { permanent_uuid: "c9e1f26b7bd44a919ce303cad9556fd2" member_type: VOTER last_known_addr { host: "127.0.107.193" port: 38497 } health_report { overall_health: UNKNOWN } } peers { permanent_uuid: "6ec493a434124fdeb72746d7645415dc" member_type: VOTER last_known_addr { host: "127.0.107.194" port: 40387 } health_report { overall_health: UNKNOWN } } peers { permanent_uuid: "b9b14d93e56b4346a5c09cc49fc49273" member_type: VOTER last_known_addr { host: "127.0.107.195" port: 45925 } health_report { overall_health: HEALTHY } } }
I20260710 13:16:52.247277  1267 raft_consensus.cc:359] T d684d8bc8c134149a043571932558962 P c9e1f26b7bd44a919ce303cad9556fd2 [term 0 FOLLOWER]: Replica starting. Triggering 0 pending ops. Active config: opid_index: -1 OBSOLETE_local: false peers { permanent_uuid: "c9e1f26b7bd44a919ce303cad9556fd2" member_type: VOTER last_known_addr { host: "127.0.107.193" port: 38497 } } peers { permanent_uuid: "6ec493a434124fdeb72746d7645415dc" member_type: VOTER last_known_addr { host: "127.0.107.194" port: 40387 } } peers { permanent_uuid: "b9b14d93e56b4346a5c09cc49fc49273" member_type: VOTER last_known_addr { host: "127.0.107.195" port: 45925 } }
I20260710 13:16:52.248497  1267 raft_consensus.cc:385] T d684d8bc8c134149a043571932558962 P c9e1f26b7bd44a919ce303cad9556fd2 [term 0 FOLLOWER]: Consensus starting up: Expiring failure detector timer to make a prompt election more likely
I20260710 13:16:52.248992  1267 raft_consensus.cc:740] T d684d8bc8c134149a043571932558962 P c9e1f26b7bd44a919ce303cad9556fd2 [term 0 FOLLOWER]: Becoming Follower/Learner. State: Replica: c9e1f26b7bd44a919ce303cad9556fd2, State: Initialized, Role: FOLLOWER
I20260710 13:16:52.253316  1223 tablet_service.cc:1917] Received RequestConsensusVote() RPC: tablet_id: "18cfee3d7c034a63afcbffb4698d7cff" candidate_uuid: "6ec493a434124fdeb72746d7645415dc" candidate_term: 1 candidate_status { last_received { term: 0 index: 0 } } ignore_live_leader: false dest_uuid: "b9b14d93e56b4346a5c09cc49fc49273"
I20260710 13:16:52.253357  1301 raft_consensus.cc:697] T 84e7f980b3df464bb3e90c75094d5c43 P 6ec493a434124fdeb72746d7645415dc [term 1 LEADER]: Becoming Leader. State: Replica: 6ec493a434124fdeb72746d7645415dc, State: Running, Role: LEADER
I20260710 13:16:52.251121  1267 consensus_queue.cc:260] T d684d8bc8c134149a043571932558962 P c9e1f26b7bd44a919ce303cad9556fd2 [NON_LEADER]: Queue going to NON_LEADER mode. State: All replicated index: 0, Majority replicated index: 0, Committed index: 0, Last appended: 0.0, Last appended by leader: 0, Current term: 0, Majority size: -1, State: 0, Mode: NON_LEADER, active raft config: opid_index: -1 OBSOLETE_local: false peers { permanent_uuid: "c9e1f26b7bd44a919ce303cad9556fd2" member_type: VOTER last_known_addr { host: "127.0.107.193" port: 38497 } } peers { permanent_uuid: "6ec493a434124fdeb72746d7645415dc" member_type: VOTER last_known_addr { host: "127.0.107.194" port: 40387 } } peers { permanent_uuid: "b9b14d93e56b4346a5c09cc49fc49273" member_type: VOTER last_known_addr { host: "127.0.107.195" port: 45925 } }
I20260710 13:16:52.255326  1267 ts_tablet_manager.cc:1434] T d684d8bc8c134149a043571932558962 P c9e1f26b7bd44a919ce303cad9556fd2: Time spent starting tablet: real 0.012s	user 0.003s	sys 0.005s
I20260710 13:16:52.255020  1301 consensus_queue.cc:237] T 84e7f980b3df464bb3e90c75094d5c43 P 6ec493a434124fdeb72746d7645415dc [LEADER]: Queue going to LEADER mode. State: All replicated index: 0, Majority replicated index: 0, Committed index: 0, Last appended: 0.0, Last appended by leader: 0, Current term: 1, Majority size: 2, State: 0, Mode: LEADER, active raft config: opid_index: -1 OBSOLETE_local: false peers { permanent_uuid: "c9e1f26b7bd44a919ce303cad9556fd2" member_type: VOTER last_known_addr { host: "127.0.107.193" port: 38497 } } peers { permanent_uuid: "6ec493a434124fdeb72746d7645415dc" member_type: VOTER last_known_addr { host: "127.0.107.194" port: 40387 } } peers { permanent_uuid: "b9b14d93e56b4346a5c09cc49fc49273" member_type: VOTER last_known_addr { host: "127.0.107.195" port: 45925 } }
I20260710 13:16:52.274920  1273 raft_consensus.cc:515] T 18cfee3d7c034a63afcbffb4698d7cff P b9b14d93e56b4346a5c09cc49fc49273 [term 1 FOLLOWER]: Starting leader election with config: opid_index: -1 OBSOLETE_local: false peers { permanent_uuid: "c9e1f26b7bd44a919ce303cad9556fd2" member_type: VOTER last_known_addr { host: "127.0.107.193" port: 38497 } } peers { permanent_uuid: "6ec493a434124fdeb72746d7645415dc" member_type: VOTER last_known_addr { host: "127.0.107.194" port: 40387 } } peers { permanent_uuid: "b9b14d93e56b4346a5c09cc49fc49273" member_type: VOTER last_known_addr { host: "127.0.107.195" port: 45925 } }
I20260710 13:16:52.276532  1223 raft_consensus.cc:2393] T 18cfee3d7c034a63afcbffb4698d7cff P b9b14d93e56b4346a5c09cc49fc49273 [term 1 FOLLOWER]: Leader election vote request: Denying vote to candidate 6ec493a434124fdeb72746d7645415dc in current term 1: Already voted for candidate b9b14d93e56b4346a5c09cc49fc49273 in this term.
I20260710 13:16:52.281791  1074 tablet_service.cc:1917] Received RequestConsensusVote() RPC: tablet_id: "18cfee3d7c034a63afcbffb4698d7cff" candidate_uuid: "b9b14d93e56b4346a5c09cc49fc49273" candidate_term: 1 candidate_status { last_received { term: 0 index: 0 } } ignore_live_leader: false dest_uuid: "c9e1f26b7bd44a919ce303cad9556fd2"
I20260710 13:16:52.282176  1273 leader_election.cc:290] T 18cfee3d7c034a63afcbffb4698d7cff P b9b14d93e56b4346a5c09cc49fc49273 [CANDIDATE]: Term 1 election: Requested vote from peers c9e1f26b7bd44a919ce303cad9556fd2 (127.0.107.193:38497), 6ec493a434124fdeb72746d7645415dc (127.0.107.194:40387)
I20260710 13:16:52.283218  1151 tablet_service.cc:1917] Received RequestConsensusVote() RPC: tablet_id: "18cfee3d7c034a63afcbffb4698d7cff" candidate_uuid: "b9b14d93e56b4346a5c09cc49fc49273" candidate_term: 1 candidate_status { last_received { term: 0 index: 0 } } ignore_live_leader: false dest_uuid: "6ec493a434124fdeb72746d7645415dc"
I20260710 13:16:52.284018  1151 raft_consensus.cc:2393] T 18cfee3d7c034a63afcbffb4698d7cff P 6ec493a434124fdeb72746d7645415dc [term 1 FOLLOWER]: Leader election vote request: Denying vote to candidate b9b14d93e56b4346a5c09cc49fc49273 in current term 1: Already voted for candidate 6ec493a434124fdeb72746d7645415dc in this term.
I20260710 13:16:52.284147  1075 raft_consensus.cc:2468] T 18cfee3d7c034a63afcbffb4698d7cff P c9e1f26b7bd44a919ce303cad9556fd2 [term 1 FOLLOWER]: Leader election vote request: Granting yes vote for candidate 6ec493a434124fdeb72746d7645415dc in term 1.
I20260710 13:16:52.285044  1190 leader_election.cc:304] T 18cfee3d7c034a63afcbffb4698d7cff P b9b14d93e56b4346a5c09cc49fc49273 [CANDIDATE]: Term 1 election: Election decided. Result: candidate lost. Election summary: received 3 responses out of 3 voters: 1 yes votes; 2 no votes. yes voters: b9b14d93e56b4346a5c09cc49fc49273; no voters: 6ec493a434124fdeb72746d7645415dc, c9e1f26b7bd44a919ce303cad9556fd2
I20260710 13:16:52.285426  1115 leader_election.cc:304] T 18cfee3d7c034a63afcbffb4698d7cff P 6ec493a434124fdeb72746d7645415dc [CANDIDATE]: Term 1 election: Election decided. Result: candidate won. Election summary: received 3 responses out of 3 voters: 2 yes votes; 1 no votes. yes voters: 6ec493a434124fdeb72746d7645415dc, c9e1f26b7bd44a919ce303cad9556fd2; no voters: b9b14d93e56b4346a5c09cc49fc49273
I20260710 13:16:52.286231  1273 raft_consensus.cc:2749] T 18cfee3d7c034a63afcbffb4698d7cff P b9b14d93e56b4346a5c09cc49fc49273 [term 1 FOLLOWER]: Leader election lost for term 1. Reason: could not achieve majority
I20260710 13:16:52.286849  1319 raft_consensus.cc:2804] T 18cfee3d7c034a63afcbffb4698d7cff P 6ec493a434124fdeb72746d7645415dc [term 1 FOLLOWER]: Leader election won for term 1
I20260710 13:16:52.287427  1319 raft_consensus.cc:697] T 18cfee3d7c034a63afcbffb4698d7cff P 6ec493a434124fdeb72746d7645415dc [term 1 LEADER]: Becoming Leader. State: Replica: 6ec493a434124fdeb72746d7645415dc, State: Running, Role: LEADER
I20260710 13:16:52.288357  1319 consensus_queue.cc:237] T 18cfee3d7c034a63afcbffb4698d7cff P 6ec493a434124fdeb72746d7645415dc [LEADER]: Queue going to LEADER mode. State: All replicated index: 0, Majority replicated index: 0, Committed index: 0, Last appended: 0.0, Last appended by leader: 0, Current term: 1, Majority size: 2, State: 0, Mode: LEADER, active raft config: opid_index: -1 OBSOLETE_local: false peers { permanent_uuid: "c9e1f26b7bd44a919ce303cad9556fd2" member_type: VOTER last_known_addr { host: "127.0.107.193" port: 38497 } } peers { permanent_uuid: "6ec493a434124fdeb72746d7645415dc" member_type: VOTER last_known_addr { host: "127.0.107.194" port: 40387 } } peers { permanent_uuid: "b9b14d93e56b4346a5c09cc49fc49273" member_type: VOTER last_known_addr { host: "127.0.107.195" port: 45925 } }
I20260710 13:16:52.288080   972 catalog_manager.cc:5697] T 84e7f980b3df464bb3e90c75094d5c43 P 6ec493a434124fdeb72746d7645415dc reported cstate change: term changed from 0 to 1, leader changed from <none> to 6ec493a434124fdeb72746d7645415dc (127.0.107.194). New cstate: current_term: 1 leader_uuid: "6ec493a434124fdeb72746d7645415dc" committed_config { opid_index: -1 OBSOLETE_local: false peers { permanent_uuid: "c9e1f26b7bd44a919ce303cad9556fd2" member_type: VOTER last_known_addr { host: "127.0.107.193" port: 38497 } health_report { overall_health: UNKNOWN } } peers { permanent_uuid: "6ec493a434124fdeb72746d7645415dc" member_type: VOTER last_known_addr { host: "127.0.107.194" port: 40387 } health_report { overall_health: HEALTHY } } peers { permanent_uuid: "b9b14d93e56b4346a5c09cc49fc49273" member_type: VOTER last_known_addr { host: "127.0.107.195" port: 45925 } health_report { overall_health: UNKNOWN } } }
I20260710 13:16:52.302601  1319 consensus_queue.cc:1048] T a96f026575444c0287ce5c90e30bb441 P 6ec493a434124fdeb72746d7645415dc [LEADER]: Connected to new peer: Peer: permanent_uuid: "b9b14d93e56b4346a5c09cc49fc49273" member_type: VOTER last_known_addr { host: "127.0.107.195" port: 45925 }, Status: LMP_MISMATCH, Last received: 0.0, Next index: 1, Last known committed idx: 0, Time since last communication: 0.000s
I20260710 13:16:52.303437   972 catalog_manager.cc:5697] T 18cfee3d7c034a63afcbffb4698d7cff P 6ec493a434124fdeb72746d7645415dc reported cstate change: term changed from 0 to 1, leader changed from <none> to 6ec493a434124fdeb72746d7645415dc (127.0.107.194). New cstate: current_term: 1 leader_uuid: "6ec493a434124fdeb72746d7645415dc" committed_config { opid_index: -1 OBSOLETE_local: false peers { permanent_uuid: "c9e1f26b7bd44a919ce303cad9556fd2" member_type: VOTER last_known_addr { host: "127.0.107.193" port: 38497 } health_report { overall_health: UNKNOWN } } peers { permanent_uuid: "6ec493a434124fdeb72746d7645415dc" member_type: VOTER last_known_addr { host: "127.0.107.194" port: 40387 } health_report { overall_health: HEALTHY } } peers { permanent_uuid: "b9b14d93e56b4346a5c09cc49fc49273" member_type: VOTER last_known_addr { host: "127.0.107.195" port: 45925 } health_report { overall_health: UNKNOWN } } }
I20260710 13:16:52.314191  1075 raft_consensus.cc:3060] T a96f026575444c0287ce5c90e30bb441 P c9e1f26b7bd44a919ce303cad9556fd2 [term 0 FOLLOWER]: Advancing to term 1
I20260710 13:16:52.323410  1330 consensus_queue.cc:1048] T a96f026575444c0287ce5c90e30bb441 P 6ec493a434124fdeb72746d7645415dc [LEADER]: Connected to new peer: Peer: permanent_uuid: "c9e1f26b7bd44a919ce303cad9556fd2" member_type: VOTER last_known_addr { host: "127.0.107.193" port: 38497 }, Status: LMP_MISMATCH, Last received: 0.0, Next index: 1, Last known committed idx: 0, Time since last communication: 0.001s
I20260710 13:16:52.395193  1303 consensus_queue.cc:1048] T 837b15e2f4fa4b5b9b6e95561d1425ff P c9e1f26b7bd44a919ce303cad9556fd2 [LEADER]: Connected to new peer: Peer: permanent_uuid: "6ec493a434124fdeb72746d7645415dc" member_type: VOTER last_known_addr { host: "127.0.107.194" port: 40387 }, Status: LMP_MISMATCH, Last received: 0.0, Next index: 1, Last known committed idx: 0, Time since last communication: 0.000s
I20260710 13:16:52.409199  1303 consensus_queue.cc:1048] T 837b15e2f4fa4b5b9b6e95561d1425ff P c9e1f26b7bd44a919ce303cad9556fd2 [LEADER]: Connected to new peer: Peer: permanent_uuid: "b9b14d93e56b4346a5c09cc49fc49273" member_type: VOTER last_known_addr { host: "127.0.107.195" port: 45925 }, Status: LMP_MISMATCH, Last received: 0.0, Next index: 1, Last known committed idx: 0, Time since last communication: 0.000s
I20260710 13:16:52.410392  1273 consensus_queue.cc:1048] T 0972ea7502a2447eac45700caa008127 P b9b14d93e56b4346a5c09cc49fc49273 [LEADER]: Connected to new peer: Peer: permanent_uuid: "c9e1f26b7bd44a919ce303cad9556fd2" member_type: VOTER last_known_addr { host: "127.0.107.193" port: 38497 }, Status: LMP_MISMATCH, Last received: 0.0, Next index: 1, Last known committed idx: 0, Time since last communication: 0.000s
I20260710 13:16:52.419785  1330 consensus_queue.cc:1048] T 5ef31e836dc74de7b1eda95ae39927d6 P 6ec493a434124fdeb72746d7645415dc [LEADER]: Connected to new peer: Peer: permanent_uuid: "c9e1f26b7bd44a919ce303cad9556fd2" member_type: VOTER last_known_addr { host: "127.0.107.193" port: 38497 }, Status: LMP_MISMATCH, Last received: 0.0, Next index: 1, Last known committed idx: 0, Time since last communication: 0.000s
I20260710 13:16:52.423763  1273 consensus_queue.cc:1048] T 0972ea7502a2447eac45700caa008127 P b9b14d93e56b4346a5c09cc49fc49273 [LEADER]: Connected to new peer: Peer: permanent_uuid: "6ec493a434124fdeb72746d7645415dc" member_type: VOTER last_known_addr { host: "127.0.107.194" port: 40387 }, Status: LMP_MISMATCH, Last received: 0.0, Next index: 1, Last known committed idx: 0, Time since last communication: 0.001s
I20260710 13:16:52.436630  1301 consensus_queue.cc:1048] T 5ef31e836dc74de7b1eda95ae39927d6 P 6ec493a434124fdeb72746d7645415dc [LEADER]: Connected to new peer: Peer: permanent_uuid: "b9b14d93e56b4346a5c09cc49fc49273" member_type: VOTER last_known_addr { host: "127.0.107.195" port: 45925 }, Status: LMP_MISMATCH, Last received: 0.0, Next index: 1, Last known committed idx: 0, Time since last communication: 0.000s
I20260710 13:16:52.486514  1320 raft_consensus.cc:493] T d684d8bc8c134149a043571932558962 P b9b14d93e56b4346a5c09cc49fc49273 [term 0 FOLLOWER]: Starting pre-election (no leader contacted us within the election timeout)
I20260710 13:16:52.487025  1320 raft_consensus.cc:515] T d684d8bc8c134149a043571932558962 P b9b14d93e56b4346a5c09cc49fc49273 [term 0 FOLLOWER]: Starting pre-election with config: opid_index: -1 OBSOLETE_local: false peers { permanent_uuid: "c9e1f26b7bd44a919ce303cad9556fd2" member_type: VOTER last_known_addr { host: "127.0.107.193" port: 38497 } } peers { permanent_uuid: "6ec493a434124fdeb72746d7645415dc" member_type: VOTER last_known_addr { host: "127.0.107.194" port: 40387 } } peers { permanent_uuid: "b9b14d93e56b4346a5c09cc49fc49273" member_type: VOTER last_known_addr { host: "127.0.107.195" port: 45925 } }
I20260710 13:16:52.488710  1320 leader_election.cc:290] T d684d8bc8c134149a043571932558962 P b9b14d93e56b4346a5c09cc49fc49273 [CANDIDATE]: Term 1 pre-election: Requested pre-vote from peers c9e1f26b7bd44a919ce303cad9556fd2 (127.0.107.193:38497), 6ec493a434124fdeb72746d7645415dc (127.0.107.194:40387)
I20260710 13:16:52.489517  1075 tablet_service.cc:1917] Received RequestConsensusVote() RPC: tablet_id: "d684d8bc8c134149a043571932558962" candidate_uuid: "b9b14d93e56b4346a5c09cc49fc49273" candidate_term: 1 candidate_status { last_received { term: 0 index: 0 } } ignore_live_leader: false dest_uuid: "c9e1f26b7bd44a919ce303cad9556fd2" is_pre_election: true
I20260710 13:16:52.489812  1151 tablet_service.cc:1917] Received RequestConsensusVote() RPC: tablet_id: "d684d8bc8c134149a043571932558962" candidate_uuid: "b9b14d93e56b4346a5c09cc49fc49273" candidate_term: 1 candidate_status { last_received { term: 0 index: 0 } } ignore_live_leader: false dest_uuid: "6ec493a434124fdeb72746d7645415dc" is_pre_election: true
I20260710 13:16:52.490186  1075 raft_consensus.cc:2468] T d684d8bc8c134149a043571932558962 P c9e1f26b7bd44a919ce303cad9556fd2 [term 0 FOLLOWER]: Leader pre-election vote request: Granting yes vote for candidate b9b14d93e56b4346a5c09cc49fc49273 in term 0.
I20260710 13:16:52.490376  1151 raft_consensus.cc:2468] T d684d8bc8c134149a043571932558962 P 6ec493a434124fdeb72746d7645415dc [term 0 FOLLOWER]: Leader pre-election vote request: Granting yes vote for candidate b9b14d93e56b4346a5c09cc49fc49273 in term 0.
I20260710 13:16:52.491292  1189 leader_election.cc:304] T d684d8bc8c134149a043571932558962 P b9b14d93e56b4346a5c09cc49fc49273 [CANDIDATE]: Term 1 pre-election: Election decided. Result: candidate won. Election summary: received 2 responses out of 3 voters: 2 yes votes; 0 no votes. yes voters: b9b14d93e56b4346a5c09cc49fc49273, c9e1f26b7bd44a919ce303cad9556fd2; no voters: 
I20260710 13:16:52.491971  1320 raft_consensus.cc:2804] T d684d8bc8c134149a043571932558962 P b9b14d93e56b4346a5c09cc49fc49273 [term 0 FOLLOWER]: Leader pre-election won for term 1
I20260710 13:16:52.492398  1320 raft_consensus.cc:493] T d684d8bc8c134149a043571932558962 P b9b14d93e56b4346a5c09cc49fc49273 [term 0 FOLLOWER]: Starting leader election (no leader contacted us within the election timeout)
I20260710 13:16:52.492682  1320 raft_consensus.cc:3060] T d684d8bc8c134149a043571932558962 P b9b14d93e56b4346a5c09cc49fc49273 [term 0 FOLLOWER]: Advancing to term 1
I20260710 13:16:52.497527  1320 raft_consensus.cc:515] T d684d8bc8c134149a043571932558962 P b9b14d93e56b4346a5c09cc49fc49273 [term 1 FOLLOWER]: Starting leader election with config: opid_index: -1 OBSOLETE_local: false peers { permanent_uuid: "c9e1f26b7bd44a919ce303cad9556fd2" member_type: VOTER last_known_addr { host: "127.0.107.193" port: 38497 } } peers { permanent_uuid: "6ec493a434124fdeb72746d7645415dc" member_type: VOTER last_known_addr { host: "127.0.107.194" port: 40387 } } peers { permanent_uuid: "b9b14d93e56b4346a5c09cc49fc49273" member_type: VOTER last_known_addr { host: "127.0.107.195" port: 45925 } }
I20260710 13:16:52.499286  1320 leader_election.cc:290] T d684d8bc8c134149a043571932558962 P b9b14d93e56b4346a5c09cc49fc49273 [CANDIDATE]: Term 1 election: Requested vote from peers c9e1f26b7bd44a919ce303cad9556fd2 (127.0.107.193:38497), 6ec493a434124fdeb72746d7645415dc (127.0.107.194:40387)
I20260710 13:16:52.500116  1075 tablet_service.cc:1917] Received RequestConsensusVote() RPC: tablet_id: "d684d8bc8c134149a043571932558962" candidate_uuid: "b9b14d93e56b4346a5c09cc49fc49273" candidate_term: 1 candidate_status { last_received { term: 0 index: 0 } } ignore_live_leader: false dest_uuid: "c9e1f26b7bd44a919ce303cad9556fd2"
I20260710 13:16:52.500212  1151 tablet_service.cc:1917] Received RequestConsensusVote() RPC: tablet_id: "d684d8bc8c134149a043571932558962" candidate_uuid: "b9b14d93e56b4346a5c09cc49fc49273" candidate_term: 1 candidate_status { last_received { term: 0 index: 0 } } ignore_live_leader: false dest_uuid: "6ec493a434124fdeb72746d7645415dc"
I20260710 13:16:52.500633  1075 raft_consensus.cc:3060] T d684d8bc8c134149a043571932558962 P c9e1f26b7bd44a919ce303cad9556fd2 [term 0 FOLLOWER]: Advancing to term 1
I20260710 13:16:52.500756  1151 raft_consensus.cc:3060] T d684d8bc8c134149a043571932558962 P 6ec493a434124fdeb72746d7645415dc [term 0 FOLLOWER]: Advancing to term 1
I20260710 13:16:52.505607  1075 raft_consensus.cc:2468] T d684d8bc8c134149a043571932558962 P c9e1f26b7bd44a919ce303cad9556fd2 [term 1 FOLLOWER]: Leader election vote request: Granting yes vote for candidate b9b14d93e56b4346a5c09cc49fc49273 in term 1.
I20260710 13:16:52.505720  1151 raft_consensus.cc:2468] T d684d8bc8c134149a043571932558962 P 6ec493a434124fdeb72746d7645415dc [term 1 FOLLOWER]: Leader election vote request: Granting yes vote for candidate b9b14d93e56b4346a5c09cc49fc49273 in term 1.
I20260710 13:16:52.506808  1189 leader_election.cc:304] T d684d8bc8c134149a043571932558962 P b9b14d93e56b4346a5c09cc49fc49273 [CANDIDATE]: Term 1 election: Election decided. Result: candidate won. Election summary: received 2 responses out of 3 voters: 2 yes votes; 0 no votes. yes voters: b9b14d93e56b4346a5c09cc49fc49273, c9e1f26b7bd44a919ce303cad9556fd2; no voters: 
I20260710 13:16:52.507592  1320 raft_consensus.cc:2804] T d684d8bc8c134149a043571932558962 P b9b14d93e56b4346a5c09cc49fc49273 [term 1 FOLLOWER]: Leader election won for term 1
I20260710 13:16:52.508046  1320 raft_consensus.cc:697] T d684d8bc8c134149a043571932558962 P b9b14d93e56b4346a5c09cc49fc49273 [term 1 LEADER]: Becoming Leader. State: Replica: b9b14d93e56b4346a5c09cc49fc49273, State: Running, Role: LEADER
I20260710 13:16:52.508759  1320 consensus_queue.cc:237] T d684d8bc8c134149a043571932558962 P b9b14d93e56b4346a5c09cc49fc49273 [LEADER]: Queue going to LEADER mode. State: All replicated index: 0, Majority replicated index: 0, Committed index: 0, Last appended: 0.0, Last appended by leader: 0, Current term: 1, Majority size: 2, State: 0, Mode: LEADER, active raft config: opid_index: -1 OBSOLETE_local: false peers { permanent_uuid: "c9e1f26b7bd44a919ce303cad9556fd2" member_type: VOTER last_known_addr { host: "127.0.107.193" port: 38497 } } peers { permanent_uuid: "6ec493a434124fdeb72746d7645415dc" member_type: VOTER last_known_addr { host: "127.0.107.194" port: 40387 } } peers { permanent_uuid: "b9b14d93e56b4346a5c09cc49fc49273" member_type: VOTER last_known_addr { host: "127.0.107.195" port: 45925 } }
I20260710 13:16:52.516752   973 catalog_manager.cc:5697] T d684d8bc8c134149a043571932558962 P b9b14d93e56b4346a5c09cc49fc49273 reported cstate change: term changed from 0 to 1, leader changed from <none> to b9b14d93e56b4346a5c09cc49fc49273 (127.0.107.195). New cstate: current_term: 1 leader_uuid: "b9b14d93e56b4346a5c09cc49fc49273" committed_config { opid_index: -1 OBSOLETE_local: false peers { permanent_uuid: "c9e1f26b7bd44a919ce303cad9556fd2" member_type: VOTER last_known_addr { host: "127.0.107.193" port: 38497 } health_report { overall_health: UNKNOWN } } peers { permanent_uuid: "6ec493a434124fdeb72746d7645415dc" member_type: VOTER last_known_addr { host: "127.0.107.194" port: 40387 } health_report { overall_health: UNKNOWN } } peers { permanent_uuid: "b9b14d93e56b4346a5c09cc49fc49273" member_type: VOTER last_known_addr { host: "127.0.107.195" port: 45925 } health_report { overall_health: HEALTHY } } }
I20260710 13:16:52.619197  1330 consensus_queue.cc:1048] T 7269b7fa3f9d42d1b94b094855cd577d P 6ec493a434124fdeb72746d7645415dc [LEADER]: Connected to new peer: Peer: permanent_uuid: "c9e1f26b7bd44a919ce303cad9556fd2" member_type: VOTER last_known_addr { host: "127.0.107.193" port: 38497 }, Status: LMP_MISMATCH, Last received: 0.0, Next index: 1, Last known committed idx: 0, Time since last communication: 0.000s
I20260710 13:16:52.631621  1328 consensus_queue.cc:1048] T 7269b7fa3f9d42d1b94b094855cd577d P 6ec493a434124fdeb72746d7645415dc [LEADER]: Connected to new peer: Peer: permanent_uuid: "b9b14d93e56b4346a5c09cc49fc49273" member_type: VOTER last_known_addr { host: "127.0.107.195" port: 45925 }, Status: LMP_MISMATCH, Last received: 0.0, Next index: 1, Last known committed idx: 0, Time since last communication: 0.001s
I20260710 13:16:52.641460  1320 consensus_queue.cc:1048] T 4742c1c9ed20461ca23529f2fc7183b7 P b9b14d93e56b4346a5c09cc49fc49273 [LEADER]: Connected to new peer: Peer: permanent_uuid: "c9e1f26b7bd44a919ce303cad9556fd2" member_type: VOTER last_known_addr { host: "127.0.107.193" port: 38497 }, Status: LMP_MISMATCH, Last received: 0.0, Next index: 1, Last known committed idx: 0, Time since last communication: 0.000s
I20260710 13:16:52.652954  1322 consensus_queue.cc:1048] T 4742c1c9ed20461ca23529f2fc7183b7 P b9b14d93e56b4346a5c09cc49fc49273 [LEADER]: Connected to new peer: Peer: permanent_uuid: "6ec493a434124fdeb72746d7645415dc" member_type: VOTER last_known_addr { host: "127.0.107.194" port: 40387 }, Status: LMP_MISMATCH, Last received: 0.0, Next index: 1, Last known committed idx: 0, Time since last communication: 0.001s
I20260710 13:16:52.671252  1328 consensus_queue.cc:1048] T 18cfee3d7c034a63afcbffb4698d7cff P 6ec493a434124fdeb72746d7645415dc [LEADER]: Connected to new peer: Peer: permanent_uuid: "b9b14d93e56b4346a5c09cc49fc49273" member_type: VOTER last_known_addr { host: "127.0.107.195" port: 45925 }, Status: LMP_MISMATCH, Last received: 0.0, Next index: 1, Last known committed idx: 0, Time since last communication: 0.000s
I20260710 13:16:52.690169  1319 consensus_queue.cc:1048] T 18cfee3d7c034a63afcbffb4698d7cff P 6ec493a434124fdeb72746d7645415dc [LEADER]: Connected to new peer: Peer: permanent_uuid: "c9e1f26b7bd44a919ce303cad9556fd2" member_type: VOTER last_known_addr { host: "127.0.107.193" port: 38497 }, Status: LMP_MISMATCH, Last received: 0.0, Next index: 1, Last known committed idx: 0, Time since last communication: 0.001s
I20260710 13:16:52.699834  1151 tablet_service.cc:2072] Received LeaderStepDown RPC: tablet_id: "5ef31e836dc74de7b1eda95ae39927d6"
dest_uuid: "6ec493a434124fdeb72746d7645415dc"
mode: GRACEFUL
new_leader_uuid: "c9e1f26b7bd44a919ce303cad9556fd2"
 from {username='slave'} at 127.0.0.1:34138
I20260710 13:16:52.700408  1151 raft_consensus.cc:606] T 5ef31e836dc74de7b1eda95ae39927d6 P 6ec493a434124fdeb72746d7645415dc [term 1 LEADER]: Received request to transfer leadership to TS c9e1f26b7bd44a919ce303cad9556fd2
I20260710 13:16:52.706764  1151 tablet_service.cc:2072] Received LeaderStepDown RPC: tablet_id: "45ab8266bc97404dbc98debe82651cde"
dest_uuid: "6ec493a434124fdeb72746d7645415dc"
mode: GRACEFUL
new_leader_uuid: "c9e1f26b7bd44a919ce303cad9556fd2"
 from {username='slave'} at 127.0.0.1:34138
I20260710 13:16:52.707597  1151 raft_consensus.cc:606] T 45ab8266bc97404dbc98debe82651cde P 6ec493a434124fdeb72746d7645415dc [term 1 LEADER]: Received request to transfer leadership to TS c9e1f26b7bd44a919ce303cad9556fd2
I20260710 13:16:52.729477  1319 consensus_queue.cc:1048] T 84e7f980b3df464bb3e90c75094d5c43 P 6ec493a434124fdeb72746d7645415dc [LEADER]: Connected to new peer: Peer: permanent_uuid: "c9e1f26b7bd44a919ce303cad9556fd2" member_type: VOTER last_known_addr { host: "127.0.107.193" port: 38497 }, Status: LMP_MISMATCH, Last received: 0.0, Next index: 1, Last known committed idx: 0, Time since last communication: 0.001s
I20260710 13:16:52.732167  1225 tablet_service.cc:2072] Received LeaderStepDown RPC: tablet_id: "d684d8bc8c134149a043571932558962"
dest_uuid: "b9b14d93e56b4346a5c09cc49fc49273"
mode: GRACEFUL
new_leader_uuid: "c9e1f26b7bd44a919ce303cad9556fd2"
 from {username='slave'} at 127.0.0.1:46220
I20260710 13:16:52.732725  1225 raft_consensus.cc:606] T d684d8bc8c134149a043571932558962 P b9b14d93e56b4346a5c09cc49fc49273 [term 1 LEADER]: Received request to transfer leadership to TS c9e1f26b7bd44a919ce303cad9556fd2
I20260710 13:16:52.739372  1151 tablet_service.cc:2072] Received LeaderStepDown RPC: tablet_id: "7269b7fa3f9d42d1b94b094855cd577d"
dest_uuid: "6ec493a434124fdeb72746d7645415dc"
mode: GRACEFUL
new_leader_uuid: "c9e1f26b7bd44a919ce303cad9556fd2"
 from {username='slave'} at 127.0.0.1:34138
I20260710 13:16:52.740017  1151 raft_consensus.cc:606] T 7269b7fa3f9d42d1b94b094855cd577d P 6ec493a434124fdeb72746d7645415dc [term 1 LEADER]: Received request to transfer leadership to TS c9e1f26b7bd44a919ce303cad9556fd2
I20260710 13:16:52.743183  1301 consensus_queue.cc:1048] T 84e7f980b3df464bb3e90c75094d5c43 P 6ec493a434124fdeb72746d7645415dc [LEADER]: Connected to new peer: Peer: permanent_uuid: "b9b14d93e56b4346a5c09cc49fc49273" member_type: VOTER last_known_addr { host: "127.0.107.195" port: 45925 }, Status: LMP_MISMATCH, Last received: 0.0, Next index: 1, Last known committed idx: 0, Time since last communication: 0.000s
I20260710 13:16:52.759087  1225 tablet_service.cc:2072] Received LeaderStepDown RPC: tablet_id: "4742c1c9ed20461ca23529f2fc7183b7"
dest_uuid: "b9b14d93e56b4346a5c09cc49fc49273"
mode: GRACEFUL
new_leader_uuid: "6ec493a434124fdeb72746d7645415dc"
 from {username='slave'} at 127.0.0.1:46220
I20260710 13:16:52.759750  1225 raft_consensus.cc:606] T 4742c1c9ed20461ca23529f2fc7183b7 P b9b14d93e56b4346a5c09cc49fc49273 [term 1 LEADER]: Received request to transfer leadership to TS 6ec493a434124fdeb72746d7645415dc
I20260710 13:16:53.027642  1319 raft_consensus.cc:993] T 45ab8266bc97404dbc98debe82651cde P 6ec493a434124fdeb72746d7645415dc: : Instructing follower c9e1f26b7bd44a919ce303cad9556fd2 to start an election
I20260710 13:16:53.028122  1301 raft_consensus.cc:1081] T 45ab8266bc97404dbc98debe82651cde P 6ec493a434124fdeb72746d7645415dc [term 1 LEADER]: Signalling peer c9e1f26b7bd44a919ce303cad9556fd2 to start an election
I20260710 13:16:53.029752  1075 tablet_service.cc:2044] Received Run Leader Election RPC: tablet_id: "45ab8266bc97404dbc98debe82651cde"
dest_uuid: "c9e1f26b7bd44a919ce303cad9556fd2"
 from {username='slave'} at 127.0.0.1:58932
I20260710 13:16:53.030267  1075 raft_consensus.cc:493] T 45ab8266bc97404dbc98debe82651cde P c9e1f26b7bd44a919ce303cad9556fd2 [term 1 FOLLOWER]: Starting forced leader election (received explicit request)
I20260710 13:16:53.030592  1075 raft_consensus.cc:3060] T 45ab8266bc97404dbc98debe82651cde P c9e1f26b7bd44a919ce303cad9556fd2 [term 1 FOLLOWER]: Advancing to term 2
I20260710 13:16:53.035269  1075 raft_consensus.cc:515] T 45ab8266bc97404dbc98debe82651cde P c9e1f26b7bd44a919ce303cad9556fd2 [term 2 FOLLOWER]: Starting forced leader election with config: opid_index: -1 OBSOLETE_local: false peers { permanent_uuid: "c9e1f26b7bd44a919ce303cad9556fd2" member_type: VOTER last_known_addr { host: "127.0.107.193" port: 38497 } } peers { permanent_uuid: "6ec493a434124fdeb72746d7645415dc" member_type: VOTER last_known_addr { host: "127.0.107.194" port: 40387 } } peers { permanent_uuid: "b9b14d93e56b4346a5c09cc49fc49273" member_type: VOTER last_known_addr { host: "127.0.107.195" port: 45925 } }
I20260710 13:16:53.036943  1075 leader_election.cc:290] T 45ab8266bc97404dbc98debe82651cde P c9e1f26b7bd44a919ce303cad9556fd2 [CANDIDATE]: Term 2 election: Requested vote from peers 6ec493a434124fdeb72746d7645415dc (127.0.107.194:40387), b9b14d93e56b4346a5c09cc49fc49273 (127.0.107.195:45925)
I20260710 13:16:53.038112  1225 tablet_service.cc:1917] Received RequestConsensusVote() RPC: tablet_id: "45ab8266bc97404dbc98debe82651cde" candidate_uuid: "c9e1f26b7bd44a919ce303cad9556fd2" candidate_term: 2 candidate_status { last_received { term: 1 index: 1 } } ignore_live_leader: true dest_uuid: "b9b14d93e56b4346a5c09cc49fc49273"
I20260710 13:16:53.038650  1225 raft_consensus.cc:3060] T 45ab8266bc97404dbc98debe82651cde P b9b14d93e56b4346a5c09cc49fc49273 [term 1 FOLLOWER]: Advancing to term 2
I20260710 13:16:53.038805  1151 tablet_service.cc:1917] Received RequestConsensusVote() RPC: tablet_id: "45ab8266bc97404dbc98debe82651cde" candidate_uuid: "c9e1f26b7bd44a919ce303cad9556fd2" candidate_term: 2 candidate_status { last_received { term: 1 index: 1 } } ignore_live_leader: true dest_uuid: "6ec493a434124fdeb72746d7645415dc"
I20260710 13:16:53.039481  1151 raft_consensus.cc:3055] T 45ab8266bc97404dbc98debe82651cde P 6ec493a434124fdeb72746d7645415dc [term 1 LEADER]: Stepping down as leader of term 1
I20260710 13:16:53.039791  1151 raft_consensus.cc:740] T 45ab8266bc97404dbc98debe82651cde P 6ec493a434124fdeb72746d7645415dc [term 1 LEADER]: Becoming Follower/Learner. State: Replica: 6ec493a434124fdeb72746d7645415dc, State: Running, Role: LEADER
I20260710 13:16:53.040520  1151 consensus_queue.cc:260] T 45ab8266bc97404dbc98debe82651cde P 6ec493a434124fdeb72746d7645415dc [NON_LEADER]: Queue going to NON_LEADER mode. State: All replicated index: 0, Majority replicated index: 1, Committed index: 1, Last appended: 1.1, Last appended by leader: 1, Current term: 1, Majority size: -1, State: 0, Mode: NON_LEADER, active raft config: opid_index: -1 OBSOLETE_local: false peers { permanent_uuid: "c9e1f26b7bd44a919ce303cad9556fd2" member_type: VOTER last_known_addr { host: "127.0.107.193" port: 38497 } } peers { permanent_uuid: "6ec493a434124fdeb72746d7645415dc" member_type: VOTER last_known_addr { host: "127.0.107.194" port: 40387 } } peers { permanent_uuid: "b9b14d93e56b4346a5c09cc49fc49273" member_type: VOTER last_known_addr { host: "127.0.107.195" port: 45925 } }
I20260710 13:16:53.041544  1151 raft_consensus.cc:3060] T 45ab8266bc97404dbc98debe82651cde P 6ec493a434124fdeb72746d7645415dc [term 1 FOLLOWER]: Advancing to term 2
I20260710 13:16:53.045578  1225 raft_consensus.cc:2468] T 45ab8266bc97404dbc98debe82651cde P b9b14d93e56b4346a5c09cc49fc49273 [term 2 FOLLOWER]: Leader election vote request: Granting yes vote for candidate c9e1f26b7bd44a919ce303cad9556fd2 in term 2.
I20260710 13:16:53.045800  1319 raft_consensus.cc:993] T 5ef31e836dc74de7b1eda95ae39927d6 P 6ec493a434124fdeb72746d7645415dc: : Instructing follower c9e1f26b7bd44a919ce303cad9556fd2 to start an election
I20260710 13:16:53.046289  1285 raft_consensus.cc:1081] T 5ef31e836dc74de7b1eda95ae39927d6 P 6ec493a434124fdeb72746d7645415dc [term 1 LEADER]: Signalling peer c9e1f26b7bd44a919ce303cad9556fd2 to start an election
I20260710 13:16:53.046864  1040 leader_election.cc:304] T 45ab8266bc97404dbc98debe82651cde P c9e1f26b7bd44a919ce303cad9556fd2 [CANDIDATE]: Term 2 election: Election decided. Result: candidate won. Election summary: received 2 responses out of 3 voters: 2 yes votes; 0 no votes. yes voters: b9b14d93e56b4346a5c09cc49fc49273, c9e1f26b7bd44a919ce303cad9556fd2; no voters: 
I20260710 13:16:53.047668  1303 raft_consensus.cc:2804] T 45ab8266bc97404dbc98debe82651cde P c9e1f26b7bd44a919ce303cad9556fd2 [term 2 FOLLOWER]: Leader election won for term 2
I20260710 13:16:53.048110  1303 raft_consensus.cc:697] T 45ab8266bc97404dbc98debe82651cde P c9e1f26b7bd44a919ce303cad9556fd2 [term 2 LEADER]: Becoming Leader. State: Replica: c9e1f26b7bd44a919ce303cad9556fd2, State: Running, Role: LEADER
I20260710 13:16:53.048110  1075 tablet_service.cc:2044] Received Run Leader Election RPC: tablet_id: "5ef31e836dc74de7b1eda95ae39927d6"
dest_uuid: "c9e1f26b7bd44a919ce303cad9556fd2"
 from {username='slave'} at 127.0.0.1:58932
I20260710 13:16:53.048808  1075 raft_consensus.cc:493] T 5ef31e836dc74de7b1eda95ae39927d6 P c9e1f26b7bd44a919ce303cad9556fd2 [term 1 FOLLOWER]: Starting forced leader election (received explicit request)
I20260710 13:16:53.048931  1151 raft_consensus.cc:2468] T 45ab8266bc97404dbc98debe82651cde P 6ec493a434124fdeb72746d7645415dc [term 2 FOLLOWER]: Leader election vote request: Granting yes vote for candidate c9e1f26b7bd44a919ce303cad9556fd2 in term 2.
I20260710 13:16:53.049192  1075 raft_consensus.cc:3060] T 5ef31e836dc74de7b1eda95ae39927d6 P c9e1f26b7bd44a919ce303cad9556fd2 [term 1 FOLLOWER]: Advancing to term 2
I20260710 13:16:53.049058  1303 consensus_queue.cc:237] T 45ab8266bc97404dbc98debe82651cde P c9e1f26b7bd44a919ce303cad9556fd2 [LEADER]: Queue going to LEADER mode. State: All replicated index: 0, Majority replicated index: 1, Committed index: 1, Last appended: 1.1, Last appended by leader: 1, Current term: 2, Majority size: 2, State: 0, Mode: LEADER, active raft config: opid_index: -1 OBSOLETE_local: false peers { permanent_uuid: "c9e1f26b7bd44a919ce303cad9556fd2" member_type: VOTER last_known_addr { host: "127.0.107.193" port: 38497 } } peers { permanent_uuid: "6ec493a434124fdeb72746d7645415dc" member_type: VOTER last_known_addr { host: "127.0.107.194" port: 40387 } } peers { permanent_uuid: "b9b14d93e56b4346a5c09cc49fc49273" member_type: VOTER last_known_addr { host: "127.0.107.195" port: 45925 } }
I20260710 13:16:53.054903  1075 raft_consensus.cc:515] T 5ef31e836dc74de7b1eda95ae39927d6 P c9e1f26b7bd44a919ce303cad9556fd2 [term 2 FOLLOWER]: Starting forced leader election with config: opid_index: -1 OBSOLETE_local: false peers { permanent_uuid: "c9e1f26b7bd44a919ce303cad9556fd2" member_type: VOTER last_known_addr { host: "127.0.107.193" port: 38497 } } peers { permanent_uuid: "6ec493a434124fdeb72746d7645415dc" member_type: VOTER last_known_addr { host: "127.0.107.194" port: 40387 } } peers { permanent_uuid: "b9b14d93e56b4346a5c09cc49fc49273" member_type: VOTER last_known_addr { host: "127.0.107.195" port: 45925 } }
I20260710 13:16:53.057051  1075 leader_election.cc:290] T 5ef31e836dc74de7b1eda95ae39927d6 P c9e1f26b7bd44a919ce303cad9556fd2 [CANDIDATE]: Term 2 election: Requested vote from peers 6ec493a434124fdeb72746d7645415dc (127.0.107.194:40387), b9b14d93e56b4346a5c09cc49fc49273 (127.0.107.195:45925)
I20260710 13:16:53.056391   974 catalog_manager.cc:5697] T 45ab8266bc97404dbc98debe82651cde P c9e1f26b7bd44a919ce303cad9556fd2 reported cstate change: term changed from 1 to 2, leader changed from 6ec493a434124fdeb72746d7645415dc (127.0.107.194) to c9e1f26b7bd44a919ce303cad9556fd2 (127.0.107.193). New cstate: current_term: 2 leader_uuid: "c9e1f26b7bd44a919ce303cad9556fd2" committed_config { opid_index: -1 OBSOLETE_local: false peers { permanent_uuid: "c9e1f26b7bd44a919ce303cad9556fd2" member_type: VOTER last_known_addr { host: "127.0.107.193" port: 38497 } health_report { overall_health: HEALTHY } } peers { permanent_uuid: "6ec493a434124fdeb72746d7645415dc" member_type: VOTER last_known_addr { host: "127.0.107.194" port: 40387 } health_report { overall_health: UNKNOWN } } peers { permanent_uuid: "b9b14d93e56b4346a5c09cc49fc49273" member_type: VOTER last_known_addr { host: "127.0.107.195" port: 45925 } health_report { overall_health: UNKNOWN } } }
I20260710 13:16:53.057433  1151 tablet_service.cc:1917] Received RequestConsensusVote() RPC: tablet_id: "5ef31e836dc74de7b1eda95ae39927d6" candidate_uuid: "c9e1f26b7bd44a919ce303cad9556fd2" candidate_term: 2 candidate_status { last_received { term: 1 index: 1 } } ignore_live_leader: true dest_uuid: "6ec493a434124fdeb72746d7645415dc"
I20260710 13:16:53.057637  1225 tablet_service.cc:1917] Received RequestConsensusVote() RPC: tablet_id: "5ef31e836dc74de7b1eda95ae39927d6" candidate_uuid: "c9e1f26b7bd44a919ce303cad9556fd2" candidate_term: 2 candidate_status { last_received { term: 1 index: 1 } } ignore_live_leader: true dest_uuid: "b9b14d93e56b4346a5c09cc49fc49273"
I20260710 13:16:53.058015  1151 raft_consensus.cc:3055] T 5ef31e836dc74de7b1eda95ae39927d6 P 6ec493a434124fdeb72746d7645415dc [term 1 LEADER]: Stepping down as leader of term 1
I20260710 13:16:53.058182  1225 raft_consensus.cc:3060] T 5ef31e836dc74de7b1eda95ae39927d6 P b9b14d93e56b4346a5c09cc49fc49273 [term 1 FOLLOWER]: Advancing to term 2
I20260710 13:16:53.058444  1151 raft_consensus.cc:740] T 5ef31e836dc74de7b1eda95ae39927d6 P 6ec493a434124fdeb72746d7645415dc [term 1 LEADER]: Becoming Follower/Learner. State: Replica: 6ec493a434124fdeb72746d7645415dc, State: Running, Role: LEADER
I20260710 13:16:53.059351  1151 consensus_queue.cc:260] T 5ef31e836dc74de7b1eda95ae39927d6 P 6ec493a434124fdeb72746d7645415dc [NON_LEADER]: Queue going to NON_LEADER mode. State: All replicated index: 0, Majority replicated index: 1, Committed index: 1, Last appended: 1.1, Last appended by leader: 1, Current term: 1, Majority size: -1, State: 0, Mode: NON_LEADER, active raft config: opid_index: -1 OBSOLETE_local: false peers { permanent_uuid: "c9e1f26b7bd44a919ce303cad9556fd2" member_type: VOTER last_known_addr { host: "127.0.107.193" port: 38497 } } peers { permanent_uuid: "6ec493a434124fdeb72746d7645415dc" member_type: VOTER last_known_addr { host: "127.0.107.194" port: 40387 } } peers { permanent_uuid: "b9b14d93e56b4346a5c09cc49fc49273" member_type: VOTER last_known_addr { host: "127.0.107.195" port: 45925 } }
I20260710 13:16:53.060745  1151 raft_consensus.cc:3060] T 5ef31e836dc74de7b1eda95ae39927d6 P 6ec493a434124fdeb72746d7645415dc [term 1 FOLLOWER]: Advancing to term 2
I20260710 13:16:53.067219  1314 consensus_queue.cc:1048] T d684d8bc8c134149a043571932558962 P b9b14d93e56b4346a5c09cc49fc49273 [LEADER]: Connected to new peer: Peer: permanent_uuid: "c9e1f26b7bd44a919ce303cad9556fd2" member_type: VOTER last_known_addr { host: "127.0.107.193" port: 38497 }, Status: LMP_MISMATCH, Last received: 0.0, Next index: 1, Last known committed idx: 0, Time since last communication: 0.000s
I20260710 13:16:53.067704  1225 raft_consensus.cc:2468] T 5ef31e836dc74de7b1eda95ae39927d6 P b9b14d93e56b4346a5c09cc49fc49273 [term 2 FOLLOWER]: Leader election vote request: Granting yes vote for candidate c9e1f26b7bd44a919ce303cad9556fd2 in term 2.
I20260710 13:16:53.069052  1040 leader_election.cc:304] T 5ef31e836dc74de7b1eda95ae39927d6 P c9e1f26b7bd44a919ce303cad9556fd2 [CANDIDATE]: Term 2 election: Election decided. Result: candidate won. Election summary: received 2 responses out of 3 voters: 2 yes votes; 0 no votes. yes voters: b9b14d93e56b4346a5c09cc49fc49273, c9e1f26b7bd44a919ce303cad9556fd2; no voters: 
I20260710 13:16:53.069687  1151 raft_consensus.cc:2468] T 5ef31e836dc74de7b1eda95ae39927d6 P 6ec493a434124fdeb72746d7645415dc [term 2 FOLLOWER]: Leader election vote request: Granting yes vote for candidate c9e1f26b7bd44a919ce303cad9556fd2 in term 2.
I20260710 13:16:53.069963  1303 raft_consensus.cc:2804] T 5ef31e836dc74de7b1eda95ae39927d6 P c9e1f26b7bd44a919ce303cad9556fd2 [term 2 FOLLOWER]: Leader election won for term 2
I20260710 13:16:53.070653  1303 raft_consensus.cc:697] T 5ef31e836dc74de7b1eda95ae39927d6 P c9e1f26b7bd44a919ce303cad9556fd2 [term 2 LEADER]: Becoming Leader. State: Replica: c9e1f26b7bd44a919ce303cad9556fd2, State: Running, Role: LEADER
I20260710 13:16:53.071560  1303 consensus_queue.cc:237] T 5ef31e836dc74de7b1eda95ae39927d6 P c9e1f26b7bd44a919ce303cad9556fd2 [LEADER]: Queue going to LEADER mode. State: All replicated index: 0, Majority replicated index: 1, Committed index: 1, Last appended: 1.1, Last appended by leader: 1, Current term: 2, Majority size: 2, State: 0, Mode: LEADER, active raft config: opid_index: -1 OBSOLETE_local: false peers { permanent_uuid: "c9e1f26b7bd44a919ce303cad9556fd2" member_type: VOTER last_known_addr { host: "127.0.107.193" port: 38497 } } peers { permanent_uuid: "6ec493a434124fdeb72746d7645415dc" member_type: VOTER last_known_addr { host: "127.0.107.194" port: 40387 } } peers { permanent_uuid: "b9b14d93e56b4346a5c09cc49fc49273" member_type: VOTER last_known_addr { host: "127.0.107.195" port: 45925 } }
I20260710 13:16:53.077308  1322 raft_consensus.cc:993] T d684d8bc8c134149a043571932558962 P b9b14d93e56b4346a5c09cc49fc49273: : Instructing follower c9e1f26b7bd44a919ce303cad9556fd2 to start an election
I20260710 13:16:53.077806  1322 raft_consensus.cc:1081] T d684d8bc8c134149a043571932558962 P b9b14d93e56b4346a5c09cc49fc49273 [term 1 LEADER]: Signalling peer c9e1f26b7bd44a919ce303cad9556fd2 to start an election
I20260710 13:16:53.079757  1076 tablet_service.cc:2044] Received Run Leader Election RPC: tablet_id: "d684d8bc8c134149a043571932558962"
dest_uuid: "c9e1f26b7bd44a919ce303cad9556fd2"
 from {username='slave'} at 127.0.0.1:58942
I20260710 13:16:53.080369  1076 raft_consensus.cc:493] T d684d8bc8c134149a043571932558962 P c9e1f26b7bd44a919ce303cad9556fd2 [term 1 FOLLOWER]: Starting forced leader election (received explicit request)
I20260710 13:16:53.080751  1076 raft_consensus.cc:3060] T d684d8bc8c134149a043571932558962 P c9e1f26b7bd44a919ce303cad9556fd2 [term 1 FOLLOWER]: Advancing to term 2
I20260710 13:16:53.082756  1314 consensus_queue.cc:1048] T d684d8bc8c134149a043571932558962 P b9b14d93e56b4346a5c09cc49fc49273 [LEADER]: Connected to new peer: Peer: permanent_uuid: "6ec493a434124fdeb72746d7645415dc" member_type: VOTER last_known_addr { host: "127.0.107.194" port: 40387 }, Status: LMP_MISMATCH, Last received: 0.0, Next index: 1, Last known committed idx: 0, Time since last communication: 0.000s
I20260710 13:16:53.084558   974 catalog_manager.cc:5697] T 5ef31e836dc74de7b1eda95ae39927d6 P c9e1f26b7bd44a919ce303cad9556fd2 reported cstate change: term changed from 1 to 2, leader changed from 6ec493a434124fdeb72746d7645415dc (127.0.107.194) to c9e1f26b7bd44a919ce303cad9556fd2 (127.0.107.193). New cstate: current_term: 2 leader_uuid: "c9e1f26b7bd44a919ce303cad9556fd2" committed_config { opid_index: -1 OBSOLETE_local: false peers { permanent_uuid: "c9e1f26b7bd44a919ce303cad9556fd2" member_type: VOTER last_known_addr { host: "127.0.107.193" port: 38497 } health_report { overall_health: HEALTHY } } peers { permanent_uuid: "6ec493a434124fdeb72746d7645415dc" member_type: VOTER last_known_addr { host: "127.0.107.194" port: 40387 } health_report { overall_health: UNKNOWN } } peers { permanent_uuid: "b9b14d93e56b4346a5c09cc49fc49273" member_type: VOTER last_known_addr { host: "127.0.107.195" port: 45925 } health_report { overall_health: UNKNOWN } } }
I20260710 13:16:53.088579  1076 raft_consensus.cc:515] T d684d8bc8c134149a043571932558962 P c9e1f26b7bd44a919ce303cad9556fd2 [term 2 FOLLOWER]: Starting forced leader election with config: opid_index: -1 OBSOLETE_local: false peers { permanent_uuid: "c9e1f26b7bd44a919ce303cad9556fd2" member_type: VOTER last_known_addr { host: "127.0.107.193" port: 38497 } } peers { permanent_uuid: "6ec493a434124fdeb72746d7645415dc" member_type: VOTER last_known_addr { host: "127.0.107.194" port: 40387 } } peers { permanent_uuid: "b9b14d93e56b4346a5c09cc49fc49273" member_type: VOTER last_known_addr { host: "127.0.107.195" port: 45925 } }
I20260710 13:16:53.089918  1075 raft_consensus.cc:1240] T d684d8bc8c134149a043571932558962 P c9e1f26b7bd44a919ce303cad9556fd2 [term 2 FOLLOWER]: Rejecting Update request from peer b9b14d93e56b4346a5c09cc49fc49273 for earlier term 1. Current term is 2. Ops: []
