I20260710 13:17:01.317669   431 file_cache.cc:504] Constructed file cache file cache with capacity 419430
W20260710 13:17:01.324159  1448 instance_detector.cc:116] could not retrieve AWS instance metadata: Network error: curl error: HTTP response code said error: The requested URL returned error: 404
W20260710 13:17:01.324163  1449 instance_detector.cc:116] could not retrieve Azure instance metadata: Network error: curl error: HTTP response code said error: The requested URL returned error: 404
W20260710 13:17:01.324728  1451 instance_detector.cc:116] could not retrieve OpenStack instance metadata: Network error: curl error: HTTP response code said error: The requested URL returned error: 404
I20260710 13:17:01.325863   431 server_base.cc:1061] running on GCE node
I20260710 13:17:01.326687   431 hybrid_clock.cc:584] initializing the hybrid clock with 'system_unsync' time source
W20260710 13:17:01.326928   431 system_unsync_time.cc:38] NTP support is disabled. Clock error bounds will not be accurate. This configuration is not suitable for distributed clusters.
I20260710 13:17:01.327051   431 hybrid_clock.cc:648] HybridClock initialized: now 1783689421327038 us; error 0 us; skew 500 ppm
I20260710 13:17:01.327517   431 server_base.cc:861] Flag tcmalloc_max_total_thread_cache_bytes is not working since tcmalloc is not enabled.
I20260710 13:17:01.329952   431 webserver.cc:533] Webserver started at http://127.0.107.254:35853/ using document root <none> and password file <none>
I20260710 13:17:01.330430   431 fs_manager.cc:362] Metadata directory not provided
I20260710 13:17:01.330585   431 fs_manager.cc:368] Using write-ahead log directory (fs_wal_dir) as metadata directory
I20260710 13:17:01.330922   431 server_base.cc:909] This appears to be a new deployment of Kudu; creating new FS layout
I20260710 13:17:01.332046   431 fs_manager.cc:1068] Generated new instance metadata in path /tmp/dist-test-taskM5IFZ4/test-tmp/auto_leader_rebalancer-test.0.LeaderRebalancerTest.AddTserver.1783689397280180-431-0/minicluster-data/master-0-root/instance:
uuid: "6e91bf1eeb4044bbb2239bd416359821"
format_stamp: "Formatted at 2026-07-10 13:17:01 on dist-test-slave-xjjl"
I20260710 13:17:01.336804   431 fs_manager.cc:696] Time spent creating directory manager: real 0.004s	user 0.005s	sys 0.000s
I20260710 13:17:01.340809  1456 log_block_manager.cc:4127] Time spent loading block containers with low live blocks: real 0.000s	user 0.000s	sys 0.000s
I20260710 13:17:01.341704   431 fs_manager.cc:730] Time spent opening block manager: real 0.003s	user 0.002s	sys 0.000s
I20260710 13:17:01.342092   431 fs_manager.cc:647] Opened local filesystem: /tmp/dist-test-taskM5IFZ4/test-tmp/auto_leader_rebalancer-test.0.LeaderRebalancerTest.AddTserver.1783689397280180-431-0/minicluster-data/master-0-root
uuid: "6e91bf1eeb4044bbb2239bd416359821"
format_stamp: "Formatted at 2026-07-10 13:17:01 on dist-test-slave-xjjl"
I20260710 13:17:01.342445   431 fs_report.cc:389] FS layout report
--------------------
wal directory: /tmp/dist-test-taskM5IFZ4/test-tmp/auto_leader_rebalancer-test.0.LeaderRebalancerTest.AddTserver.1783689397280180-431-0/minicluster-data/master-0-root
metadata directory: /tmp/dist-test-taskM5IFZ4/test-tmp/auto_leader_rebalancer-test.0.LeaderRebalancerTest.AddTserver.1783689397280180-431-0/minicluster-data/master-0-root
1 data directories: /tmp/dist-test-taskM5IFZ4/test-tmp/auto_leader_rebalancer-test.0.LeaderRebalancerTest.AddTserver.1783689397280180-431-0/minicluster-data/master-0-root/data
Total live blocks: 0
Total live bytes: 0
Total live bytes (after alignment): 0
Total number of LBM containers: 0 (0 full)
Did not check for missing blocks
Did not check for orphaned blocks
Total full LBM containers with extra space: 0 (0 repaired)
Total full LBM container extra space in bytes: 0 (0 repaired)
Total incomplete LBM containers: 0 (0 repaired)
Total LBM partial records: 0 (0 repaired)
Total corrupted LBM metadata records in RocksDB: 0 (0 repaired)
I20260710 13:17:01.364460   431 rpc_server.cc:225] running with OpenSSL 1.1.1  11 Sep 2018
I20260710 13:17:01.365778   431 kserver.cc:163] Server-wide thread pool size limit: 3276
I20260710 13:17:01.405165   431 rpc_server.cc:307] RPC server started. Bound to: 127.0.107.254:45565
I20260710 13:17:01.405294  1507 acceptor_pool.cc:272] collecting diagnostics on the listening RPC socket 127.0.107.254:45565 every 8 connection(s)
I20260710 13:17:01.409049  1508 data_dirs.cc:400] Could only allocate 1 dirs of requested 3 for tablet 00000000000000000000000000000000. 1 dirs total, 0 dirs full, 0 dirs failed
I20260710 13:17:01.419080  1508 tablet_bootstrap.cc:492] T 00000000000000000000000000000000 P 6e91bf1eeb4044bbb2239bd416359821: Bootstrap starting.
I20260710 13:17:01.423833  1508 tablet_bootstrap.cc:654] T 00000000000000000000000000000000 P 6e91bf1eeb4044bbb2239bd416359821: Neither blocks nor log segments found. Creating new log.
I20260710 13:17:01.428223  1508 tablet_bootstrap.cc:492] T 00000000000000000000000000000000 P 6e91bf1eeb4044bbb2239bd416359821: No bootstrap required, opened a new log
I20260710 13:17:01.430392  1508 raft_consensus.cc:359] T 00000000000000000000000000000000 P 6e91bf1eeb4044bbb2239bd416359821 [term 0 FOLLOWER]: Replica starting. Triggering 0 pending ops. Active config: opid_index: -1 OBSOLETE_local: true peers { permanent_uuid: "6e91bf1eeb4044bbb2239bd416359821" member_type: VOTER }
I20260710 13:17:01.430780  1508 raft_consensus.cc:385] T 00000000000000000000000000000000 P 6e91bf1eeb4044bbb2239bd416359821 [term 0 FOLLOWER]: Consensus starting up: Expiring failure detector timer to make a prompt election more likely
I20260710 13:17:01.431119  1508 raft_consensus.cc:740] T 00000000000000000000000000000000 P 6e91bf1eeb4044bbb2239bd416359821 [term 0 FOLLOWER]: Becoming Follower/Learner. State: Replica: 6e91bf1eeb4044bbb2239bd416359821, State: Initialized, Role: FOLLOWER
I20260710 13:17:01.431806  1508 consensus_queue.cc:260] T 00000000000000000000000000000000 P 6e91bf1eeb4044bbb2239bd416359821 [NON_LEADER]: Queue going to NON_LEADER mode. State: All replicated index: 0, Majority replicated index: 0, Committed index: 0, Last appended: 0.0, Last appended by leader: 0, Current term: 0, Majority size: -1, State: 0, Mode: NON_LEADER, active raft config: opid_index: -1 OBSOLETE_local: true peers { permanent_uuid: "6e91bf1eeb4044bbb2239bd416359821" member_type: VOTER }
I20260710 13:17:01.432274  1508 raft_consensus.cc:399] T 00000000000000000000000000000000 P 6e91bf1eeb4044bbb2239bd416359821 [term 0 FOLLOWER]: Only one voter in the Raft config. Triggering election immediately
I20260710 13:17:01.432520  1508 raft_consensus.cc:493] T 00000000000000000000000000000000 P 6e91bf1eeb4044bbb2239bd416359821 [term 0 FOLLOWER]: Starting leader election (initial election of a single-replica configuration)
I20260710 13:17:01.432808  1508 raft_consensus.cc:3060] T 00000000000000000000000000000000 P 6e91bf1eeb4044bbb2239bd416359821 [term 0 FOLLOWER]: Advancing to term 1
I20260710 13:17:01.437145  1508 raft_consensus.cc:515] T 00000000000000000000000000000000 P 6e91bf1eeb4044bbb2239bd416359821 [term 1 FOLLOWER]: Starting leader election with config: opid_index: -1 OBSOLETE_local: true peers { permanent_uuid: "6e91bf1eeb4044bbb2239bd416359821" member_type: VOTER }
I20260710 13:17:01.437781  1508 leader_election.cc:304] T 00000000000000000000000000000000 P 6e91bf1eeb4044bbb2239bd416359821 [CANDIDATE]: Term 1 election: Election decided. Result: candidate won. Election summary: received 1 responses out of 1 voters: 1 yes votes; 0 no votes. yes voters: 6e91bf1eeb4044bbb2239bd416359821; no voters: 
I20260710 13:17:01.439002  1508 leader_election.cc:290] T 00000000000000000000000000000000 P 6e91bf1eeb4044bbb2239bd416359821 [CANDIDATE]: Term 1 election: Requested vote from peers 
I20260710 13:17:01.439352  1511 raft_consensus.cc:2804] T 00000000000000000000000000000000 P 6e91bf1eeb4044bbb2239bd416359821 [term 1 FOLLOWER]: Leader election won for term 1
I20260710 13:17:01.440685  1511 raft_consensus.cc:697] T 00000000000000000000000000000000 P 6e91bf1eeb4044bbb2239bd416359821 [term 1 LEADER]: Becoming Leader. State: Replica: 6e91bf1eeb4044bbb2239bd416359821, State: Running, Role: LEADER
I20260710 13:17:01.441433  1511 consensus_queue.cc:237] T 00000000000000000000000000000000 P 6e91bf1eeb4044bbb2239bd416359821 [LEADER]: Queue going to LEADER mode. State: All replicated index: 0, Majority replicated index: 0, Committed index: 0, Last appended: 0.0, Last appended by leader: 0, Current term: 1, Majority size: 1, State: 0, Mode: LEADER, active raft config: opid_index: -1 OBSOLETE_local: true peers { permanent_uuid: "6e91bf1eeb4044bbb2239bd416359821" member_type: VOTER }
I20260710 13:17:01.442054  1508 sys_catalog.cc:565] T 00000000000000000000000000000000 P 6e91bf1eeb4044bbb2239bd416359821 [sys.catalog]: configured and running, proceeding with master startup.
I20260710 13:17:01.446671  1513 sys_catalog.cc:455] T 00000000000000000000000000000000 P 6e91bf1eeb4044bbb2239bd416359821 [sys.catalog]: SysCatalogTable state changed. Reason: New leader 6e91bf1eeb4044bbb2239bd416359821. Latest consensus state: current_term: 1 leader_uuid: "6e91bf1eeb4044bbb2239bd416359821" committed_config { opid_index: -1 OBSOLETE_local: true peers { permanent_uuid: "6e91bf1eeb4044bbb2239bd416359821" member_type: VOTER } }
I20260710 13:17:01.447835  1513 sys_catalog.cc:458] T 00000000000000000000000000000000 P 6e91bf1eeb4044bbb2239bd416359821 [sys.catalog]: This master's current role is: LEADER
I20260710 13:17:01.446761  1512 sys_catalog.cc:455] T 00000000000000000000000000000000 P 6e91bf1eeb4044bbb2239bd416359821 [sys.catalog]: SysCatalogTable state changed. Reason: RaftConsensus started. Latest consensus state: current_term: 1 leader_uuid: "6e91bf1eeb4044bbb2239bd416359821" committed_config { opid_index: -1 OBSOLETE_local: true peers { permanent_uuid: "6e91bf1eeb4044bbb2239bd416359821" member_type: VOTER } }
I20260710 13:17:01.449462  1512 sys_catalog.cc:458] T 00000000000000000000000000000000 P 6e91bf1eeb4044bbb2239bd416359821 [sys.catalog]: This master's current role is: LEADER
I20260710 13:17:01.450924  1519 catalog_manager.cc:1511] Loading table and tablet metadata into memory...
I20260710 13:17:01.457444  1519 catalog_manager.cc:1520] Initializing Kudu cluster ID...
I20260710 13:17:01.458585   431 internal_mini_cluster.cc:184] Waiting to initialize catalog manager on master 0
I20260710 13:17:01.466620  1519 catalog_manager.cc:1383] Generated new cluster ID: e3b87192a3a34e93aa4f63286ae7e428
I20260710 13:17:01.466969  1519 catalog_manager.cc:1531] Initializing Kudu internal certificate authority...
I20260710 13:17:01.489936  1519 catalog_manager.cc:1406] Generated new certificate authority record
I20260710 13:17:01.491300  1519 catalog_manager.cc:1540] Loading token signing keys...
I20260710 13:17:01.507527  1519 catalog_manager.cc:6070] T 00000000000000000000000000000000 P 6e91bf1eeb4044bbb2239bd416359821: Generated new TSK 0
I20260710 13:17:01.508183  1519 catalog_manager.cc:1550] Initializing in-progress tserver states...
I20260710 13:17:01.525652   431 file_cache.cc:504] Constructed file cache file cache with capacity 419430
W20260710 13:17:01.532200  1529 instance_detector.cc:116] could not retrieve AWS instance metadata: Network error: curl error: HTTP response code said error: The requested URL returned error: 404
W20260710 13:17:01.532902  1530 instance_detector.cc:116] could not retrieve Azure instance metadata: Network error: curl error: HTTP response code said error: The requested URL returned error: 404
W20260710 13:17:01.534759  1532 instance_detector.cc:116] could not retrieve OpenStack instance metadata: Network error: curl error: HTTP response code said error: The requested URL returned error: 404
I20260710 13:17:01.535460   431 server_base.cc:1061] running on GCE node
I20260710 13:17:01.536586   431 hybrid_clock.cc:584] initializing the hybrid clock with 'system_unsync' time source
W20260710 13:17:01.536836   431 system_unsync_time.cc:38] NTP support is disabled. Clock error bounds will not be accurate. This configuration is not suitable for distributed clusters.
I20260710 13:17:01.537038   431 hybrid_clock.cc:648] HybridClock initialized: now 1783689421536997 us; error 0 us; skew 500 ppm
I20260710 13:17:01.537688   431 server_base.cc:861] Flag tcmalloc_max_total_thread_cache_bytes is not working since tcmalloc is not enabled.
I20260710 13:17:01.540802   431 webserver.cc:533] Webserver started at http://127.0.107.193:37925/ using document root <none> and password file <none>
I20260710 13:17:01.541496   431 fs_manager.cc:362] Metadata directory not provided
I20260710 13:17:01.541726   431 fs_manager.cc:368] Using write-ahead log directory (fs_wal_dir) as metadata directory
I20260710 13:17:01.542119   431 server_base.cc:909] This appears to be a new deployment of Kudu; creating new FS layout
I20260710 13:17:01.543648   431 fs_manager.cc:1068] Generated new instance metadata in path /tmp/dist-test-taskM5IFZ4/test-tmp/auto_leader_rebalancer-test.0.LeaderRebalancerTest.AddTserver.1783689397280180-431-0/minicluster-data/ts-0-root/instance:
uuid: "067186b94c4c443a8a5a8411ae94497a"
format_stamp: "Formatted at 2026-07-10 13:17:01 on dist-test-slave-xjjl"
I20260710 13:17:01.549316   431 fs_manager.cc:696] Time spent creating directory manager: real 0.005s	user 0.001s	sys 0.005s
I20260710 13:17:01.554121  1537 log_block_manager.cc:4127] Time spent loading block containers with low live blocks: real 0.000s	user 0.000s	sys 0.000s
I20260710 13:17:01.555209   431 fs_manager.cc:730] Time spent opening block manager: real 0.003s	user 0.003s	sys 0.000s
I20260710 13:17:01.555622   431 fs_manager.cc:647] Opened local filesystem: /tmp/dist-test-taskM5IFZ4/test-tmp/auto_leader_rebalancer-test.0.LeaderRebalancerTest.AddTserver.1783689397280180-431-0/minicluster-data/ts-0-root
uuid: "067186b94c4c443a8a5a8411ae94497a"
format_stamp: "Formatted at 2026-07-10 13:17:01 on dist-test-slave-xjjl"
I20260710 13:17:01.555945   431 fs_report.cc:389] FS layout report
--------------------
wal directory: /tmp/dist-test-taskM5IFZ4/test-tmp/auto_leader_rebalancer-test.0.LeaderRebalancerTest.AddTserver.1783689397280180-431-0/minicluster-data/ts-0-root
metadata directory: /tmp/dist-test-taskM5IFZ4/test-tmp/auto_leader_rebalancer-test.0.LeaderRebalancerTest.AddTserver.1783689397280180-431-0/minicluster-data/ts-0-root
1 data directories: /tmp/dist-test-taskM5IFZ4/test-tmp/auto_leader_rebalancer-test.0.LeaderRebalancerTest.AddTserver.1783689397280180-431-0/minicluster-data/ts-0-root/data
Total live blocks: 0
Total live bytes: 0
Total live bytes (after alignment): 0
Total number of LBM containers: 0 (0 full)
Did not check for missing blocks
Did not check for orphaned blocks
Total full LBM containers with extra space: 0 (0 repaired)
Total full LBM container extra space in bytes: 0 (0 repaired)
Total incomplete LBM containers: 0 (0 repaired)
Total LBM partial records: 0 (0 repaired)
Total corrupted LBM metadata records in RocksDB: 0 (0 repaired)
I20260710 13:17:01.578752   431 rpc_server.cc:225] running with OpenSSL 1.1.1  11 Sep 2018
I20260710 13:17:01.580489   431 kserver.cc:163] Server-wide thread pool size limit: 3276
I20260710 13:17:01.582192   431 txn_system_client.cc:432] TxnSystemClient initialization is disabled...
I20260710 13:17:01.585387   431 ts_tablet_manager.cc:585] Loaded tablet metadata (0 total tablets, 0 live tablets)
I20260710 13:17:01.585650   431 ts_tablet_manager.cc:531] Time spent load tablet metadata: real 0.000s	user 0.000s	sys 0.000s
I20260710 13:17:01.585868   431 ts_tablet_manager.cc:616] Registered 0 tablets
I20260710 13:17:01.586032   431 ts_tablet_manager.cc:595] Time spent register tablets: real 0.000s	user 0.000s	sys 0.000s
I20260710 13:17:01.629748   431 rpc_server.cc:307] RPC server started. Bound to: 127.0.107.193:42873
I20260710 13:17:01.629853  1599 acceptor_pool.cc:272] collecting diagnostics on the listening RPC socket 127.0.107.193:42873 every 8 connection(s)
I20260710 13:17:01.634955   431 file_cache.cc:504] Constructed file cache file cache with capacity 419430
W20260710 13:17:01.642642  1604 instance_detector.cc:116] could not retrieve AWS instance metadata: Network error: curl error: HTTP response code said error: The requested URL returned error: 404
W20260710 13:17:01.643756  1605 instance_detector.cc:116] could not retrieve Azure instance metadata: Network error: curl error: HTTP response code said error: The requested URL returned error: 404
I20260710 13:17:01.647017   431 server_base.cc:1061] running on GCE node
W20260710 13:17:01.647401  1607 instance_detector.cc:116] could not retrieve OpenStack instance metadata: Network error: curl error: HTTP response code said error: The requested URL returned error: 404
I20260710 13:17:01.648855   431 hybrid_clock.cc:584] initializing the hybrid clock with 'system_unsync' time source
W20260710 13:17:01.649125   431 system_unsync_time.cc:38] NTP support is disabled. Clock error bounds will not be accurate. This configuration is not suitable for distributed clusters.
I20260710 13:17:01.649348   431 hybrid_clock.cc:648] HybridClock initialized: now 1783689421649298 us; error 0 us; skew 500 ppm
I20260710 13:17:01.649945  1600 heartbeater.cc:344] Connected to a master server at 127.0.107.254:45565
I20260710 13:17:01.650055   431 server_base.cc:861] Flag tcmalloc_max_total_thread_cache_bytes is not working since tcmalloc is not enabled.
I20260710 13:17:01.650388  1600 heartbeater.cc:461] Registering TS with master...
I20260710 13:17:01.651428  1600 heartbeater.cc:507] Master 127.0.107.254:45565 requested a full tablet report, sending...
I20260710 13:17:01.653046   431 webserver.cc:533] Webserver started at http://127.0.107.194:44859/ using document root <none> and password file <none>
I20260710 13:17:01.653723   431 fs_manager.cc:362] Metadata directory not provided
I20260710 13:17:01.653952   431 fs_manager.cc:368] Using write-ahead log directory (fs_wal_dir) as metadata directory
I20260710 13:17:01.654253   431 server_base.cc:909] This appears to be a new deployment of Kudu; creating new FS layout
I20260710 13:17:01.654235  1473 ts_manager.cc:194] Registered new tserver with Master: 067186b94c4c443a8a5a8411ae94497a (127.0.107.193:42873)
I20260710 13:17:01.655633   431 fs_manager.cc:1068] Generated new instance metadata in path /tmp/dist-test-taskM5IFZ4/test-tmp/auto_leader_rebalancer-test.0.LeaderRebalancerTest.AddTserver.1783689397280180-431-0/minicluster-data/ts-1-root/instance:
uuid: "e35acfed65ea4f5bbca594d2b7ae9fc4"
format_stamp: "Formatted at 2026-07-10 13:17:01 on dist-test-slave-xjjl"
I20260710 13:17:01.656270  1473 master_service.cc:502] Signed X509 certificate for tserver {username='slave'} at 127.0.0.1:40194
I20260710 13:17:01.660880   431 fs_manager.cc:696] Time spent creating directory manager: real 0.005s	user 0.005s	sys 0.001s
I20260710 13:17:01.664430  1612 log_block_manager.cc:4127] Time spent loading block containers with low live blocks: real 0.000s	user 0.000s	sys 0.000s
I20260710 13:17:01.665221   431 fs_manager.cc:730] Time spent opening block manager: real 0.002s	user 0.001s	sys 0.000s
I20260710 13:17:01.665537   431 fs_manager.cc:647] Opened local filesystem: /tmp/dist-test-taskM5IFZ4/test-tmp/auto_leader_rebalancer-test.0.LeaderRebalancerTest.AddTserver.1783689397280180-431-0/minicluster-data/ts-1-root
uuid: "e35acfed65ea4f5bbca594d2b7ae9fc4"
format_stamp: "Formatted at 2026-07-10 13:17:01 on dist-test-slave-xjjl"
I20260710 13:17:01.665817   431 fs_report.cc:389] FS layout report
--------------------
wal directory: /tmp/dist-test-taskM5IFZ4/test-tmp/auto_leader_rebalancer-test.0.LeaderRebalancerTest.AddTserver.1783689397280180-431-0/minicluster-data/ts-1-root
metadata directory: /tmp/dist-test-taskM5IFZ4/test-tmp/auto_leader_rebalancer-test.0.LeaderRebalancerTest.AddTserver.1783689397280180-431-0/minicluster-data/ts-1-root
1 data directories: /tmp/dist-test-taskM5IFZ4/test-tmp/auto_leader_rebalancer-test.0.LeaderRebalancerTest.AddTserver.1783689397280180-431-0/minicluster-data/ts-1-root/data
Total live blocks: 0
Total live bytes: 0
Total live bytes (after alignment): 0
Total number of LBM containers: 0 (0 full)
Did not check for missing blocks
Did not check for orphaned blocks
Total full LBM containers with extra space: 0 (0 repaired)
Total full LBM container extra space in bytes: 0 (0 repaired)
Total incomplete LBM containers: 0 (0 repaired)
Total LBM partial records: 0 (0 repaired)
Total corrupted LBM metadata records in RocksDB: 0 (0 repaired)
I20260710 13:17:01.690152   431 rpc_server.cc:225] running with OpenSSL 1.1.1  11 Sep 2018
I20260710 13:17:01.691490   431 kserver.cc:163] Server-wide thread pool size limit: 3276
I20260710 13:17:01.692927   431 txn_system_client.cc:432] TxnSystemClient initialization is disabled...
I20260710 13:17:01.695437   431 ts_tablet_manager.cc:585] Loaded tablet metadata (0 total tablets, 0 live tablets)
I20260710 13:17:01.695715   431 ts_tablet_manager.cc:531] Time spent load tablet metadata: real 0.000s	user 0.000s	sys 0.000s
I20260710 13:17:01.696062   431 ts_tablet_manager.cc:616] Registered 0 tablets
I20260710 13:17:01.696298   431 ts_tablet_manager.cc:595] Time spent register tablets: real 0.000s	user 0.000s	sys 0.000s
I20260710 13:17:01.740311   431 rpc_server.cc:307] RPC server started. Bound to: 127.0.107.194:41889
I20260710 13:17:01.740679  1674 acceptor_pool.cc:272] collecting diagnostics on the listening RPC socket 127.0.107.194:41889 every 8 connection(s)
I20260710 13:17:01.747931   431 file_cache.cc:504] Constructed file cache file cache with capacity 419430
W20260710 13:17:01.757753  1678 instance_detector.cc:116] could not retrieve AWS instance metadata: Network error: curl error: HTTP response code said error: The requested URL returned error: 404
W20260710 13:17:01.758311  1679 instance_detector.cc:116] could not retrieve Azure instance metadata: Network error: curl error: HTTP response code said error: The requested URL returned error: 404
I20260710 13:17:01.762935   431 server_base.cc:1061] running on GCE node
W20260710 13:17:01.762668  1681 instance_detector.cc:116] could not retrieve OpenStack instance metadata: Network error: curl error: HTTP response code said error: The requested URL returned error: 404
I20260710 13:17:01.764446   431 hybrid_clock.cc:584] initializing the hybrid clock with 'system_unsync' time source
W20260710 13:17:01.764719   431 system_unsync_time.cc:38] NTP support is disabled. Clock error bounds will not be accurate. This configuration is not suitable for distributed clusters.
I20260710 13:17:01.764935   431 hybrid_clock.cc:648] HybridClock initialized: now 1783689421764915 us; error 0 us; skew 500 ppm
I20260710 13:17:01.765127  1675 heartbeater.cc:344] Connected to a master server at 127.0.107.254:45565
I20260710 13:17:01.765543  1675 heartbeater.cc:461] Registering TS with master...
I20260710 13:17:01.765583   431 server_base.cc:861] Flag tcmalloc_max_total_thread_cache_bytes is not working since tcmalloc is not enabled.
I20260710 13:17:01.766607  1675 heartbeater.cc:507] Master 127.0.107.254:45565 requested a full tablet report, sending...
I20260710 13:17:01.768764   431 webserver.cc:533] Webserver started at http://127.0.107.195:40951/ using document root <none> and password file <none>
I20260710 13:17:01.769158  1473 ts_manager.cc:194] Registered new tserver with Master: e35acfed65ea4f5bbca594d2b7ae9fc4 (127.0.107.194:41889)
I20260710 13:17:01.769483   431 fs_manager.cc:362] Metadata directory not provided
I20260710 13:17:01.769742   431 fs_manager.cc:368] Using write-ahead log directory (fs_wal_dir) as metadata directory
I20260710 13:17:01.770051   431 server_base.cc:909] This appears to be a new deployment of Kudu; creating new FS layout
I20260710 13:17:01.771077  1473 master_service.cc:502] Signed X509 certificate for tserver {username='slave'} at 127.0.0.1:40204
I20260710 13:17:01.771744   431 fs_manager.cc:1068] Generated new instance metadata in path /tmp/dist-test-taskM5IFZ4/test-tmp/auto_leader_rebalancer-test.0.LeaderRebalancerTest.AddTserver.1783689397280180-431-0/minicluster-data/ts-2-root/instance:
uuid: "7659a6acc2554d07bf545b3c1d0625ce"
format_stamp: "Formatted at 2026-07-10 13:17:01 on dist-test-slave-xjjl"
I20260710 13:17:01.776527   431 fs_manager.cc:696] Time spent creating directory manager: real 0.004s	user 0.005s	sys 0.000s
I20260710 13:17:01.779920  1686 log_block_manager.cc:4127] Time spent loading block containers with low live blocks: real 0.000s	user 0.000s	sys 0.000s
I20260710 13:17:01.780826   431 fs_manager.cc:730] Time spent opening block manager: real 0.002s	user 0.003s	sys 0.000s
I20260710 13:17:01.781086   431 fs_manager.cc:647] Opened local filesystem: /tmp/dist-test-taskM5IFZ4/test-tmp/auto_leader_rebalancer-test.0.LeaderRebalancerTest.AddTserver.1783689397280180-431-0/minicluster-data/ts-2-root
uuid: "7659a6acc2554d07bf545b3c1d0625ce"
format_stamp: "Formatted at 2026-07-10 13:17:01 on dist-test-slave-xjjl"
I20260710 13:17:01.781340   431 fs_report.cc:389] FS layout report
--------------------
wal directory: /tmp/dist-test-taskM5IFZ4/test-tmp/auto_leader_rebalancer-test.0.LeaderRebalancerTest.AddTserver.1783689397280180-431-0/minicluster-data/ts-2-root
metadata directory: /tmp/dist-test-taskM5IFZ4/test-tmp/auto_leader_rebalancer-test.0.LeaderRebalancerTest.AddTserver.1783689397280180-431-0/minicluster-data/ts-2-root
1 data directories: /tmp/dist-test-taskM5IFZ4/test-tmp/auto_leader_rebalancer-test.0.LeaderRebalancerTest.AddTserver.1783689397280180-431-0/minicluster-data/ts-2-root/data
Total live blocks: 0
Total live bytes: 0
Total live bytes (after alignment): 0
Total number of LBM containers: 0 (0 full)
Did not check for missing blocks
Did not check for orphaned blocks
Total full LBM containers with extra space: 0 (0 repaired)
Total full LBM container extra space in bytes: 0 (0 repaired)
Total incomplete LBM containers: 0 (0 repaired)
Total LBM partial records: 0 (0 repaired)
Total corrupted LBM metadata records in RocksDB: 0 (0 repaired)
I20260710 13:17:01.796128   431 rpc_server.cc:225] running with OpenSSL 1.1.1  11 Sep 2018
I20260710 13:17:01.797252   431 kserver.cc:163] Server-wide thread pool size limit: 3276
I20260710 13:17:01.798655   431 txn_system_client.cc:432] TxnSystemClient initialization is disabled...
I20260710 13:17:01.800921   431 ts_tablet_manager.cc:585] Loaded tablet metadata (0 total tablets, 0 live tablets)
I20260710 13:17:01.801105   431 ts_tablet_manager.cc:531] Time spent load tablet metadata: real 0.000s	user 0.000s	sys 0.000s
I20260710 13:17:01.801419   431 ts_tablet_manager.cc:616] Registered 0 tablets
I20260710 13:17:01.801582   431 ts_tablet_manager.cc:595] Time spent register tablets: real 0.000s	user 0.000s	sys 0.000s
I20260710 13:17:01.841367   431 rpc_server.cc:307] RPC server started. Bound to: 127.0.107.195:39991
I20260710 13:17:01.841471  1748 acceptor_pool.cc:272] collecting diagnostics on the listening RPC socket 127.0.107.195:39991 every 8 connection(s)
I20260710 13:17:01.856349  1749 heartbeater.cc:344] Connected to a master server at 127.0.107.254:45565
I20260710 13:17:01.856703  1749 heartbeater.cc:461] Registering TS with master...
I20260710 13:17:01.857369  1749 heartbeater.cc:507] Master 127.0.107.254:45565 requested a full tablet report, sending...
I20260710 13:17:01.859545  1473 ts_manager.cc:194] Registered new tserver with Master: 7659a6acc2554d07bf545b3c1d0625ce (127.0.107.195:39991)
I20260710 13:17:01.859905   431 internal_mini_cluster.cc:371] 3 TS(s) registered with all masters after 0.015142691s
I20260710 13:17:01.861370  1473 master_service.cc:502] Signed X509 certificate for tserver {username='slave'} at 127.0.0.1:40212
I20260710 13:17:01.893579  1473 catalog_manager.cc:2283] Servicing CreateTable request from {username='slave'} at 127.0.0.1:40228:
name: "test-workload"
schema {
  columns {
    name: "key"
    type: INT32
    is_key: true
    is_nullable: false
    encoding: AUTO_ENCODING
    compression: DEFAULT_COMPRESSION
    cfile_block_size: 0
    immutable: false
  }
  columns {
    name: "int_val"
    type: INT32
    is_key: false
    is_nullable: false
    encoding: AUTO_ENCODING
    compression: DEFAULT_COMPRESSION
    cfile_block_size: 0
    immutable: false
  }
  columns {
    name: "string_val"
    type: STRING
    is_key: false
    is_nullable: true
    encoding: AUTO_ENCODING
    compression: DEFAULT_COMPRESSION
    cfile_block_size: 0
    immutable: false
  }
}
num_replicas: 3
split_rows_range_bounds {
  rows: "\004\001\000UUU\005\004\001\000\252\252\252\n\004\001\000\377\377\377\017\004\001\000TUU\025\004\001\000\251\252\252\032\004\001\000\376\377\377\037\004\001\000SUU%\004\001\000\250\252\252*\004\001\000\375\377\377/\004\001\000RUU5\004\001\000\247\252\252:\004\001\000\374\377\377?\004\001\000QUUE\004\001\000\246\252\252J\004\001\000\373\377\377O\004\001\000PUUU\004\001\000\245\252\252Z\004\001\000\372\377\377_\004\001\000OUUe\004\001\000\244\252\252j\004\001\000\371\377\377o\004\001\000NUUu\004\001\000\243\252\252z""\004\001\000UUU\005\004\001\000\252\252\252\n\004\001\000\377\377\377\017\004\001\000TUU\025\004\001\000\251\252\252\032\004\001\000\376\377\377\037\004\001\000SUU%\004\001\000\250\252\252*\004\001\000\375\377\377/\004\001\000RUU5\004\001\000\247\252\252:\004\001\000\374\377\377?\004\001\000QUUE\004\001\000\246\252\252J\004\001\000\373\377\377O\004\001\000PUUU\004\001\000\245\252\252Z\004\001\000\372\377\377_\004\001\000OUUe\004\001\000\244\252\252j\004\001\000\371\377\377o\004\001\000NUUu\004\001\000\243\252\252z"
  indirect_data: """"
}
partition_schema {
  range_schema {
    columns {
      name: "key"
    }
  }
}
W20260710 13:17:01.897912  1473 catalog_manager.cc:7077] The number of live tablet servers is not enough to re-replicate a tablet replica of the newly created table test-workload in case of a server failure: 4 tablet servers would be needed, 3 are available. Consider bringing up more tablet servers.
I20260710 13:17:02.031286  1640 tablet_service.cc:1511] Processing CreateTablet for tablet 5f6929346433460c8582fff794a53ea2 (DEFAULT_TABLE table=test-workload [id=64307000bdab4cd289f6becabc994c8e]), partition=RANGE (key) PARTITION VALUES < 89478485
I20260710 13:17:02.032210  1638 tablet_service.cc:1511] Processing CreateTablet for tablet 05a4c2226c984163a13b99b606c91d02 (DEFAULT_TABLE table=test-workload [id=64307000bdab4cd289f6becabc994c8e]), partition=RANGE (key) PARTITION 178956970 <= VALUES < 268435455
I20260710 13:17:02.032845  1640 data_dirs.cc:400] Could only allocate 1 dirs of requested 3 for tablet 5f6929346433460c8582fff794a53ea2. 1 dirs total, 0 dirs full, 0 dirs failed
I20260710 13:17:02.033615  1638 data_dirs.cc:400] Could only allocate 1 dirs of requested 3 for tablet 05a4c2226c984163a13b99b606c91d02. 1 dirs total, 0 dirs full, 0 dirs failed
I20260710 13:17:02.034973  1639 tablet_service.cc:1511] Processing CreateTablet for tablet 188422a8b0d64163b56aede5c16f3bfa (DEFAULT_TABLE table=test-workload [id=64307000bdab4cd289f6becabc994c8e]), partition=RANGE (key) PARTITION 89478485 <= VALUES < 178956970
I20260710 13:17:02.035928  1637 tablet_service.cc:1511] Processing CreateTablet for tablet dbac68bc656147da91ff403d1d6fb3fd (DEFAULT_TABLE table=test-workload [id=64307000bdab4cd289f6becabc994c8e]), partition=RANGE (key) PARTITION 268435455 <= VALUES < 357913940
I20260710 13:17:02.036463  1639 data_dirs.cc:400] Could only allocate 1 dirs of requested 3 for tablet 188422a8b0d64163b56aede5c16f3bfa. 1 dirs total, 0 dirs full, 0 dirs failed
I20260710 13:17:02.037276  1637 data_dirs.cc:400] Could only allocate 1 dirs of requested 3 for tablet dbac68bc656147da91ff403d1d6fb3fd. 1 dirs total, 0 dirs full, 0 dirs failed
I20260710 13:17:02.038851  1632 tablet_service.cc:1511] Processing CreateTablet for tablet fb468732a7064d6bbcf002e615225e51 (DEFAULT_TABLE table=test-workload [id=64307000bdab4cd289f6becabc994c8e]), partition=RANGE (key) PARTITION 715827880 <= VALUES < 805306365
I20260710 13:17:02.040321  1632 data_dirs.cc:400] Could only allocate 1 dirs of requested 3 for tablet fb468732a7064d6bbcf002e615225e51. 1 dirs total, 0 dirs full, 0 dirs failed
I20260710 13:17:02.044006  1633 tablet_service.cc:1511] Processing CreateTablet for tablet 735a695ee66942c4aaf84f941553bb04 (DEFAULT_TABLE table=test-workload [id=64307000bdab4cd289f6becabc994c8e]), partition=RANGE (key) PARTITION 626349395 <= VALUES < 715827880
I20260710 13:17:02.045424  1633 data_dirs.cc:400] Could only allocate 1 dirs of requested 3 for tablet 735a695ee66942c4aaf84f941553bb04. 1 dirs total, 0 dirs full, 0 dirs failed
I20260710 13:17:02.047838  1631 tablet_service.cc:1511] Processing CreateTablet for tablet 981047e68c3a48cfad521dc2123b56e7 (DEFAULT_TABLE table=test-workload [id=64307000bdab4cd289f6becabc994c8e]), partition=RANGE (key) PARTITION 805306365 <= VALUES < 894784850
I20260710 13:17:02.049295  1631 data_dirs.cc:400] Could only allocate 1 dirs of requested 3 for tablet 981047e68c3a48cfad521dc2123b56e7. 1 dirs total, 0 dirs full, 0 dirs failed
I20260710 13:17:02.052150  1634 tablet_service.cc:1511] Processing CreateTablet for tablet 1dffd61398da44dfb891f084b3e28647 (DEFAULT_TABLE table=test-workload [id=64307000bdab4cd289f6becabc994c8e]), partition=RANGE (key) PARTITION 536870910 <= VALUES < 626349395
I20260710 13:17:02.054728  1635 tablet_service.cc:1511] Processing CreateTablet for tablet 5d3eb2e10d7347618c9e6c807fbe6cf6 (DEFAULT_TABLE table=test-workload [id=64307000bdab4cd289f6becabc994c8e]), partition=RANGE (key) PARTITION 447392425 <= VALUES < 536870910
I20260710 13:17:02.056329  1635 data_dirs.cc:400] Could only allocate 1 dirs of requested 3 for tablet 5d3eb2e10d7347618c9e6c807fbe6cf6. 1 dirs total, 0 dirs full, 0 dirs failed
I20260710 13:17:02.052150  1636 tablet_service.cc:1511] Processing CreateTablet for tablet 06694eba9f5a44bca48df734df296ef1 (DEFAULT_TABLE table=test-workload [id=64307000bdab4cd289f6becabc994c8e]), partition=RANGE (key) PARTITION 357913940 <= VALUES < 447392425
I20260710 13:17:02.059844  1636 data_dirs.cc:400] Could only allocate 1 dirs of requested 3 for tablet 06694eba9f5a44bca48df734df296ef1. 1 dirs total, 0 dirs full, 0 dirs failed
I20260710 13:17:02.062204  1634 data_dirs.cc:400] Could only allocate 1 dirs of requested 3 for tablet 1dffd61398da44dfb891f084b3e28647. 1 dirs total, 0 dirs full, 0 dirs failed
I20260710 13:17:02.084260  1764 tablet_bootstrap.cc:492] T 5f6929346433460c8582fff794a53ea2 P e35acfed65ea4f5bbca594d2b7ae9fc4: Bootstrap starting.
I20260710 13:17:02.084810  1632 tablet_service.cc:1511] Processing CreateTablet for tablet 716d35ab37d5423786b311fb71796e05 (DEFAULT_TABLE table=test-workload [id=64307000bdab4cd289f6becabc994c8e]), partition=RANGE (key) PARTITION 894784850 <= VALUES < 984263335
I20260710 13:17:02.086377  1632 data_dirs.cc:400] Could only allocate 1 dirs of requested 3 for tablet 716d35ab37d5423786b311fb71796e05. 1 dirs total, 0 dirs full, 0 dirs failed
I20260710 13:17:02.086632  1565 tablet_service.cc:1511] Processing CreateTablet for tablet 5f6929346433460c8582fff794a53ea2 (DEFAULT_TABLE table=test-workload [id=64307000bdab4cd289f6becabc994c8e]), partition=RANGE (key) PARTITION VALUES < 89478485
I20260710 13:17:02.088234  1565 data_dirs.cc:400] Could only allocate 1 dirs of requested 3 for tablet 5f6929346433460c8582fff794a53ea2. 1 dirs total, 0 dirs full, 0 dirs failed
I20260710 13:17:02.091815  1637 tablet_service.cc:1511] Processing CreateTablet for tablet e8bb2497fe0a4e8b804d9d68aed0137a (DEFAULT_TABLE table=test-workload [id=64307000bdab4cd289f6becabc994c8e]), partition=RANGE (key) PARTITION 984263335 <= VALUES < 1073741820
I20260710 13:17:02.092185  1714 tablet_service.cc:1511] Processing CreateTablet for tablet 5f6929346433460c8582fff794a53ea2 (DEFAULT_TABLE table=test-workload [id=64307000bdab4cd289f6becabc994c8e]), partition=RANGE (key) PARTITION VALUES < 89478485
I20260710 13:17:02.093216  1637 data_dirs.cc:400] Could only allocate 1 dirs of requested 3 for tablet e8bb2497fe0a4e8b804d9d68aed0137a. 1 dirs total, 0 dirs full, 0 dirs failed
I20260710 13:17:02.093715  1714 data_dirs.cc:400] Could only allocate 1 dirs of requested 3 for tablet 5f6929346433460c8582fff794a53ea2. 1 dirs total, 0 dirs full, 0 dirs failed
I20260710 13:17:02.094801  1712 tablet_service.cc:1511] Processing CreateTablet for tablet 05a4c2226c984163a13b99b606c91d02 (DEFAULT_TABLE table=test-workload [id=64307000bdab4cd289f6becabc994c8e]), partition=RANGE (key) PARTITION 178956970 <= VALUES < 268435455
I20260710 13:17:02.102550  1712 data_dirs.cc:400] Could only allocate 1 dirs of requested 3 for tablet 05a4c2226c984163a13b99b606c91d02. 1 dirs total, 0 dirs full, 0 dirs failed
I20260710 13:17:02.096086  1711 tablet_service.cc:1511] Processing CreateTablet for tablet dbac68bc656147da91ff403d1d6fb3fd (DEFAULT_TABLE table=test-workload [id=64307000bdab4cd289f6becabc994c8e]), partition=RANGE (key) PARTITION 268435455 <= VALUES < 357913940
I20260710 13:17:02.104133  1562 tablet_service.cc:1511] Processing CreateTablet for tablet dbac68bc656147da91ff403d1d6fb3fd (DEFAULT_TABLE table=test-workload [id=64307000bdab4cd289f6becabc994c8e]), partition=RANGE (key) PARTITION 268435455 <= VALUES < 357913940
I20260710 13:17:02.099165  1563 tablet_service.cc:1511] Processing CreateTablet for tablet 05a4c2226c984163a13b99b606c91d02 (DEFAULT_TABLE table=test-workload [id=64307000bdab4cd289f6becabc994c8e]), partition=RANGE (key) PARTITION 178956970 <= VALUES < 268435455
I20260710 13:17:02.105605  1562 data_dirs.cc:400] Could only allocate 1 dirs of requested 3 for tablet dbac68bc656147da91ff403d1d6fb3fd. 1 dirs total, 0 dirs full, 0 dirs failed
I20260710 13:17:02.099422  1708 tablet_service.cc:1511] Processing CreateTablet for tablet 1dffd61398da44dfb891f084b3e28647 (DEFAULT_TABLE table=test-workload [id=64307000bdab4cd289f6becabc994c8e]), partition=RANGE (key) PARTITION 536870910 <= VALUES < 626349395
I20260710 13:17:02.098255  1709 tablet_service.cc:1511] Processing CreateTablet for tablet 5d3eb2e10d7347618c9e6c807fbe6cf6 (DEFAULT_TABLE table=test-workload [id=64307000bdab4cd289f6becabc994c8e]), partition=RANGE (key) PARTITION 447392425 <= VALUES < 536870910
I20260710 13:17:02.096095  1713 tablet_service.cc:1511] Processing CreateTablet for tablet 188422a8b0d64163b56aede5c16f3bfa (DEFAULT_TABLE table=test-workload [id=64307000bdab4cd289f6becabc994c8e]), partition=RANGE (key) PARTITION 89478485 <= VALUES < 178956970
I20260710 13:17:02.108254  1563 data_dirs.cc:400] Could only allocate 1 dirs of requested 3 for tablet 05a4c2226c984163a13b99b606c91d02. 1 dirs total, 0 dirs full, 0 dirs failed
I20260710 13:17:02.097223  1710 tablet_service.cc:1511] Processing CreateTablet for tablet 06694eba9f5a44bca48df734df296ef1 (DEFAULT_TABLE table=test-workload [id=64307000bdab4cd289f6becabc994c8e]), partition=RANGE (key) PARTITION 357913940 <= VALUES < 447392425
I20260710 13:17:02.097574  1564 tablet_service.cc:1511] Processing CreateTablet for tablet 188422a8b0d64163b56aede5c16f3bfa (DEFAULT_TABLE table=test-workload [id=64307000bdab4cd289f6becabc994c8e]), partition=RANGE (key) PARTITION 89478485 <= VALUES < 178956970
I20260710 13:17:02.111097  1564 data_dirs.cc:400] Could only allocate 1 dirs of requested 3 for tablet 188422a8b0d64163b56aede5c16f3bfa. 1 dirs total, 0 dirs full, 0 dirs failed
I20260710 13:17:02.100694  1707 tablet_service.cc:1511] Processing CreateTablet for tablet 735a695ee66942c4aaf84f941553bb04 (DEFAULT_TABLE table=test-workload [id=64307000bdab4cd289f6becabc994c8e]), partition=RANGE (key) PARTITION 626349395 <= VALUES < 715827880
I20260710 13:17:02.115240  1711 data_dirs.cc:400] Could only allocate 1 dirs of requested 3 for tablet dbac68bc656147da91ff403d1d6fb3fd. 1 dirs total, 0 dirs full, 0 dirs failed
I20260710 13:17:02.119244  1710 data_dirs.cc:400] Could only allocate 1 dirs of requested 3 for tablet 06694eba9f5a44bca48df734df296ef1. 1 dirs total, 0 dirs full, 0 dirs failed
I20260710 13:17:02.120642  1706 tablet_service.cc:1511] Processing CreateTablet for tablet fb468732a7064d6bbcf002e615225e51 (DEFAULT_TABLE table=test-workload [id=64307000bdab4cd289f6becabc994c8e]), partition=RANGE (key) PARTITION 715827880 <= VALUES < 805306365
I20260710 13:17:02.122248  1706 data_dirs.cc:400] Could only allocate 1 dirs of requested 3 for tablet fb468732a7064d6bbcf002e615225e51. 1 dirs total, 0 dirs full, 0 dirs failed
I20260710 13:17:02.123224  1713 data_dirs.cc:400] Could only allocate 1 dirs of requested 3 for tablet 188422a8b0d64163b56aede5c16f3bfa. 1 dirs total, 0 dirs full, 0 dirs failed
I20260710 13:17:02.123782  1561 tablet_service.cc:1511] Processing CreateTablet for tablet 06694eba9f5a44bca48df734df296ef1 (DEFAULT_TABLE table=test-workload [id=64307000bdab4cd289f6becabc994c8e]), partition=RANGE (key) PARTITION 357913940 <= VALUES < 447392425
I20260710 13:17:02.124217  1705 tablet_service.cc:1511] Processing CreateTablet for tablet 981047e68c3a48cfad521dc2123b56e7 (DEFAULT_TABLE table=test-workload [id=64307000bdab4cd289f6becabc994c8e]), partition=RANGE (key) PARTITION 805306365 <= VALUES < 894784850
I20260710 13:17:02.125502  1707 data_dirs.cc:400] Could only allocate 1 dirs of requested 3 for tablet 735a695ee66942c4aaf84f941553bb04. 1 dirs total, 0 dirs full, 0 dirs failed
I20260710 13:17:02.125635  1561 data_dirs.cc:400] Could only allocate 1 dirs of requested 3 for tablet 06694eba9f5a44bca48df734df296ef1. 1 dirs total, 0 dirs full, 0 dirs failed
I20260710 13:17:02.126204  1709 data_dirs.cc:400] Could only allocate 1 dirs of requested 3 for tablet 5d3eb2e10d7347618c9e6c807fbe6cf6. 1 dirs total, 0 dirs full, 0 dirs failed
I20260710 13:17:02.131424  1708 data_dirs.cc:400] Could only allocate 1 dirs of requested 3 for tablet 1dffd61398da44dfb891f084b3e28647. 1 dirs total, 0 dirs full, 0 dirs failed
I20260710 13:17:02.132282  1705 data_dirs.cc:400] Could only allocate 1 dirs of requested 3 for tablet 981047e68c3a48cfad521dc2123b56e7. 1 dirs total, 0 dirs full, 0 dirs failed
I20260710 13:17:02.137327  1560 tablet_service.cc:1511] Processing CreateTablet for tablet 5d3eb2e10d7347618c9e6c807fbe6cf6 (DEFAULT_TABLE table=test-workload [id=64307000bdab4cd289f6becabc994c8e]), partition=RANGE (key) PARTITION 447392425 <= VALUES < 536870910
I20260710 13:17:02.140712  1559 tablet_service.cc:1511] Processing CreateTablet for tablet 1dffd61398da44dfb891f084b3e28647 (DEFAULT_TABLE table=test-workload [id=64307000bdab4cd289f6becabc994c8e]), partition=RANGE (key) PARTITION 536870910 <= VALUES < 626349395
I20260710 13:17:02.142555  1560 data_dirs.cc:400] Could only allocate 1 dirs of requested 3 for tablet 5d3eb2e10d7347618c9e6c807fbe6cf6. 1 dirs total, 0 dirs full, 0 dirs failed
I20260710 13:17:02.145650  1640 tablet_service.cc:1511] Processing CreateTablet for tablet 7f772a0271cd4df49e327634a273ed48 (DEFAULT_TABLE table=test-workload [id=64307000bdab4cd289f6becabc994c8e]), partition=RANGE (key) PARTITION 1073741820 <= VALUES < 1163220305
I20260710 13:17:02.147146  1559 data_dirs.cc:400] Could only allocate 1 dirs of requested 3 for tablet 1dffd61398da44dfb891f084b3e28647. 1 dirs total, 0 dirs full, 0 dirs failed
I20260710 13:17:02.157395  1558 tablet_service.cc:1511] Processing CreateTablet for tablet 735a695ee66942c4aaf84f941553bb04 (DEFAULT_TABLE table=test-workload [id=64307000bdab4cd289f6becabc994c8e]), partition=RANGE (key) PARTITION 626349395 <= VALUES < 715827880
I20260710 13:17:02.160090  1557 tablet_service.cc:1511] Processing CreateTablet for tablet fb468732a7064d6bbcf002e615225e51 (DEFAULT_TABLE table=test-workload [id=64307000bdab4cd289f6becabc994c8e]), partition=RANGE (key) PARTITION 715827880 <= VALUES < 805306365
I20260710 13:17:02.161828  1558 data_dirs.cc:400] Could only allocate 1 dirs of requested 3 for tablet 735a695ee66942c4aaf84f941553bb04. 1 dirs total, 0 dirs full, 0 dirs failed
I20260710 13:17:02.158039  1556 tablet_service.cc:1511] Processing CreateTablet for tablet 981047e68c3a48cfad521dc2123b56e7 (DEFAULT_TABLE table=test-workload [id=64307000bdab4cd289f6becabc994c8e]), partition=RANGE (key) PARTITION 805306365 <= VALUES < 894784850
I20260710 13:17:02.164217  1556 data_dirs.cc:400] Could only allocate 1 dirs of requested 3 for tablet 981047e68c3a48cfad521dc2123b56e7. 1 dirs total, 0 dirs full, 0 dirs failed
I20260710 13:17:02.164592  1640 data_dirs.cc:400] Could only allocate 1 dirs of requested 3 for tablet 7f772a0271cd4df49e327634a273ed48. 1 dirs total, 0 dirs full, 0 dirs failed
I20260710 13:17:02.166320  1557 data_dirs.cc:400] Could only allocate 1 dirs of requested 3 for tablet fb468732a7064d6bbcf002e615225e51. 1 dirs total, 0 dirs full, 0 dirs failed
I20260710 13:17:02.172518  1631 tablet_service.cc:1511] Processing CreateTablet for tablet 3d542f461f4f4686839c286302b153fe (DEFAULT_TABLE table=test-workload [id=64307000bdab4cd289f6becabc994c8e]), partition=RANGE (key) PARTITION 1342177275 <= VALUES < 1431655760
I20260710 13:17:02.173965  1631 data_dirs.cc:400] Could only allocate 1 dirs of requested 3 for tablet 3d542f461f4f4686839c286302b153fe. 1 dirs total, 0 dirs full, 0 dirs failed
I20260710 13:17:02.176306  1764 tablet_bootstrap.cc:654] T 5f6929346433460c8582fff794a53ea2 P e35acfed65ea4f5bbca594d2b7ae9fc4: Neither blocks nor log segments found. Creating new log.
I20260710 13:17:02.172693  1637 tablet_service.cc:1511] Processing CreateTablet for tablet 6c2f27cad39b43f7a2557f09ee040ec8 (DEFAULT_TABLE table=test-workload [id=64307000bdab4cd289f6becabc994c8e]), partition=RANGE (key) PARTITION 1252698790 <= VALUES < 1342177275
I20260710 13:17:02.208352  1637 data_dirs.cc:400] Could only allocate 1 dirs of requested 3 for tablet 6c2f27cad39b43f7a2557f09ee040ec8. 1 dirs total, 0 dirs full, 0 dirs failed
I20260710 13:17:02.216105  1710 tablet_service.cc:1511] Processing CreateTablet for tablet 716d35ab37d5423786b311fb71796e05 (DEFAULT_TABLE table=test-workload [id=64307000bdab4cd289f6becabc994c8e]), partition=RANGE (key) PARTITION 894784850 <= VALUES < 984263335
I20260710 13:17:02.217612  1710 data_dirs.cc:400] Could only allocate 1 dirs of requested 3 for tablet 716d35ab37d5423786b311fb71796e05. 1 dirs total, 0 dirs full, 0 dirs failed
I20260710 13:17:02.195731  1632 tablet_service.cc:1511] Processing CreateTablet for tablet e997b512f80e450896c420e507957434 (DEFAULT_TABLE table=test-workload [id=64307000bdab4cd289f6becabc994c8e]), partition=RANGE (key) PARTITION 1163220305 <= VALUES < 1252698790
I20260710 13:17:02.196018  1631 tablet_service.cc:1511] Processing CreateTablet for tablet d3f299518b7548499d909133c0117965 (DEFAULT_TABLE table=test-workload [id=64307000bdab4cd289f6becabc994c8e]), partition=RANGE (key) PARTITION 1431655760 <= VALUES < 1521134245
I20260710 13:17:02.223426  1631 data_dirs.cc:400] Could only allocate 1 dirs of requested 3 for tablet d3f299518b7548499d909133c0117965. 1 dirs total, 0 dirs full, 0 dirs failed
I20260710 13:17:02.226213  1632 data_dirs.cc:400] Could only allocate 1 dirs of requested 3 for tablet e997b512f80e450896c420e507957434. 1 dirs total, 0 dirs full, 0 dirs failed
I20260710 13:17:02.227237  1708 tablet_service.cc:1511] Processing CreateTablet for tablet e8bb2497fe0a4e8b804d9d68aed0137a (DEFAULT_TABLE table=test-workload [id=64307000bdab4cd289f6becabc994c8e]), partition=RANGE (key) PARTITION 984263335 <= VALUES < 1073741820
I20260710 13:17:02.228849  1708 data_dirs.cc:400] Could only allocate 1 dirs of requested 3 for tablet e8bb2497fe0a4e8b804d9d68aed0137a. 1 dirs total, 0 dirs full, 0 dirs failed
I20260710 13:17:02.240093  1766 tablet_bootstrap.cc:492] T 188422a8b0d64163b56aede5c16f3bfa P 7659a6acc2554d07bf545b3c1d0625ce: Bootstrap starting.
I20260710 13:17:02.255322  1713 tablet_service.cc:1511] Processing CreateTablet for tablet e997b512f80e450896c420e507957434 (DEFAULT_TABLE table=test-workload [id=64307000bdab4cd289f6becabc994c8e]), partition=RANGE (key) PARTITION 1163220305 <= VALUES < 1252698790
I20260710 13:17:02.256799  1713 data_dirs.cc:400] Could only allocate 1 dirs of requested 3 for tablet e997b512f80e450896c420e507957434. 1 dirs total, 0 dirs full, 0 dirs failed
I20260710 13:17:02.256825  1764 tablet_bootstrap.cc:492] T 5f6929346433460c8582fff794a53ea2 P e35acfed65ea4f5bbca594d2b7ae9fc4: No bootstrap required, opened a new log
I20260710 13:17:02.261608  1764 ts_tablet_manager.cc:1403] T 5f6929346433460c8582fff794a53ea2 P e35acfed65ea4f5bbca594d2b7ae9fc4: Time spent bootstrapping tablet: real 0.178s	user 0.013s	sys 0.000s
I20260710 13:17:02.274500  1707 tablet_service.cc:1511] Processing CreateTablet for tablet 7f772a0271cd4df49e327634a273ed48 (DEFAULT_TABLE table=test-workload [id=64307000bdab4cd289f6becabc994c8e]), partition=RANGE (key) PARTITION 1073741820 <= VALUES < 1163220305
I20260710 13:17:02.276226  1764 raft_consensus.cc:359] T 5f6929346433460c8582fff794a53ea2 P e35acfed65ea4f5bbca594d2b7ae9fc4 [term 0 FOLLOWER]: Replica starting. Triggering 0 pending ops. Active config: opid_index: -1 OBSOLETE_local: false peers { permanent_uuid: "e35acfed65ea4f5bbca594d2b7ae9fc4" member_type: VOTER last_known_addr { host: "127.0.107.194" port: 41889 } } peers { permanent_uuid: "067186b94c4c443a8a5a8411ae94497a" member_type: VOTER last_known_addr { host: "127.0.107.193" port: 42873 } } peers { permanent_uuid: "7659a6acc2554d07bf545b3c1d0625ce" member_type: VOTER last_known_addr { host: "127.0.107.195" port: 39991 } }
I20260710 13:17:02.276623  1638 tablet_service.cc:1511] Processing CreateTablet for tablet dc5ed6619bbf4320a4a94606207f9729 (DEFAULT_TABLE table=test-workload [id=64307000bdab4cd289f6becabc994c8e]), partition=RANGE (key) PARTITION 1521134245 <= VALUES < 1610612730
I20260710 13:17:02.277209  1764 raft_consensus.cc:385] T 5f6929346433460c8582fff794a53ea2 P e35acfed65ea4f5bbca594d2b7ae9fc4 [term 0 FOLLOWER]: Consensus starting up: Expiring failure detector timer to make a prompt election more likely
