I20260710 13:16:46.654934  1250 raft_consensus.cc:385] T 56a79a4445c04769941d8fa3e70d1974 P a76da7b971cd46b59acf439f355dfe4e [term 0 FOLLOWER]: Consensus starting up: Expiring failure detector timer to make a prompt election more likely
I20260710 13:16:46.655381  1250 raft_consensus.cc:740] T 56a79a4445c04769941d8fa3e70d1974 P a76da7b971cd46b59acf439f355dfe4e [term 0 FOLLOWER]: Becoming Follower/Learner. State: Replica: a76da7b971cd46b59acf439f355dfe4e, State: Initialized, Role: FOLLOWER
I20260710 13:16:46.654994  1247 consensus_queue.cc:260] T 533ffe31ff0d4ea6bb86bf19253340a3 P b7d703a240aa40139952c62445eaf46e [NON_LEADER]: Queue going to NON_LEADER mode. State: All replicated index: 0, Majority replicated index: 0, Committed index: 0, Last appended: 0.0, Last appended by leader: 0, Current term: 0, Majority size: -1, State: 0, Mode: NON_LEADER, active raft config: opid_index: -1 OBSOLETE_local: false peers { permanent_uuid: "b7d703a240aa40139952c62445eaf46e" member_type: VOTER last_known_addr { host: "127.0.107.193" port: 36281 } } peers { permanent_uuid: "a76da7b971cd46b59acf439f355dfe4e" member_type: VOTER last_known_addr { host: "127.0.107.194" port: 46153 } } peers { permanent_uuid: "25e03419294849b1bbb1291b46321936" member_type: VOTER last_known_addr { host: "127.0.107.195" port: 45705 } }
I20260710 13:16:46.656250  1250 consensus_queue.cc:260] T 56a79a4445c04769941d8fa3e70d1974 P a76da7b971cd46b59acf439f355dfe4e [NON_LEADER]: Queue going to NON_LEADER mode. State: All replicated index: 0, Majority replicated index: 0, Committed index: 0, Last appended: 0.0, Last appended by leader: 0, Current term: 0, Majority size: -1, State: 0, Mode: NON_LEADER, active raft config: opid_index: -1 OBSOLETE_local: false peers { permanent_uuid: "b7d703a240aa40139952c62445eaf46e" member_type: VOTER last_known_addr { host: "127.0.107.193" port: 36281 } } peers { permanent_uuid: "a76da7b971cd46b59acf439f355dfe4e" member_type: VOTER last_known_addr { host: "127.0.107.194" port: 46153 } } peers { permanent_uuid: "25e03419294849b1bbb1291b46321936" member_type: VOTER last_known_addr { host: "127.0.107.195" port: 45705 } }
I20260710 13:16:46.656602  1248 raft_consensus.cc:359] T b99c42fabbe44334a8b152d443a14bac P 25e03419294849b1bbb1291b46321936 [term 0 FOLLOWER]: Replica starting. Triggering 0 pending ops. Active config: opid_index: -1 OBSOLETE_local: false peers { permanent_uuid: "b7d703a240aa40139952c62445eaf46e" member_type: VOTER last_known_addr { host: "127.0.107.193" port: 36281 } } peers { permanent_uuid: "a76da7b971cd46b59acf439f355dfe4e" member_type: VOTER last_known_addr { host: "127.0.107.194" port: 46153 } } peers { permanent_uuid: "25e03419294849b1bbb1291b46321936" member_type: VOTER last_known_addr { host: "127.0.107.195" port: 45705 } }
I20260710 13:16:46.657272  1248 raft_consensus.cc:385] T b99c42fabbe44334a8b152d443a14bac P 25e03419294849b1bbb1291b46321936 [term 0 FOLLOWER]: Consensus starting up: Expiring failure detector timer to make a prompt election more likely
I20260710 13:16:46.658738  1250 ts_tablet_manager.cc:1434] T 56a79a4445c04769941d8fa3e70d1974 P a76da7b971cd46b59acf439f355dfe4e: Time spent starting tablet: real 0.008s	user 0.007s	sys 0.000s
I20260710 13:16:46.659431  1248 raft_consensus.cc:740] T b99c42fabbe44334a8b152d443a14bac P 25e03419294849b1bbb1291b46321936 [term 0 FOLLOWER]: Becoming Follower/Learner. State: Replica: 25e03419294849b1bbb1291b46321936, State: Initialized, Role: FOLLOWER
I20260710 13:16:46.657775  1247 ts_tablet_manager.cc:1434] T 533ffe31ff0d4ea6bb86bf19253340a3 P b7d703a240aa40139952c62445eaf46e: Time spent starting tablet: real 0.008s	user 0.004s	sys 0.004s
I20260710 13:16:46.660833  1247 tablet_bootstrap.cc:492] T 0d8f9c20cbfb498eac07725e27c9d29b P b7d703a240aa40139952c62445eaf46e: Bootstrap starting.
I20260710 13:16:46.660401  1248 consensus_queue.cc:260] T b99c42fabbe44334a8b152d443a14bac P 25e03419294849b1bbb1291b46321936 [NON_LEADER]: Queue going to NON_LEADER mode. State: All replicated index: 0, Majority replicated index: 0, Committed index: 0, Last appended: 0.0, Last appended by leader: 0, Current term: 0, Majority size: -1, State: 0, Mode: NON_LEADER, active raft config: opid_index: -1 OBSOLETE_local: false peers { permanent_uuid: "b7d703a240aa40139952c62445eaf46e" member_type: VOTER last_known_addr { host: "127.0.107.193" port: 36281 } } peers { permanent_uuid: "a76da7b971cd46b59acf439f355dfe4e" member_type: VOTER last_known_addr { host: "127.0.107.194" port: 46153 } } peers { permanent_uuid: "25e03419294849b1bbb1291b46321936" member_type: VOTER last_known_addr { host: "127.0.107.195" port: 45705 } }
I20260710 13:16:46.661641  1250 tablet_bootstrap.cc:492] T 8b51176344914144baa82a2eaf805ea5 P a76da7b971cd46b59acf439f355dfe4e: Bootstrap starting.
I20260710 13:16:46.665163  1248 ts_tablet_manager.cc:1434] T b99c42fabbe44334a8b152d443a14bac P 25e03419294849b1bbb1291b46321936: Time spent starting tablet: real 0.011s	user 0.006s	sys 0.000s
I20260710 13:16:46.666181  1248 tablet_bootstrap.cc:492] T a51b922192cc428baeb3dd6e7ce0e8bc P 25e03419294849b1bbb1291b46321936: Bootstrap starting.
I20260710 13:16:46.667867  1247 tablet_bootstrap.cc:654] T 0d8f9c20cbfb498eac07725e27c9d29b P b7d703a240aa40139952c62445eaf46e: Neither blocks nor log segments found. Creating new log.
I20260710 13:16:46.668121  1250 tablet_bootstrap.cc:654] T 8b51176344914144baa82a2eaf805ea5 P a76da7b971cd46b59acf439f355dfe4e: Neither blocks nor log segments found. Creating new log.
I20260710 13:16:46.673055  1248 tablet_bootstrap.cc:654] T a51b922192cc428baeb3dd6e7ce0e8bc P 25e03419294849b1bbb1291b46321936: Neither blocks nor log segments found. Creating new log.
I20260710 13:16:46.683207  1264 raft_consensus.cc:493] T b99c42fabbe44334a8b152d443a14bac P 25e03419294849b1bbb1291b46321936 [term 0 FOLLOWER]: Starting pre-election (no leader contacted us within the election timeout)
I20260710 13:16:46.683945  1264 raft_consensus.cc:515] T b99c42fabbe44334a8b152d443a14bac P 25e03419294849b1bbb1291b46321936 [term 0 FOLLOWER]: Starting pre-election with config: opid_index: -1 OBSOLETE_local: false peers { permanent_uuid: "b7d703a240aa40139952c62445eaf46e" member_type: VOTER last_known_addr { host: "127.0.107.193" port: 36281 } } peers { permanent_uuid: "a76da7b971cd46b59acf439f355dfe4e" member_type: VOTER last_known_addr { host: "127.0.107.194" port: 46153 } } peers { permanent_uuid: "25e03419294849b1bbb1291b46321936" member_type: VOTER last_known_addr { host: "127.0.107.195" port: 45705 } }
I20260710 13:16:46.685618  1248 tablet_bootstrap.cc:492] T a51b922192cc428baeb3dd6e7ce0e8bc P 25e03419294849b1bbb1291b46321936: No bootstrap required, opened a new log
I20260710 13:16:46.686254  1248 ts_tablet_manager.cc:1403] T a51b922192cc428baeb3dd6e7ce0e8bc P 25e03419294849b1bbb1291b46321936: Time spent bootstrapping tablet: real 0.020s	user 0.017s	sys 0.000s
I20260710 13:16:46.686743  1258 raft_consensus.cc:493] T 5a7e7c502ceb44a191401e832ab32a39 P b7d703a240aa40139952c62445eaf46e [term 0 FOLLOWER]: Starting pre-election (no leader contacted us within the election timeout)
I20260710 13:16:46.687237  1258 raft_consensus.cc:515] T 5a7e7c502ceb44a191401e832ab32a39 P b7d703a240aa40139952c62445eaf46e [term 0 FOLLOWER]: Starting pre-election with config: opid_index: -1 OBSOLETE_local: false peers { permanent_uuid: "b7d703a240aa40139952c62445eaf46e" member_type: VOTER last_known_addr { host: "127.0.107.193" port: 36281 } } peers { permanent_uuid: "a76da7b971cd46b59acf439f355dfe4e" member_type: VOTER last_known_addr { host: "127.0.107.194" port: 46153 } } peers { permanent_uuid: "25e03419294849b1bbb1291b46321936" member_type: VOTER last_known_addr { host: "127.0.107.195" port: 45705 } }
I20260710 13:16:46.687886  1058 tablet_service.cc:1917] Received RequestConsensusVote() RPC: tablet_id: "b99c42fabbe44334a8b152d443a14bac" candidate_uuid: "25e03419294849b1bbb1291b46321936" candidate_term: 1 candidate_status { last_received { term: 0 index: 0 } } ignore_live_leader: false dest_uuid: "b7d703a240aa40139952c62445eaf46e" is_pre_election: true
I20260710 13:16:46.688727  1058 raft_consensus.cc:2468] T b99c42fabbe44334a8b152d443a14bac P b7d703a240aa40139952c62445eaf46e [term 0 FOLLOWER]: Leader pre-election vote request: Granting yes vote for candidate 25e03419294849b1bbb1291b46321936 in term 0.
I20260710 13:16:46.688982  1248 raft_consensus.cc:359] T a51b922192cc428baeb3dd6e7ce0e8bc P 25e03419294849b1bbb1291b46321936 [term 0 FOLLOWER]: Replica starting. Triggering 0 pending ops. Active config: opid_index: -1 OBSOLETE_local: false peers { permanent_uuid: "b7d703a240aa40139952c62445eaf46e" member_type: VOTER last_known_addr { host: "127.0.107.193" port: 36281 } } peers { permanent_uuid: "a76da7b971cd46b59acf439f355dfe4e" member_type: VOTER last_known_addr { host: "127.0.107.194" port: 46153 } } peers { permanent_uuid: "25e03419294849b1bbb1291b46321936" member_type: VOTER last_known_addr { host: "127.0.107.195" port: 45705 } }
I20260710 13:16:46.689349  1258 leader_election.cc:290] T 5a7e7c502ceb44a191401e832ab32a39 P b7d703a240aa40139952c62445eaf46e [CANDIDATE]: Term 1 pre-election: Requested pre-vote from peers a76da7b971cd46b59acf439f355dfe4e (127.0.107.194:46153), 25e03419294849b1bbb1291b46321936 (127.0.107.195:45705)
I20260710 13:16:46.689656  1248 raft_consensus.cc:385] T a51b922192cc428baeb3dd6e7ce0e8bc P 25e03419294849b1bbb1291b46321936 [term 0 FOLLOWER]: Consensus starting up: Expiring failure detector timer to make a prompt election more likely
I20260710 13:16:46.689947  1248 raft_consensus.cc:740] T a51b922192cc428baeb3dd6e7ce0e8bc P 25e03419294849b1bbb1291b46321936 [term 0 FOLLOWER]: Becoming Follower/Learner. State: Replica: 25e03419294849b1bbb1291b46321936, State: Initialized, Role: FOLLOWER
I20260710 13:16:46.690603  1248 consensus_queue.cc:260] T a51b922192cc428baeb3dd6e7ce0e8bc P 25e03419294849b1bbb1291b46321936 [NON_LEADER]: Queue going to NON_LEADER mode. State: All replicated index: 0, Majority replicated index: 0, Committed index: 0, Last appended: 0.0, Last appended by leader: 0, Current term: 0, Majority size: -1, State: 0, Mode: NON_LEADER, active raft config: opid_index: -1 OBSOLETE_local: false peers { permanent_uuid: "b7d703a240aa40139952c62445eaf46e" member_type: VOTER last_known_addr { host: "127.0.107.193" port: 36281 } } peers { permanent_uuid: "a76da7b971cd46b59acf439f355dfe4e" member_type: VOTER last_known_addr { host: "127.0.107.194" port: 46153 } } peers { permanent_uuid: "25e03419294849b1bbb1291b46321936" member_type: VOTER last_known_addr { host: "127.0.107.195" port: 45705 } }
I20260710 13:16:46.690889  1171 leader_election.cc:304] T b99c42fabbe44334a8b152d443a14bac P 25e03419294849b1bbb1291b46321936 [CANDIDATE]: Term 1 pre-election: Election decided. Result: candidate won. Election summary: received 2 responses out of 3 voters: 2 yes votes; 0 no votes. yes voters: 25e03419294849b1bbb1291b46321936, b7d703a240aa40139952c62445eaf46e; no voters: 
I20260710 13:16:46.691259  1133 tablet_service.cc:1917] Received RequestConsensusVote() RPC: tablet_id: "5a7e7c502ceb44a191401e832ab32a39" candidate_uuid: "b7d703a240aa40139952c62445eaf46e" candidate_term: 1 candidate_status { last_received { term: 0 index: 0 } } ignore_live_leader: false dest_uuid: "a76da7b971cd46b59acf439f355dfe4e" is_pre_election: true
I20260710 13:16:46.692293  1207 tablet_service.cc:1917] Received RequestConsensusVote() RPC: tablet_id: "5a7e7c502ceb44a191401e832ab32a39" candidate_uuid: "b7d703a240aa40139952c62445eaf46e" candidate_term: 1 candidate_status { last_received { term: 0 index: 0 } } ignore_live_leader: false dest_uuid: "25e03419294849b1bbb1291b46321936" is_pre_election: true
W20260710 13:16:46.692648  1022 leader_election.cc:343] T 5a7e7c502ceb44a191401e832ab32a39 P b7d703a240aa40139952c62445eaf46e [CANDIDATE]: Term 1 pre-election: Tablet error from VoteRequest() call to peer a76da7b971cd46b59acf439f355dfe4e (127.0.107.194:46153): Illegal state: must be running to vote when last-logged opid is not known
I20260710 13:16:46.693962  1252 raft_consensus.cc:2804] T b99c42fabbe44334a8b152d443a14bac P 25e03419294849b1bbb1291b46321936 [term 0 FOLLOWER]: Leader pre-election won for term 1
W20260710 13:16:46.694211  1023 leader_election.cc:343] T 5a7e7c502ceb44a191401e832ab32a39 P b7d703a240aa40139952c62445eaf46e [CANDIDATE]: Term 1 pre-election: Tablet error from VoteRequest() call to peer 25e03419294849b1bbb1291b46321936 (127.0.107.195:45705): Illegal state: must be running to vote when last-logged opid is not known
I20260710 13:16:46.694495  1252 raft_consensus.cc:493] T b99c42fabbe44334a8b152d443a14bac P 25e03419294849b1bbb1291b46321936 [term 0 FOLLOWER]: Starting leader election (no leader contacted us within the election timeout)
I20260710 13:16:46.694995  1252 raft_consensus.cc:3060] T b99c42fabbe44334a8b152d443a14bac P 25e03419294849b1bbb1291b46321936 [term 0 FOLLOWER]: Advancing to term 1
I20260710 13:16:46.694850  1023 leader_election.cc:304] T 5a7e7c502ceb44a191401e832ab32a39 P b7d703a240aa40139952c62445eaf46e [CANDIDATE]: Term 1 pre-election: Election decided. Result: candidate lost. Election summary: received 3 responses out of 3 voters: 1 yes votes; 2 no votes. yes voters: b7d703a240aa40139952c62445eaf46e; no voters: 25e03419294849b1bbb1291b46321936, a76da7b971cd46b59acf439f355dfe4e
I20260710 13:16:46.696417  1258 raft_consensus.cc:2749] T 5a7e7c502ceb44a191401e832ab32a39 P b7d703a240aa40139952c62445eaf46e [term 0 FOLLOWER]: Leader pre-election lost for term 1. Reason: could not achieve majority
I20260710 13:16:46.698534  1264 leader_election.cc:290] T b99c42fabbe44334a8b152d443a14bac P 25e03419294849b1bbb1291b46321936 [CANDIDATE]: Term 1 pre-election: Requested pre-vote from peers b7d703a240aa40139952c62445eaf46e (127.0.107.193:36281), a76da7b971cd46b59acf439f355dfe4e (127.0.107.194:46153)
I20260710 13:16:46.700549  1133 tablet_service.cc:1917] Received RequestConsensusVote() RPC: tablet_id: "b99c42fabbe44334a8b152d443a14bac" candidate_uuid: "25e03419294849b1bbb1291b46321936" candidate_term: 1 candidate_status { last_received { term: 0 index: 0 } } ignore_live_leader: false dest_uuid: "a76da7b971cd46b59acf439f355dfe4e" is_pre_election: true
W20260710 13:16:46.702512  1171 leader_election.cc:343] T b99c42fabbe44334a8b152d443a14bac P 25e03419294849b1bbb1291b46321936 [CANDIDATE]: Term 1 pre-election: Tablet error from VoteRequest() call to peer a76da7b971cd46b59acf439f355dfe4e (127.0.107.194:46153): Illegal state: must be running to vote when last-logged opid is not known
I20260710 13:16:46.707469  1248 ts_tablet_manager.cc:1434] T a51b922192cc428baeb3dd6e7ce0e8bc P 25e03419294849b1bbb1291b46321936: Time spent starting tablet: real 0.021s	user 0.006s	sys 0.000s
I20260710 13:16:46.708822  1248 tablet_bootstrap.cc:492] T 2bcdf51a417d4a209d71dc5e9f535a1d P 25e03419294849b1bbb1291b46321936: Bootstrap starting.
I20260710 13:16:46.705482  1252 raft_consensus.cc:515] T b99c42fabbe44334a8b152d443a14bac P 25e03419294849b1bbb1291b46321936 [term 1 FOLLOWER]: Starting leader election with config: opid_index: -1 OBSOLETE_local: false peers { permanent_uuid: "b7d703a240aa40139952c62445eaf46e" member_type: VOTER last_known_addr { host: "127.0.107.193" port: 36281 } } peers { permanent_uuid: "a76da7b971cd46b59acf439f355dfe4e" member_type: VOTER last_known_addr { host: "127.0.107.194" port: 46153 } } peers { permanent_uuid: "25e03419294849b1bbb1291b46321936" member_type: VOTER last_known_addr { host: "127.0.107.195" port: 45705 } }
I20260710 13:16:46.715622  1252 leader_election.cc:290] T b99c42fabbe44334a8b152d443a14bac P 25e03419294849b1bbb1291b46321936 [CANDIDATE]: Term 1 election: Requested vote from peers b7d703a240aa40139952c62445eaf46e (127.0.107.193:36281), a76da7b971cd46b59acf439f355dfe4e (127.0.107.194:46153)
I20260710 13:16:46.716847  1058 tablet_service.cc:1917] Received RequestConsensusVote() RPC: tablet_id: "b99c42fabbe44334a8b152d443a14bac" candidate_uuid: "25e03419294849b1bbb1291b46321936" candidate_term: 1 candidate_status { last_received { term: 0 index: 0 } } ignore_live_leader: false dest_uuid: "b7d703a240aa40139952c62445eaf46e"
I20260710 13:16:46.717753  1058 raft_consensus.cc:3060] T b99c42fabbe44334a8b152d443a14bac P b7d703a240aa40139952c62445eaf46e [term 0 FOLLOWER]: Advancing to term 1
I20260710 13:16:46.723726  1248 tablet_bootstrap.cc:654] T 2bcdf51a417d4a209d71dc5e9f535a1d P 25e03419294849b1bbb1291b46321936: Neither blocks nor log segments found. Creating new log.
I20260710 13:16:46.724839  1133 tablet_service.cc:1917] Received RequestConsensusVote() RPC: tablet_id: "b99c42fabbe44334a8b152d443a14bac" candidate_uuid: "25e03419294849b1bbb1291b46321936" candidate_term: 1 candidate_status { last_received { term: 0 index: 0 } } ignore_live_leader: false dest_uuid: "a76da7b971cd46b59acf439f355dfe4e"
W20260710 13:16:46.727007  1171 leader_election.cc:343] T b99c42fabbe44334a8b152d443a14bac P 25e03419294849b1bbb1291b46321936 [CANDIDATE]: Term 1 election: Tablet error from VoteRequest() call to peer a76da7b971cd46b59acf439f355dfe4e (127.0.107.194:46153): Illegal state: must be running to vote when last-logged opid is not known
I20260710 13:16:46.736568  1248 tablet_bootstrap.cc:492] T 2bcdf51a417d4a209d71dc5e9f535a1d P 25e03419294849b1bbb1291b46321936: No bootstrap required, opened a new log
I20260710 13:16:46.737273  1248 ts_tablet_manager.cc:1403] T 2bcdf51a417d4a209d71dc5e9f535a1d P 25e03419294849b1bbb1291b46321936: Time spent bootstrapping tablet: real 0.029s	user 0.015s	sys 0.004s
I20260710 13:16:46.741215  1248 raft_consensus.cc:359] T 2bcdf51a417d4a209d71dc5e9f535a1d P 25e03419294849b1bbb1291b46321936 [term 0 FOLLOWER]: Replica starting. Triggering 0 pending ops. Active config: opid_index: -1 OBSOLETE_local: false peers { permanent_uuid: "b7d703a240aa40139952c62445eaf46e" member_type: VOTER last_known_addr { host: "127.0.107.193" port: 36281 } } peers { permanent_uuid: "a76da7b971cd46b59acf439f355dfe4e" member_type: VOTER last_known_addr { host: "127.0.107.194" port: 46153 } } peers { permanent_uuid: "25e03419294849b1bbb1291b46321936" member_type: VOTER last_known_addr { host: "127.0.107.195" port: 45705 } }
I20260710 13:16:46.742261  1248 raft_consensus.cc:385] T 2bcdf51a417d4a209d71dc5e9f535a1d P 25e03419294849b1bbb1291b46321936 [term 0 FOLLOWER]: Consensus starting up: Expiring failure detector timer to make a prompt election more likely
I20260710 13:16:46.742616  1248 raft_consensus.cc:740] T 2bcdf51a417d4a209d71dc5e9f535a1d P 25e03419294849b1bbb1291b46321936 [term 0 FOLLOWER]: Becoming Follower/Learner. State: Replica: 25e03419294849b1bbb1291b46321936, State: Initialized, Role: FOLLOWER
I20260710 13:16:46.742837  1058 raft_consensus.cc:2468] T b99c42fabbe44334a8b152d443a14bac P b7d703a240aa40139952c62445eaf46e [term 1 FOLLOWER]: Leader election vote request: Granting yes vote for candidate 25e03419294849b1bbb1291b46321936 in term 1.
I20260710 13:16:46.743782  1248 consensus_queue.cc:260] T 2bcdf51a417d4a209d71dc5e9f535a1d P 25e03419294849b1bbb1291b46321936 [NON_LEADER]: Queue going to NON_LEADER mode. State: All replicated index: 0, Majority replicated index: 0, Committed index: 0, Last appended: 0.0, Last appended by leader: 0, Current term: 0, Majority size: -1, State: 0, Mode: NON_LEADER, active raft config: opid_index: -1 OBSOLETE_local: false peers { permanent_uuid: "b7d703a240aa40139952c62445eaf46e" member_type: VOTER last_known_addr { host: "127.0.107.193" port: 36281 } } peers { permanent_uuid: "a76da7b971cd46b59acf439f355dfe4e" member_type: VOTER last_known_addr { host: "127.0.107.194" port: 46153 } } peers { permanent_uuid: "25e03419294849b1bbb1291b46321936" member_type: VOTER last_known_addr { host: "127.0.107.195" port: 45705 } }
I20260710 13:16:46.744702  1171 leader_election.cc:304] T b99c42fabbe44334a8b152d443a14bac P 25e03419294849b1bbb1291b46321936 [CANDIDATE]: Term 1 election: Election decided. Result: candidate won. Election summary: received 3 responses out of 3 voters: 2 yes votes; 1 no votes. yes voters: 25e03419294849b1bbb1291b46321936, b7d703a240aa40139952c62445eaf46e; no voters: a76da7b971cd46b59acf439f355dfe4e
I20260710 13:16:46.745819  1252 raft_consensus.cc:2804] T b99c42fabbe44334a8b152d443a14bac P 25e03419294849b1bbb1291b46321936 [term 1 FOLLOWER]: Leader election won for term 1
I20260710 13:16:46.746445  1252 raft_consensus.cc:697] T b99c42fabbe44334a8b152d443a14bac P 25e03419294849b1bbb1291b46321936 [term 1 LEADER]: Becoming Leader. State: Replica: 25e03419294849b1bbb1291b46321936, State: Running, Role: LEADER
I20260710 13:16:46.746919  1248 ts_tablet_manager.cc:1434] T 2bcdf51a417d4a209d71dc5e9f535a1d P 25e03419294849b1bbb1291b46321936: Time spent starting tablet: real 0.009s	user 0.007s	sys 0.003s
I20260710 13:16:46.748243  1248 tablet_bootstrap.cc:492] T 5a7e7c502ceb44a191401e832ab32a39 P 25e03419294849b1bbb1291b46321936: Bootstrap starting.
I20260710 13:16:46.747567  1252 consensus_queue.cc:237] T b99c42fabbe44334a8b152d443a14bac P 25e03419294849b1bbb1291b46321936 [LEADER]: Queue going to LEADER mode. State: All replicated index: 0, Majority replicated index: 0, Committed index: 0, Last appended: 0.0, Last appended by leader: 0, Current term: 1, Majority size: 2, State: 0, Mode: LEADER, active raft config: opid_index: -1 OBSOLETE_local: false peers { permanent_uuid: "b7d703a240aa40139952c62445eaf46e" member_type: VOTER last_known_addr { host: "127.0.107.193" port: 36281 } } peers { permanent_uuid: "a76da7b971cd46b59acf439f355dfe4e" member_type: VOTER last_known_addr { host: "127.0.107.194" port: 46153 } } peers { permanent_uuid: "25e03419294849b1bbb1291b46321936" member_type: VOTER last_known_addr { host: "127.0.107.195" port: 45705 } }
I20260710 13:16:46.757764  1247 tablet_bootstrap.cc:492] T 0d8f9c20cbfb498eac07725e27c9d29b P b7d703a240aa40139952c62445eaf46e: No bootstrap required, opened a new log
I20260710 13:16:46.758303  1250 tablet_bootstrap.cc:492] T 8b51176344914144baa82a2eaf805ea5 P a76da7b971cd46b59acf439f355dfe4e: No bootstrap required, opened a new log
I20260710 13:16:46.758351  1247 ts_tablet_manager.cc:1403] T 0d8f9c20cbfb498eac07725e27c9d29b P b7d703a240aa40139952c62445eaf46e: Time spent bootstrapping tablet: real 0.098s	user 0.036s	sys 0.051s
I20260710 13:16:46.758914  1250 ts_tablet_manager.cc:1403] T 8b51176344914144baa82a2eaf805ea5 P a76da7b971cd46b59acf439f355dfe4e: Time spent bootstrapping tablet: real 0.097s	user 0.034s	sys 0.053s
I20260710 13:16:46.759547  1248 tablet_bootstrap.cc:654] T 5a7e7c502ceb44a191401e832ab32a39 P 25e03419294849b1bbb1291b46321936: Neither blocks nor log segments found. Creating new log.
I20260710 13:16:46.761916  1247 raft_consensus.cc:359] T 0d8f9c20cbfb498eac07725e27c9d29b P b7d703a240aa40139952c62445eaf46e [term 0 FOLLOWER]: Replica starting. Triggering 0 pending ops. Active config: opid_index: -1 OBSOLETE_local: false peers { permanent_uuid: "25e03419294849b1bbb1291b46321936" member_type: VOTER last_known_addr { host: "127.0.107.195" port: 45705 } } peers { permanent_uuid: "b7d703a240aa40139952c62445eaf46e" member_type: VOTER last_known_addr { host: "127.0.107.193" port: 36281 } } peers { permanent_uuid: "a76da7b971cd46b59acf439f355dfe4e" member_type: VOTER last_known_addr { host: "127.0.107.194" port: 46153 } }
I20260710 13:16:46.763269  1247 raft_consensus.cc:385] T 0d8f9c20cbfb498eac07725e27c9d29b P b7d703a240aa40139952c62445eaf46e [term 0 FOLLOWER]: Consensus starting up: Expiring failure detector timer to make a prompt election more likely
I20260710 13:16:46.762141  1250 raft_consensus.cc:359] T 8b51176344914144baa82a2eaf805ea5 P a76da7b971cd46b59acf439f355dfe4e [term 0 FOLLOWER]: Replica starting. Triggering 0 pending ops. Active config: opid_index: -1 OBSOLETE_local: false peers { permanent_uuid: "b7d703a240aa40139952c62445eaf46e" member_type: VOTER last_known_addr { host: "127.0.107.193" port: 36281 } } peers { permanent_uuid: "a76da7b971cd46b59acf439f355dfe4e" member_type: VOTER last_known_addr { host: "127.0.107.194" port: 46153 } } peers { permanent_uuid: "25e03419294849b1bbb1291b46321936" member_type: VOTER last_known_addr { host: "127.0.107.195" port: 45705 } }
I20260710 13:16:46.763706  1247 raft_consensus.cc:740] T 0d8f9c20cbfb498eac07725e27c9d29b P b7d703a240aa40139952c62445eaf46e [term 0 FOLLOWER]: Becoming Follower/Learner. State: Replica: b7d703a240aa40139952c62445eaf46e, State: Initialized, Role: FOLLOWER
I20260710 13:16:46.761780   955 catalog_manager.cc:5697] T b99c42fabbe44334a8b152d443a14bac P 25e03419294849b1bbb1291b46321936 reported cstate change: term changed from 0 to 1, leader changed from <none> to 25e03419294849b1bbb1291b46321936 (127.0.107.195). New cstate: current_term: 1 leader_uuid: "25e03419294849b1bbb1291b46321936" committed_config { opid_index: -1 OBSOLETE_local: false peers { permanent_uuid: "b7d703a240aa40139952c62445eaf46e" member_type: VOTER last_known_addr { host: "127.0.107.193" port: 36281 } health_report { overall_health: UNKNOWN } } peers { permanent_uuid: "a76da7b971cd46b59acf439f355dfe4e" member_type: VOTER last_known_addr { host: "127.0.107.194" port: 46153 } health_report { overall_health: UNKNOWN } } peers { permanent_uuid: "25e03419294849b1bbb1291b46321936" member_type: VOTER last_known_addr { host: "127.0.107.195" port: 45705 } health_report { overall_health: HEALTHY } } }
I20260710 13:16:46.763846  1250 raft_consensus.cc:385] T 8b51176344914144baa82a2eaf805ea5 P a76da7b971cd46b59acf439f355dfe4e [term 0 FOLLOWER]: Consensus starting up: Expiring failure detector timer to make a prompt election more likely
I20260710 13:16:46.764351  1250 raft_consensus.cc:740] T 8b51176344914144baa82a2eaf805ea5 P a76da7b971cd46b59acf439f355dfe4e [term 0 FOLLOWER]: Becoming Follower/Learner. State: Replica: a76da7b971cd46b59acf439f355dfe4e, State: Initialized, Role: FOLLOWER
I20260710 13:16:46.764771  1247 consensus_queue.cc:260] T 0d8f9c20cbfb498eac07725e27c9d29b P b7d703a240aa40139952c62445eaf46e [NON_LEADER]: Queue going to NON_LEADER mode. State: All replicated index: 0, Majority replicated index: 0, Committed index: 0, Last appended: 0.0, Last appended by leader: 0, Current term: 0, Majority size: -1, State: 0, Mode: NON_LEADER, active raft config: opid_index: -1 OBSOLETE_local: false peers { permanent_uuid: "25e03419294849b1bbb1291b46321936" member_type: VOTER last_known_addr { host: "127.0.107.195" port: 45705 } } peers { permanent_uuid: "b7d703a240aa40139952c62445eaf46e" member_type: VOTER last_known_addr { host: "127.0.107.193" port: 36281 } } peers { permanent_uuid: "a76da7b971cd46b59acf439f355dfe4e" member_type: VOTER last_known_addr { host: "127.0.107.194" port: 46153 } }
I20260710 13:16:46.765091  1250 consensus_queue.cc:260] T 8b51176344914144baa82a2eaf805ea5 P a76da7b971cd46b59acf439f355dfe4e [NON_LEADER]: Queue going to NON_LEADER mode. State: All replicated index: 0, Majority replicated index: 0, Committed index: 0, Last appended: 0.0, Last appended by leader: 0, Current term: 0, Majority size: -1, State: 0, Mode: NON_LEADER, active raft config: opid_index: -1 OBSOLETE_local: false peers { permanent_uuid: "b7d703a240aa40139952c62445eaf46e" member_type: VOTER last_known_addr { host: "127.0.107.193" port: 36281 } } peers { permanent_uuid: "a76da7b971cd46b59acf439f355dfe4e" member_type: VOTER last_known_addr { host: "127.0.107.194" port: 46153 } } peers { permanent_uuid: "25e03419294849b1bbb1291b46321936" member_type: VOTER last_known_addr { host: "127.0.107.195" port: 45705 } }
I20260710 13:16:46.765842  1248 tablet_bootstrap.cc:492] T 5a7e7c502ceb44a191401e832ab32a39 P 25e03419294849b1bbb1291b46321936: No bootstrap required, opened a new log
I20260710 13:16:46.770963  1248 ts_tablet_manager.cc:1403] T 5a7e7c502ceb44a191401e832ab32a39 P 25e03419294849b1bbb1291b46321936: Time spent bootstrapping tablet: real 0.023s	user 0.011s	sys 0.005s
I20260710 13:16:46.773012  1248 raft_consensus.cc:359] T 5a7e7c502ceb44a191401e832ab32a39 P 25e03419294849b1bbb1291b46321936 [term 0 FOLLOWER]: Replica starting. Triggering 0 pending ops. Active config: opid_index: -1 OBSOLETE_local: false peers { permanent_uuid: "b7d703a240aa40139952c62445eaf46e" member_type: VOTER last_known_addr { host: "127.0.107.193" port: 36281 } } peers { permanent_uuid: "a76da7b971cd46b59acf439f355dfe4e" member_type: VOTER last_known_addr { host: "127.0.107.194" port: 46153 } } peers { permanent_uuid: "25e03419294849b1bbb1291b46321936" member_type: VOTER last_known_addr { host: "127.0.107.195" port: 45705 } }
I20260710 13:16:46.773535  1248 raft_consensus.cc:385] T 5a7e7c502ceb44a191401e832ab32a39 P 25e03419294849b1bbb1291b46321936 [term 0 FOLLOWER]: Consensus starting up: Expiring failure detector timer to make a prompt election more likely
I20260710 13:16:46.773780  1248 raft_consensus.cc:740] T 5a7e7c502ceb44a191401e832ab32a39 P 25e03419294849b1bbb1291b46321936 [term 0 FOLLOWER]: Becoming Follower/Learner. State: Replica: 25e03419294849b1bbb1291b46321936, State: Initialized, Role: FOLLOWER
I20260710 13:16:46.774417  1248 consensus_queue.cc:260] T 5a7e7c502ceb44a191401e832ab32a39 P 25e03419294849b1bbb1291b46321936 [NON_LEADER]: Queue going to NON_LEADER mode. State: All replicated index: 0, Majority replicated index: 0, Committed index: 0, Last appended: 0.0, Last appended by leader: 0, Current term: 0, Majority size: -1, State: 0, Mode: NON_LEADER, active raft config: opid_index: -1 OBSOLETE_local: false peers { permanent_uuid: "b7d703a240aa40139952c62445eaf46e" member_type: VOTER last_known_addr { host: "127.0.107.193" port: 36281 } } peers { permanent_uuid: "a76da7b971cd46b59acf439f355dfe4e" member_type: VOTER last_known_addr { host: "127.0.107.194" port: 46153 } } peers { permanent_uuid: "25e03419294849b1bbb1291b46321936" member_type: VOTER last_known_addr { host: "127.0.107.195" port: 45705 } }
I20260710 13:16:46.767270  1247 ts_tablet_manager.cc:1434] T 0d8f9c20cbfb498eac07725e27c9d29b P b7d703a240aa40139952c62445eaf46e: Time spent starting tablet: real 0.008s	user 0.002s	sys 0.005s
I20260710 13:16:46.767422  1250 ts_tablet_manager.cc:1434] T 8b51176344914144baa82a2eaf805ea5 P a76da7b971cd46b59acf439f355dfe4e: Time spent starting tablet: real 0.008s	user 0.007s	sys 0.000s
I20260710 13:16:46.775880  1250 tablet_bootstrap.cc:492] T b99c42fabbe44334a8b152d443a14bac P a76da7b971cd46b59acf439f355dfe4e: Bootstrap starting.
I20260710 13:16:46.775990  1248 ts_tablet_manager.cc:1434] T 5a7e7c502ceb44a191401e832ab32a39 P 25e03419294849b1bbb1291b46321936: Time spent starting tablet: real 0.005s	user 0.004s	sys 0.000s
I20260710 13:16:46.777750  1247 tablet_bootstrap.cc:492] T a51b922192cc428baeb3dd6e7ce0e8bc P b7d703a240aa40139952c62445eaf46e: Bootstrap starting.
I20260710 13:16:46.781785  1257 raft_consensus.cc:493] T 56a79a4445c04769941d8fa3e70d1974 P a76da7b971cd46b59acf439f355dfe4e [term 0 FOLLOWER]: Starting pre-election (no leader contacted us within the election timeout)
I20260710 13:16:46.782087  1250 tablet_bootstrap.cc:654] T b99c42fabbe44334a8b152d443a14bac P a76da7b971cd46b59acf439f355dfe4e: Neither blocks nor log segments found. Creating new log.
I20260710 13:16:46.782445  1257 raft_consensus.cc:515] T 56a79a4445c04769941d8fa3e70d1974 P a76da7b971cd46b59acf439f355dfe4e [term 0 FOLLOWER]: Starting pre-election with config: opid_index: -1 OBSOLETE_local: false peers { permanent_uuid: "b7d703a240aa40139952c62445eaf46e" member_type: VOTER last_known_addr { host: "127.0.107.193" port: 36281 } } peers { permanent_uuid: "a76da7b971cd46b59acf439f355dfe4e" member_type: VOTER last_known_addr { host: "127.0.107.194" port: 46153 } } peers { permanent_uuid: "25e03419294849b1bbb1291b46321936" member_type: VOTER last_known_addr { host: "127.0.107.195" port: 45705 } }
I20260710 13:16:46.790634  1257 leader_election.cc:290] T 56a79a4445c04769941d8fa3e70d1974 P a76da7b971cd46b59acf439f355dfe4e [CANDIDATE]: Term 1 pre-election: Requested pre-vote from peers b7d703a240aa40139952c62445eaf46e (127.0.107.193:36281), 25e03419294849b1bbb1291b46321936 (127.0.107.195:45705)
I20260710 13:16:46.797025  1250 tablet_bootstrap.cc:492] T b99c42fabbe44334a8b152d443a14bac P a76da7b971cd46b59acf439f355dfe4e: No bootstrap required, opened a new log
I20260710 13:16:46.797580  1250 ts_tablet_manager.cc:1403] T b99c42fabbe44334a8b152d443a14bac P a76da7b971cd46b59acf439f355dfe4e: Time spent bootstrapping tablet: real 0.022s	user 0.014s	sys 0.000s
I20260710 13:16:46.799734  1258 raft_consensus.cc:493] T 8b51176344914144baa82a2eaf805ea5 P b7d703a240aa40139952c62445eaf46e [term 0 FOLLOWER]: Starting pre-election (no leader contacted us within the election timeout)
I20260710 13:16:46.800405  1258 raft_consensus.cc:515] T 8b51176344914144baa82a2eaf805ea5 P b7d703a240aa40139952c62445eaf46e [term 0 FOLLOWER]: Starting pre-election with config: opid_index: -1 OBSOLETE_local: false peers { permanent_uuid: "b7d703a240aa40139952c62445eaf46e" member_type: VOTER last_known_addr { host: "127.0.107.193" port: 36281 } } peers { permanent_uuid: "a76da7b971cd46b59acf439f355dfe4e" member_type: VOTER last_known_addr { host: "127.0.107.194" port: 46153 } } peers { permanent_uuid: "25e03419294849b1bbb1291b46321936" member_type: VOTER last_known_addr { host: "127.0.107.195" port: 45705 } }
I20260710 13:16:46.801115  1250 raft_consensus.cc:359] T b99c42fabbe44334a8b152d443a14bac P a76da7b971cd46b59acf439f355dfe4e [term 0 FOLLOWER]: Replica starting. Triggering 0 pending ops. Active config: opid_index: -1 OBSOLETE_local: false peers { permanent_uuid: "b7d703a240aa40139952c62445eaf46e" member_type: VOTER last_known_addr { host: "127.0.107.193" port: 36281 } } peers { permanent_uuid: "a76da7b971cd46b59acf439f355dfe4e" member_type: VOTER last_known_addr { host: "127.0.107.194" port: 46153 } } peers { permanent_uuid: "25e03419294849b1bbb1291b46321936" member_type: VOTER last_known_addr { host: "127.0.107.195" port: 45705 } }
I20260710 13:16:46.802189  1250 raft_consensus.cc:385] T b99c42fabbe44334a8b152d443a14bac P a76da7b971cd46b59acf439f355dfe4e [term 0 FOLLOWER]: Consensus starting up: Expiring failure detector timer to make a prompt election more likely
I20260710 13:16:46.802505  1250 raft_consensus.cc:740] T b99c42fabbe44334a8b152d443a14bac P a76da7b971cd46b59acf439f355dfe4e [term 0 FOLLOWER]: Becoming Follower/Learner. State: Replica: a76da7b971cd46b59acf439f355dfe4e, State: Initialized, Role: FOLLOWER
I20260710 13:16:46.802840  1258 leader_election.cc:290] T 8b51176344914144baa82a2eaf805ea5 P b7d703a240aa40139952c62445eaf46e [CANDIDATE]: Term 1 pre-election: Requested pre-vote from peers a76da7b971cd46b59acf439f355dfe4e (127.0.107.194:46153), 25e03419294849b1bbb1291b46321936 (127.0.107.195:45705)
I20260710 13:16:46.803649  1133 tablet_service.cc:1917] Received RequestConsensusVote() RPC: tablet_id: "8b51176344914144baa82a2eaf805ea5" candidate_uuid: "b7d703a240aa40139952c62445eaf46e" candidate_term: 1 candidate_status { last_received { term: 0 index: 0 } } ignore_live_leader: false dest_uuid: "a76da7b971cd46b59acf439f355dfe4e" is_pre_election: true
I20260710 13:16:46.803987  1207 tablet_service.cc:1917] Received RequestConsensusVote() RPC: tablet_id: "8b51176344914144baa82a2eaf805ea5" candidate_uuid: "b7d703a240aa40139952c62445eaf46e" candidate_term: 1 candidate_status { last_received { term: 0 index: 0 } } ignore_live_leader: false dest_uuid: "25e03419294849b1bbb1291b46321936" is_pre_election: true
I20260710 13:16:46.804252  1133 raft_consensus.cc:2468] T 8b51176344914144baa82a2eaf805ea5 P a76da7b971cd46b59acf439f355dfe4e [term 0 FOLLOWER]: Leader pre-election vote request: Granting yes vote for candidate b7d703a240aa40139952c62445eaf46e in term 0.
I20260710 13:16:46.804459  1207 raft_consensus.cc:2468] T 8b51176344914144baa82a2eaf805ea5 P 25e03419294849b1bbb1291b46321936 [term 0 FOLLOWER]: Leader pre-election vote request: Granting yes vote for candidate b7d703a240aa40139952c62445eaf46e in term 0.
I20260710 13:16:46.805627  1023 leader_election.cc:304] T 8b51176344914144baa82a2eaf805ea5 P b7d703a240aa40139952c62445eaf46e [CANDIDATE]: Term 1 pre-election: Election decided. Result: candidate won. Election summary: received 2 responses out of 3 voters: 2 yes votes; 0 no votes. yes voters: 25e03419294849b1bbb1291b46321936, b7d703a240aa40139952c62445eaf46e; no voters: 
I20260710 13:16:46.803295  1250 consensus_queue.cc:260] T b99c42fabbe44334a8b152d443a14bac P a76da7b971cd46b59acf439f355dfe4e [NON_LEADER]: Queue going to NON_LEADER mode. State: All replicated index: 0, Majority replicated index: 0, Committed index: 0, Last appended: 0.0, Last appended by leader: 0, Current term: 0, Majority size: -1, State: 0, Mode: NON_LEADER, active raft config: opid_index: -1 OBSOLETE_local: false peers { permanent_uuid: "b7d703a240aa40139952c62445eaf46e" member_type: VOTER last_known_addr { host: "127.0.107.193" port: 36281 } } peers { permanent_uuid: "a76da7b971cd46b59acf439f355dfe4e" member_type: VOTER last_known_addr { host: "127.0.107.194" port: 46153 } } peers { permanent_uuid: "25e03419294849b1bbb1291b46321936" member_type: VOTER last_known_addr { host: "127.0.107.195" port: 45705 } }
I20260710 13:16:46.806934  1258 raft_consensus.cc:2804] T 8b51176344914144baa82a2eaf805ea5 P b7d703a240aa40139952c62445eaf46e [term 0 FOLLOWER]: Leader pre-election won for term 1
I20260710 13:16:46.807511  1258 raft_consensus.cc:493] T 8b51176344914144baa82a2eaf805ea5 P b7d703a240aa40139952c62445eaf46e [term 0 FOLLOWER]: Starting leader election (no leader contacted us within the election timeout)
I20260710 13:16:46.806005  1247 tablet_bootstrap.cc:654] T a51b922192cc428baeb3dd6e7ce0e8bc P b7d703a240aa40139952c62445eaf46e: Neither blocks nor log segments found. Creating new log.
I20260710 13:16:46.807893  1258 raft_consensus.cc:3060] T 8b51176344914144baa82a2eaf805ea5 P b7d703a240aa40139952c62445eaf46e [term 0 FOLLOWER]: Advancing to term 1
I20260710 13:16:46.813861  1250 ts_tablet_manager.cc:1434] T b99c42fabbe44334a8b152d443a14bac P a76da7b971cd46b59acf439f355dfe4e: Time spent starting tablet: real 0.016s	user 0.012s	sys 0.003s
I20260710 13:16:46.815004  1250 tablet_bootstrap.cc:492] T 712697c5d3ab4576b59bfe5f48379359 P a76da7b971cd46b59acf439f355dfe4e: Bootstrap starting.
I20260710 13:16:46.820066  1258 raft_consensus.cc:515] T 8b51176344914144baa82a2eaf805ea5 P b7d703a240aa40139952c62445eaf46e [term 1 FOLLOWER]: Starting leader election with config: opid_index: -1 OBSOLETE_local: false peers { permanent_uuid: "b7d703a240aa40139952c62445eaf46e" member_type: VOTER last_known_addr { host: "127.0.107.193" port: 36281 } } peers { permanent_uuid: "a76da7b971cd46b59acf439f355dfe4e" member_type: VOTER last_known_addr { host: "127.0.107.194" port: 46153 } } peers { permanent_uuid: "25e03419294849b1bbb1291b46321936" member_type: VOTER last_known_addr { host: "127.0.107.195" port: 45705 } }
I20260710 13:16:46.821592  1250 tablet_bootstrap.cc:654] T 712697c5d3ab4576b59bfe5f48379359 P a76da7b971cd46b59acf439f355dfe4e: Neither blocks nor log segments found. Creating new log.
I20260710 13:16:46.823062  1133 tablet_service.cc:1917] Received RequestConsensusVote() RPC: tablet_id: "8b51176344914144baa82a2eaf805ea5" candidate_uuid: "b7d703a240aa40139952c62445eaf46e" candidate_term: 1 candidate_status { last_received { term: 0 index: 0 } } ignore_live_leader: false dest_uuid: "a76da7b971cd46b59acf439f355dfe4e"
I20260710 13:16:46.823714  1133 raft_consensus.cc:3060] T 8b51176344914144baa82a2eaf805ea5 P a76da7b971cd46b59acf439f355dfe4e [term 0 FOLLOWER]: Advancing to term 1
I20260710 13:16:46.825611  1207 tablet_service.cc:1917] Received RequestConsensusVote() RPC: tablet_id: "56a79a4445c04769941d8fa3e70d1974" candidate_uuid: "a76da7b971cd46b59acf439f355dfe4e" candidate_term: 1 candidate_status { last_received { term: 0 index: 0 } } ignore_live_leader: false dest_uuid: "25e03419294849b1bbb1291b46321936" is_pre_election: true
I20260710 13:16:46.826299  1207 raft_consensus.cc:2468] T 56a79a4445c04769941d8fa3e70d1974 P 25e03419294849b1bbb1291b46321936 [term 0 FOLLOWER]: Leader pre-election vote request: Granting yes vote for candidate a76da7b971cd46b59acf439f355dfe4e in term 0.
I20260710 13:16:46.827766  1098 leader_election.cc:304] T 56a79a4445c04769941d8fa3e70d1974 P a76da7b971cd46b59acf439f355dfe4e [CANDIDATE]: Term 1 pre-election: Election decided. Result: candidate won. Election summary: received 2 responses out of 3 voters: 2 yes votes; 0 no votes. yes voters: 25e03419294849b1bbb1291b46321936, a76da7b971cd46b59acf439f355dfe4e; no voters: 
I20260710 13:16:46.828692  1257 raft_consensus.cc:2804] T 56a79a4445c04769941d8fa3e70d1974 P a76da7b971cd46b59acf439f355dfe4e [term 0 FOLLOWER]: Leader pre-election won for term 1
I20260710 13:16:46.829042  1257 raft_consensus.cc:493] T 56a79a4445c04769941d8fa3e70d1974 P a76da7b971cd46b59acf439f355dfe4e [term 0 FOLLOWER]: Starting leader election (no leader contacted us within the election timeout)
I20260710 13:16:46.829370  1257 raft_consensus.cc:3060] T 56a79a4445c04769941d8fa3e70d1974 P a76da7b971cd46b59acf439f355dfe4e [term 0 FOLLOWER]: Advancing to term 1
I20260710 13:16:46.831516  1133 raft_consensus.cc:2468] T 8b51176344914144baa82a2eaf805ea5 P a76da7b971cd46b59acf439f355dfe4e [term 1 FOLLOWER]: Leader election vote request: Granting yes vote for candidate b7d703a240aa40139952c62445eaf46e in term 1.
I20260710 13:16:46.832762  1022 leader_election.cc:304] T 8b51176344914144baa82a2eaf805ea5 P b7d703a240aa40139952c62445eaf46e [CANDIDATE]: Term 1 election: Election decided. Result: candidate won. Election summary: received 2 responses out of 3 voters: 2 yes votes; 0 no votes. yes voters: a76da7b971cd46b59acf439f355dfe4e, b7d703a240aa40139952c62445eaf46e; no voters: 
I20260710 13:16:46.833668  1253 raft_consensus.cc:2804] T 8b51176344914144baa82a2eaf805ea5 P b7d703a240aa40139952c62445eaf46e [term 1 FOLLOWER]: Leader election won for term 1
I20260710 13:16:46.838265  1257 raft_consensus.cc:515] T 56a79a4445c04769941d8fa3e70d1974 P a76da7b971cd46b59acf439f355dfe4e [term 1 FOLLOWER]: Starting leader election with config: opid_index: -1 OBSOLETE_local: false peers { permanent_uuid: "b7d703a240aa40139952c62445eaf46e" member_type: VOTER last_known_addr { host: "127.0.107.193" port: 36281 } } peers { permanent_uuid: "a76da7b971cd46b59acf439f355dfe4e" member_type: VOTER last_known_addr { host: "127.0.107.194" port: 46153 } } peers { permanent_uuid: "25e03419294849b1bbb1291b46321936" member_type: VOTER last_known_addr { host: "127.0.107.195" port: 45705 } }
I20260710 13:16:46.839010  1058 tablet_service.cc:1917] Received RequestConsensusVote() RPC: tablet_id: "56a79a4445c04769941d8fa3e70d1974" candidate_uuid: "a76da7b971cd46b59acf439f355dfe4e" candidate_term: 1 candidate_status { last_received { term: 0 index: 0 } } ignore_live_leader: false dest_uuid: "b7d703a240aa40139952c62445eaf46e" is_pre_election: true
I20260710 13:16:46.839954  1058 raft_consensus.cc:2468] T 56a79a4445c04769941d8fa3e70d1974 P b7d703a240aa40139952c62445eaf46e [term 0 FOLLOWER]: Leader pre-election vote request: Granting yes vote for candidate a76da7b971cd46b59acf439f355dfe4e in term 0.
I20260710 13:16:46.841339  1207 tablet_service.cc:1917] Received RequestConsensusVote() RPC: tablet_id: "8b51176344914144baa82a2eaf805ea5" candidate_uuid: "b7d703a240aa40139952c62445eaf46e" candidate_term: 1 candidate_status { last_received { term: 0 index: 0 } } ignore_live_leader: false dest_uuid: "25e03419294849b1bbb1291b46321936"
I20260710 13:16:46.841521  1264 raft_consensus.cc:493] T 38e2a69754f44d27b4e23d9bd894a2e3 P 25e03419294849b1bbb1291b46321936 [term 0 FOLLOWER]: Starting pre-election (no leader contacted us within the election timeout)
I20260710 13:16:46.841995  1207 raft_consensus.cc:3060] T 8b51176344914144baa82a2eaf805ea5 P 25e03419294849b1bbb1291b46321936 [term 0 FOLLOWER]: Advancing to term 1
I20260710 13:16:46.842144  1206 tablet_service.cc:1917] Received RequestConsensusVote() RPC: tablet_id: "56a79a4445c04769941d8fa3e70d1974" candidate_uuid: "a76da7b971cd46b59acf439f355dfe4e" candidate_term: 1 candidate_status { last_received { term: 0 index: 0 } } ignore_live_leader: false dest_uuid: "25e03419294849b1bbb1291b46321936"
I20260710 13:16:46.842187  1264 raft_consensus.cc:515] T 38e2a69754f44d27b4e23d9bd894a2e3 P 25e03419294849b1bbb1291b46321936 [term 0 FOLLOWER]: Starting pre-election with config: opid_index: -1 OBSOLETE_local: false peers { permanent_uuid: "b7d703a240aa40139952c62445eaf46e" member_type: VOTER last_known_addr { host: "127.0.107.193" port: 36281 } } peers { permanent_uuid: "a76da7b971cd46b59acf439f355dfe4e" member_type: VOTER last_known_addr { host: "127.0.107.194" port: 46153 } } peers { permanent_uuid: "25e03419294849b1bbb1291b46321936" member_type: VOTER last_known_addr { host: "127.0.107.195" port: 45705 } }
I20260710 13:16:46.843335  1257 leader_election.cc:290] T 56a79a4445c04769941d8fa3e70d1974 P a76da7b971cd46b59acf439f355dfe4e [CANDIDATE]: Term 1 election: Requested vote from peers b7d703a240aa40139952c62445eaf46e (127.0.107.193:36281), 25e03419294849b1bbb1291b46321936 (127.0.107.195:45705)
I20260710 13:16:46.845587  1264 leader_election.cc:290] T 38e2a69754f44d27b4e23d9bd894a2e3 P 25e03419294849b1bbb1291b46321936 [CANDIDATE]: Term 1 pre-election: Requested pre-vote from peers b7d703a240aa40139952c62445eaf46e (127.0.107.193:36281), a76da7b971cd46b59acf439f355dfe4e (127.0.107.194:46153)
I20260710 13:16:46.841379  1252 raft_consensus.cc:493] T 2bcdf51a417d4a209d71dc5e9f535a1d P 25e03419294849b1bbb1291b46321936 [term 0 FOLLOWER]: Starting pre-election (no leader contacted us within the election timeout)
I20260710 13:16:46.842909  1206 raft_consensus.cc:3060] T 56a79a4445c04769941d8fa3e70d1974 P 25e03419294849b1bbb1291b46321936 [term 0 FOLLOWER]: Advancing to term 1
I20260710 13:16:46.847819  1252 raft_consensus.cc:515] T 2bcdf51a417d4a209d71dc5e9f535a1d P 25e03419294849b1bbb1291b46321936 [term 0 FOLLOWER]: Starting pre-election with config: opid_index: -1 OBSOLETE_local: false peers { permanent_uuid: "b7d703a240aa40139952c62445eaf46e" member_type: VOTER last_known_addr { host: "127.0.107.193" port: 36281 } } peers { permanent_uuid: "a76da7b971cd46b59acf439f355dfe4e" member_type: VOTER last_known_addr { host: "127.0.107.194" port: 46153 } } peers { permanent_uuid: "25e03419294849b1bbb1291b46321936" member_type: VOTER last_known_addr { host: "127.0.107.195" port: 45705 } }
I20260710 13:16:46.850014  1252 leader_election.cc:290] T 2bcdf51a417d4a209d71dc5e9f535a1d P 25e03419294849b1bbb1291b46321936 [CANDIDATE]: Term 1 pre-election: Requested pre-vote from peers b7d703a240aa40139952c62445eaf46e (127.0.107.193:36281), a76da7b971cd46b59acf439f355dfe4e (127.0.107.194:46153)
I20260710 13:16:46.850145  1247 tablet_bootstrap.cc:492] T a51b922192cc428baeb3dd6e7ce0e8bc P b7d703a240aa40139952c62445eaf46e: No bootstrap required, opened a new log
I20260710 13:16:46.850725  1247 ts_tablet_manager.cc:1403] T a51b922192cc428baeb3dd6e7ce0e8bc P b7d703a240aa40139952c62445eaf46e: Time spent bootstrapping tablet: real 0.073s	user 0.016s	sys 0.000s
I20260710 13:16:46.850965  1132 tablet_service.cc:1917] Received RequestConsensusVote() RPC: tablet_id: "38e2a69754f44d27b4e23d9bd894a2e3" candidate_uuid: "25e03419294849b1bbb1291b46321936" candidate_term: 1 candidate_status { last_received { term: 0 index: 0 } } ignore_live_leader: false dest_uuid: "a76da7b971cd46b59acf439f355dfe4e" is_pre_election: true
W20260710 13:16:46.852946  1171 leader_election.cc:343] T 38e2a69754f44d27b4e23d9bd894a2e3 P 25e03419294849b1bbb1291b46321936 [CANDIDATE]: Term 1 pre-election: Tablet error from VoteRequest() call to peer a76da7b971cd46b59acf439f355dfe4e (127.0.107.194:46153): Illegal state: must be running to vote when last-logged opid is not known
I20260710 13:16:46.853714  1057 tablet_service.cc:1917] Received RequestConsensusVote() RPC: tablet_id: "2bcdf51a417d4a209d71dc5e9f535a1d" candidate_uuid: "25e03419294849b1bbb1291b46321936" candidate_term: 1 candidate_status { last_received { term: 0 index: 0 } } ignore_live_leader: false dest_uuid: "b7d703a240aa40139952c62445eaf46e" is_pre_election: true
I20260710 13:16:46.854221  1247 raft_consensus.cc:359] T a51b922192cc428baeb3dd6e7ce0e8bc P b7d703a240aa40139952c62445eaf46e [term 0 FOLLOWER]: Replica starting. Triggering 0 pending ops. Active config: opid_index: -1 OBSOLETE_local: false peers { permanent_uuid: "b7d703a240aa40139952c62445eaf46e" member_type: VOTER last_known_addr { host: "127.0.107.193" port: 36281 } } peers { permanent_uuid: "a76da7b971cd46b59acf439f355dfe4e" member_type: VOTER last_known_addr { host: "127.0.107.194" port: 46153 } } peers { permanent_uuid: "25e03419294849b1bbb1291b46321936" member_type: VOTER last_known_addr { host: "127.0.107.195" port: 45705 } }
I20260710 13:16:46.855118  1247 raft_consensus.cc:385] T a51b922192cc428baeb3dd6e7ce0e8bc P b7d703a240aa40139952c62445eaf46e [term 0 FOLLOWER]: Consensus starting up: Expiring failure detector timer to make a prompt election more likely
I20260710 13:16:46.855460  1247 raft_consensus.cc:740] T a51b922192cc428baeb3dd6e7ce0e8bc P b7d703a240aa40139952c62445eaf46e [term 0 FOLLOWER]: Becoming Follower/Learner. State: Replica: b7d703a240aa40139952c62445eaf46e, State: Initialized, Role: FOLLOWER
I20260710 13:16:46.856459  1132 tablet_service.cc:1917] Received RequestConsensusVote() RPC: tablet_id: "2bcdf51a417d4a209d71dc5e9f535a1d" candidate_uuid: "25e03419294849b1bbb1291b46321936" candidate_term: 1 candidate_status { last_received { term: 0 index: 0 } } ignore_live_leader: false dest_uuid: "a76da7b971cd46b59acf439f355dfe4e" is_pre_election: true
I20260710 13:16:46.856904  1258 leader_election.cc:290] T 8b51176344914144baa82a2eaf805ea5 P b7d703a240aa40139952c62445eaf46e [CANDIDATE]: Term 1 election: Requested vote from peers a76da7b971cd46b59acf439f355dfe4e (127.0.107.194:46153), 25e03419294849b1bbb1291b46321936 (127.0.107.195:45705)
