I20260710 13:16:31.016865   566 leader_election.cc:290] T 7533331077724856bffd002ebf9ca19a P 3f21f509dea94ddaa8494b56605606ce [CANDIDATE]: Term 2 election: Requested vote from peers d4cda7e93e544b8e9f8bc5e481c7d477 (127.0.107.194:37933), cc3baf36f91742f792a20a8efe4c0ca1 (127.0.107.195:41697)
I20260710 13:16:31.017465   640 tablet_service.cc:1917] Received RequestConsensusVote() RPC: tablet_id: "7533331077724856bffd002ebf9ca19a" candidate_uuid: "3f21f509dea94ddaa8494b56605606ce" candidate_term: 2 candidate_status { last_received { term: 1 index: 1 } } ignore_live_leader: true dest_uuid: "d4cda7e93e544b8e9f8bc5e481c7d477"
I20260710 13:16:31.018007   640 raft_consensus.cc:3060] T 7533331077724856bffd002ebf9ca19a P d4cda7e93e544b8e9f8bc5e481c7d477 [term 1 FOLLOWER]: Advancing to term 2
I20260710 13:16:31.018076   713 tablet_service.cc:1917] Received RequestConsensusVote() RPC: tablet_id: "7533331077724856bffd002ebf9ca19a" candidate_uuid: "3f21f509dea94ddaa8494b56605606ce" candidate_term: 2 candidate_status { last_received { term: 1 index: 1 } } ignore_live_leader: true dest_uuid: "cc3baf36f91742f792a20a8efe4c0ca1"
I20260710 13:16:31.018787   713 raft_consensus.cc:3055] T 7533331077724856bffd002ebf9ca19a P cc3baf36f91742f792a20a8efe4c0ca1 [term 1 LEADER]: Stepping down as leader of term 1
I20260710 13:16:31.019078   713 raft_consensus.cc:740] T 7533331077724856bffd002ebf9ca19a P cc3baf36f91742f792a20a8efe4c0ca1 [term 1 LEADER]: Becoming Follower/Learner. State: Replica: cc3baf36f91742f792a20a8efe4c0ca1, State: Running, Role: LEADER
I20260710 13:16:31.019941   713 consensus_queue.cc:260] T 7533331077724856bffd002ebf9ca19a P cc3baf36f91742f792a20a8efe4c0ca1 [NON_LEADER]: Queue going to NON_LEADER mode. State: All replicated index: 0, Majority replicated index: 1, Committed index: 1, Last appended: 1.1, Last appended by leader: 1, Current term: 1, Majority size: -1, State: 0, Mode: NON_LEADER, active raft config: opid_index: -1 OBSOLETE_local: false peers { permanent_uuid: "3f21f509dea94ddaa8494b56605606ce" member_type: VOTER last_known_addr { host: "127.0.107.193" port: 44125 } } peers { permanent_uuid: "d4cda7e93e544b8e9f8bc5e481c7d477" member_type: VOTER last_known_addr { host: "127.0.107.194" port: 37933 } } peers { permanent_uuid: "cc3baf36f91742f792a20a8efe4c0ca1" member_type: VOTER last_known_addr { host: "127.0.107.195" port: 41697 } }
I20260710 13:16:31.021061   713 raft_consensus.cc:3060] T 7533331077724856bffd002ebf9ca19a P cc3baf36f91742f792a20a8efe4c0ca1 [term 1 FOLLOWER]: Advancing to term 2
I20260710 13:16:31.023149   640 raft_consensus.cc:2468] T 7533331077724856bffd002ebf9ca19a P d4cda7e93e544b8e9f8bc5e481c7d477 [term 2 FOLLOWER]: Leader election vote request: Granting yes vote for candidate 3f21f509dea94ddaa8494b56605606ce in term 2.
I20260710 13:16:31.024124   529 leader_election.cc:304] T 7533331077724856bffd002ebf9ca19a P 3f21f509dea94ddaa8494b56605606ce [CANDIDATE]: Term 2 election: Election decided. Result: candidate won. Election summary: received 2 responses out of 3 voters: 2 yes votes; 0 no votes. yes voters: 3f21f509dea94ddaa8494b56605606ce, d4cda7e93e544b8e9f8bc5e481c7d477; no voters: 
I20260710 13:16:31.024771   767 raft_consensus.cc:2804] T 7533331077724856bffd002ebf9ca19a P 3f21f509dea94ddaa8494b56605606ce [term 2 FOLLOWER]: Leader election won for term 2
I20260710 13:16:31.025224   767 raft_consensus.cc:697] T 7533331077724856bffd002ebf9ca19a P 3f21f509dea94ddaa8494b56605606ce [term 2 LEADER]: Becoming Leader. State: Replica: 3f21f509dea94ddaa8494b56605606ce, State: Running, Role: LEADER
I20260710 13:16:31.026007   767 consensus_queue.cc:237] T 7533331077724856bffd002ebf9ca19a P 3f21f509dea94ddaa8494b56605606ce [LEADER]: Queue going to LEADER mode. State: All replicated index: 0, Majority replicated index: 1, Committed index: 1, Last appended: 1.1, Last appended by leader: 1, Current term: 2, Majority size: 2, State: 0, Mode: LEADER, active raft config: opid_index: -1 OBSOLETE_local: false peers { permanent_uuid: "3f21f509dea94ddaa8494b56605606ce" member_type: VOTER last_known_addr { host: "127.0.107.193" port: 44125 } } peers { permanent_uuid: "d4cda7e93e544b8e9f8bc5e481c7d477" member_type: VOTER last_known_addr { host: "127.0.107.194" port: 37933 } } peers { permanent_uuid: "cc3baf36f91742f792a20a8efe4c0ca1" member_type: VOTER last_known_addr { host: "127.0.107.195" port: 41697 } }
I20260710 13:16:31.026629   713 raft_consensus.cc:2468] T 7533331077724856bffd002ebf9ca19a P cc3baf36f91742f792a20a8efe4c0ca1 [term 2 FOLLOWER]: Leader election vote request: Granting yes vote for candidate 3f21f509dea94ddaa8494b56605606ce in term 2.
I20260710 13:16:31.030092   859 raft_consensus.cc:993] T c7c6949d3a92404db0e4135f9dae1587 P d4cda7e93e544b8e9f8bc5e481c7d477: : Instructing follower 3f21f509dea94ddaa8494b56605606ce to start an election
I20260710 13:16:31.030633   839 raft_consensus.cc:1081] T c7c6949d3a92404db0e4135f9dae1587 P d4cda7e93e544b8e9f8bc5e481c7d477 [term 1 LEADER]: Signalling peer 3f21f509dea94ddaa8494b56605606ce to start an election
I20260710 13:16:31.032415   566 tablet_service.cc:2044] Received Run Leader Election RPC: tablet_id: "c7c6949d3a92404db0e4135f9dae1587"
dest_uuid: "3f21f509dea94ddaa8494b56605606ce"
 from {username='slave'} at 127.0.0.1:46716
I20260710 13:16:31.032917   566 raft_consensus.cc:493] T c7c6949d3a92404db0e4135f9dae1587 P 3f21f509dea94ddaa8494b56605606ce [term 1 FOLLOWER]: Starting forced leader election (received explicit request)
I20260710 13:16:31.033288   566 raft_consensus.cc:3060] T c7c6949d3a92404db0e4135f9dae1587 P 3f21f509dea94ddaa8494b56605606ce [term 1 FOLLOWER]: Advancing to term 2
I20260710 13:16:31.034565   461 catalog_manager.cc:5697] T 7533331077724856bffd002ebf9ca19a P 3f21f509dea94ddaa8494b56605606ce reported cstate change: term changed from 1 to 2, leader changed from cc3baf36f91742f792a20a8efe4c0ca1 (127.0.107.195) to 3f21f509dea94ddaa8494b56605606ce (127.0.107.193). New cstate: current_term: 2 leader_uuid: "3f21f509dea94ddaa8494b56605606ce" committed_config { opid_index: -1 OBSOLETE_local: false peers { permanent_uuid: "3f21f509dea94ddaa8494b56605606ce" member_type: VOTER last_known_addr { host: "127.0.107.193" port: 44125 } health_report { overall_health: HEALTHY } } peers { permanent_uuid: "d4cda7e93e544b8e9f8bc5e481c7d477" member_type: VOTER last_known_addr { host: "127.0.107.194" port: 37933 } health_report { overall_health: UNKNOWN } } peers { permanent_uuid: "cc3baf36f91742f792a20a8efe4c0ca1" member_type: VOTER last_known_addr { host: "127.0.107.195" port: 41697 } health_report { overall_health: UNKNOWN } } }
I20260710 13:16:31.038350   847 raft_consensus.cc:993] T d49bc6e4aa034ba08d471cd6d14dcabe P 3f21f509dea94ddaa8494b56605606ce: : Instructing follower cc3baf36f91742f792a20a8efe4c0ca1 to start an election
I20260710 13:16:31.039870   566 raft_consensus.cc:515] T c7c6949d3a92404db0e4135f9dae1587 P 3f21f509dea94ddaa8494b56605606ce [term 2 FOLLOWER]: Starting forced leader election with config: opid_index: -1 OBSOLETE_local: false peers { permanent_uuid: "3f21f509dea94ddaa8494b56605606ce" member_type: VOTER last_known_addr { host: "127.0.107.193" port: 44125 } } peers { permanent_uuid: "d4cda7e93e544b8e9f8bc5e481c7d477" member_type: VOTER last_known_addr { host: "127.0.107.194" port: 37933 } } peers { permanent_uuid: "cc3baf36f91742f792a20a8efe4c0ca1" member_type: VOTER last_known_addr { host: "127.0.107.195" port: 41697 } }
I20260710 13:16:31.041879   566 leader_election.cc:290] T c7c6949d3a92404db0e4135f9dae1587 P 3f21f509dea94ddaa8494b56605606ce [CANDIDATE]: Term 2 election: Requested vote from peers d4cda7e93e544b8e9f8bc5e481c7d477 (127.0.107.194:37933), cc3baf36f91742f792a20a8efe4c0ca1 (127.0.107.195:41697)
I20260710 13:16:31.042974   713 tablet_service.cc:1917] Received RequestConsensusVote() RPC: tablet_id: "c7c6949d3a92404db0e4135f9dae1587" candidate_uuid: "3f21f509dea94ddaa8494b56605606ce" candidate_term: 2 candidate_status { last_received { term: 1 index: 1 } } ignore_live_leader: true dest_uuid: "cc3baf36f91742f792a20a8efe4c0ca1"
I20260710 13:16:31.042950   847 raft_consensus.cc:1081] T d49bc6e4aa034ba08d471cd6d14dcabe P 3f21f509dea94ddaa8494b56605606ce [term 1 LEADER]: Signalling peer cc3baf36f91742f792a20a8efe4c0ca1 to start an election
I20260710 13:16:31.043608   713 raft_consensus.cc:3060] T c7c6949d3a92404db0e4135f9dae1587 P cc3baf36f91742f792a20a8efe4c0ca1 [term 1 FOLLOWER]: Advancing to term 2
I20260710 13:16:31.044725   640 tablet_service.cc:1917] Received RequestConsensusVote() RPC: tablet_id: "c7c6949d3a92404db0e4135f9dae1587" candidate_uuid: "3f21f509dea94ddaa8494b56605606ce" candidate_term: 2 candidate_status { last_received { term: 1 index: 1 } } ignore_live_leader: true dest_uuid: "d4cda7e93e544b8e9f8bc5e481c7d477"
I20260710 13:16:31.045291   640 raft_consensus.cc:3055] T c7c6949d3a92404db0e4135f9dae1587 P d4cda7e93e544b8e9f8bc5e481c7d477 [term 1 LEADER]: Stepping down as leader of term 1
I20260710 13:16:31.045635   640 raft_consensus.cc:740] T c7c6949d3a92404db0e4135f9dae1587 P d4cda7e93e544b8e9f8bc5e481c7d477 [term 1 LEADER]: Becoming Follower/Learner. State: Replica: d4cda7e93e544b8e9f8bc5e481c7d477, State: Running, Role: LEADER
I20260710 13:16:31.046851   715 tablet_service.cc:2044] Received Run Leader Election RPC: tablet_id: "d49bc6e4aa034ba08d471cd6d14dcabe"
dest_uuid: "cc3baf36f91742f792a20a8efe4c0ca1"
 from {username='slave'} at 127.0.0.1:51136
I20260710 13:16:31.046423   640 consensus_queue.cc:260] T c7c6949d3a92404db0e4135f9dae1587 P d4cda7e93e544b8e9f8bc5e481c7d477 [NON_LEADER]: Queue going to NON_LEADER mode. State: All replicated index: 0, Majority replicated index: 1, Committed index: 1, Last appended: 1.1, Last appended by leader: 1, Current term: 1, Majority size: -1, State: 0, Mode: NON_LEADER, active raft config: opid_index: -1 OBSOLETE_local: false peers { permanent_uuid: "3f21f509dea94ddaa8494b56605606ce" member_type: VOTER last_known_addr { host: "127.0.107.193" port: 44125 } } peers { permanent_uuid: "d4cda7e93e544b8e9f8bc5e481c7d477" member_type: VOTER last_known_addr { host: "127.0.107.194" port: 37933 } } peers { permanent_uuid: "cc3baf36f91742f792a20a8efe4c0ca1" member_type: VOTER last_known_addr { host: "127.0.107.195" port: 41697 } }
I20260710 13:16:31.047317   715 raft_consensus.cc:493] T d49bc6e4aa034ba08d471cd6d14dcabe P cc3baf36f91742f792a20a8efe4c0ca1 [term 1 FOLLOWER]: Starting forced leader election (received explicit request)
I20260710 13:16:31.047771   715 raft_consensus.cc:3060] T d49bc6e4aa034ba08d471cd6d14dcabe P cc3baf36f91742f792a20a8efe4c0ca1 [term 1 FOLLOWER]: Advancing to term 2
I20260710 13:16:31.048009   640 raft_consensus.cc:3060] T c7c6949d3a92404db0e4135f9dae1587 P d4cda7e93e544b8e9f8bc5e481c7d477 [term 1 FOLLOWER]: Advancing to term 2
I20260710 13:16:31.049189   860 raft_consensus.cc:993] T b89f9e8ee73a4e73bec7b6750e3ab9af P 3f21f509dea94ddaa8494b56605606ce: : Instructing follower d4cda7e93e544b8e9f8bc5e481c7d477 to start an election
I20260710 13:16:31.049610   860 raft_consensus.cc:1081] T b89f9e8ee73a4e73bec7b6750e3ab9af P 3f21f509dea94ddaa8494b56605606ce [term 1 LEADER]: Signalling peer d4cda7e93e544b8e9f8bc5e481c7d477 to start an election
I20260710 13:16:31.050575   713 raft_consensus.cc:2468] T c7c6949d3a92404db0e4135f9dae1587 P cc3baf36f91742f792a20a8efe4c0ca1 [term 2 FOLLOWER]: Leader election vote request: Granting yes vote for candidate 3f21f509dea94ddaa8494b56605606ce in term 2.
I20260710 13:16:31.051822   530 leader_election.cc:304] T c7c6949d3a92404db0e4135f9dae1587 P 3f21f509dea94ddaa8494b56605606ce [CANDIDATE]: Term 2 election: Election decided. Result: candidate won. Election summary: received 2 responses out of 3 voters: 2 yes votes; 0 no votes. yes voters: 3f21f509dea94ddaa8494b56605606ce, cc3baf36f91742f792a20a8efe4c0ca1; no voters: 
I20260710 13:16:31.053207   847 raft_consensus.cc:2804] T c7c6949d3a92404db0e4135f9dae1587 P 3f21f509dea94ddaa8494b56605606ce [term 2 FOLLOWER]: Leader election won for term 2
I20260710 13:16:31.053587   640 raft_consensus.cc:2468] T c7c6949d3a92404db0e4135f9dae1587 P d4cda7e93e544b8e9f8bc5e481c7d477 [term 2 FOLLOWER]: Leader election vote request: Granting yes vote for candidate 3f21f509dea94ddaa8494b56605606ce in term 2.
I20260710 13:16:31.053670   847 raft_consensus.cc:697] T c7c6949d3a92404db0e4135f9dae1587 P 3f21f509dea94ddaa8494b56605606ce [term 2 LEADER]: Becoming Leader. State: Replica: 3f21f509dea94ddaa8494b56605606ce, State: Running, Role: LEADER
I20260710 13:16:31.054566   847 consensus_queue.cc:237] T c7c6949d3a92404db0e4135f9dae1587 P 3f21f509dea94ddaa8494b56605606ce [LEADER]: Queue going to LEADER mode. State: All replicated index: 0, Majority replicated index: 1, Committed index: 1, Last appended: 1.1, Last appended by leader: 1, Current term: 2, Majority size: 2, State: 0, Mode: LEADER, active raft config: opid_index: -1 OBSOLETE_local: false peers { permanent_uuid: "3f21f509dea94ddaa8494b56605606ce" member_type: VOTER last_known_addr { host: "127.0.107.193" port: 44125 } } peers { permanent_uuid: "d4cda7e93e544b8e9f8bc5e481c7d477" member_type: VOTER last_known_addr { host: "127.0.107.194" port: 37933 } } peers { permanent_uuid: "cc3baf36f91742f792a20a8efe4c0ca1" member_type: VOTER last_known_addr { host: "127.0.107.195" port: 41697 } }
I20260710 13:16:31.054790   715 raft_consensus.cc:515] T d49bc6e4aa034ba08d471cd6d14dcabe P cc3baf36f91742f792a20a8efe4c0ca1 [term 2 FOLLOWER]: Starting forced leader election with config: opid_index: -1 OBSOLETE_local: false peers { permanent_uuid: "3f21f509dea94ddaa8494b56605606ce" member_type: VOTER last_known_addr { host: "127.0.107.193" port: 44125 } } peers { permanent_uuid: "d4cda7e93e544b8e9f8bc5e481c7d477" member_type: VOTER last_known_addr { host: "127.0.107.194" port: 37933 } } peers { permanent_uuid: "cc3baf36f91742f792a20a8efe4c0ca1" member_type: VOTER last_known_addr { host: "127.0.107.195" port: 41697 } }
I20260710 13:16:31.056653   640 tablet_service.cc:2044] Received Run Leader Election RPC: tablet_id: "b89f9e8ee73a4e73bec7b6750e3ab9af"
dest_uuid: "d4cda7e93e544b8e9f8bc5e481c7d477"
 from {username='slave'} at 127.0.0.1:37632
I20260710 13:16:31.056828   715 leader_election.cc:290] T d49bc6e4aa034ba08d471cd6d14dcabe P cc3baf36f91742f792a20a8efe4c0ca1 [CANDIDATE]: Term 2 election: Requested vote from peers 3f21f509dea94ddaa8494b56605606ce (127.0.107.193:44125), d4cda7e93e544b8e9f8bc5e481c7d477 (127.0.107.194:37933)
I20260710 13:16:31.057171   640 raft_consensus.cc:493] T b89f9e8ee73a4e73bec7b6750e3ab9af P d4cda7e93e544b8e9f8bc5e481c7d477 [term 1 FOLLOWER]: Starting forced leader election (received explicit request)
I20260710 13:16:31.057510   566 tablet_service.cc:1917] Received RequestConsensusVote() RPC: tablet_id: "d49bc6e4aa034ba08d471cd6d14dcabe" candidate_uuid: "cc3baf36f91742f792a20a8efe4c0ca1" candidate_term: 2 candidate_status { last_received { term: 1 index: 1 } } ignore_live_leader: true dest_uuid: "3f21f509dea94ddaa8494b56605606ce"
I20260710 13:16:31.057653   640 raft_consensus.cc:3060] T b89f9e8ee73a4e73bec7b6750e3ab9af P d4cda7e93e544b8e9f8bc5e481c7d477 [term 1 FOLLOWER]: Advancing to term 2
I20260710 13:16:31.058110   566 raft_consensus.cc:3055] T d49bc6e4aa034ba08d471cd6d14dcabe P 3f21f509dea94ddaa8494b56605606ce [term 1 LEADER]: Stepping down as leader of term 1
I20260710 13:16:31.058452   566 raft_consensus.cc:740] T d49bc6e4aa034ba08d471cd6d14dcabe P 3f21f509dea94ddaa8494b56605606ce [term 1 LEADER]: Becoming Follower/Learner. State: Replica: 3f21f509dea94ddaa8494b56605606ce, State: Running, Role: LEADER
I20260710 13:16:31.059288   566 consensus_queue.cc:260] T d49bc6e4aa034ba08d471cd6d14dcabe P 3f21f509dea94ddaa8494b56605606ce [NON_LEADER]: Queue going to NON_LEADER mode. State: All replicated index: 0, Majority replicated index: 1, Committed index: 1, Last appended: 1.1, Last appended by leader: 1, Current term: 1, Majority size: -1, State: 0, Mode: NON_LEADER, active raft config: opid_index: -1 OBSOLETE_local: false peers { permanent_uuid: "3f21f509dea94ddaa8494b56605606ce" member_type: VOTER last_known_addr { host: "127.0.107.193" port: 44125 } } peers { permanent_uuid: "d4cda7e93e544b8e9f8bc5e481c7d477" member_type: VOTER last_known_addr { host: "127.0.107.194" port: 37933 } } peers { permanent_uuid: "cc3baf36f91742f792a20a8efe4c0ca1" member_type: VOTER last_known_addr { host: "127.0.107.195" port: 41697 } }
I20260710 13:16:31.060467   566 raft_consensus.cc:3060] T d49bc6e4aa034ba08d471cd6d14dcabe P 3f21f509dea94ddaa8494b56605606ce [term 1 FOLLOWER]: Advancing to term 2
I20260710 13:16:31.060972   715 raft_consensus.cc:1275] T 5b4a1dd1dfac4d01bbf40e438baec3c4 P cc3baf36f91742f792a20a8efe4c0ca1 [term 2 FOLLOWER]: Refusing update from remote peer 3f21f509dea94ddaa8494b56605606ce: Log matching property violated. Preceding OpId in replica: term: 0 index: 0. Preceding OpId from leader: term: 2 index: 1. (index mismatch)
I20260710 13:16:31.062453   861 consensus_queue.cc:1048] T 5b4a1dd1dfac4d01bbf40e438baec3c4 P 3f21f509dea94ddaa8494b56605606ce [LEADER]: Connected to new peer: Peer: permanent_uuid: "cc3baf36f91742f792a20a8efe4c0ca1" member_type: VOTER last_known_addr { host: "127.0.107.195" port: 41697 }, Status: LMP_MISMATCH, Last received: 0.0, Next index: 1, Last known committed idx: 0, Time since last communication: 0.001s
I20260710 13:16:31.062790   641 tablet_service.cc:1917] Received RequestConsensusVote() RPC: tablet_id: "d49bc6e4aa034ba08d471cd6d14dcabe" candidate_uuid: "cc3baf36f91742f792a20a8efe4c0ca1" candidate_term: 2 candidate_status { last_received { term: 1 index: 1 } } ignore_live_leader: true dest_uuid: "d4cda7e93e544b8e9f8bc5e481c7d477"
I20260710 13:16:31.063524   641 raft_consensus.cc:3060] T d49bc6e4aa034ba08d471cd6d14dcabe P d4cda7e93e544b8e9f8bc5e481c7d477 [term 1 FOLLOWER]: Advancing to term 2
I20260710 13:16:31.069007   566 raft_consensus.cc:2468] T d49bc6e4aa034ba08d471cd6d14dcabe P 3f21f509dea94ddaa8494b56605606ce [term 2 FOLLOWER]: Leader election vote request: Granting yes vote for candidate cc3baf36f91742f792a20a8efe4c0ca1 in term 2.
I20260710 13:16:31.070019   641 raft_consensus.cc:2468] T d49bc6e4aa034ba08d471cd6d14dcabe P d4cda7e93e544b8e9f8bc5e481c7d477 [term 2 FOLLOWER]: Leader election vote request: Granting yes vote for candidate cc3baf36f91742f792a20a8efe4c0ca1 in term 2.
I20260710 13:16:31.070288   681 leader_election.cc:304] T d49bc6e4aa034ba08d471cd6d14dcabe P cc3baf36f91742f792a20a8efe4c0ca1 [CANDIDATE]: Term 2 election: Election decided. Result: candidate won. Election summary: received 2 responses out of 3 voters: 2 yes votes; 0 no votes. yes voters: 3f21f509dea94ddaa8494b56605606ce, cc3baf36f91742f792a20a8efe4c0ca1; no voters: 
I20260710 13:16:31.071177   857 raft_consensus.cc:2804] T d49bc6e4aa034ba08d471cd6d14dcabe P cc3baf36f91742f792a20a8efe4c0ca1 [term 2 FOLLOWER]: Leader election won for term 2
I20260710 13:16:31.071628   857 raft_consensus.cc:697] T d49bc6e4aa034ba08d471cd6d14dcabe P cc3baf36f91742f792a20a8efe4c0ca1 [term 2 LEADER]: Becoming Leader. State: Replica: cc3baf36f91742f792a20a8efe4c0ca1, State: Running, Role: LEADER
I20260710 13:16:31.071636   461 catalog_manager.cc:5697] T c7c6949d3a92404db0e4135f9dae1587 P 3f21f509dea94ddaa8494b56605606ce reported cstate change: term changed from 1 to 2, leader changed from d4cda7e93e544b8e9f8bc5e481c7d477 (127.0.107.194) to 3f21f509dea94ddaa8494b56605606ce (127.0.107.193). New cstate: current_term: 2 leader_uuid: "3f21f509dea94ddaa8494b56605606ce" committed_config { opid_index: -1 OBSOLETE_local: false peers { permanent_uuid: "3f21f509dea94ddaa8494b56605606ce" member_type: VOTER last_known_addr { host: "127.0.107.193" port: 44125 } health_report { overall_health: HEALTHY } } peers { permanent_uuid: "d4cda7e93e544b8e9f8bc5e481c7d477" member_type: VOTER last_known_addr { host: "127.0.107.194" port: 37933 } health_report { overall_health: UNKNOWN } } peers { permanent_uuid: "cc3baf36f91742f792a20a8efe4c0ca1" member_type: VOTER last_known_addr { host: "127.0.107.195" port: 41697 } health_report { overall_health: UNKNOWN } } }
I20260710 13:16:31.072513   857 consensus_queue.cc:237] T d49bc6e4aa034ba08d471cd6d14dcabe P cc3baf36f91742f792a20a8efe4c0ca1 [LEADER]: Queue going to LEADER mode. State: All replicated index: 0, Majority replicated index: 1, Committed index: 1, Last appended: 1.1, Last appended by leader: 1, Current term: 2, Majority size: 2, State: 0, Mode: LEADER, active raft config: opid_index: -1 OBSOLETE_local: false peers { permanent_uuid: "3f21f509dea94ddaa8494b56605606ce" member_type: VOTER last_known_addr { host: "127.0.107.193" port: 44125 } } peers { permanent_uuid: "d4cda7e93e544b8e9f8bc5e481c7d477" member_type: VOTER last_known_addr { host: "127.0.107.194" port: 37933 } } peers { permanent_uuid: "cc3baf36f91742f792a20a8efe4c0ca1" member_type: VOTER last_known_addr { host: "127.0.107.195" port: 41697 } }
I20260710 13:16:31.074782   640 raft_consensus.cc:515] T b89f9e8ee73a4e73bec7b6750e3ab9af P d4cda7e93e544b8e9f8bc5e481c7d477 [term 2 FOLLOWER]: Starting forced leader election with config: opid_index: -1 OBSOLETE_local: false peers { permanent_uuid: "3f21f509dea94ddaa8494b56605606ce" member_type: VOTER last_known_addr { host: "127.0.107.193" port: 44125 } } peers { permanent_uuid: "d4cda7e93e544b8e9f8bc5e481c7d477" member_type: VOTER last_known_addr { host: "127.0.107.194" port: 37933 } } peers { permanent_uuid: "cc3baf36f91742f792a20a8efe4c0ca1" member_type: VOTER last_known_addr { host: "127.0.107.195" port: 41697 } }
I20260710 13:16:31.076822   640 leader_election.cc:290] T b89f9e8ee73a4e73bec7b6750e3ab9af P d4cda7e93e544b8e9f8bc5e481c7d477 [CANDIDATE]: Term 2 election: Requested vote from peers 3f21f509dea94ddaa8494b56605606ce (127.0.107.193:44125), cc3baf36f91742f792a20a8efe4c0ca1 (127.0.107.195:41697)
I20260710 13:16:31.078538   713 tablet_service.cc:1917] Received RequestConsensusVote() RPC: tablet_id: "b89f9e8ee73a4e73bec7b6750e3ab9af" candidate_uuid: "d4cda7e93e544b8e9f8bc5e481c7d477" candidate_term: 2 candidate_status { last_received { term: 1 index: 1 } } ignore_live_leader: true dest_uuid: "cc3baf36f91742f792a20a8efe4c0ca1"
I20260710 13:16:31.078475   566 tablet_service.cc:1917] Received RequestConsensusVote() RPC: tablet_id: "b89f9e8ee73a4e73bec7b6750e3ab9af" candidate_uuid: "d4cda7e93e544b8e9f8bc5e481c7d477" candidate_term: 2 candidate_status { last_received { term: 1 index: 1 } } ignore_live_leader: true dest_uuid: "3f21f509dea94ddaa8494b56605606ce"
I20260710 13:16:31.079631   566 raft_consensus.cc:3055] T b89f9e8ee73a4e73bec7b6750e3ab9af P 3f21f509dea94ddaa8494b56605606ce [term 1 LEADER]: Stepping down as leader of term 1
I20260710 13:16:31.079982   566 raft_consensus.cc:740] T b89f9e8ee73a4e73bec7b6750e3ab9af P 3f21f509dea94ddaa8494b56605606ce [term 1 LEADER]: Becoming Follower/Learner. State: Replica: 3f21f509dea94ddaa8494b56605606ce, State: Running, Role: LEADER
I20260710 13:16:31.080891   566 consensus_queue.cc:260] T b89f9e8ee73a4e73bec7b6750e3ab9af P 3f21f509dea94ddaa8494b56605606ce [NON_LEADER]: Queue going to NON_LEADER mode. State: All replicated index: 0, Majority replicated index: 1, Committed index: 1, Last appended: 1.1, Last appended by leader: 1, Current term: 1, Majority size: -1, State: 0, Mode: NON_LEADER, active raft config: opid_index: -1 OBSOLETE_local: false peers { permanent_uuid: "3f21f509dea94ddaa8494b56605606ce" member_type: VOTER last_known_addr { host: "127.0.107.193" port: 44125 } } peers { permanent_uuid: "d4cda7e93e544b8e9f8bc5e481c7d477" member_type: VOTER last_known_addr { host: "127.0.107.194" port: 37933 } } peers { permanent_uuid: "cc3baf36f91742f792a20a8efe4c0ca1" member_type: VOTER last_known_addr { host: "127.0.107.195" port: 41697 } }
I20260710 13:16:31.082181   566 raft_consensus.cc:3060] T b89f9e8ee73a4e73bec7b6750e3ab9af P 3f21f509dea94ddaa8494b56605606ce [term 1 FOLLOWER]: Advancing to term 2
I20260710 13:16:31.082882   713 raft_consensus.cc:3060] T b89f9e8ee73a4e73bec7b6750e3ab9af P cc3baf36f91742f792a20a8efe4c0ca1 [term 1 FOLLOWER]: Advancing to term 2
I20260710 13:16:31.088902   566 raft_consensus.cc:2468] T b89f9e8ee73a4e73bec7b6750e3ab9af P 3f21f509dea94ddaa8494b56605606ce [term 2 FOLLOWER]: Leader election vote request: Granting yes vote for candidate d4cda7e93e544b8e9f8bc5e481c7d477 in term 2.
I20260710 13:16:31.089452   713 raft_consensus.cc:2468] T b89f9e8ee73a4e73bec7b6750e3ab9af P cc3baf36f91742f792a20a8efe4c0ca1 [term 2 FOLLOWER]: Leader election vote request: Granting yes vote for candidate d4cda7e93e544b8e9f8bc5e481c7d477 in term 2.
I20260710 13:16:31.090159   607 leader_election.cc:304] T b89f9e8ee73a4e73bec7b6750e3ab9af P d4cda7e93e544b8e9f8bc5e481c7d477 [CANDIDATE]: Term 2 election: Election decided. Result: candidate won. Election summary: received 2 responses out of 3 voters: 2 yes votes; 0 no votes. yes voters: 3f21f509dea94ddaa8494b56605606ce, d4cda7e93e544b8e9f8bc5e481c7d477; no voters: 
I20260710 13:16:31.091404   839 raft_consensus.cc:2804] T b89f9e8ee73a4e73bec7b6750e3ab9af P d4cda7e93e544b8e9f8bc5e481c7d477 [term 2 FOLLOWER]: Leader election won for term 2
I20260710 13:16:31.091917   839 raft_consensus.cc:697] T b89f9e8ee73a4e73bec7b6750e3ab9af P d4cda7e93e544b8e9f8bc5e481c7d477 [term 2 LEADER]: Becoming Leader. State: Replica: d4cda7e93e544b8e9f8bc5e481c7d477, State: Running, Role: LEADER
I20260710 13:16:31.092970   839 consensus_queue.cc:237] T b89f9e8ee73a4e73bec7b6750e3ab9af P d4cda7e93e544b8e9f8bc5e481c7d477 [LEADER]: Queue going to LEADER mode. State: All replicated index: 0, Majority replicated index: 1, Committed index: 1, Last appended: 1.1, Last appended by leader: 1, Current term: 2, Majority size: 2, State: 0, Mode: LEADER, active raft config: opid_index: -1 OBSOLETE_local: false peers { permanent_uuid: "3f21f509dea94ddaa8494b56605606ce" member_type: VOTER last_known_addr { host: "127.0.107.193" port: 44125 } } peers { permanent_uuid: "d4cda7e93e544b8e9f8bc5e481c7d477" member_type: VOTER last_known_addr { host: "127.0.107.194" port: 37933 } } peers { permanent_uuid: "cc3baf36f91742f792a20a8efe4c0ca1" member_type: VOTER last_known_addr { host: "127.0.107.195" port: 41697 } }
I20260710 13:16:31.097689   461 catalog_manager.cc:5697] T d49bc6e4aa034ba08d471cd6d14dcabe P cc3baf36f91742f792a20a8efe4c0ca1 reported cstate change: term changed from 1 to 2, leader changed from 3f21f509dea94ddaa8494b56605606ce (127.0.107.193) to cc3baf36f91742f792a20a8efe4c0ca1 (127.0.107.195). New cstate: current_term: 2 leader_uuid: "cc3baf36f91742f792a20a8efe4c0ca1" committed_config { opid_index: -1 OBSOLETE_local: false peers { permanent_uuid: "3f21f509dea94ddaa8494b56605606ce" member_type: VOTER last_known_addr { host: "127.0.107.193" port: 44125 } health_report { overall_health: UNKNOWN } } peers { permanent_uuid: "d4cda7e93e544b8e9f8bc5e481c7d477" member_type: VOTER last_known_addr { host: "127.0.107.194" port: 37933 } health_report { overall_health: UNKNOWN } } peers { permanent_uuid: "cc3baf36f91742f792a20a8efe4c0ca1" member_type: VOTER last_known_addr { host: "127.0.107.195" port: 41697 } health_report { overall_health: HEALTHY } } }
I20260710 13:16:31.119387   641 raft_consensus.cc:1275] T 5b4a1dd1dfac4d01bbf40e438baec3c4 P d4cda7e93e544b8e9f8bc5e481c7d477 [term 2 FOLLOWER]: Refusing update from remote peer 3f21f509dea94ddaa8494b56605606ce: Log matching property violated. Preceding OpId in replica: term: 0 index: 0. Preceding OpId from leader: term: 2 index: 1. (index mismatch)
I20260710 13:16:31.121116   847 consensus_queue.cc:1048] T 5b4a1dd1dfac4d01bbf40e438baec3c4 P 3f21f509dea94ddaa8494b56605606ce [LEADER]: Connected to new peer: Peer: permanent_uuid: "d4cda7e93e544b8e9f8bc5e481c7d477" member_type: VOTER last_known_addr { host: "127.0.107.194" port: 37933 }, Status: LMP_MISMATCH, Last received: 0.0, Next index: 1, Last known committed idx: 0, Time since last communication: 0.000s
I20260710 13:16:31.124850   461 catalog_manager.cc:5697] T b89f9e8ee73a4e73bec7b6750e3ab9af P d4cda7e93e544b8e9f8bc5e481c7d477 reported cstate change: term changed from 1 to 2, leader changed from 3f21f509dea94ddaa8494b56605606ce (127.0.107.193) to d4cda7e93e544b8e9f8bc5e481c7d477 (127.0.107.194). New cstate: current_term: 2 leader_uuid: "d4cda7e93e544b8e9f8bc5e481c7d477" committed_config { opid_index: -1 OBSOLETE_local: false peers { permanent_uuid: "3f21f509dea94ddaa8494b56605606ce" member_type: VOTER last_known_addr { host: "127.0.107.193" port: 44125 } health_report { overall_health: UNKNOWN } } peers { permanent_uuid: "d4cda7e93e544b8e9f8bc5e481c7d477" member_type: VOTER last_known_addr { host: "127.0.107.194" port: 37933 } health_report { overall_health: HEALTHY } } peers { permanent_uuid: "cc3baf36f91742f792a20a8efe4c0ca1" member_type: VOTER last_known_addr { host: "127.0.107.195" port: 41697 } health_report { overall_health: UNKNOWN } } }
I20260710 13:16:31.202996   857 raft_consensus.cc:993] T 90453c8c25274bd19c66761fabfb9acc P cc3baf36f91742f792a20a8efe4c0ca1: : Instructing follower d4cda7e93e544b8e9f8bc5e481c7d477 to start an election
I20260710 13:16:31.203454   863 raft_consensus.cc:1081] T 90453c8c25274bd19c66761fabfb9acc P cc3baf36f91742f792a20a8efe4c0ca1 [term 1 LEADER]: Signalling peer d4cda7e93e544b8e9f8bc5e481c7d477 to start an election
I20260710 13:16:31.204864   641 tablet_service.cc:2044] Received Run Leader Election RPC: tablet_id: "90453c8c25274bd19c66761fabfb9acc"
dest_uuid: "d4cda7e93e544b8e9f8bc5e481c7d477"
 from {username='slave'} at 127.0.0.1:37624
I20260710 13:16:31.205314   641 raft_consensus.cc:493] T 90453c8c25274bd19c66761fabfb9acc P d4cda7e93e544b8e9f8bc5e481c7d477 [term 1 FOLLOWER]: Starting forced leader election (received explicit request)
I20260710 13:16:31.205636   641 raft_consensus.cc:3060] T 90453c8c25274bd19c66761fabfb9acc P d4cda7e93e544b8e9f8bc5e481c7d477 [term 1 FOLLOWER]: Advancing to term 2
I20260710 13:16:31.210270   641 raft_consensus.cc:515] T 90453c8c25274bd19c66761fabfb9acc P d4cda7e93e544b8e9f8bc5e481c7d477 [term 2 FOLLOWER]: Starting forced leader election with config: opid_index: -1 OBSOLETE_local: false peers { permanent_uuid: "3f21f509dea94ddaa8494b56605606ce" member_type: VOTER last_known_addr { host: "127.0.107.193" port: 44125 } } peers { permanent_uuid: "d4cda7e93e544b8e9f8bc5e481c7d477" member_type: VOTER last_known_addr { host: "127.0.107.194" port: 37933 } } peers { permanent_uuid: "cc3baf36f91742f792a20a8efe4c0ca1" member_type: VOTER last_known_addr { host: "127.0.107.195" port: 41697 } }
I20260710 13:16:31.211974   641 leader_election.cc:290] T 90453c8c25274bd19c66761fabfb9acc P d4cda7e93e544b8e9f8bc5e481c7d477 [CANDIDATE]: Term 2 election: Requested vote from peers 3f21f509dea94ddaa8494b56605606ce (127.0.107.193:44125), cc3baf36f91742f792a20a8efe4c0ca1 (127.0.107.195:41697)
I20260710 13:16:31.212944   566 tablet_service.cc:1917] Received RequestConsensusVote() RPC: tablet_id: "90453c8c25274bd19c66761fabfb9acc" candidate_uuid: "d4cda7e93e544b8e9f8bc5e481c7d477" candidate_term: 2 candidate_status { last_received { term: 1 index: 1 } } ignore_live_leader: true dest_uuid: "3f21f509dea94ddaa8494b56605606ce"
I20260710 13:16:31.213126   715 tablet_service.cc:1917] Received RequestConsensusVote() RPC: tablet_id: "90453c8c25274bd19c66761fabfb9acc" candidate_uuid: "d4cda7e93e544b8e9f8bc5e481c7d477" candidate_term: 2 candidate_status { last_received { term: 1 index: 1 } } ignore_live_leader: true dest_uuid: "cc3baf36f91742f792a20a8efe4c0ca1"
I20260710 13:16:31.213563   566 raft_consensus.cc:3060] T 90453c8c25274bd19c66761fabfb9acc P 3f21f509dea94ddaa8494b56605606ce [term 1 FOLLOWER]: Advancing to term 2
I20260710 13:16:31.213688   715 raft_consensus.cc:3055] T 90453c8c25274bd19c66761fabfb9acc P cc3baf36f91742f792a20a8efe4c0ca1 [term 1 LEADER]: Stepping down as leader of term 1
I20260710 13:16:31.214067   715 raft_consensus.cc:740] T 90453c8c25274bd19c66761fabfb9acc P cc3baf36f91742f792a20a8efe4c0ca1 [term 1 LEADER]: Becoming Follower/Learner. State: Replica: cc3baf36f91742f792a20a8efe4c0ca1, State: Running, Role: LEADER
I20260710 13:16:31.214986   715 consensus_queue.cc:260] T 90453c8c25274bd19c66761fabfb9acc P cc3baf36f91742f792a20a8efe4c0ca1 [NON_LEADER]: Queue going to NON_LEADER mode. State: All replicated index: 0, Majority replicated index: 1, Committed index: 1, Last appended: 1.1, Last appended by leader: 1, Current term: 1, Majority size: -1, State: 0, Mode: NON_LEADER, active raft config: opid_index: -1 OBSOLETE_local: false peers { permanent_uuid: "3f21f509dea94ddaa8494b56605606ce" member_type: VOTER last_known_addr { host: "127.0.107.193" port: 44125 } } peers { permanent_uuid: "d4cda7e93e544b8e9f8bc5e481c7d477" member_type: VOTER last_known_addr { host: "127.0.107.194" port: 37933 } } peers { permanent_uuid: "cc3baf36f91742f792a20a8efe4c0ca1" member_type: VOTER last_known_addr { host: "127.0.107.195" port: 41697 } }
I20260710 13:16:31.216284   715 raft_consensus.cc:3060] T 90453c8c25274bd19c66761fabfb9acc P cc3baf36f91742f792a20a8efe4c0ca1 [term 1 FOLLOWER]: Advancing to term 2
I20260710 13:16:31.220691   566 raft_consensus.cc:2468] T 90453c8c25274bd19c66761fabfb9acc P 3f21f509dea94ddaa8494b56605606ce [term 2 FOLLOWER]: Leader election vote request: Granting yes vote for candidate d4cda7e93e544b8e9f8bc5e481c7d477 in term 2.
I20260710 13:16:31.221917   607 leader_election.cc:304] T 90453c8c25274bd19c66761fabfb9acc P d4cda7e93e544b8e9f8bc5e481c7d477 [CANDIDATE]: Term 2 election: Election decided. Result: candidate won. Election summary: received 2 responses out of 3 voters: 2 yes votes; 0 no votes. yes voters: 3f21f509dea94ddaa8494b56605606ce, d4cda7e93e544b8e9f8bc5e481c7d477; no voters: 
I20260710 13:16:31.222581   839 raft_consensus.cc:2804] T 90453c8c25274bd19c66761fabfb9acc P d4cda7e93e544b8e9f8bc5e481c7d477 [term 2 FOLLOWER]: Leader election won for term 2
I20260710 13:16:31.222992   715 raft_consensus.cc:2468] T 90453c8c25274bd19c66761fabfb9acc P cc3baf36f91742f792a20a8efe4c0ca1 [term 2 FOLLOWER]: Leader election vote request: Granting yes vote for candidate d4cda7e93e544b8e9f8bc5e481c7d477 in term 2.
I20260710 13:16:31.223156   839 raft_consensus.cc:697] T 90453c8c25274bd19c66761fabfb9acc P d4cda7e93e544b8e9f8bc5e481c7d477 [term 2 LEADER]: Becoming Leader. State: Replica: d4cda7e93e544b8e9f8bc5e481c7d477, State: Running, Role: LEADER
I20260710 13:16:31.224090   839 consensus_queue.cc:237] T 90453c8c25274bd19c66761fabfb9acc P d4cda7e93e544b8e9f8bc5e481c7d477 [LEADER]: Queue going to LEADER mode. State: All replicated index: 0, Majority replicated index: 1, Committed index: 1, Last appended: 1.1, Last appended by leader: 1, Current term: 2, Majority size: 2, State: 0, Mode: LEADER, active raft config: opid_index: -1 OBSOLETE_local: false peers { permanent_uuid: "3f21f509dea94ddaa8494b56605606ce" member_type: VOTER last_known_addr { host: "127.0.107.193" port: 44125 } } peers { permanent_uuid: "d4cda7e93e544b8e9f8bc5e481c7d477" member_type: VOTER last_known_addr { host: "127.0.107.194" port: 37933 } } peers { permanent_uuid: "cc3baf36f91742f792a20a8efe4c0ca1" member_type: VOTER last_known_addr { host: "127.0.107.195" port: 41697 } }
I20260710 13:16:31.231405   461 catalog_manager.cc:5697] T 90453c8c25274bd19c66761fabfb9acc P d4cda7e93e544b8e9f8bc5e481c7d477 reported cstate change: term changed from 1 to 2, leader changed from cc3baf36f91742f792a20a8efe4c0ca1 (127.0.107.195) to d4cda7e93e544b8e9f8bc5e481c7d477 (127.0.107.194). New cstate: current_term: 2 leader_uuid: "d4cda7e93e544b8e9f8bc5e481c7d477" committed_config { opid_index: -1 OBSOLETE_local: false peers { permanent_uuid: "3f21f509dea94ddaa8494b56605606ce" member_type: VOTER last_known_addr { host: "127.0.107.193" port: 44125 } health_report { overall_health: UNKNOWN } } peers { permanent_uuid: "d4cda7e93e544b8e9f8bc5e481c7d477" member_type: VOTER last_known_addr { host: "127.0.107.194" port: 37933 } health_report { overall_health: HEALTHY } } peers { permanent_uuid: "cc3baf36f91742f792a20a8efe4c0ca1" member_type: VOTER last_known_addr { host: "127.0.107.195" port: 41697 } health_report { overall_health: UNKNOWN } } }
I20260710 13:16:31.235363   857 raft_consensus.cc:993] T ee7b4465a41d47daa1291cea2780d7b1 P cc3baf36f91742f792a20a8efe4c0ca1: : Instructing follower d4cda7e93e544b8e9f8bc5e481c7d477 to start an election
I20260710 13:16:31.235795   857 raft_consensus.cc:1081] T ee7b4465a41d47daa1291cea2780d7b1 P cc3baf36f91742f792a20a8efe4c0ca1 [term 1 LEADER]: Signalling peer d4cda7e93e544b8e9f8bc5e481c7d477 to start an election
I20260710 13:16:31.237372   641 tablet_service.cc:2044] Received Run Leader Election RPC: tablet_id: "ee7b4465a41d47daa1291cea2780d7b1"
dest_uuid: "d4cda7e93e544b8e9f8bc5e481c7d477"
 from {username='slave'} at 127.0.0.1:37624
I20260710 13:16:31.238052   641 raft_consensus.cc:493] T ee7b4465a41d47daa1291cea2780d7b1 P d4cda7e93e544b8e9f8bc5e481c7d477 [term 1 FOLLOWER]: Starting forced leader election (received explicit request)
I20260710 13:16:31.238493   641 raft_consensus.cc:3060] T ee7b4465a41d47daa1291cea2780d7b1 P d4cda7e93e544b8e9f8bc5e481c7d477 [term 1 FOLLOWER]: Advancing to term 2
I20260710 13:16:31.243364   641 raft_consensus.cc:515] T ee7b4465a41d47daa1291cea2780d7b1 P d4cda7e93e544b8e9f8bc5e481c7d477 [term 2 FOLLOWER]: Starting forced leader election with config: opid_index: -1 OBSOLETE_local: false peers { permanent_uuid: "3f21f509dea94ddaa8494b56605606ce" member_type: VOTER last_known_addr { host: "127.0.107.193" port: 44125 } } peers { permanent_uuid: "d4cda7e93e544b8e9f8bc5e481c7d477" member_type: VOTER last_known_addr { host: "127.0.107.194" port: 37933 } } peers { permanent_uuid: "cc3baf36f91742f792a20a8efe4c0ca1" member_type: VOTER last_known_addr { host: "127.0.107.195" port: 41697 } }
I20260710 13:16:31.245234   641 leader_election.cc:290] T ee7b4465a41d47daa1291cea2780d7b1 P d4cda7e93e544b8e9f8bc5e481c7d477 [CANDIDATE]: Term 2 election: Requested vote from peers 3f21f509dea94ddaa8494b56605606ce (127.0.107.193:44125), cc3baf36f91742f792a20a8efe4c0ca1 (127.0.107.195:41697)
I20260710 13:16:31.245981   566 tablet_service.cc:1917] Received RequestConsensusVote() RPC: tablet_id: "ee7b4465a41d47daa1291cea2780d7b1" candidate_uuid: "d4cda7e93e544b8e9f8bc5e481c7d477" candidate_term: 2 candidate_status { last_received { term: 1 index: 1 } } ignore_live_leader: true dest_uuid: "3f21f509dea94ddaa8494b56605606ce"
I20260710 13:16:31.246176   715 tablet_service.cc:1917] Received RequestConsensusVote() RPC: tablet_id: "ee7b4465a41d47daa1291cea2780d7b1" candidate_uuid: "d4cda7e93e544b8e9f8bc5e481c7d477" candidate_term: 2 candidate_status { last_received { term: 1 index: 1 } } ignore_live_leader: true dest_uuid: "cc3baf36f91742f792a20a8efe4c0ca1"
I20260710 13:16:31.246584   566 raft_consensus.cc:3060] T ee7b4465a41d47daa1291cea2780d7b1 P 3f21f509dea94ddaa8494b56605606ce [term 1 FOLLOWER]: Advancing to term 2
I20260710 13:16:31.246693   715 raft_consensus.cc:3055] T ee7b4465a41d47daa1291cea2780d7b1 P cc3baf36f91742f792a20a8efe4c0ca1 [term 1 LEADER]: Stepping down as leader of term 1
I20260710 13:16:31.247057   715 raft_consensus.cc:740] T ee7b4465a41d47daa1291cea2780d7b1 P cc3baf36f91742f792a20a8efe4c0ca1 [term 1 LEADER]: Becoming Follower/Learner. State: Replica: cc3baf36f91742f792a20a8efe4c0ca1, State: Running, Role: LEADER
I20260710 13:16:31.247838   715 consensus_queue.cc:260] T ee7b4465a41d47daa1291cea2780d7b1 P cc3baf36f91742f792a20a8efe4c0ca1 [NON_LEADER]: Queue going to NON_LEADER mode. State: All replicated index: 0, Majority replicated index: 1, Committed index: 1, Last appended: 1.1, Last appended by leader: 1, Current term: 1, Majority size: -1, State: 0, Mode: NON_LEADER, active raft config: opid_index: -1 OBSOLETE_local: false peers { permanent_uuid: "3f21f509dea94ddaa8494b56605606ce" member_type: VOTER last_known_addr { host: "127.0.107.193" port: 44125 } } peers { permanent_uuid: "d4cda7e93e544b8e9f8bc5e481c7d477" member_type: VOTER last_known_addr { host: "127.0.107.194" port: 37933 } } peers { permanent_uuid: "cc3baf36f91742f792a20a8efe4c0ca1" member_type: VOTER last_known_addr { host: "127.0.107.195" port: 41697 } }
I20260710 13:16:31.249006   715 raft_consensus.cc:3060] T ee7b4465a41d47daa1291cea2780d7b1 P cc3baf36f91742f792a20a8efe4c0ca1 [term 1 FOLLOWER]: Advancing to term 2
I20260710 13:16:31.253250   566 raft_consensus.cc:2468] T ee7b4465a41d47daa1291cea2780d7b1 P 3f21f509dea94ddaa8494b56605606ce [term 2 FOLLOWER]: Leader election vote request: Granting yes vote for candidate d4cda7e93e544b8e9f8bc5e481c7d477 in term 2.
I20260710 13:16:31.254423   607 leader_election.cc:304] T ee7b4465a41d47daa1291cea2780d7b1 P d4cda7e93e544b8e9f8bc5e481c7d477 [CANDIDATE]: Term 2 election: Election decided. Result: candidate won. Election summary: received 2 responses out of 3 voters: 2 yes votes; 0 no votes. yes voters: 3f21f509dea94ddaa8494b56605606ce, d4cda7e93e544b8e9f8bc5e481c7d477; no voters: 
I20260710 13:16:31.255234   839 raft_consensus.cc:2804] T ee7b4465a41d47daa1291cea2780d7b1 P d4cda7e93e544b8e9f8bc5e481c7d477 [term 2 FOLLOWER]: Leader election won for term 2
I20260710 13:16:31.255533   715 raft_consensus.cc:2468] T ee7b4465a41d47daa1291cea2780d7b1 P cc3baf36f91742f792a20a8efe4c0ca1 [term 2 FOLLOWER]: Leader election vote request: Granting yes vote for candidate d4cda7e93e544b8e9f8bc5e481c7d477 in term 2.
I20260710 13:16:31.256177   839 raft_consensus.cc:697] T ee7b4465a41d47daa1291cea2780d7b1 P d4cda7e93e544b8e9f8bc5e481c7d477 [term 2 LEADER]: Becoming Leader. State: Replica: d4cda7e93e544b8e9f8bc5e481c7d477, State: Running, Role: LEADER
I20260710 13:16:31.257016   839 consensus_queue.cc:237] T ee7b4465a41d47daa1291cea2780d7b1 P d4cda7e93e544b8e9f8bc5e481c7d477 [LEADER]: Queue going to LEADER mode. State: All replicated index: 0, Majority replicated index: 1, Committed index: 1, Last appended: 1.1, Last appended by leader: 1, Current term: 2, Majority size: 2, State: 0, Mode: LEADER, active raft config: opid_index: -1 OBSOLETE_local: false peers { permanent_uuid: "3f21f509dea94ddaa8494b56605606ce" member_type: VOTER last_known_addr { host: "127.0.107.193" port: 44125 } } peers { permanent_uuid: "d4cda7e93e544b8e9f8bc5e481c7d477" member_type: VOTER last_known_addr { host: "127.0.107.194" port: 37933 } } peers { permanent_uuid: "cc3baf36f91742f792a20a8efe4c0ca1" member_type: VOTER last_known_addr { host: "127.0.107.195" port: 41697 } }
I20260710 13:16:31.264124   461 catalog_manager.cc:5697] T ee7b4465a41d47daa1291cea2780d7b1 P d4cda7e93e544b8e9f8bc5e481c7d477 reported cstate change: term changed from 1 to 2, leader changed from cc3baf36f91742f792a20a8efe4c0ca1 (127.0.107.195) to d4cda7e93e544b8e9f8bc5e481c7d477 (127.0.107.194). New cstate: current_term: 2 leader_uuid: "d4cda7e93e544b8e9f8bc5e481c7d477" committed_config { opid_index: -1 OBSOLETE_local: false peers { permanent_uuid: "3f21f509dea94ddaa8494b56605606ce" member_type: VOTER last_known_addr { host: "127.0.107.193" port: 44125 } health_report { overall_health: UNKNOWN } } peers { permanent_uuid: "d4cda7e93e544b8e9f8bc5e481c7d477" member_type: VOTER last_known_addr { host: "127.0.107.194" port: 37933 } health_report { overall_health: HEALTHY } } peers { permanent_uuid: "cc3baf36f91742f792a20a8efe4c0ca1" member_type: VOTER last_known_addr { host: "127.0.107.195" port: 41697 } health_report { overall_health: UNKNOWN } } }
I20260710 13:16:31.271750   863 raft_consensus.cc:993] T 56dd4d08fd9f414592d068f81427b1d4 P cc3baf36f91742f792a20a8efe4c0ca1: : Instructing follower 3f21f509dea94ddaa8494b56605606ce to start an election
I20260710 13:16:31.272169   863 raft_consensus.cc:1081] T 56dd4d08fd9f414592d068f81427b1d4 P cc3baf36f91742f792a20a8efe4c0ca1 [term 1 LEADER]: Signalling peer 3f21f509dea94ddaa8494b56605606ce to start an election
I20260710 13:16:31.273612   566 tablet_service.cc:2044] Received Run Leader Election RPC: tablet_id: "56dd4d08fd9f414592d068f81427b1d4"
dest_uuid: "3f21f509dea94ddaa8494b56605606ce"
 from {username='slave'} at 127.0.0.1:46730
I20260710 13:16:31.274029   566 raft_consensus.cc:493] T 56dd4d08fd9f414592d068f81427b1d4 P 3f21f509dea94ddaa8494b56605606ce [term 1 FOLLOWER]: Starting forced leader election (received explicit request)
I20260710 13:16:31.274266   566 raft_consensus.cc:3060] T 56dd4d08fd9f414592d068f81427b1d4 P 3f21f509dea94ddaa8494b56605606ce [term 1 FOLLOWER]: Advancing to term 2
I20260710 13:16:31.278558   566 raft_consensus.cc:515] T 56dd4d08fd9f414592d068f81427b1d4 P 3f21f509dea94ddaa8494b56605606ce [term 2 FOLLOWER]: Starting forced leader election with config: opid_index: -1 OBSOLETE_local: false peers { permanent_uuid: "3f21f509dea94ddaa8494b56605606ce" member_type: VOTER last_known_addr { host: "127.0.107.193" port: 44125 } } peers { permanent_uuid: "d4cda7e93e544b8e9f8bc5e481c7d477" member_type: VOTER last_known_addr { host: "127.0.107.194" port: 37933 } } peers { permanent_uuid: "cc3baf36f91742f792a20a8efe4c0ca1" member_type: VOTER last_known_addr { host: "127.0.107.195" port: 41697 } }
I20260710 13:16:31.279963   566 leader_election.cc:290] T 56dd4d08fd9f414592d068f81427b1d4 P 3f21f509dea94ddaa8494b56605606ce [CANDIDATE]: Term 2 election: Requested vote from peers d4cda7e93e544b8e9f8bc5e481c7d477 (127.0.107.194:37933), cc3baf36f91742f792a20a8efe4c0ca1 (127.0.107.195:41697)
I20260710 13:16:31.281021   715 tablet_service.cc:1917] Received RequestConsensusVote() RPC: tablet_id: "56dd4d08fd9f414592d068f81427b1d4" candidate_uuid: "3f21f509dea94ddaa8494b56605606ce" candidate_term: 2 candidate_status { last_received { term: 1 index: 1 } } ignore_live_leader: true dest_uuid: "cc3baf36f91742f792a20a8efe4c0ca1"
I20260710 13:16:31.280984   641 tablet_service.cc:1917] Received RequestConsensusVote() RPC: tablet_id: "56dd4d08fd9f414592d068f81427b1d4" candidate_uuid: "3f21f509dea94ddaa8494b56605606ce" candidate_term: 2 candidate_status { last_received { term: 1 index: 1 } } ignore_live_leader: true dest_uuid: "d4cda7e93e544b8e9f8bc5e481c7d477"
I20260710 13:16:31.281613   715 raft_consensus.cc:3055] T 56dd4d08fd9f414592d068f81427b1d4 P cc3baf36f91742f792a20a8efe4c0ca1 [term 1 LEADER]: Stepping down as leader of term 1
I20260710 13:16:31.281738   641 raft_consensus.cc:3060] T 56dd4d08fd9f414592d068f81427b1d4 P d4cda7e93e544b8e9f8bc5e481c7d477 [term 1 FOLLOWER]: Advancing to term 2
I20260710 13:16:31.281901   715 raft_consensus.cc:740] T 56dd4d08fd9f414592d068f81427b1d4 P cc3baf36f91742f792a20a8efe4c0ca1 [term 1 LEADER]: Becoming Follower/Learner. State: Replica: cc3baf36f91742f792a20a8efe4c0ca1, State: Running, Role: LEADER
I20260710 13:16:31.282615   715 consensus_queue.cc:260] T 56dd4d08fd9f414592d068f81427b1d4 P cc3baf36f91742f792a20a8efe4c0ca1 [NON_LEADER]: Queue going to NON_LEADER mode. State: All replicated index: 0, Majority replicated index: 1, Committed index: 1, Last appended: 1.1, Last appended by leader: 1, Current term: 1, Majority size: -1, State: 0, Mode: NON_LEADER, active raft config: opid_index: -1 OBSOLETE_local: false peers { permanent_uuid: "3f21f509dea94ddaa8494b56605606ce" member_type: VOTER last_known_addr { host: "127.0.107.193" port: 44125 } } peers { permanent_uuid: "d4cda7e93e544b8e9f8bc5e481c7d477" member_type: VOTER last_known_addr { host: "127.0.107.194" port: 37933 } } peers { permanent_uuid: "cc3baf36f91742f792a20a8efe4c0ca1" member_type: VOTER last_known_addr { host: "127.0.107.195" port: 41697 } }
I20260710 13:16:31.283524   715 raft_consensus.cc:3060] T 56dd4d08fd9f414592d068f81427b1d4 P cc3baf36f91742f792a20a8efe4c0ca1 [term 1 FOLLOWER]: Advancing to term 2
I20260710 13:16:31.287703   641 raft_consensus.cc:2468] T 56dd4d08fd9f414592d068f81427b1d4 P d4cda7e93e544b8e9f8bc5e481c7d477 [term 2 FOLLOWER]: Leader election vote request: Granting yes vote for candidate 3f21f509dea94ddaa8494b56605606ce in term 2.
I20260710 13:16:31.287740   715 raft_consensus.cc:2468] T 56dd4d08fd9f414592d068f81427b1d4 P cc3baf36f91742f792a20a8efe4c0ca1 [term 2 FOLLOWER]: Leader election vote request: Granting yes vote for candidate 3f21f509dea94ddaa8494b56605606ce in term 2.
I20260710 13:16:31.288882   529 leader_election.cc:304] T 56dd4d08fd9f414592d068f81427b1d4 P 3f21f509dea94ddaa8494b56605606ce [CANDIDATE]: Term 2 election: Election decided. Result: candidate won. Election summary: received 2 responses out of 3 voters: 2 yes votes; 0 no votes. yes voters: 3f21f509dea94ddaa8494b56605606ce, d4cda7e93e544b8e9f8bc5e481c7d477; no voters: 
I20260710 13:16:31.289522   861 raft_consensus.cc:2804] T 56dd4d08fd9f414592d068f81427b1d4 P 3f21f509dea94ddaa8494b56605606ce [term 2 FOLLOWER]: Leader election won for term 2
I20260710 13:16:31.290333   861 raft_consensus.cc:697] T 56dd4d08fd9f414592d068f81427b1d4 P 3f21f509dea94ddaa8494b56605606ce [term 2 LEADER]: Becoming Leader. State: Replica: 3f21f509dea94ddaa8494b56605606ce, State: Running, Role: LEADER
I20260710 13:16:31.291174   861 consensus_queue.cc:237] T 56dd4d08fd9f414592d068f81427b1d4 P 3f21f509dea94ddaa8494b56605606ce [LEADER]: Queue going to LEADER mode. State: All replicated index: 0, Majority replicated index: 1, Committed index: 1, Last appended: 1.1, Last appended by leader: 1, Current term: 2, Majority size: 2, State: 0, Mode: LEADER, active raft config: opid_index: -1 OBSOLETE_local: false peers { permanent_uuid: "3f21f509dea94ddaa8494b56605606ce" member_type: VOTER last_known_addr { host: "127.0.107.193" port: 44125 } } peers { permanent_uuid: "d4cda7e93e544b8e9f8bc5e481c7d477" member_type: VOTER last_known_addr { host: "127.0.107.194" port: 37933 } } peers { permanent_uuid: "cc3baf36f91742f792a20a8efe4c0ca1" member_type: VOTER last_known_addr { host: "127.0.107.195" port: 41697 } }
