I20260710 13:16:04.096935  7041 consensus_queue.cc:260] T e512785f35ad44a9a5c455a91f737fe5 P bdf4c7764ba64fb79c6b8bbfcbacb5fc [NON_LEADER]: Queue going to NON_LEADER mode. State: All replicated index: 0, Majority replicated index: 0, Committed index: 0, Last appended: 0.0, Last appended by leader: 0, Current term: 0, Majority size: -1, State: 0, Mode: NON_LEADER, active raft config: opid_index: -1 OBSOLETE_local: false peers { permanent_uuid: "bdf4c7764ba64fb79c6b8bbfcbacb5fc" member_type: VOTER last_known_addr { host: "127.5.154.193" port: 38379 } } peers { permanent_uuid: "1e023176629843ffa8069e8d733c4f87" member_type: VOTER last_known_addr { host: "127.5.154.194" port: 45169 } } peers { permanent_uuid: "e91cab12f2144bbe9eefb75a2ea31814" member_type: VOTER last_known_addr { host: "127.5.154.195" port: 40169 } }
I20260710 13:16:04.109709  7070 raft_consensus.cc:493] T bd2d66151d69456c98d4ca6ed798fbfa P bdf4c7764ba64fb79c6b8bbfcbacb5fc [term 0 FOLLOWER]: Starting pre-election (no leader contacted us within the election timeout)
I20260710 13:16:04.110387  6922 raft_consensus.cc:3060] T 317c463fae3d483b8c4087271837ab4a P 1e023176629843ffa8069e8d733c4f87 [term 0 FOLLOWER]: Advancing to term 1
I20260710 13:16:04.112660  7041 ts_tablet_manager.cc:1434] T e512785f35ad44a9a5c455a91f737fe5 P bdf4c7764ba64fb79c6b8bbfcbacb5fc: Time spent starting tablet: real 0.024s	user 0.005s	sys 0.004s
I20260710 13:16:04.114084  7074 raft_consensus.cc:493] T 3324308a51af4b878240374aa5f5b68b P e91cab12f2144bbe9eefb75a2ea31814 [term 0 FOLLOWER]: Starting pre-election (no leader contacted us within the election timeout)
I20260710 13:16:04.114645  7074 raft_consensus.cc:515] T 3324308a51af4b878240374aa5f5b68b P e91cab12f2144bbe9eefb75a2ea31814 [term 0 FOLLOWER]: Starting pre-election with config: opid_index: -1 OBSOLETE_local: false peers { permanent_uuid: "bdf4c7764ba64fb79c6b8bbfcbacb5fc" member_type: VOTER last_known_addr { host: "127.5.154.193" port: 38379 } } peers { permanent_uuid: "1e023176629843ffa8069e8d733c4f87" member_type: VOTER last_known_addr { host: "127.5.154.194" port: 45169 } } peers { permanent_uuid: "e91cab12f2144bbe9eefb75a2ea31814" member_type: VOTER last_known_addr { host: "127.5.154.195" port: 40169 } }
I20260710 13:16:04.110422  7070 raft_consensus.cc:515] T bd2d66151d69456c98d4ca6ed798fbfa P bdf4c7764ba64fb79c6b8bbfcbacb5fc [term 0 FOLLOWER]: Starting pre-election with config: opid_index: -1 OBSOLETE_local: false peers { permanent_uuid: "bdf4c7764ba64fb79c6b8bbfcbacb5fc" member_type: VOTER last_known_addr { host: "127.5.154.193" port: 38379 } } peers { permanent_uuid: "1e023176629843ffa8069e8d733c4f87" member_type: VOTER last_known_addr { host: "127.5.154.194" port: 45169 } } peers { permanent_uuid: "e91cab12f2144bbe9eefb75a2ea31814" member_type: VOTER last_known_addr { host: "127.5.154.195" port: 40169 } }
I20260710 13:16:04.117020  7074 leader_election.cc:290] T 3324308a51af4b878240374aa5f5b68b P e91cab12f2144bbe9eefb75a2ea31814 [CANDIDATE]: Term 1 pre-election: Requested pre-vote from peers bdf4c7764ba64fb79c6b8bbfcbacb5fc (127.5.154.193:38379), 1e023176629843ffa8069e8d733c4f87 (127.5.154.194:45169)
I20260710 13:16:04.117986  7070 leader_election.cc:290] T bd2d66151d69456c98d4ca6ed798fbfa P bdf4c7764ba64fb79c6b8bbfcbacb5fc [CANDIDATE]: Term 1 pre-election: Requested pre-vote from peers 1e023176629843ffa8069e8d733c4f87 (127.5.154.194:45169), e91cab12f2144bbe9eefb75a2ea31814 (127.5.154.195:40169)
I20260710 13:16:04.118610  6918 tablet_service.cc:1917] Received RequestConsensusVote() RPC: tablet_id: "bd2d66151d69456c98d4ca6ed798fbfa" candidate_uuid: "bdf4c7764ba64fb79c6b8bbfcbacb5fc" candidate_term: 1 candidate_status { last_received { term: 0 index: 0 } } ignore_live_leader: false dest_uuid: "1e023176629843ffa8069e8d733c4f87" is_pre_election: true
I20260710 13:16:04.119570  6845 tablet_service.cc:1917] Received RequestConsensusVote() RPC: tablet_id: "3324308a51af4b878240374aa5f5b68b" candidate_uuid: "e91cab12f2144bbe9eefb75a2ea31814" candidate_term: 1 candidate_status { last_received { term: 0 index: 0 } } ignore_live_leader: false dest_uuid: "bdf4c7764ba64fb79c6b8bbfcbacb5fc" is_pre_election: true
W20260710 13:16:04.120079  6814 leader_election.cc:343] T bd2d66151d69456c98d4ca6ed798fbfa P bdf4c7764ba64fb79c6b8bbfcbacb5fc [CANDIDATE]: Term 1 pre-election: Tablet error from VoteRequest() call to peer 1e023176629843ffa8069e8d733c4f87 (127.5.154.194:45169): Illegal state: must be running to vote when last-logged opid is not known
I20260710 13:16:04.105206  7037 tablet_bootstrap.cc:492] T bd2d66151d69456c98d4ca6ed798fbfa P e91cab12f2144bbe9eefb75a2ea31814: No bootstrap required, opened a new log
I20260710 13:16:04.121043  7037 ts_tablet_manager.cc:1403] T bd2d66151d69456c98d4ca6ed798fbfa P e91cab12f2144bbe9eefb75a2ea31814: Time spent bootstrapping tablet: real 0.036s	user 0.018s	sys 0.000s
I20260710 13:16:04.120875  6923 tablet_service.cc:1917] Received RequestConsensusVote() RPC: tablet_id: "3324308a51af4b878240374aa5f5b68b" candidate_uuid: "e91cab12f2144bbe9eefb75a2ea31814" candidate_term: 1 candidate_status { last_received { term: 0 index: 0 } } ignore_live_leader: false dest_uuid: "1e023176629843ffa8069e8d733c4f87" is_pre_election: true
I20260710 13:16:04.119570  6997 tablet_service.cc:1917] Received RequestConsensusVote() RPC: tablet_id: "bd2d66151d69456c98d4ca6ed798fbfa" candidate_uuid: "bdf4c7764ba64fb79c6b8bbfcbacb5fc" candidate_term: 1 candidate_status { last_received { term: 0 index: 0 } } ignore_live_leader: false dest_uuid: "e91cab12f2144bbe9eefb75a2ea31814" is_pre_election: true
W20260710 13:16:04.122380  6961 leader_election.cc:343] T 3324308a51af4b878240374aa5f5b68b P e91cab12f2144bbe9eefb75a2ea31814 [CANDIDATE]: Term 1 pre-election: Tablet error from VoteRequest() call to peer bdf4c7764ba64fb79c6b8bbfcbacb5fc (127.5.154.193:38379): Illegal state: must be running to vote when last-logged opid is not known
I20260710 13:16:04.125005  7070 consensus_queue.cc:1048] T 317c463fae3d483b8c4087271837ab4a P bdf4c7764ba64fb79c6b8bbfcbacb5fc [LEADER]: Connected to new peer: Peer: permanent_uuid: "1e023176629843ffa8069e8d733c4f87" member_type: VOTER last_known_addr { host: "127.5.154.194" port: 45169 }, Status: LMP_MISMATCH, Last received: 0.0, Next index: 1, Last known committed idx: 0, Time since last communication: 0.001s
W20260710 13:16:04.127501  6963 leader_election.cc:343] T 3324308a51af4b878240374aa5f5b68b P e91cab12f2144bbe9eefb75a2ea31814 [CANDIDATE]: Term 1 pre-election: Tablet error from VoteRequest() call to peer 1e023176629843ffa8069e8d733c4f87 (127.5.154.194:45169): Illegal state: must be running to vote when last-logged opid is not known
I20260710 13:16:04.128023  6963 leader_election.cc:304] T 3324308a51af4b878240374aa5f5b68b P e91cab12f2144bbe9eefb75a2ea31814 [CANDIDATE]: Term 1 pre-election: Election decided. Result: candidate lost. Election summary: received 3 responses out of 3 voters: 1 yes votes; 2 no votes. yes voters: e91cab12f2144bbe9eefb75a2ea31814; no voters: 1e023176629843ffa8069e8d733c4f87, bdf4c7764ba64fb79c6b8bbfcbacb5fc
I20260710 13:16:04.129313  7074 raft_consensus.cc:2749] T 3324308a51af4b878240374aa5f5b68b P e91cab12f2144bbe9eefb75a2ea31814 [term 0 FOLLOWER]: Leader pre-election lost for term 1. Reason: could not achieve majority
I20260710 13:16:04.138916  7041 tablet_bootstrap.cc:492] T 719881c0c006462a83e55e3bad1e2d9d P bdf4c7764ba64fb79c6b8bbfcbacb5fc: Bootstrap starting.
I20260710 13:16:04.139245  7118 raft_consensus.cc:493] T 423c05cce60744d3bd6d9e1670ef0caa P 1e023176629843ffa8069e8d733c4f87 [term 0 FOLLOWER]: Starting pre-election (no leader contacted us within the election timeout)
I20260710 13:16:04.139776  7118 raft_consensus.cc:515] T 423c05cce60744d3bd6d9e1670ef0caa P 1e023176629843ffa8069e8d733c4f87 [term 0 FOLLOWER]: Starting pre-election with config: opid_index: -1 OBSOLETE_local: false peers { permanent_uuid: "bdf4c7764ba64fb79c6b8bbfcbacb5fc" member_type: VOTER last_known_addr { host: "127.5.154.193" port: 38379 } } peers { permanent_uuid: "1e023176629843ffa8069e8d733c4f87" member_type: VOTER last_known_addr { host: "127.5.154.194" port: 45169 } } peers { permanent_uuid: "e91cab12f2144bbe9eefb75a2ea31814" member_type: VOTER last_known_addr { host: "127.5.154.195" port: 40169 } }
I20260710 13:16:04.141747  7118 leader_election.cc:290] T 423c05cce60744d3bd6d9e1670ef0caa P 1e023176629843ffa8069e8d733c4f87 [CANDIDATE]: Term 1 pre-election: Requested pre-vote from peers bdf4c7764ba64fb79c6b8bbfcbacb5fc (127.5.154.193:38379), e91cab12f2144bbe9eefb75a2ea31814 (127.5.154.195:40169)
I20260710 13:16:04.144197  6845 tablet_service.cc:1917] Received RequestConsensusVote() RPC: tablet_id: "423c05cce60744d3bd6d9e1670ef0caa" candidate_uuid: "1e023176629843ffa8069e8d733c4f87" candidate_term: 1 candidate_status { last_received { term: 0 index: 0 } } ignore_live_leader: false dest_uuid: "bdf4c7764ba64fb79c6b8bbfcbacb5fc" is_pre_election: true
I20260710 13:16:04.144865  6845 raft_consensus.cc:2468] T 423c05cce60744d3bd6d9e1670ef0caa P bdf4c7764ba64fb79c6b8bbfcbacb5fc [term 0 FOLLOWER]: Leader pre-election vote request: Granting yes vote for candidate 1e023176629843ffa8069e8d733c4f87 in term 0.
I20260710 13:16:04.145799  6996 tablet_service.cc:1917] Received RequestConsensusVote() RPC: tablet_id: "423c05cce60744d3bd6d9e1670ef0caa" candidate_uuid: "1e023176629843ffa8069e8d733c4f87" candidate_term: 1 candidate_status { last_received { term: 0 index: 0 } } ignore_live_leader: false dest_uuid: "e91cab12f2144bbe9eefb75a2ea31814" is_pre_election: true
I20260710 13:16:04.146414  6996 raft_consensus.cc:2468] T 423c05cce60744d3bd6d9e1670ef0caa P e91cab12f2144bbe9eefb75a2ea31814 [term 0 FOLLOWER]: Leader pre-election vote request: Granting yes vote for candidate 1e023176629843ffa8069e8d733c4f87 in term 0.
I20260710 13:16:04.148226  6887 leader_election.cc:304] T 423c05cce60744d3bd6d9e1670ef0caa P 1e023176629843ffa8069e8d733c4f87 [CANDIDATE]: Term 1 pre-election: Election decided. Result: candidate won. Election summary: received 2 responses out of 3 voters: 2 yes votes; 0 no votes. yes voters: 1e023176629843ffa8069e8d733c4f87, bdf4c7764ba64fb79c6b8bbfcbacb5fc; no voters: 
I20260710 13:16:04.149765  7079 raft_consensus.cc:2804] T 423c05cce60744d3bd6d9e1670ef0caa P 1e023176629843ffa8069e8d733c4f87 [term 0 FOLLOWER]: Leader pre-election won for term 1
I20260710 13:16:04.150113  7079 raft_consensus.cc:493] T 423c05cce60744d3bd6d9e1670ef0caa P 1e023176629843ffa8069e8d733c4f87 [term 0 FOLLOWER]: Starting leader election (no leader contacted us within the election timeout)
I20260710 13:16:04.150488  7041 tablet_bootstrap.cc:654] T 719881c0c006462a83e55e3bad1e2d9d P bdf4c7764ba64fb79c6b8bbfcbacb5fc: Neither blocks nor log segments found. Creating new log.
I20260710 13:16:04.150462  7079 raft_consensus.cc:3060] T 423c05cce60744d3bd6d9e1670ef0caa P 1e023176629843ffa8069e8d733c4f87 [term 0 FOLLOWER]: Advancing to term 1
I20260710 13:16:04.159809  7118 raft_consensus.cc:493] T 719881c0c006462a83e55e3bad1e2d9d P 1e023176629843ffa8069e8d733c4f87 [term 0 FOLLOWER]: Starting pre-election (no leader contacted us within the election timeout)
W20260710 13:16:04.160785  6812 leader_election.cc:343] T bd2d66151d69456c98d4ca6ed798fbfa P bdf4c7764ba64fb79c6b8bbfcbacb5fc [CANDIDATE]: Term 1 pre-election: Tablet error from VoteRequest() call to peer e91cab12f2144bbe9eefb75a2ea31814 (127.5.154.195:40169): Illegal state: must be running to vote when last-logged opid is not known
I20260710 13:16:04.160501  7118 raft_consensus.cc:515] T 719881c0c006462a83e55e3bad1e2d9d P 1e023176629843ffa8069e8d733c4f87 [term 0 FOLLOWER]: Starting pre-election with config: opid_index: -1 OBSOLETE_local: false peers { permanent_uuid: "bdf4c7764ba64fb79c6b8bbfcbacb5fc" member_type: VOTER last_known_addr { host: "127.5.154.193" port: 38379 } } peers { permanent_uuid: "1e023176629843ffa8069e8d733c4f87" member_type: VOTER last_known_addr { host: "127.5.154.194" port: 45169 } } peers { permanent_uuid: "e91cab12f2144bbe9eefb75a2ea31814" member_type: VOTER last_known_addr { host: "127.5.154.195" port: 40169 } }
I20260710 13:16:04.161345  6812 leader_election.cc:304] T bd2d66151d69456c98d4ca6ed798fbfa P bdf4c7764ba64fb79c6b8bbfcbacb5fc [CANDIDATE]: Term 1 pre-election: Election decided. Result: candidate lost. Election summary: received 3 responses out of 3 voters: 1 yes votes; 2 no votes. yes voters: bdf4c7764ba64fb79c6b8bbfcbacb5fc; no voters: 1e023176629843ffa8069e8d733c4f87, e91cab12f2144bbe9eefb75a2ea31814
I20260710 13:16:04.163131  7130 raft_consensus.cc:2749] T bd2d66151d69456c98d4ca6ed798fbfa P bdf4c7764ba64fb79c6b8bbfcbacb5fc [term 0 FOLLOWER]: Leader pre-election lost for term 1. Reason: could not achieve majority
I20260710 13:16:04.165401  7039 tablet_bootstrap.cc:492] T 95a06ee2576d47ca85e1cb62d61a2011 P 1e023176629843ffa8069e8d733c4f87: No bootstrap required, opened a new log
I20260710 13:16:04.166041  7039 ts_tablet_manager.cc:1403] T 95a06ee2576d47ca85e1cb62d61a2011 P 1e023176629843ffa8069e8d733c4f87: Time spent bootstrapping tablet: real 0.111s	user 0.017s	sys 0.042s
I20260710 13:16:04.168504  6845 tablet_service.cc:1917] Received RequestConsensusVote() RPC: tablet_id: "719881c0c006462a83e55e3bad1e2d9d" candidate_uuid: "1e023176629843ffa8069e8d733c4f87" candidate_term: 1 candidate_status { last_received { term: 0 index: 0 } } ignore_live_leader: false dest_uuid: "bdf4c7764ba64fb79c6b8bbfcbacb5fc" is_pre_election: true
W20260710 13:16:04.170452  6887 leader_election.cc:343] T 719881c0c006462a83e55e3bad1e2d9d P 1e023176629843ffa8069e8d733c4f87 [CANDIDATE]: Term 1 pre-election: Tablet error from VoteRequest() call to peer bdf4c7764ba64fb79c6b8bbfcbacb5fc (127.5.154.193:38379): Illegal state: must be running to vote when last-logged opid is not known
I20260710 13:16:04.179970  7118 leader_election.cc:290] T 719881c0c006462a83e55e3bad1e2d9d P 1e023176629843ffa8069e8d733c4f87 [CANDIDATE]: Term 1 pre-election: Requested pre-vote from peers bdf4c7764ba64fb79c6b8bbfcbacb5fc (127.5.154.193:38379), e91cab12f2144bbe9eefb75a2ea31814 (127.5.154.195:40169)
I20260710 13:16:04.181954  6997 tablet_service.cc:1917] Received RequestConsensusVote() RPC: tablet_id: "719881c0c006462a83e55e3bad1e2d9d" candidate_uuid: "1e023176629843ffa8069e8d733c4f87" candidate_term: 1 candidate_status { last_received { term: 0 index: 0 } } ignore_live_leader: false dest_uuid: "e91cab12f2144bbe9eefb75a2ea31814" is_pre_election: true
I20260710 13:16:04.183043  6997 raft_consensus.cc:2468] T 719881c0c006462a83e55e3bad1e2d9d P e91cab12f2144bbe9eefb75a2ea31814 [term 0 FOLLOWER]: Leader pre-election vote request: Granting yes vote for candidate 1e023176629843ffa8069e8d733c4f87 in term 0.
I20260710 13:16:04.183914  7037 raft_consensus.cc:359] T bd2d66151d69456c98d4ca6ed798fbfa P e91cab12f2144bbe9eefb75a2ea31814 [term 0 FOLLOWER]: Replica starting. Triggering 0 pending ops. Active config: opid_index: -1 OBSOLETE_local: false peers { permanent_uuid: "bdf4c7764ba64fb79c6b8bbfcbacb5fc" member_type: VOTER last_known_addr { host: "127.5.154.193" port: 38379 } } peers { permanent_uuid: "1e023176629843ffa8069e8d733c4f87" member_type: VOTER last_known_addr { host: "127.5.154.194" port: 45169 } } peers { permanent_uuid: "e91cab12f2144bbe9eefb75a2ea31814" member_type: VOTER last_known_addr { host: "127.5.154.195" port: 40169 } }
I20260710 13:16:04.184899  7037 raft_consensus.cc:385] T bd2d66151d69456c98d4ca6ed798fbfa P e91cab12f2144bbe9eefb75a2ea31814 [term 0 FOLLOWER]: Consensus starting up: Expiring failure detector timer to make a prompt election more likely
I20260710 13:16:04.184608  6887 leader_election.cc:304] T 719881c0c006462a83e55e3bad1e2d9d P 1e023176629843ffa8069e8d733c4f87 [CANDIDATE]: Term 1 pre-election: Election decided. Result: candidate won. Election summary: received 3 responses out of 3 voters: 2 yes votes; 1 no votes. yes voters: 1e023176629843ffa8069e8d733c4f87, e91cab12f2144bbe9eefb75a2ea31814; no voters: bdf4c7764ba64fb79c6b8bbfcbacb5fc
I20260710 13:16:04.186009  7037 raft_consensus.cc:740] T bd2d66151d69456c98d4ca6ed798fbfa P e91cab12f2144bbe9eefb75a2ea31814 [term 0 FOLLOWER]: Becoming Follower/Learner. State: Replica: e91cab12f2144bbe9eefb75a2ea31814, State: Initialized, Role: FOLLOWER
I20260710 13:16:04.187088  7118 raft_consensus.cc:2804] T 719881c0c006462a83e55e3bad1e2d9d P 1e023176629843ffa8069e8d733c4f87 [term 0 FOLLOWER]: Leader pre-election won for term 1
I20260710 13:16:04.186954  7037 consensus_queue.cc:260] T bd2d66151d69456c98d4ca6ed798fbfa P e91cab12f2144bbe9eefb75a2ea31814 [NON_LEADER]: Queue going to NON_LEADER mode. State: All replicated index: 0, Majority replicated index: 0, Committed index: 0, Last appended: 0.0, Last appended by leader: 0, Current term: 0, Majority size: -1, State: 0, Mode: NON_LEADER, active raft config: opid_index: -1 OBSOLETE_local: false peers { permanent_uuid: "bdf4c7764ba64fb79c6b8bbfcbacb5fc" member_type: VOTER last_known_addr { host: "127.5.154.193" port: 38379 } } peers { permanent_uuid: "1e023176629843ffa8069e8d733c4f87" member_type: VOTER last_known_addr { host: "127.5.154.194" port: 45169 } } peers { permanent_uuid: "e91cab12f2144bbe9eefb75a2ea31814" member_type: VOTER last_known_addr { host: "127.5.154.195" port: 40169 } }
I20260710 13:16:04.187664  7118 raft_consensus.cc:493] T 719881c0c006462a83e55e3bad1e2d9d P 1e023176629843ffa8069e8d733c4f87 [term 0 FOLLOWER]: Starting leader election (no leader contacted us within the election timeout)
I20260710 13:16:04.188163  7118 raft_consensus.cc:3060] T 719881c0c006462a83e55e3bad1e2d9d P 1e023176629843ffa8069e8d733c4f87 [term 0 FOLLOWER]: Advancing to term 1
I20260710 13:16:04.193176  7039 raft_consensus.cc:359] T 95a06ee2576d47ca85e1cb62d61a2011 P 1e023176629843ffa8069e8d733c4f87 [term 0 FOLLOWER]: Replica starting. Triggering 0 pending ops. Active config: opid_index: -1 OBSOLETE_local: false peers { permanent_uuid: "bdf4c7764ba64fb79c6b8bbfcbacb5fc" member_type: VOTER last_known_addr { host: "127.5.154.193" port: 38379 } } peers { permanent_uuid: "1e023176629843ffa8069e8d733c4f87" member_type: VOTER last_known_addr { host: "127.5.154.194" port: 45169 } } peers { permanent_uuid: "e91cab12f2144bbe9eefb75a2ea31814" member_type: VOTER last_known_addr { host: "127.5.154.195" port: 40169 } }
I20260710 13:16:04.194162  7039 raft_consensus.cc:385] T 95a06ee2576d47ca85e1cb62d61a2011 P 1e023176629843ffa8069e8d733c4f87 [term 0 FOLLOWER]: Consensus starting up: Expiring failure detector timer to make a prompt election more likely
I20260710 13:16:04.194494  7039 raft_consensus.cc:740] T 95a06ee2576d47ca85e1cb62d61a2011 P 1e023176629843ffa8069e8d733c4f87 [term 0 FOLLOWER]: Becoming Follower/Learner. State: Replica: 1e023176629843ffa8069e8d733c4f87, State: Initialized, Role: FOLLOWER
I20260710 13:16:04.196980  7079 raft_consensus.cc:515] T 423c05cce60744d3bd6d9e1670ef0caa P 1e023176629843ffa8069e8d733c4f87 [term 1 FOLLOWER]: Starting leader election with config: opid_index: -1 OBSOLETE_local: false peers { permanent_uuid: "bdf4c7764ba64fb79c6b8bbfcbacb5fc" member_type: VOTER last_known_addr { host: "127.5.154.193" port: 38379 } } peers { permanent_uuid: "1e023176629843ffa8069e8d733c4f87" member_type: VOTER last_known_addr { host: "127.5.154.194" port: 45169 } } peers { permanent_uuid: "e91cab12f2144bbe9eefb75a2ea31814" member_type: VOTER last_known_addr { host: "127.5.154.195" port: 40169 } }
I20260710 13:16:04.200553  7037 ts_tablet_manager.cc:1434] T bd2d66151d69456c98d4ca6ed798fbfa P e91cab12f2144bbe9eefb75a2ea31814: Time spent starting tablet: real 0.075s	user 0.007s	sys 0.000s
I20260710 13:16:04.200445  6845 tablet_service.cc:1917] Received RequestConsensusVote() RPC: tablet_id: "423c05cce60744d3bd6d9e1670ef0caa" candidate_uuid: "1e023176629843ffa8069e8d733c4f87" candidate_term: 1 candidate_status { last_received { term: 0 index: 0 } } ignore_live_leader: false dest_uuid: "bdf4c7764ba64fb79c6b8bbfcbacb5fc"
I20260710 13:16:04.201256  6845 raft_consensus.cc:3060] T 423c05cce60744d3bd6d9e1670ef0caa P bdf4c7764ba64fb79c6b8bbfcbacb5fc [term 0 FOLLOWER]: Advancing to term 1
I20260710 13:16:04.208114  6997 tablet_service.cc:1917] Received RequestConsensusVote() RPC: tablet_id: "423c05cce60744d3bd6d9e1670ef0caa" candidate_uuid: "1e023176629843ffa8069e8d733c4f87" candidate_term: 1 candidate_status { last_received { term: 0 index: 0 } } ignore_live_leader: false dest_uuid: "e91cab12f2144bbe9eefb75a2ea31814"
I20260710 13:16:04.208726  6997 raft_consensus.cc:3060] T 423c05cce60744d3bd6d9e1670ef0caa P e91cab12f2144bbe9eefb75a2ea31814 [term 0 FOLLOWER]: Advancing to term 1
I20260710 13:16:04.211918  7037 tablet_bootstrap.cc:492] T e512785f35ad44a9a5c455a91f737fe5 P e91cab12f2144bbe9eefb75a2ea31814: Bootstrap starting.
I20260710 13:16:04.212868  6845 raft_consensus.cc:2468] T 423c05cce60744d3bd6d9e1670ef0caa P bdf4c7764ba64fb79c6b8bbfcbacb5fc [term 1 FOLLOWER]: Leader election vote request: Granting yes vote for candidate 1e023176629843ffa8069e8d733c4f87 in term 1.
I20260710 13:16:04.214035  6887 leader_election.cc:304] T 423c05cce60744d3bd6d9e1670ef0caa P 1e023176629843ffa8069e8d733c4f87 [CANDIDATE]: Term 1 election: Election decided. Result: candidate won. Election summary: received 2 responses out of 3 voters: 2 yes votes; 0 no votes. yes voters: 1e023176629843ffa8069e8d733c4f87, bdf4c7764ba64fb79c6b8bbfcbacb5fc; no voters: 
I20260710 13:16:04.215085  7077 raft_consensus.cc:2804] T 423c05cce60744d3bd6d9e1670ef0caa P 1e023176629843ffa8069e8d733c4f87 [term 1 FOLLOWER]: Leader election won for term 1
I20260710 13:16:04.215512  7079 leader_election.cc:290] T 423c05cce60744d3bd6d9e1670ef0caa P 1e023176629843ffa8069e8d733c4f87 [CANDIDATE]: Term 1 election: Requested vote from peers bdf4c7764ba64fb79c6b8bbfcbacb5fc (127.5.154.193:38379), e91cab12f2144bbe9eefb75a2ea31814 (127.5.154.195:40169)
I20260710 13:16:04.215601  7077 raft_consensus.cc:697] T 423c05cce60744d3bd6d9e1670ef0caa P 1e023176629843ffa8069e8d733c4f87 [term 1 LEADER]: Becoming Leader. State: Replica: 1e023176629843ffa8069e8d733c4f87, State: Running, Role: LEADER
I20260710 13:16:04.216192  7039 consensus_queue.cc:260] T 95a06ee2576d47ca85e1cb62d61a2011 P 1e023176629843ffa8069e8d733c4f87 [NON_LEADER]: Queue going to NON_LEADER mode. State: All replicated index: 0, Majority replicated index: 0, Committed index: 0, Last appended: 0.0, Last appended by leader: 0, Current term: 0, Majority size: -1, State: 0, Mode: NON_LEADER, active raft config: opid_index: -1 OBSOLETE_local: false peers { permanent_uuid: "bdf4c7764ba64fb79c6b8bbfcbacb5fc" member_type: VOTER last_known_addr { host: "127.5.154.193" port: 38379 } } peers { permanent_uuid: "1e023176629843ffa8069e8d733c4f87" member_type: VOTER last_known_addr { host: "127.5.154.194" port: 45169 } } peers { permanent_uuid: "e91cab12f2144bbe9eefb75a2ea31814" member_type: VOTER last_known_addr { host: "127.5.154.195" port: 40169 } }
I20260710 13:16:04.216665  7077 consensus_queue.cc:237] T 423c05cce60744d3bd6d9e1670ef0caa P 1e023176629843ffa8069e8d733c4f87 [LEADER]: Queue going to LEADER mode. State: All replicated index: 0, Majority replicated index: 0, Committed index: 0, Last appended: 0.0, Last appended by leader: 0, Current term: 1, Majority size: 2, State: 0, Mode: LEADER, active raft config: opid_index: -1 OBSOLETE_local: false peers { permanent_uuid: "bdf4c7764ba64fb79c6b8bbfcbacb5fc" member_type: VOTER last_known_addr { host: "127.5.154.193" port: 38379 } } peers { permanent_uuid: "1e023176629843ffa8069e8d733c4f87" member_type: VOTER last_known_addr { host: "127.5.154.194" port: 45169 } } peers { permanent_uuid: "e91cab12f2144bbe9eefb75a2ea31814" member_type: VOTER last_known_addr { host: "127.5.154.195" port: 40169 } }
I20260710 13:16:04.218968  7039 ts_tablet_manager.cc:1434] T 95a06ee2576d47ca85e1cb62d61a2011 P 1e023176629843ffa8069e8d733c4f87: Time spent starting tablet: real 0.053s	user 0.010s	sys 0.000s
I20260710 13:16:04.219861  7039 tablet_bootstrap.cc:492] T bd2d66151d69456c98d4ca6ed798fbfa P 1e023176629843ffa8069e8d733c4f87: Bootstrap starting.
I20260710 13:16:04.221098  7070 raft_consensus.cc:493] T e512785f35ad44a9a5c455a91f737fe5 P bdf4c7764ba64fb79c6b8bbfcbacb5fc [term 0 FOLLOWER]: Starting pre-election (no leader contacted us within the election timeout)
I20260710 13:16:04.221962  7037 tablet_bootstrap.cc:654] T e512785f35ad44a9a5c455a91f737fe5 P e91cab12f2144bbe9eefb75a2ea31814: Neither blocks nor log segments found. Creating new log.
I20260710 13:16:04.221771  7070 raft_consensus.cc:515] T e512785f35ad44a9a5c455a91f737fe5 P bdf4c7764ba64fb79c6b8bbfcbacb5fc [term 0 FOLLOWER]: Starting pre-election with config: opid_index: -1 OBSOLETE_local: false peers { permanent_uuid: "bdf4c7764ba64fb79c6b8bbfcbacb5fc" member_type: VOTER last_known_addr { host: "127.5.154.193" port: 38379 } } peers { permanent_uuid: "1e023176629843ffa8069e8d733c4f87" member_type: VOTER last_known_addr { host: "127.5.154.194" port: 45169 } } peers { permanent_uuid: "e91cab12f2144bbe9eefb75a2ea31814" member_type: VOTER last_known_addr { host: "127.5.154.195" port: 40169 } }
I20260710 13:16:04.223927  6997 raft_consensus.cc:2468] T 423c05cce60744d3bd6d9e1670ef0caa P e91cab12f2144bbe9eefb75a2ea31814 [term 1 FOLLOWER]: Leader election vote request: Granting yes vote for candidate 1e023176629843ffa8069e8d733c4f87 in term 1.
I20260710 13:16:04.224419  7070 leader_election.cc:290] T e512785f35ad44a9a5c455a91f737fe5 P bdf4c7764ba64fb79c6b8bbfcbacb5fc [CANDIDATE]: Term 1 pre-election: Requested pre-vote from peers 1e023176629843ffa8069e8d733c4f87 (127.5.154.194:45169), e91cab12f2144bbe9eefb75a2ea31814 (127.5.154.195:40169)
I20260710 13:16:04.225559  7118 raft_consensus.cc:515] T 719881c0c006462a83e55e3bad1e2d9d P 1e023176629843ffa8069e8d733c4f87 [term 1 FOLLOWER]: Starting leader election with config: opid_index: -1 OBSOLETE_local: false peers { permanent_uuid: "bdf4c7764ba64fb79c6b8bbfcbacb5fc" member_type: VOTER last_known_addr { host: "127.5.154.193" port: 38379 } } peers { permanent_uuid: "1e023176629843ffa8069e8d733c4f87" member_type: VOTER last_known_addr { host: "127.5.154.194" port: 45169 } } peers { permanent_uuid: "e91cab12f2144bbe9eefb75a2ea31814" member_type: VOTER last_known_addr { host: "127.5.154.195" port: 40169 } }
I20260710 13:16:04.226161  6922 tablet_service.cc:1917] Received RequestConsensusVote() RPC: tablet_id: "e512785f35ad44a9a5c455a91f737fe5" candidate_uuid: "bdf4c7764ba64fb79c6b8bbfcbacb5fc" candidate_term: 1 candidate_status { last_received { term: 0 index: 0 } } ignore_live_leader: false dest_uuid: "1e023176629843ffa8069e8d733c4f87" is_pre_election: true
I20260710 13:16:04.226830  6994 tablet_service.cc:1917] Received RequestConsensusVote() RPC: tablet_id: "e512785f35ad44a9a5c455a91f737fe5" candidate_uuid: "bdf4c7764ba64fb79c6b8bbfcbacb5fc" candidate_term: 1 candidate_status { last_received { term: 0 index: 0 } } ignore_live_leader: false dest_uuid: "e91cab12f2144bbe9eefb75a2ea31814" is_pre_election: true
I20260710 13:16:04.227033  6922 raft_consensus.cc:2468] T e512785f35ad44a9a5c455a91f737fe5 P 1e023176629843ffa8069e8d733c4f87 [term 0 FOLLOWER]: Leader pre-election vote request: Granting yes vote for candidate bdf4c7764ba64fb79c6b8bbfcbacb5fc in term 0.
I20260710 13:16:04.228672  6814 leader_election.cc:304] T e512785f35ad44a9a5c455a91f737fe5 P bdf4c7764ba64fb79c6b8bbfcbacb5fc [CANDIDATE]: Term 1 pre-election: Election decided. Result: candidate won. Election summary: received 2 responses out of 3 voters: 2 yes votes; 0 no votes. yes voters: 1e023176629843ffa8069e8d733c4f87, bdf4c7764ba64fb79c6b8bbfcbacb5fc; no voters: 
I20260710 13:16:04.229362  6997 tablet_service.cc:1917] Received RequestConsensusVote() RPC: tablet_id: "719881c0c006462a83e55e3bad1e2d9d" candidate_uuid: "1e023176629843ffa8069e8d733c4f87" candidate_term: 1 candidate_status { last_received { term: 0 index: 0 } } ignore_live_leader: false dest_uuid: "e91cab12f2144bbe9eefb75a2ea31814"
W20260710 13:16:04.229692  6812 leader_election.cc:343] T e512785f35ad44a9a5c455a91f737fe5 P bdf4c7764ba64fb79c6b8bbfcbacb5fc [CANDIDATE]: Term 1 pre-election: Tablet error from VoteRequest() call to peer e91cab12f2144bbe9eefb75a2ea31814 (127.5.154.195:40169): Illegal state: must be running to vote when last-logged opid is not known
I20260710 13:16:04.230019  6997 raft_consensus.cc:3060] T 719881c0c006462a83e55e3bad1e2d9d P e91cab12f2144bbe9eefb75a2ea31814 [term 0 FOLLOWER]: Advancing to term 1
I20260710 13:16:04.231120  7037 tablet_bootstrap.cc:492] T e512785f35ad44a9a5c455a91f737fe5 P e91cab12f2144bbe9eefb75a2ea31814: No bootstrap required, opened a new log
I20260710 13:16:04.231068  7070 raft_consensus.cc:2804] T e512785f35ad44a9a5c455a91f737fe5 P bdf4c7764ba64fb79c6b8bbfcbacb5fc [term 0 FOLLOWER]: Leader pre-election won for term 1
I20260710 13:16:04.231169  6848 tablet_service.cc:1917] Received RequestConsensusVote() RPC: tablet_id: "719881c0c006462a83e55e3bad1e2d9d" candidate_uuid: "1e023176629843ffa8069e8d733c4f87" candidate_term: 1 candidate_status { last_received { term: 0 index: 0 } } ignore_live_leader: false dest_uuid: "bdf4c7764ba64fb79c6b8bbfcbacb5fc"
I20260710 13:16:04.231732  7070 raft_consensus.cc:493] T e512785f35ad44a9a5c455a91f737fe5 P bdf4c7764ba64fb79c6b8bbfcbacb5fc [term 0 FOLLOWER]: Starting leader election (no leader contacted us within the election timeout)
I20260710 13:16:04.232126  7070 raft_consensus.cc:3060] T e512785f35ad44a9a5c455a91f737fe5 P bdf4c7764ba64fb79c6b8bbfcbacb5fc [term 0 FOLLOWER]: Advancing to term 1
I20260710 13:16:04.232923  7041 tablet_bootstrap.cc:492] T 719881c0c006462a83e55e3bad1e2d9d P bdf4c7764ba64fb79c6b8bbfcbacb5fc: No bootstrap required, opened a new log
W20260710 13:16:04.233105  6887 leader_election.cc:343] T 719881c0c006462a83e55e3bad1e2d9d P 1e023176629843ffa8069e8d733c4f87 [CANDIDATE]: Term 1 election: Tablet error from VoteRequest() call to peer bdf4c7764ba64fb79c6b8bbfcbacb5fc (127.5.154.193:38379): Illegal state: must be running to vote when last-logged opid is not known
I20260710 13:16:04.233371  7041 ts_tablet_manager.cc:1403] T 719881c0c006462a83e55e3bad1e2d9d P bdf4c7764ba64fb79c6b8bbfcbacb5fc: Time spent bootstrapping tablet: real 0.095s	user 0.020s	sys 0.032s
I20260710 13:16:04.231071  7118 leader_election.cc:290] T 719881c0c006462a83e55e3bad1e2d9d P 1e023176629843ffa8069e8d733c4f87 [CANDIDATE]: Term 1 election: Requested vote from peers bdf4c7764ba64fb79c6b8bbfcbacb5fc (127.5.154.193:38379), e91cab12f2144bbe9eefb75a2ea31814 (127.5.154.195:40169)
I20260710 13:16:04.238152  7037 ts_tablet_manager.cc:1403] T e512785f35ad44a9a5c455a91f737fe5 P e91cab12f2144bbe9eefb75a2ea31814: Time spent bootstrapping tablet: real 0.026s	user 0.016s	sys 0.000s
I20260710 13:16:04.237448  7070 raft_consensus.cc:515] T e512785f35ad44a9a5c455a91f737fe5 P bdf4c7764ba64fb79c6b8bbfcbacb5fc [term 1 FOLLOWER]: Starting leader election with config: opid_index: -1 OBSOLETE_local: false peers { permanent_uuid: "bdf4c7764ba64fb79c6b8bbfcbacb5fc" member_type: VOTER last_known_addr { host: "127.5.154.193" port: 38379 } } peers { permanent_uuid: "1e023176629843ffa8069e8d733c4f87" member_type: VOTER last_known_addr { host: "127.5.154.194" port: 45169 } } peers { permanent_uuid: "e91cab12f2144bbe9eefb75a2ea31814" member_type: VOTER last_known_addr { host: "127.5.154.195" port: 40169 } }
I20260710 13:16:04.241130  7070 leader_election.cc:290] T e512785f35ad44a9a5c455a91f737fe5 P bdf4c7764ba64fb79c6b8bbfcbacb5fc [CANDIDATE]: Term 1 election: Requested vote from peers 1e023176629843ffa8069e8d733c4f87 (127.5.154.194:45169), e91cab12f2144bbe9eefb75a2ea31814 (127.5.154.195:40169)
I20260710 13:16:04.241640  7039 tablet_bootstrap.cc:654] T bd2d66151d69456c98d4ca6ed798fbfa P 1e023176629843ffa8069e8d733c4f87: Neither blocks nor log segments found. Creating new log.
I20260710 13:16:04.241190  7037 raft_consensus.cc:359] T e512785f35ad44a9a5c455a91f737fe5 P e91cab12f2144bbe9eefb75a2ea31814 [term 0 FOLLOWER]: Replica starting. Triggering 0 pending ops. Active config: opid_index: -1 OBSOLETE_local: false peers { permanent_uuid: "bdf4c7764ba64fb79c6b8bbfcbacb5fc" member_type: VOTER last_known_addr { host: "127.5.154.193" port: 38379 } } peers { permanent_uuid: "1e023176629843ffa8069e8d733c4f87" member_type: VOTER last_known_addr { host: "127.5.154.194" port: 45169 } } peers { permanent_uuid: "e91cab12f2144bbe9eefb75a2ea31814" member_type: VOTER last_known_addr { host: "127.5.154.195" port: 40169 } }
I20260710 13:16:04.241865  6922 tablet_service.cc:1917] Received RequestConsensusVote() RPC: tablet_id: "e512785f35ad44a9a5c455a91f737fe5" candidate_uuid: "bdf4c7764ba64fb79c6b8bbfcbacb5fc" candidate_term: 1 candidate_status { last_received { term: 0 index: 0 } } ignore_live_leader: false dest_uuid: "1e023176629843ffa8069e8d733c4f87"
I20260710 13:16:04.242017  7037 raft_consensus.cc:385] T e512785f35ad44a9a5c455a91f737fe5 P e91cab12f2144bbe9eefb75a2ea31814 [term 0 FOLLOWER]: Consensus starting up: Expiring failure detector timer to make a prompt election more likely
I20260710 13:16:04.242399  7037 raft_consensus.cc:740] T e512785f35ad44a9a5c455a91f737fe5 P e91cab12f2144bbe9eefb75a2ea31814 [term 0 FOLLOWER]: Becoming Follower/Learner. State: Replica: e91cab12f2144bbe9eefb75a2ea31814, State: Initialized, Role: FOLLOWER
I20260710 13:16:04.242326  6994 tablet_service.cc:1917] Received RequestConsensusVote() RPC: tablet_id: "e512785f35ad44a9a5c455a91f737fe5" candidate_uuid: "bdf4c7764ba64fb79c6b8bbfcbacb5fc" candidate_term: 1 candidate_status { last_received { term: 0 index: 0 } } ignore_live_leader: false dest_uuid: "e91cab12f2144bbe9eefb75a2ea31814"
I20260710 13:16:04.242439  6922 raft_consensus.cc:3060] T e512785f35ad44a9a5c455a91f737fe5 P 1e023176629843ffa8069e8d733c4f87 [term 0 FOLLOWER]: Advancing to term 1
I20260710 13:16:04.243501  7037 consensus_queue.cc:260] T e512785f35ad44a9a5c455a91f737fe5 P e91cab12f2144bbe9eefb75a2ea31814 [NON_LEADER]: Queue going to NON_LEADER mode. State: All replicated index: 0, Majority replicated index: 0, Committed index: 0, Last appended: 0.0, Last appended by leader: 0, Current term: 0, Majority size: -1, State: 0, Mode: NON_LEADER, active raft config: opid_index: -1 OBSOLETE_local: false peers { permanent_uuid: "bdf4c7764ba64fb79c6b8bbfcbacb5fc" member_type: VOTER last_known_addr { host: "127.5.154.193" port: 38379 } } peers { permanent_uuid: "1e023176629843ffa8069e8d733c4f87" member_type: VOTER last_known_addr { host: "127.5.154.194" port: 45169 } } peers { permanent_uuid: "e91cab12f2144bbe9eefb75a2ea31814" member_type: VOTER last_known_addr { host: "127.5.154.195" port: 40169 } }
I20260710 13:16:04.244586  6994 raft_consensus.cc:3060] T e512785f35ad44a9a5c455a91f737fe5 P e91cab12f2144bbe9eefb75a2ea31814 [term 0 FOLLOWER]: Advancing to term 1
I20260710 13:16:04.245370  6997 raft_consensus.cc:2468] T 719881c0c006462a83e55e3bad1e2d9d P e91cab12f2144bbe9eefb75a2ea31814 [term 1 FOLLOWER]: Leader election vote request: Granting yes vote for candidate 1e023176629843ffa8069e8d733c4f87 in term 1.
I20260710 13:16:04.239706  7041 raft_consensus.cc:359] T 719881c0c006462a83e55e3bad1e2d9d P bdf4c7764ba64fb79c6b8bbfcbacb5fc [term 0 FOLLOWER]: Replica starting. Triggering 0 pending ops. Active config: opid_index: -1 OBSOLETE_local: false peers { permanent_uuid: "bdf4c7764ba64fb79c6b8bbfcbacb5fc" member_type: VOTER last_known_addr { host: "127.5.154.193" port: 38379 } } peers { permanent_uuid: "1e023176629843ffa8069e8d733c4f87" member_type: VOTER last_known_addr { host: "127.5.154.194" port: 45169 } } peers { permanent_uuid: "e91cab12f2144bbe9eefb75a2ea31814" member_type: VOTER last_known_addr { host: "127.5.154.195" port: 40169 } }
I20260710 13:16:04.248044  7041 raft_consensus.cc:385] T 719881c0c006462a83e55e3bad1e2d9d P bdf4c7764ba64fb79c6b8bbfcbacb5fc [term 0 FOLLOWER]: Consensus starting up: Expiring failure detector timer to make a prompt election more likely
I20260710 13:16:04.248443  7041 raft_consensus.cc:740] T 719881c0c006462a83e55e3bad1e2d9d P bdf4c7764ba64fb79c6b8bbfcbacb5fc [term 0 FOLLOWER]: Becoming Follower/Learner. State: Replica: bdf4c7764ba64fb79c6b8bbfcbacb5fc, State: Initialized, Role: FOLLOWER
I20260710 13:16:04.249313  6887 leader_election.cc:304] T 719881c0c006462a83e55e3bad1e2d9d P 1e023176629843ffa8069e8d733c4f87 [CANDIDATE]: Term 1 election: Election decided. Result: candidate won. Election summary: received 3 responses out of 3 voters: 2 yes votes; 1 no votes. yes voters: 1e023176629843ffa8069e8d733c4f87, e91cab12f2144bbe9eefb75a2ea31814; no voters: bdf4c7764ba64fb79c6b8bbfcbacb5fc
I20260710 13:16:04.251159  7077 raft_consensus.cc:2804] T 719881c0c006462a83e55e3bad1e2d9d P 1e023176629843ffa8069e8d733c4f87 [term 1 FOLLOWER]: Leader election won for term 1
I20260710 13:16:04.251325  6922 raft_consensus.cc:2468] T e512785f35ad44a9a5c455a91f737fe5 P 1e023176629843ffa8069e8d733c4f87 [term 1 FOLLOWER]: Leader election vote request: Granting yes vote for candidate bdf4c7764ba64fb79c6b8bbfcbacb5fc in term 1.
I20260710 13:16:04.251772  7077 raft_consensus.cc:697] T 719881c0c006462a83e55e3bad1e2d9d P 1e023176629843ffa8069e8d733c4f87 [term 1 LEADER]: Becoming Leader. State: Replica: 1e023176629843ffa8069e8d733c4f87, State: Running, Role: LEADER
I20260710 13:16:04.251168  7041 consensus_queue.cc:260] T 719881c0c006462a83e55e3bad1e2d9d P bdf4c7764ba64fb79c6b8bbfcbacb5fc [NON_LEADER]: Queue going to NON_LEADER mode. State: All replicated index: 0, Majority replicated index: 0, Committed index: 0, Last appended: 0.0, Last appended by leader: 0, Current term: 0, Majority size: -1, State: 0, Mode: NON_LEADER, active raft config: opid_index: -1 OBSOLETE_local: false peers { permanent_uuid: "bdf4c7764ba64fb79c6b8bbfcbacb5fc" member_type: VOTER last_known_addr { host: "127.5.154.193" port: 38379 } } peers { permanent_uuid: "1e023176629843ffa8069e8d733c4f87" member_type: VOTER last_known_addr { host: "127.5.154.194" port: 45169 } } peers { permanent_uuid: "e91cab12f2144bbe9eefb75a2ea31814" member_type: VOTER last_known_addr { host: "127.5.154.195" port: 40169 } }
I20260710 13:16:04.252836  7077 consensus_queue.cc:237] T 719881c0c006462a83e55e3bad1e2d9d P 1e023176629843ffa8069e8d733c4f87 [LEADER]: Queue going to LEADER mode. State: All replicated index: 0, Majority replicated index: 0, Committed index: 0, Last appended: 0.0, Last appended by leader: 0, Current term: 1, Majority size: 2, State: 0, Mode: LEADER, active raft config: opid_index: -1 OBSOLETE_local: false peers { permanent_uuid: "bdf4c7764ba64fb79c6b8bbfcbacb5fc" member_type: VOTER last_known_addr { host: "127.5.154.193" port: 38379 } } peers { permanent_uuid: "1e023176629843ffa8069e8d733c4f87" member_type: VOTER last_known_addr { host: "127.5.154.194" port: 45169 } } peers { permanent_uuid: "e91cab12f2144bbe9eefb75a2ea31814" member_type: VOTER last_known_addr { host: "127.5.154.195" port: 40169 } }
I20260710 13:16:04.256628  6743 catalog_manager.cc:5697] T 423c05cce60744d3bd6d9e1670ef0caa P 1e023176629843ffa8069e8d733c4f87 reported cstate change: term changed from 0 to 1, leader changed from <none> to 1e023176629843ffa8069e8d733c4f87 (127.5.154.194). New cstate: current_term: 1 leader_uuid: "1e023176629843ffa8069e8d733c4f87" committed_config { opid_index: -1 OBSOLETE_local: false peers { permanent_uuid: "bdf4c7764ba64fb79c6b8bbfcbacb5fc" member_type: VOTER last_known_addr { host: "127.5.154.193" port: 38379 } health_report { overall_health: UNKNOWN } } peers { permanent_uuid: "1e023176629843ffa8069e8d733c4f87" member_type: VOTER last_known_addr { host: "127.5.154.194" port: 45169 } health_report { overall_health: HEALTHY } } peers { permanent_uuid: "e91cab12f2144bbe9eefb75a2ea31814" member_type: VOTER last_known_addr { host: "127.5.154.195" port: 40169 } health_report { overall_health: UNKNOWN } } }
I20260710 13:16:04.259625  7041 ts_tablet_manager.cc:1434] T 719881c0c006462a83e55e3bad1e2d9d P bdf4c7764ba64fb79c6b8bbfcbacb5fc: Time spent starting tablet: real 0.026s	user 0.010s	sys 0.000s
I20260710 13:16:04.260928  7041 tablet_bootstrap.cc:492] T 04c7993495214e38b7c9b2357f8f7b49 P bdf4c7764ba64fb79c6b8bbfcbacb5fc: Bootstrap starting.
I20260710 13:16:04.261190  6814 leader_election.cc:304] T e512785f35ad44a9a5c455a91f737fe5 P bdf4c7764ba64fb79c6b8bbfcbacb5fc [CANDIDATE]: Term 1 election: Election decided. Result: candidate won. Election summary: received 2 responses out of 3 voters: 2 yes votes; 0 no votes. yes voters: 1e023176629843ffa8069e8d733c4f87, bdf4c7764ba64fb79c6b8bbfcbacb5fc; no voters: 
I20260710 13:16:04.262140  7070 raft_consensus.cc:2804] T e512785f35ad44a9a5c455a91f737fe5 P bdf4c7764ba64fb79c6b8bbfcbacb5fc [term 1 FOLLOWER]: Leader election won for term 1
I20260710 13:16:04.262646  7070 raft_consensus.cc:697] T e512785f35ad44a9a5c455a91f737fe5 P bdf4c7764ba64fb79c6b8bbfcbacb5fc [term 1 LEADER]: Becoming Leader. State: Replica: bdf4c7764ba64fb79c6b8bbfcbacb5fc, State: Running, Role: LEADER
I20260710 13:16:04.263582  7070 consensus_queue.cc:237] T e512785f35ad44a9a5c455a91f737fe5 P bdf4c7764ba64fb79c6b8bbfcbacb5fc [LEADER]: Queue going to LEADER mode. State: All replicated index: 0, Majority replicated index: 0, Committed index: 0, Last appended: 0.0, Last appended by leader: 0, Current term: 1, Majority size: 2, State: 0, Mode: LEADER, active raft config: opid_index: -1 OBSOLETE_local: false peers { permanent_uuid: "bdf4c7764ba64fb79c6b8bbfcbacb5fc" member_type: VOTER last_known_addr { host: "127.5.154.193" port: 38379 } } peers { permanent_uuid: "1e023176629843ffa8069e8d733c4f87" member_type: VOTER last_known_addr { host: "127.5.154.194" port: 45169 } } peers { permanent_uuid: "e91cab12f2144bbe9eefb75a2ea31814" member_type: VOTER last_known_addr { host: "127.5.154.195" port: 40169 } }
I20260710 13:16:04.267082  6994 raft_consensus.cc:2468] T e512785f35ad44a9a5c455a91f737fe5 P e91cab12f2144bbe9eefb75a2ea31814 [term 1 FOLLOWER]: Leader election vote request: Granting yes vote for candidate bdf4c7764ba64fb79c6b8bbfcbacb5fc in term 1.
I20260710 13:16:04.269593  7039 tablet_bootstrap.cc:492] T bd2d66151d69456c98d4ca6ed798fbfa P 1e023176629843ffa8069e8d733c4f87: No bootstrap required, opened a new log
I20260710 13:16:04.270102  7039 ts_tablet_manager.cc:1403] T bd2d66151d69456c98d4ca6ed798fbfa P 1e023176629843ffa8069e8d733c4f87: Time spent bootstrapping tablet: real 0.050s	user 0.011s	sys 0.005s
I20260710 13:16:04.271309  7037 ts_tablet_manager.cc:1434] T e512785f35ad44a9a5c455a91f737fe5 P e91cab12f2144bbe9eefb75a2ea31814: Time spent starting tablet: real 0.033s	user 0.008s	sys 0.000s
I20260710 13:16:04.272682  7037 tablet_bootstrap.cc:492] T 04c7993495214e38b7c9b2357f8f7b49 P e91cab12f2144bbe9eefb75a2ea31814: Bootstrap starting.
I20260710 13:16:04.276850  7039 raft_consensus.cc:359] T bd2d66151d69456c98d4ca6ed798fbfa P 1e023176629843ffa8069e8d733c4f87 [term 0 FOLLOWER]: Replica starting. Triggering 0 pending ops. Active config: opid_index: -1 OBSOLETE_local: false peers { permanent_uuid: "bdf4c7764ba64fb79c6b8bbfcbacb5fc" member_type: VOTER last_known_addr { host: "127.5.154.193" port: 38379 } } peers { permanent_uuid: "1e023176629843ffa8069e8d733c4f87" member_type: VOTER last_known_addr { host: "127.5.154.194" port: 45169 } } peers { permanent_uuid: "e91cab12f2144bbe9eefb75a2ea31814" member_type: VOTER last_known_addr { host: "127.5.154.195" port: 40169 } }
I20260710 13:16:04.277812  7039 raft_consensus.cc:385] T bd2d66151d69456c98d4ca6ed798fbfa P 1e023176629843ffa8069e8d733c4f87 [term 0 FOLLOWER]: Consensus starting up: Expiring failure detector timer to make a prompt election more likely
I20260710 13:16:04.278456  7039 raft_consensus.cc:740] T bd2d66151d69456c98d4ca6ed798fbfa P 1e023176629843ffa8069e8d733c4f87 [term 0 FOLLOWER]: Becoming Follower/Learner. State: Replica: 1e023176629843ffa8069e8d733c4f87, State: Initialized, Role: FOLLOWER
I20260710 13:16:04.279721  7039 consensus_queue.cc:260] T bd2d66151d69456c98d4ca6ed798fbfa P 1e023176629843ffa8069e8d733c4f87 [NON_LEADER]: Queue going to NON_LEADER mode. State: All replicated index: 0, Majority replicated index: 0, Committed index: 0, Last appended: 0.0, Last appended by leader: 0, Current term: 0, Majority size: -1, State: 0, Mode: NON_LEADER, active raft config: opid_index: -1 OBSOLETE_local: false peers { permanent_uuid: "bdf4c7764ba64fb79c6b8bbfcbacb5fc" member_type: VOTER last_known_addr { host: "127.5.154.193" port: 38379 } } peers { permanent_uuid: "1e023176629843ffa8069e8d733c4f87" member_type: VOTER last_known_addr { host: "127.5.154.194" port: 45169 } } peers { permanent_uuid: "e91cab12f2144bbe9eefb75a2ea31814" member_type: VOTER last_known_addr { host: "127.5.154.195" port: 40169 } }
I20260710 13:16:04.280407  7037 tablet_bootstrap.cc:654] T 04c7993495214e38b7c9b2357f8f7b49 P e91cab12f2144bbe9eefb75a2ea31814: Neither blocks nor log segments found. Creating new log.
I20260710 13:16:04.282130  7039 ts_tablet_manager.cc:1434] T bd2d66151d69456c98d4ca6ed798fbfa P 1e023176629843ffa8069e8d733c4f87: Time spent starting tablet: real 0.012s	user 0.006s	sys 0.000s
I20260710 13:16:04.283207  7039 tablet_bootstrap.cc:492] T 3324308a51af4b878240374aa5f5b68b P 1e023176629843ffa8069e8d733c4f87: Bootstrap starting.
I20260710 13:16:04.284746  7041 tablet_bootstrap.cc:654] T 04c7993495214e38b7c9b2357f8f7b49 P bdf4c7764ba64fb79c6b8bbfcbacb5fc: Neither blocks nor log segments found. Creating new log.
I20260710 13:16:04.289821  7039 tablet_bootstrap.cc:654] T 3324308a51af4b878240374aa5f5b68b P 1e023176629843ffa8069e8d733c4f87: Neither blocks nor log segments found. Creating new log.
I20260710 13:16:04.298789  7074 raft_consensus.cc:493] T 95a06ee2576d47ca85e1cb62d61a2011 P e91cab12f2144bbe9eefb75a2ea31814 [term 0 FOLLOWER]: Starting pre-election (no leader contacted us within the election timeout)
I20260710 13:16:04.299638  7074 raft_consensus.cc:515] T 95a06ee2576d47ca85e1cb62d61a2011 P e91cab12f2144bbe9eefb75a2ea31814 [term 0 FOLLOWER]: Starting pre-election with config: opid_index: -1 OBSOLETE_local: false peers { permanent_uuid: "bdf4c7764ba64fb79c6b8bbfcbacb5fc" member_type: VOTER last_known_addr { host: "127.5.154.193" port: 38379 } } peers { permanent_uuid: "1e023176629843ffa8069e8d733c4f87" member_type: VOTER last_known_addr { host: "127.5.154.194" port: 45169 } } peers { permanent_uuid: "e91cab12f2144bbe9eefb75a2ea31814" member_type: VOTER last_known_addr { host: "127.5.154.195" port: 40169 } }
I20260710 13:16:04.303704  6845 tablet_service.cc:1917] Received RequestConsensusVote() RPC: tablet_id: "95a06ee2576d47ca85e1cb62d61a2011" candidate_uuid: "e91cab12f2144bbe9eefb75a2ea31814" candidate_term: 1 candidate_status { last_received { term: 0 index: 0 } } ignore_live_leader: false dest_uuid: "bdf4c7764ba64fb79c6b8bbfcbacb5fc" is_pre_election: true
I20260710 13:16:04.304981  6922 tablet_service.cc:1917] Received RequestConsensusVote() RPC: tablet_id: "95a06ee2576d47ca85e1cb62d61a2011" candidate_uuid: "e91cab12f2144bbe9eefb75a2ea31814" candidate_term: 1 candidate_status { last_received { term: 0 index: 0 } } ignore_live_leader: false dest_uuid: "1e023176629843ffa8069e8d733c4f87" is_pre_election: true
W20260710 13:16:04.305847  6961 leader_election.cc:343] T 95a06ee2576d47ca85e1cb62d61a2011 P e91cab12f2144bbe9eefb75a2ea31814 [CANDIDATE]: Term 1 pre-election: Tablet error from VoteRequest() call to peer bdf4c7764ba64fb79c6b8bbfcbacb5fc (127.5.154.193:38379): Illegal state: must be running to vote when last-logged opid is not known
I20260710 13:16:04.305940  6922 raft_consensus.cc:2468] T 95a06ee2576d47ca85e1cb62d61a2011 P 1e023176629843ffa8069e8d733c4f87 [term 0 FOLLOWER]: Leader pre-election vote request: Granting yes vote for candidate e91cab12f2144bbe9eefb75a2ea31814 in term 0.
I20260710 13:16:04.314358  7041 tablet_bootstrap.cc:492] T 04c7993495214e38b7c9b2357f8f7b49 P bdf4c7764ba64fb79c6b8bbfcbacb5fc: No bootstrap required, opened a new log
I20260710 13:16:04.307014  7074 leader_election.cc:290] T 95a06ee2576d47ca85e1cb62d61a2011 P e91cab12f2144bbe9eefb75a2ea31814 [CANDIDATE]: Term 1 pre-election: Requested pre-vote from peers bdf4c7764ba64fb79c6b8bbfcbacb5fc (127.5.154.193:38379), 1e023176629843ffa8069e8d733c4f87 (127.5.154.194:45169)
I20260710 13:16:04.314617  6963 leader_election.cc:304] T 95a06ee2576d47ca85e1cb62d61a2011 P e91cab12f2144bbe9eefb75a2ea31814 [CANDIDATE]: Term 1 pre-election: Election decided. Result: candidate won. Election summary: received 3 responses out of 3 voters: 2 yes votes; 1 no votes. yes voters: 1e023176629843ffa8069e8d733c4f87, e91cab12f2144bbe9eefb75a2ea31814; no voters: bdf4c7764ba64fb79c6b8bbfcbacb5fc
I20260710 13:16:04.316054  7074 raft_consensus.cc:2804] T 95a06ee2576d47ca85e1cb62d61a2011 P e91cab12f2144bbe9eefb75a2ea31814 [term 0 FOLLOWER]: Leader pre-election won for term 1
I20260710 13:16:04.316529  7074 raft_consensus.cc:493] T 95a06ee2576d47ca85e1cb62d61a2011 P e91cab12f2144bbe9eefb75a2ea31814 [term 0 FOLLOWER]: Starting leader election (no leader contacted us within the election timeout)
I20260710 13:16:04.316929  7074 raft_consensus.cc:3060] T 95a06ee2576d47ca85e1cb62d61a2011 P e91cab12f2144bbe9eefb75a2ea31814 [term 0 FOLLOWER]: Advancing to term 1
