I20260710 13:16:38.868287  1730 consensus_queue.cc:260] T 93d595e83b8a4efe9837737e85b43da5 P aa24d458e1bf4eb9951de00650a7202a [NON_LEADER]: Queue going to NON_LEADER mode. State: All replicated index: 0, Majority replicated index: 0, Committed index: 0, Last appended: 0.0, Last appended by leader: 0, Current term: 0, Majority size: -1, State: 0, Mode: NON_LEADER, active raft config: opid_index: -1 OBSOLETE_local: false peers { permanent_uuid: "58c6db1672694f31a239ee88133d1240" member_type: VOTER last_known_addr { host: "127.0.107.193" port: 44603 } } peers { permanent_uuid: "2bd14b7f08aa421a8e3168b1df632093" member_type: VOTER last_known_addr { host: "127.0.107.194" port: 41749 } } peers { permanent_uuid: "aa24d458e1bf4eb9951de00650a7202a" member_type: VOTER last_known_addr { host: "127.0.107.195" port: 45911 } }
I20260710 13:16:38.868460  1731 consensus_queue.cc:260] T 60230dacecf645399505274025771b4e P 2bd14b7f08aa421a8e3168b1df632093 [NON_LEADER]: Queue going to NON_LEADER mode. State: All replicated index: 0, Majority replicated index: 0, Committed index: 0, Last appended: 0.0, Last appended by leader: 0, Current term: 0, Majority size: -1, State: 0, Mode: NON_LEADER, active raft config: opid_index: -1 OBSOLETE_local: false peers { permanent_uuid: "58c6db1672694f31a239ee88133d1240" member_type: VOTER last_known_addr { host: "127.0.107.193" port: 44603 } } peers { permanent_uuid: "2bd14b7f08aa421a8e3168b1df632093" member_type: VOTER last_known_addr { host: "127.0.107.194" port: 41749 } } peers { permanent_uuid: "aa24d458e1bf4eb9951de00650a7202a" member_type: VOTER last_known_addr { host: "127.0.107.195" port: 45911 } }
I20260710 13:16:38.868757  1728 raft_consensus.cc:359] T 94ab1d6dcd4f4d0ea0d5986da063648b P 58c6db1672694f31a239ee88133d1240 [term 0 FOLLOWER]: Replica starting. Triggering 0 pending ops. Active config: opid_index: -1 OBSOLETE_local: false peers { permanent_uuid: "58c6db1672694f31a239ee88133d1240" member_type: VOTER last_known_addr { host: "127.0.107.193" port: 44603 } } peers { permanent_uuid: "2bd14b7f08aa421a8e3168b1df632093" member_type: VOTER last_known_addr { host: "127.0.107.194" port: 41749 } } peers { permanent_uuid: "aa24d458e1bf4eb9951de00650a7202a" member_type: VOTER last_known_addr { host: "127.0.107.195" port: 45911 } }
I20260710 13:16:38.869552  1728 raft_consensus.cc:385] T 94ab1d6dcd4f4d0ea0d5986da063648b P 58c6db1672694f31a239ee88133d1240 [term 0 FOLLOWER]: Consensus starting up: Expiring failure detector timer to make a prompt election more likely
I20260710 13:16:38.869899  1728 raft_consensus.cc:740] T 94ab1d6dcd4f4d0ea0d5986da063648b P 58c6db1672694f31a239ee88133d1240 [term 0 FOLLOWER]: Becoming Follower/Learner. State: Replica: 58c6db1672694f31a239ee88133d1240, State: Initialized, Role: FOLLOWER
I20260710 13:16:38.870600  1731 ts_tablet_manager.cc:1434] T 60230dacecf645399505274025771b4e P 2bd14b7f08aa421a8e3168b1df632093: Time spent starting tablet: real 0.007s	user 0.007s	sys 0.000s
I20260710 13:16:38.870672  1728 consensus_queue.cc:260] T 94ab1d6dcd4f4d0ea0d5986da063648b P 58c6db1672694f31a239ee88133d1240 [NON_LEADER]: Queue going to NON_LEADER mode. State: All replicated index: 0, Majority replicated index: 0, Committed index: 0, Last appended: 0.0, Last appended by leader: 0, Current term: 0, Majority size: -1, State: 0, Mode: NON_LEADER, active raft config: opid_index: -1 OBSOLETE_local: false peers { permanent_uuid: "58c6db1672694f31a239ee88133d1240" member_type: VOTER last_known_addr { host: "127.0.107.193" port: 44603 } } peers { permanent_uuid: "2bd14b7f08aa421a8e3168b1df632093" member_type: VOTER last_known_addr { host: "127.0.107.194" port: 41749 } } peers { permanent_uuid: "aa24d458e1bf4eb9951de00650a7202a" member_type: VOTER last_known_addr { host: "127.0.107.195" port: 45911 } }
I20260710 13:16:38.871646  1731 tablet_bootstrap.cc:492] T a431d20c1a994eb79c49696e8afdd640 P 2bd14b7f08aa421a8e3168b1df632093: Bootstrap starting.
I20260710 13:16:38.873075  1728 ts_tablet_manager.cc:1434] T 94ab1d6dcd4f4d0ea0d5986da063648b P 58c6db1672694f31a239ee88133d1240: Time spent starting tablet: real 0.009s	user 0.003s	sys 0.001s
I20260710 13:16:38.873970  1728 tablet_bootstrap.cc:492] T db05fee9be4e432685280f7422229401 P 58c6db1672694f31a239ee88133d1240: Bootstrap starting.
I20260710 13:16:38.876129  1730 ts_tablet_manager.cc:1434] T 93d595e83b8a4efe9837737e85b43da5 P aa24d458e1bf4eb9951de00650a7202a: Time spent starting tablet: real 0.012s	user 0.005s	sys 0.000s
I20260710 13:16:38.877147  1730 tablet_bootstrap.cc:492] T b8f1051ea6144afeab61484dbe16340d P aa24d458e1bf4eb9951de00650a7202a: Bootstrap starting.
I20260710 13:16:38.877657  1731 tablet_bootstrap.cc:654] T a431d20c1a994eb79c49696e8afdd640 P 2bd14b7f08aa421a8e3168b1df632093: Neither blocks nor log segments found. Creating new log.
I20260710 13:16:38.879587  1728 tablet_bootstrap.cc:654] T db05fee9be4e432685280f7422229401 P 58c6db1672694f31a239ee88133d1240: Neither blocks nor log segments found. Creating new log.
I20260710 13:16:38.883582  1730 tablet_bootstrap.cc:654] T b8f1051ea6144afeab61484dbe16340d P aa24d458e1bf4eb9951de00650a7202a: Neither blocks nor log segments found. Creating new log.
I20260710 13:16:38.889272  1730 tablet_bootstrap.cc:492] T b8f1051ea6144afeab61484dbe16340d P aa24d458e1bf4eb9951de00650a7202a: No bootstrap required, opened a new log
I20260710 13:16:38.889833  1730 ts_tablet_manager.cc:1403] T b8f1051ea6144afeab61484dbe16340d P aa24d458e1bf4eb9951de00650a7202a: Time spent bootstrapping tablet: real 0.013s	user 0.007s	sys 0.005s
I20260710 13:16:38.892201  1732 raft_consensus.cc:493] T 1e825e64714449289279c726ce10fd7d P 58c6db1672694f31a239ee88133d1240 [term 0 FOLLOWER]: Starting pre-election (no leader contacted us within the election timeout)
I20260710 13:16:38.892525  1730 raft_consensus.cc:359] T b8f1051ea6144afeab61484dbe16340d P aa24d458e1bf4eb9951de00650a7202a [term 0 FOLLOWER]: Replica starting. Triggering 0 pending ops. Active config: opid_index: -1 OBSOLETE_local: false peers { permanent_uuid: "58c6db1672694f31a239ee88133d1240" member_type: VOTER last_known_addr { host: "127.0.107.193" port: 44603 } } peers { permanent_uuid: "2bd14b7f08aa421a8e3168b1df632093" member_type: VOTER last_known_addr { host: "127.0.107.194" port: 41749 } } peers { permanent_uuid: "aa24d458e1bf4eb9951de00650a7202a" member_type: VOTER last_known_addr { host: "127.0.107.195" port: 45911 } }
I20260710 13:16:38.892859  1732 raft_consensus.cc:515] T 1e825e64714449289279c726ce10fd7d P 58c6db1672694f31a239ee88133d1240 [term 0 FOLLOWER]: Starting pre-election with config: opid_index: -1 OBSOLETE_local: false peers { permanent_uuid: "58c6db1672694f31a239ee88133d1240" member_type: VOTER last_known_addr { host: "127.0.107.193" port: 44603 } } peers { permanent_uuid: "aa24d458e1bf4eb9951de00650a7202a" member_type: VOTER last_known_addr { host: "127.0.107.195" port: 45911 } } peers { permanent_uuid: "2bd14b7f08aa421a8e3168b1df632093" member_type: VOTER last_known_addr { host: "127.0.107.194" port: 41749 } }
I20260710 13:16:38.893465  1730 raft_consensus.cc:385] T b8f1051ea6144afeab61484dbe16340d P aa24d458e1bf4eb9951de00650a7202a [term 0 FOLLOWER]: Consensus starting up: Expiring failure detector timer to make a prompt election more likely
I20260710 13:16:38.893953  1730 raft_consensus.cc:740] T b8f1051ea6144afeab61484dbe16340d P aa24d458e1bf4eb9951de00650a7202a [term 0 FOLLOWER]: Becoming Follower/Learner. State: Replica: aa24d458e1bf4eb9951de00650a7202a, State: Initialized, Role: FOLLOWER
I20260710 13:16:38.895047  1732 leader_election.cc:290] T 1e825e64714449289279c726ce10fd7d P 58c6db1672694f31a239ee88133d1240 [CANDIDATE]: Term 1 pre-election: Requested pre-vote from peers aa24d458e1bf4eb9951de00650a7202a (127.0.107.195:45911), 2bd14b7f08aa421a8e3168b1df632093 (127.0.107.194:41749)
I20260710 13:16:38.894829  1730 consensus_queue.cc:260] T b8f1051ea6144afeab61484dbe16340d P aa24d458e1bf4eb9951de00650a7202a [NON_LEADER]: Queue going to NON_LEADER mode. State: All replicated index: 0, Majority replicated index: 0, Committed index: 0, Last appended: 0.0, Last appended by leader: 0, Current term: 0, Majority size: -1, State: 0, Mode: NON_LEADER, active raft config: opid_index: -1 OBSOLETE_local: false peers { permanent_uuid: "58c6db1672694f31a239ee88133d1240" member_type: VOTER last_known_addr { host: "127.0.107.193" port: 44603 } } peers { permanent_uuid: "2bd14b7f08aa421a8e3168b1df632093" member_type: VOTER last_known_addr { host: "127.0.107.194" port: 41749 } } peers { permanent_uuid: "aa24d458e1bf4eb9951de00650a7202a" member_type: VOTER last_known_addr { host: "127.0.107.195" port: 45911 } }
I20260710 13:16:38.895525  1728 tablet_bootstrap.cc:492] T db05fee9be4e432685280f7422229401 P 58c6db1672694f31a239ee88133d1240: No bootstrap required, opened a new log
I20260710 13:16:38.896000  1728 ts_tablet_manager.cc:1403] T db05fee9be4e432685280f7422229401 P 58c6db1672694f31a239ee88133d1240: Time spent bootstrapping tablet: real 0.022s	user 0.014s	sys 0.005s
I20260710 13:16:38.896597  1687 tablet_service.cc:1917] Received RequestConsensusVote() RPC: tablet_id: "1e825e64714449289279c726ce10fd7d" candidate_uuid: "58c6db1672694f31a239ee88133d1240" candidate_term: 1 candidate_status { last_received { term: 0 index: 0 } } ignore_live_leader: false dest_uuid: "aa24d458e1bf4eb9951de00650a7202a" is_pre_election: true
W20260710 13:16:38.898344  1502 leader_election.cc:343] T 1e825e64714449289279c726ce10fd7d P 58c6db1672694f31a239ee88133d1240 [CANDIDATE]: Term 1 pre-election: Tablet error from VoteRequest() call to peer aa24d458e1bf4eb9951de00650a7202a (127.0.107.195:45911): Illegal state: must be running to vote when last-logged opid is not known
I20260710 13:16:38.897701  1614 tablet_service.cc:1917] Received RequestConsensusVote() RPC: tablet_id: "1e825e64714449289279c726ce10fd7d" candidate_uuid: "58c6db1672694f31a239ee88133d1240" candidate_term: 1 candidate_status { last_received { term: 0 index: 0 } } ignore_live_leader: false dest_uuid: "2bd14b7f08aa421a8e3168b1df632093" is_pre_election: true
I20260710 13:16:38.898711  1728 raft_consensus.cc:359] T db05fee9be4e432685280f7422229401 P 58c6db1672694f31a239ee88133d1240 [term 0 FOLLOWER]: Replica starting. Triggering 0 pending ops. Active config: opid_index: -1 OBSOLETE_local: false peers { permanent_uuid: "58c6db1672694f31a239ee88133d1240" member_type: VOTER last_known_addr { host: "127.0.107.193" port: 44603 } } peers { permanent_uuid: "2bd14b7f08aa421a8e3168b1df632093" member_type: VOTER last_known_addr { host: "127.0.107.194" port: 41749 } } peers { permanent_uuid: "aa24d458e1bf4eb9951de00650a7202a" member_type: VOTER last_known_addr { host: "127.0.107.195" port: 45911 } }
I20260710 13:16:38.899415  1614 raft_consensus.cc:2468] T 1e825e64714449289279c726ce10fd7d P 2bd14b7f08aa421a8e3168b1df632093 [term 0 FOLLOWER]: Leader pre-election vote request: Granting yes vote for candidate 58c6db1672694f31a239ee88133d1240 in term 0.
I20260710 13:16:38.902760  1731 tablet_bootstrap.cc:492] T a431d20c1a994eb79c49696e8afdd640 P 2bd14b7f08aa421a8e3168b1df632093: No bootstrap required, opened a new log
I20260710 13:16:38.899493  1728 raft_consensus.cc:385] T db05fee9be4e432685280f7422229401 P 58c6db1672694f31a239ee88133d1240 [term 0 FOLLOWER]: Consensus starting up: Expiring failure detector timer to make a prompt election more likely
I20260710 13:16:38.899833  1730 ts_tablet_manager.cc:1434] T b8f1051ea6144afeab61484dbe16340d P aa24d458e1bf4eb9951de00650a7202a: Time spent starting tablet: real 0.010s	user 0.004s	sys 0.002s
I20260710 13:16:38.905459  1731 ts_tablet_manager.cc:1403] T a431d20c1a994eb79c49696e8afdd640 P 2bd14b7f08aa421a8e3168b1df632093: Time spent bootstrapping tablet: real 0.034s	user 0.011s	sys 0.008s
I20260710 13:16:38.905381  1728 raft_consensus.cc:740] T db05fee9be4e432685280f7422229401 P 58c6db1672694f31a239ee88133d1240 [term 0 FOLLOWER]: Becoming Follower/Learner. State: Replica: 58c6db1672694f31a239ee88133d1240, State: Initialized, Role: FOLLOWER
I20260710 13:16:38.905966  1504 leader_election.cc:304] T 1e825e64714449289279c726ce10fd7d P 58c6db1672694f31a239ee88133d1240 [CANDIDATE]: Term 1 pre-election: Election decided. Result: candidate won. Election summary: received 3 responses out of 3 voters: 2 yes votes; 1 no votes. yes voters: 2bd14b7f08aa421a8e3168b1df632093, 58c6db1672694f31a239ee88133d1240; no voters: aa24d458e1bf4eb9951de00650a7202a
I20260710 13:16:38.906288  1728 consensus_queue.cc:260] T db05fee9be4e432685280f7422229401 P 58c6db1672694f31a239ee88133d1240 [NON_LEADER]: Queue going to NON_LEADER mode. State: All replicated index: 0, Majority replicated index: 0, Committed index: 0, Last appended: 0.0, Last appended by leader: 0, Current term: 0, Majority size: -1, State: 0, Mode: NON_LEADER, active raft config: opid_index: -1 OBSOLETE_local: false peers { permanent_uuid: "58c6db1672694f31a239ee88133d1240" member_type: VOTER last_known_addr { host: "127.0.107.193" port: 44603 } } peers { permanent_uuid: "2bd14b7f08aa421a8e3168b1df632093" member_type: VOTER last_known_addr { host: "127.0.107.194" port: 41749 } } peers { permanent_uuid: "aa24d458e1bf4eb9951de00650a7202a" member_type: VOTER last_known_addr { host: "127.0.107.195" port: 45911 } }
I20260710 13:16:38.907774  1730 tablet_bootstrap.cc:492] T 94ab1d6dcd4f4d0ea0d5986da063648b P aa24d458e1bf4eb9951de00650a7202a: Bootstrap starting.
I20260710 13:16:38.908020  1731 raft_consensus.cc:359] T a431d20c1a994eb79c49696e8afdd640 P 2bd14b7f08aa421a8e3168b1df632093 [term 0 FOLLOWER]: Replica starting. Triggering 0 pending ops. Active config: opid_index: -1 OBSOLETE_local: false peers { permanent_uuid: "58c6db1672694f31a239ee88133d1240" member_type: VOTER last_known_addr { host: "127.0.107.193" port: 44603 } } peers { permanent_uuid: "2bd14b7f08aa421a8e3168b1df632093" member_type: VOTER last_known_addr { host: "127.0.107.194" port: 41749 } } peers { permanent_uuid: "aa24d458e1bf4eb9951de00650a7202a" member_type: VOTER last_known_addr { host: "127.0.107.195" port: 45911 } }
I20260710 13:16:38.908416  1728 ts_tablet_manager.cc:1434] T db05fee9be4e432685280f7422229401 P 58c6db1672694f31a239ee88133d1240: Time spent starting tablet: real 0.012s	user 0.005s	sys 0.004s
I20260710 13:16:38.909133  1763 raft_consensus.cc:2804] T 1e825e64714449289279c726ce10fd7d P 58c6db1672694f31a239ee88133d1240 [term 0 FOLLOWER]: Leader pre-election won for term 1
I20260710 13:16:38.909336  1728 tablet_bootstrap.cc:492] T a431d20c1a994eb79c49696e8afdd640 P 58c6db1672694f31a239ee88133d1240: Bootstrap starting.
I20260710 13:16:38.909528  1763 raft_consensus.cc:493] T 1e825e64714449289279c726ce10fd7d P 58c6db1672694f31a239ee88133d1240 [term 0 FOLLOWER]: Starting leader election (no leader contacted us within the election timeout)
I20260710 13:16:38.909934  1763 raft_consensus.cc:3060] T 1e825e64714449289279c726ce10fd7d P 58c6db1672694f31a239ee88133d1240 [term 0 FOLLOWER]: Advancing to term 1
I20260710 13:16:38.908699  1731 raft_consensus.cc:385] T a431d20c1a994eb79c49696e8afdd640 P 2bd14b7f08aa421a8e3168b1df632093 [term 0 FOLLOWER]: Consensus starting up: Expiring failure detector timer to make a prompt election more likely
I20260710 13:16:38.911247  1731 raft_consensus.cc:740] T a431d20c1a994eb79c49696e8afdd640 P 2bd14b7f08aa421a8e3168b1df632093 [term 0 FOLLOWER]: Becoming Follower/Learner. State: Replica: 2bd14b7f08aa421a8e3168b1df632093, State: Initialized, Role: FOLLOWER
I20260710 13:16:38.912025  1731 consensus_queue.cc:260] T a431d20c1a994eb79c49696e8afdd640 P 2bd14b7f08aa421a8e3168b1df632093 [NON_LEADER]: Queue going to NON_LEADER mode. State: All replicated index: 0, Majority replicated index: 0, Committed index: 0, Last appended: 0.0, Last appended by leader: 0, Current term: 0, Majority size: -1, State: 0, Mode: NON_LEADER, active raft config: opid_index: -1 OBSOLETE_local: false peers { permanent_uuid: "58c6db1672694f31a239ee88133d1240" member_type: VOTER last_known_addr { host: "127.0.107.193" port: 44603 } } peers { permanent_uuid: "2bd14b7f08aa421a8e3168b1df632093" member_type: VOTER last_known_addr { host: "127.0.107.194" port: 41749 } } peers { permanent_uuid: "aa24d458e1bf4eb9951de00650a7202a" member_type: VOTER last_known_addr { host: "127.0.107.195" port: 45911 } }
I20260710 13:16:38.914968  1730 tablet_bootstrap.cc:654] T 94ab1d6dcd4f4d0ea0d5986da063648b P aa24d458e1bf4eb9951de00650a7202a: Neither blocks nor log segments found. Creating new log.
I20260710 13:16:38.915367  1728 tablet_bootstrap.cc:654] T a431d20c1a994eb79c49696e8afdd640 P 58c6db1672694f31a239ee88133d1240: Neither blocks nor log segments found. Creating new log.
I20260710 13:16:38.918861  1757 raft_consensus.cc:493] T 3d3ae4d5c0bb4c75958f8afa632b26f2 P aa24d458e1bf4eb9951de00650a7202a [term 0 FOLLOWER]: Starting pre-election (no leader contacted us within the election timeout)
I20260710 13:16:38.919530  1757 raft_consensus.cc:515] T 3d3ae4d5c0bb4c75958f8afa632b26f2 P aa24d458e1bf4eb9951de00650a7202a [term 0 FOLLOWER]: Starting pre-election with config: opid_index: -1 OBSOLETE_local: false peers { permanent_uuid: "58c6db1672694f31a239ee88133d1240" member_type: VOTER last_known_addr { host: "127.0.107.193" port: 44603 } } peers { permanent_uuid: "2bd14b7f08aa421a8e3168b1df632093" member_type: VOTER last_known_addr { host: "127.0.107.194" port: 41749 } } peers { permanent_uuid: "aa24d458e1bf4eb9951de00650a7202a" member_type: VOTER last_known_addr { host: "127.0.107.195" port: 45911 } }
I20260710 13:16:38.921665  1731 ts_tablet_manager.cc:1434] T a431d20c1a994eb79c49696e8afdd640 P 2bd14b7f08aa421a8e3168b1df632093: Time spent starting tablet: real 0.016s	user 0.005s	sys 0.001s
I20260710 13:16:38.923488  1539 tablet_service.cc:1917] Received RequestConsensusVote() RPC: tablet_id: "3d3ae4d5c0bb4c75958f8afa632b26f2" candidate_uuid: "aa24d458e1bf4eb9951de00650a7202a" candidate_term: 1 candidate_status { last_received { term: 0 index: 0 } } ignore_live_leader: false dest_uuid: "58c6db1672694f31a239ee88133d1240" is_pre_election: true
I20260710 13:16:38.925258  1731 tablet_bootstrap.cc:492] T 1ae6ce079ec8466fb396de790daeef6d P 2bd14b7f08aa421a8e3168b1df632093: Bootstrap starting.
W20260710 13:16:38.925441  1652 leader_election.cc:343] T 3d3ae4d5c0bb4c75958f8afa632b26f2 P aa24d458e1bf4eb9951de00650a7202a [CANDIDATE]: Term 1 pre-election: Tablet error from VoteRequest() call to peer 58c6db1672694f31a239ee88133d1240 (127.0.107.193:44603): Illegal state: must be running to vote when last-logged opid is not known
I20260710 13:16:38.926134  1732 raft_consensus.cc:493] T 94ab1d6dcd4f4d0ea0d5986da063648b P 58c6db1672694f31a239ee88133d1240 [term 0 FOLLOWER]: Starting pre-election (no leader contacted us within the election timeout)
I20260710 13:16:38.926602  1732 raft_consensus.cc:515] T 94ab1d6dcd4f4d0ea0d5986da063648b P 58c6db1672694f31a239ee88133d1240 [term 0 FOLLOWER]: Starting pre-election with config: opid_index: -1 OBSOLETE_local: false peers { permanent_uuid: "58c6db1672694f31a239ee88133d1240" member_type: VOTER last_known_addr { host: "127.0.107.193" port: 44603 } } peers { permanent_uuid: "2bd14b7f08aa421a8e3168b1df632093" member_type: VOTER last_known_addr { host: "127.0.107.194" port: 41749 } } peers { permanent_uuid: "aa24d458e1bf4eb9951de00650a7202a" member_type: VOTER last_known_addr { host: "127.0.107.195" port: 45911 } }
I20260710 13:16:38.928213  1757 leader_election.cc:290] T 3d3ae4d5c0bb4c75958f8afa632b26f2 P aa24d458e1bf4eb9951de00650a7202a [CANDIDATE]: Term 1 pre-election: Requested pre-vote from peers 58c6db1672694f31a239ee88133d1240 (127.0.107.193:44603), 2bd14b7f08aa421a8e3168b1df632093 (127.0.107.194:41749)
I20260710 13:16:38.928346  1614 tablet_service.cc:1917] Received RequestConsensusVote() RPC: tablet_id: "3d3ae4d5c0bb4c75958f8afa632b26f2" candidate_uuid: "aa24d458e1bf4eb9951de00650a7202a" candidate_term: 1 candidate_status { last_received { term: 0 index: 0 } } ignore_live_leader: false dest_uuid: "2bd14b7f08aa421a8e3168b1df632093" is_pre_election: true
W20260710 13:16:38.929772  1653 leader_election.cc:343] T 3d3ae4d5c0bb4c75958f8afa632b26f2 P aa24d458e1bf4eb9951de00650a7202a [CANDIDATE]: Term 1 pre-election: Tablet error from VoteRequest() call to peer 2bd14b7f08aa421a8e3168b1df632093 (127.0.107.194:41749): Illegal state: must be running to vote when last-logged opid is not known
I20260710 13:16:38.930215  1653 leader_election.cc:304] T 3d3ae4d5c0bb4c75958f8afa632b26f2 P aa24d458e1bf4eb9951de00650a7202a [CANDIDATE]: Term 1 pre-election: Election decided. Result: candidate lost. Election summary: received 3 responses out of 3 voters: 1 yes votes; 2 no votes. yes voters: aa24d458e1bf4eb9951de00650a7202a; no voters: 2bd14b7f08aa421a8e3168b1df632093, 58c6db1672694f31a239ee88133d1240
I20260710 13:16:38.931246  1757 raft_consensus.cc:2749] T 3d3ae4d5c0bb4c75958f8afa632b26f2 P aa24d458e1bf4eb9951de00650a7202a [term 0 FOLLOWER]: Leader pre-election lost for term 1. Reason: could not achieve majority
I20260710 13:16:38.931247  1731 tablet_bootstrap.cc:654] T 1ae6ce079ec8466fb396de790daeef6d P 2bd14b7f08aa421a8e3168b1df632093: Neither blocks nor log segments found. Creating new log.
I20260710 13:16:38.935429  1687 tablet_service.cc:1917] Received RequestConsensusVote() RPC: tablet_id: "94ab1d6dcd4f4d0ea0d5986da063648b" candidate_uuid: "58c6db1672694f31a239ee88133d1240" candidate_term: 1 candidate_status { last_received { term: 0 index: 0 } } ignore_live_leader: false dest_uuid: "aa24d458e1bf4eb9951de00650a7202a" is_pre_election: true
W20260710 13:16:38.937834  1502 leader_election.cc:343] T 94ab1d6dcd4f4d0ea0d5986da063648b P 58c6db1672694f31a239ee88133d1240 [CANDIDATE]: Term 1 pre-election: Tablet error from VoteRequest() call to peer aa24d458e1bf4eb9951de00650a7202a (127.0.107.195:45911): Illegal state: must be running to vote when last-logged opid is not known
I20260710 13:16:38.933532  1732 leader_election.cc:290] T 94ab1d6dcd4f4d0ea0d5986da063648b P 58c6db1672694f31a239ee88133d1240 [CANDIDATE]: Term 1 pre-election: Requested pre-vote from peers 2bd14b7f08aa421a8e3168b1df632093 (127.0.107.194:41749), aa24d458e1bf4eb9951de00650a7202a (127.0.107.195:45911)
I20260710 13:16:38.944615  1763 raft_consensus.cc:515] T 1e825e64714449289279c726ce10fd7d P 58c6db1672694f31a239ee88133d1240 [term 1 FOLLOWER]: Starting leader election with config: opid_index: -1 OBSOLETE_local: false peers { permanent_uuid: "58c6db1672694f31a239ee88133d1240" member_type: VOTER last_known_addr { host: "127.0.107.193" port: 44603 } } peers { permanent_uuid: "aa24d458e1bf4eb9951de00650a7202a" member_type: VOTER last_known_addr { host: "127.0.107.195" port: 45911 } } peers { permanent_uuid: "2bd14b7f08aa421a8e3168b1df632093" member_type: VOTER last_known_addr { host: "127.0.107.194" port: 41749 } }
I20260710 13:16:38.948300  1687 tablet_service.cc:1917] Received RequestConsensusVote() RPC: tablet_id: "1e825e64714449289279c726ce10fd7d" candidate_uuid: "58c6db1672694f31a239ee88133d1240" candidate_term: 1 candidate_status { last_received { term: 0 index: 0 } } ignore_live_leader: false dest_uuid: "aa24d458e1bf4eb9951de00650a7202a"
W20260710 13:16:38.950223  1502 leader_election.cc:343] T 1e825e64714449289279c726ce10fd7d P 58c6db1672694f31a239ee88133d1240 [CANDIDATE]: Term 1 election: Tablet error from VoteRequest() call to peer aa24d458e1bf4eb9951de00650a7202a (127.0.107.195:45911): Illegal state: must be running to vote when last-logged opid is not known
I20260710 13:16:38.951543  1763 leader_election.cc:290] T 1e825e64714449289279c726ce10fd7d P 58c6db1672694f31a239ee88133d1240 [CANDIDATE]: Term 1 election: Requested vote from peers aa24d458e1bf4eb9951de00650a7202a (127.0.107.195:45911), 2bd14b7f08aa421a8e3168b1df632093 (127.0.107.194:41749)
I20260710 13:16:38.952666  1614 tablet_service.cc:1917] Received RequestConsensusVote() RPC: tablet_id: "94ab1d6dcd4f4d0ea0d5986da063648b" candidate_uuid: "58c6db1672694f31a239ee88133d1240" candidate_term: 1 candidate_status { last_received { term: 0 index: 0 } } ignore_live_leader: false dest_uuid: "2bd14b7f08aa421a8e3168b1df632093" is_pre_election: true
I20260710 13:16:38.953274  1614 raft_consensus.cc:2468] T 94ab1d6dcd4f4d0ea0d5986da063648b P 2bd14b7f08aa421a8e3168b1df632093 [term 0 FOLLOWER]: Leader pre-election vote request: Granting yes vote for candidate 58c6db1672694f31a239ee88133d1240 in term 0.
I20260710 13:16:38.953331  1613 tablet_service.cc:1917] Received RequestConsensusVote() RPC: tablet_id: "1e825e64714449289279c726ce10fd7d" candidate_uuid: "58c6db1672694f31a239ee88133d1240" candidate_term: 1 candidate_status { last_received { term: 0 index: 0 } } ignore_live_leader: false dest_uuid: "2bd14b7f08aa421a8e3168b1df632093"
I20260710 13:16:38.953903  1613 raft_consensus.cc:3060] T 1e825e64714449289279c726ce10fd7d P 2bd14b7f08aa421a8e3168b1df632093 [term 0 FOLLOWER]: Advancing to term 1
I20260710 13:16:38.963310  1613 raft_consensus.cc:2468] T 1e825e64714449289279c726ce10fd7d P 2bd14b7f08aa421a8e3168b1df632093 [term 1 FOLLOWER]: Leader election vote request: Granting yes vote for candidate 58c6db1672694f31a239ee88133d1240 in term 1.
I20260710 13:16:38.967231  1504 leader_election.cc:304] T 94ab1d6dcd4f4d0ea0d5986da063648b P 58c6db1672694f31a239ee88133d1240 [CANDIDATE]: Term 1 pre-election: Election decided. Result: candidate won. Election summary: received 3 responses out of 3 voters: 2 yes votes; 1 no votes. yes voters: 2bd14b7f08aa421a8e3168b1df632093, 58c6db1672694f31a239ee88133d1240; no voters: aa24d458e1bf4eb9951de00650a7202a
I20260710 13:16:38.968019  1763 raft_consensus.cc:2804] T 94ab1d6dcd4f4d0ea0d5986da063648b P 58c6db1672694f31a239ee88133d1240 [term 0 FOLLOWER]: Leader pre-election won for term 1
I20260710 13:16:38.968382  1763 raft_consensus.cc:493] T 94ab1d6dcd4f4d0ea0d5986da063648b P 58c6db1672694f31a239ee88133d1240 [term 0 FOLLOWER]: Starting leader election (no leader contacted us within the election timeout)
I20260710 13:16:38.968706  1763 raft_consensus.cc:3060] T 94ab1d6dcd4f4d0ea0d5986da063648b P 58c6db1672694f31a239ee88133d1240 [term 0 FOLLOWER]: Advancing to term 1
I20260710 13:16:38.975200  1763 raft_consensus.cc:515] T 94ab1d6dcd4f4d0ea0d5986da063648b P 58c6db1672694f31a239ee88133d1240 [term 1 FOLLOWER]: Starting leader election with config: opid_index: -1 OBSOLETE_local: false peers { permanent_uuid: "58c6db1672694f31a239ee88133d1240" member_type: VOTER last_known_addr { host: "127.0.107.193" port: 44603 } } peers { permanent_uuid: "2bd14b7f08aa421a8e3168b1df632093" member_type: VOTER last_known_addr { host: "127.0.107.194" port: 41749 } } peers { permanent_uuid: "aa24d458e1bf4eb9951de00650a7202a" member_type: VOTER last_known_addr { host: "127.0.107.195" port: 45911 } }
I20260710 13:16:38.977968  1757 raft_consensus.cc:493] T db05fee9be4e432685280f7422229401 P aa24d458e1bf4eb9951de00650a7202a [term 0 FOLLOWER]: Starting pre-election (no leader contacted us within the election timeout)
I20260710 13:16:38.978597  1757 raft_consensus.cc:515] T db05fee9be4e432685280f7422229401 P aa24d458e1bf4eb9951de00650a7202a [term 0 FOLLOWER]: Starting pre-election with config: opid_index: -1 OBSOLETE_local: false peers { permanent_uuid: "58c6db1672694f31a239ee88133d1240" member_type: VOTER last_known_addr { host: "127.0.107.193" port: 44603 } } peers { permanent_uuid: "2bd14b7f08aa421a8e3168b1df632093" member_type: VOTER last_known_addr { host: "127.0.107.194" port: 41749 } } peers { permanent_uuid: "aa24d458e1bf4eb9951de00650a7202a" member_type: VOTER last_known_addr { host: "127.0.107.195" port: 45911 } }
I20260710 13:16:38.982740  1757 leader_election.cc:290] T db05fee9be4e432685280f7422229401 P aa24d458e1bf4eb9951de00650a7202a [CANDIDATE]: Term 1 pre-election: Requested pre-vote from peers 58c6db1672694f31a239ee88133d1240 (127.0.107.193:44603), 2bd14b7f08aa421a8e3168b1df632093 (127.0.107.194:41749)
I20260710 13:16:38.983099  1539 tablet_service.cc:1917] Received RequestConsensusVote() RPC: tablet_id: "db05fee9be4e432685280f7422229401" candidate_uuid: "aa24d458e1bf4eb9951de00650a7202a" candidate_term: 1 candidate_status { last_received { term: 0 index: 0 } } ignore_live_leader: false dest_uuid: "58c6db1672694f31a239ee88133d1240" is_pre_election: true
I20260710 13:16:38.983918  1763 leader_election.cc:290] T 94ab1d6dcd4f4d0ea0d5986da063648b P 58c6db1672694f31a239ee88133d1240 [CANDIDATE]: Term 1 election: Requested vote from peers 2bd14b7f08aa421a8e3168b1df632093 (127.0.107.194:41749), aa24d458e1bf4eb9951de00650a7202a (127.0.107.195:45911)
I20260710 13:16:38.984021  1539 raft_consensus.cc:2468] T db05fee9be4e432685280f7422229401 P 58c6db1672694f31a239ee88133d1240 [term 0 FOLLOWER]: Leader pre-election vote request: Granting yes vote for candidate aa24d458e1bf4eb9951de00650a7202a in term 0.
I20260710 13:16:38.988307  1614 tablet_service.cc:1917] Received RequestConsensusVote() RPC: tablet_id: "94ab1d6dcd4f4d0ea0d5986da063648b" candidate_uuid: "58c6db1672694f31a239ee88133d1240" candidate_term: 1 candidate_status { last_received { term: 0 index: 0 } } ignore_live_leader: false dest_uuid: "2bd14b7f08aa421a8e3168b1df632093"
I20260710 13:16:38.989017  1614 raft_consensus.cc:3060] T 94ab1d6dcd4f4d0ea0d5986da063648b P 2bd14b7f08aa421a8e3168b1df632093 [term 0 FOLLOWER]: Advancing to term 1
I20260710 13:16:38.993959  1687 tablet_service.cc:1917] Received RequestConsensusVote() RPC: tablet_id: "94ab1d6dcd4f4d0ea0d5986da063648b" candidate_uuid: "58c6db1672694f31a239ee88133d1240" candidate_term: 1 candidate_status { last_received { term: 0 index: 0 } } ignore_live_leader: false dest_uuid: "aa24d458e1bf4eb9951de00650a7202a"
I20260710 13:16:38.995223  1652 leader_election.cc:304] T db05fee9be4e432685280f7422229401 P aa24d458e1bf4eb9951de00650a7202a [CANDIDATE]: Term 1 pre-election: Election decided. Result: candidate won. Election summary: received 2 responses out of 3 voters: 2 yes votes; 0 no votes. yes voters: 58c6db1672694f31a239ee88133d1240, aa24d458e1bf4eb9951de00650a7202a; no voters: 
W20260710 13:16:38.996740  1502 leader_election.cc:343] T 94ab1d6dcd4f4d0ea0d5986da063648b P 58c6db1672694f31a239ee88133d1240 [CANDIDATE]: Term 1 election: Tablet error from VoteRequest() call to peer aa24d458e1bf4eb9951de00650a7202a (127.0.107.195:45911): Illegal state: must be running to vote when last-logged opid is not known
I20260710 13:16:38.996821  1757 raft_consensus.cc:2804] T db05fee9be4e432685280f7422229401 P aa24d458e1bf4eb9951de00650a7202a [term 0 FOLLOWER]: Leader pre-election won for term 1
I20260710 13:16:38.997913  1757 raft_consensus.cc:493] T db05fee9be4e432685280f7422229401 P aa24d458e1bf4eb9951de00650a7202a [term 0 FOLLOWER]: Starting leader election (no leader contacted us within the election timeout)
I20260710 13:16:38.998462  1757 raft_consensus.cc:3060] T db05fee9be4e432685280f7422229401 P aa24d458e1bf4eb9951de00650a7202a [term 0 FOLLOWER]: Advancing to term 1
I20260710 13:16:39.002247  1613 tablet_service.cc:1917] Received RequestConsensusVote() RPC: tablet_id: "db05fee9be4e432685280f7422229401" candidate_uuid: "aa24d458e1bf4eb9951de00650a7202a" candidate_term: 1 candidate_status { last_received { term: 0 index: 0 } } ignore_live_leader: false dest_uuid: "2bd14b7f08aa421a8e3168b1df632093" is_pre_election: true
W20260710 13:16:39.003866  1653 leader_election.cc:343] T db05fee9be4e432685280f7422229401 P aa24d458e1bf4eb9951de00650a7202a [CANDIDATE]: Term 1 pre-election: Tablet error from VoteRequest() call to peer 2bd14b7f08aa421a8e3168b1df632093 (127.0.107.194:41749): Illegal state: must be running to vote when last-logged opid is not known
I20260710 13:16:39.010213  1504 leader_election.cc:304] T 1e825e64714449289279c726ce10fd7d P 58c6db1672694f31a239ee88133d1240 [CANDIDATE]: Term 1 election: Election decided. Result: candidate won. Election summary: received 3 responses out of 3 voters: 2 yes votes; 1 no votes. yes voters: 2bd14b7f08aa421a8e3168b1df632093, 58c6db1672694f31a239ee88133d1240; no voters: aa24d458e1bf4eb9951de00650a7202a
I20260710 13:16:39.011741  1763 raft_consensus.cc:2804] T 1e825e64714449289279c726ce10fd7d P 58c6db1672694f31a239ee88133d1240 [term 1 FOLLOWER]: Leader election won for term 1
I20260710 13:16:39.012315  1763 raft_consensus.cc:697] T 1e825e64714449289279c726ce10fd7d P 58c6db1672694f31a239ee88133d1240 [term 1 LEADER]: Becoming Leader. State: Replica: 58c6db1672694f31a239ee88133d1240, State: Running, Role: LEADER
I20260710 13:16:39.013392  1763 consensus_queue.cc:237] T 1e825e64714449289279c726ce10fd7d P 58c6db1672694f31a239ee88133d1240 [LEADER]: Queue going to LEADER mode. State: All replicated index: 0, Majority replicated index: 0, Committed index: 0, Last appended: 0.0, Last appended by leader: 0, Current term: 1, Majority size: 2, State: 0, Mode: LEADER, active raft config: opid_index: -1 OBSOLETE_local: false peers { permanent_uuid: "58c6db1672694f31a239ee88133d1240" member_type: VOTER last_known_addr { host: "127.0.107.193" port: 44603 } } peers { permanent_uuid: "aa24d458e1bf4eb9951de00650a7202a" member_type: VOTER last_known_addr { host: "127.0.107.195" port: 45911 } } peers { permanent_uuid: "2bd14b7f08aa421a8e3168b1df632093" member_type: VOTER last_known_addr { host: "127.0.107.194" port: 41749 } }
I20260710 13:16:39.009148  1757 raft_consensus.cc:515] T db05fee9be4e432685280f7422229401 P aa24d458e1bf4eb9951de00650a7202a [term 1 FOLLOWER]: Starting leader election with config: opid_index: -1 OBSOLETE_local: false peers { permanent_uuid: "58c6db1672694f31a239ee88133d1240" member_type: VOTER last_known_addr { host: "127.0.107.193" port: 44603 } } peers { permanent_uuid: "2bd14b7f08aa421a8e3168b1df632093" member_type: VOTER last_known_addr { host: "127.0.107.194" port: 41749 } } peers { permanent_uuid: "aa24d458e1bf4eb9951de00650a7202a" member_type: VOTER last_known_addr { host: "127.0.107.195" port: 45911 } }
I20260710 13:16:39.016607  1735 raft_consensus.cc:493] T 60230dacecf645399505274025771b4e P 2bd14b7f08aa421a8e3168b1df632093 [term 0 FOLLOWER]: Starting pre-election (no leader contacted us within the election timeout)
I20260710 13:16:39.017246  1735 raft_consensus.cc:515] T 60230dacecf645399505274025771b4e P 2bd14b7f08aa421a8e3168b1df632093 [term 0 FOLLOWER]: Starting pre-election with config: opid_index: -1 OBSOLETE_local: false peers { permanent_uuid: "58c6db1672694f31a239ee88133d1240" member_type: VOTER last_known_addr { host: "127.0.107.193" port: 44603 } } peers { permanent_uuid: "2bd14b7f08aa421a8e3168b1df632093" member_type: VOTER last_known_addr { host: "127.0.107.194" port: 41749 } } peers { permanent_uuid: "aa24d458e1bf4eb9951de00650a7202a" member_type: VOTER last_known_addr { host: "127.0.107.195" port: 45911 } }
I20260710 13:16:39.018220  1539 tablet_service.cc:1917] Received RequestConsensusVote() RPC: tablet_id: "db05fee9be4e432685280f7422229401" candidate_uuid: "aa24d458e1bf4eb9951de00650a7202a" candidate_term: 1 candidate_status { last_received { term: 0 index: 0 } } ignore_live_leader: false dest_uuid: "58c6db1672694f31a239ee88133d1240"
I20260710 13:16:39.019042  1539 raft_consensus.cc:3060] T db05fee9be4e432685280f7422229401 P 58c6db1672694f31a239ee88133d1240 [term 0 FOLLOWER]: Advancing to term 1
I20260710 13:16:39.019894  1735 leader_election.cc:290] T 60230dacecf645399505274025771b4e P 2bd14b7f08aa421a8e3168b1df632093 [CANDIDATE]: Term 1 pre-election: Requested pre-vote from peers 58c6db1672694f31a239ee88133d1240 (127.0.107.193:44603), aa24d458e1bf4eb9951de00650a7202a (127.0.107.195:45911)
I20260710 13:16:39.021878  1538 tablet_service.cc:1917] Received RequestConsensusVote() RPC: tablet_id: "60230dacecf645399505274025771b4e" candidate_uuid: "2bd14b7f08aa421a8e3168b1df632093" candidate_term: 1 candidate_status { last_received { term: 0 index: 0 } } ignore_live_leader: false dest_uuid: "58c6db1672694f31a239ee88133d1240" is_pre_election: true
I20260710 13:16:39.023479  1687 tablet_service.cc:1917] Received RequestConsensusVote() RPC: tablet_id: "60230dacecf645399505274025771b4e" candidate_uuid: "2bd14b7f08aa421a8e3168b1df632093" candidate_term: 1 candidate_status { last_received { term: 0 index: 0 } } ignore_live_leader: false dest_uuid: "aa24d458e1bf4eb9951de00650a7202a" is_pre_election: true
I20260710 13:16:39.024510  1687 raft_consensus.cc:2393] T 60230dacecf645399505274025771b4e P aa24d458e1bf4eb9951de00650a7202a [term 1 FOLLOWER]: Leader pre-election vote request: Denying vote to candidate 2bd14b7f08aa421a8e3168b1df632093 in current term 1: Already voted for candidate 58c6db1672694f31a239ee88133d1240 in this term.
I20260710 13:16:39.026986  1578 leader_election.cc:304] T 60230dacecf645399505274025771b4e P 2bd14b7f08aa421a8e3168b1df632093 [CANDIDATE]: Term 1 pre-election: Election decided. Result: candidate lost. Election summary: received 3 responses out of 3 voters: 1 yes votes; 2 no votes. yes voters: 2bd14b7f08aa421a8e3168b1df632093; no voters: 58c6db1672694f31a239ee88133d1240, aa24d458e1bf4eb9951de00650a7202a
I20260710 13:16:39.028761  1736 raft_consensus.cc:493] T b8f1051ea6144afeab61484dbe16340d P aa24d458e1bf4eb9951de00650a7202a [term 0 FOLLOWER]: Starting pre-election (no leader contacted us within the election timeout)
I20260710 13:16:39.029147  1783 raft_consensus.cc:493] T 93d595e83b8a4efe9837737e85b43da5 P 58c6db1672694f31a239ee88133d1240 [term 0 FOLLOWER]: Starting pre-election (no leader contacted us within the election timeout)
I20260710 13:16:39.029345  1736 raft_consensus.cc:515] T b8f1051ea6144afeab61484dbe16340d P aa24d458e1bf4eb9951de00650a7202a [term 0 FOLLOWER]: Starting pre-election with config: opid_index: -1 OBSOLETE_local: false peers { permanent_uuid: "58c6db1672694f31a239ee88133d1240" member_type: VOTER last_known_addr { host: "127.0.107.193" port: 44603 } } peers { permanent_uuid: "2bd14b7f08aa421a8e3168b1df632093" member_type: VOTER last_known_addr { host: "127.0.107.194" port: 41749 } } peers { permanent_uuid: "aa24d458e1bf4eb9951de00650a7202a" member_type: VOTER last_known_addr { host: "127.0.107.195" port: 45911 } }
I20260710 13:16:39.030992  1614 raft_consensus.cc:2468] T 94ab1d6dcd4f4d0ea0d5986da063648b P 2bd14b7f08aa421a8e3168b1df632093 [term 1 FOLLOWER]: Leader election vote request: Granting yes vote for candidate 58c6db1672694f31a239ee88133d1240 in term 1.
I20260710 13:16:39.033224  1736 leader_election.cc:290] T b8f1051ea6144afeab61484dbe16340d P aa24d458e1bf4eb9951de00650a7202a [CANDIDATE]: Term 1 pre-election: Requested pre-vote from peers 58c6db1672694f31a239ee88133d1240 (127.0.107.193:44603), 2bd14b7f08aa421a8e3168b1df632093 (127.0.107.194:41749)
I20260710 13:16:39.028805  1735 raft_consensus.cc:3060] T 60230dacecf645399505274025771b4e P 2bd14b7f08aa421a8e3168b1df632093 [term 0 FOLLOWER]: Advancing to term 1
I20260710 13:16:39.035214  1538 tablet_service.cc:1917] Received RequestConsensusVote() RPC: tablet_id: "b8f1051ea6144afeab61484dbe16340d" candidate_uuid: "aa24d458e1bf4eb9951de00650a7202a" candidate_term: 1 candidate_status { last_received { term: 0 index: 0 } } ignore_live_leader: false dest_uuid: "58c6db1672694f31a239ee88133d1240" is_pre_election: true
W20260710 13:16:39.037163  1652 leader_election.cc:343] T b8f1051ea6144afeab61484dbe16340d P aa24d458e1bf4eb9951de00650a7202a [CANDIDATE]: Term 1 pre-election: Tablet error from VoteRequest() call to peer 58c6db1672694f31a239ee88133d1240 (127.0.107.193:44603): Illegal state: must be running to vote when last-logged opid is not known
I20260710 13:16:39.038280  1613 tablet_service.cc:1917] Received RequestConsensusVote() RPC: tablet_id: "b8f1051ea6144afeab61484dbe16340d" candidate_uuid: "aa24d458e1bf4eb9951de00650a7202a" candidate_term: 1 candidate_status { last_received { term: 0 index: 0 } } ignore_live_leader: false dest_uuid: "2bd14b7f08aa421a8e3168b1df632093" is_pre_election: true
W20260710 13:16:39.039834  1653 leader_election.cc:343] T b8f1051ea6144afeab61484dbe16340d P aa24d458e1bf4eb9951de00650a7202a [CANDIDATE]: Term 1 pre-election: Tablet error from VoteRequest() call to peer 2bd14b7f08aa421a8e3168b1df632093 (127.0.107.194:41749): Illegal state: must be running to vote when last-logged opid is not known
I20260710 13:16:39.040407  1653 leader_election.cc:304] T b8f1051ea6144afeab61484dbe16340d P aa24d458e1bf4eb9951de00650a7202a [CANDIDATE]: Term 1 pre-election: Election decided. Result: candidate lost. Election summary: received 3 responses out of 3 voters: 1 yes votes; 2 no votes. yes voters: aa24d458e1bf4eb9951de00650a7202a; no voters: 2bd14b7f08aa421a8e3168b1df632093, 58c6db1672694f31a239ee88133d1240
I20260710 13:16:39.041704  1736 raft_consensus.cc:2749] T b8f1051ea6144afeab61484dbe16340d P aa24d458e1bf4eb9951de00650a7202a [term 0 FOLLOWER]: Leader pre-election lost for term 1. Reason: could not achieve majority
I20260710 13:16:39.029812  1783 raft_consensus.cc:515] T 93d595e83b8a4efe9837737e85b43da5 P 58c6db1672694f31a239ee88133d1240 [term 0 FOLLOWER]: Starting pre-election with config: opid_index: -1 OBSOLETE_local: false peers { permanent_uuid: "58c6db1672694f31a239ee88133d1240" member_type: VOTER last_known_addr { host: "127.0.107.193" port: 44603 } } peers { permanent_uuid: "2bd14b7f08aa421a8e3168b1df632093" member_type: VOTER last_known_addr { host: "127.0.107.194" port: 41749 } } peers { permanent_uuid: "aa24d458e1bf4eb9951de00650a7202a" member_type: VOTER last_known_addr { host: "127.0.107.195" port: 45911 } }
I20260710 13:16:39.043058  1504 leader_election.cc:304] T 94ab1d6dcd4f4d0ea0d5986da063648b P 58c6db1672694f31a239ee88133d1240 [CANDIDATE]: Term 1 election: Election decided. Result: candidate won. Election summary: received 3 responses out of 3 voters: 2 yes votes; 1 no votes. yes voters: 2bd14b7f08aa421a8e3168b1df632093, 58c6db1672694f31a239ee88133d1240; no voters: aa24d458e1bf4eb9951de00650a7202a
I20260710 13:16:39.044287  1732 raft_consensus.cc:2804] T 94ab1d6dcd4f4d0ea0d5986da063648b P 58c6db1672694f31a239ee88133d1240 [term 1 FOLLOWER]: Leader election won for term 1
I20260710 13:16:39.048130  1735 raft_consensus.cc:2749] T 60230dacecf645399505274025771b4e P 2bd14b7f08aa421a8e3168b1df632093 [term 1 FOLLOWER]: Leader pre-election lost for term 1. Reason: could not achieve majority
I20260710 13:16:39.041843  1539 raft_consensus.cc:2468] T db05fee9be4e432685280f7422229401 P 58c6db1672694f31a239ee88133d1240 [term 1 FOLLOWER]: Leader election vote request: Granting yes vote for candidate aa24d458e1bf4eb9951de00650a7202a in term 1.
I20260710 13:16:39.049546  1732 raft_consensus.cc:697] T 94ab1d6dcd4f4d0ea0d5986da063648b P 58c6db1672694f31a239ee88133d1240 [term 1 LEADER]: Becoming Leader. State: Replica: 58c6db1672694f31a239ee88133d1240, State: Running, Role: LEADER
I20260710 13:16:39.053293  1730 tablet_bootstrap.cc:492] T 94ab1d6dcd4f4d0ea0d5986da063648b P aa24d458e1bf4eb9951de00650a7202a: No bootstrap required, opened a new log
I20260710 13:16:39.058107  1730 ts_tablet_manager.cc:1403] T 94ab1d6dcd4f4d0ea0d5986da063648b P aa24d458e1bf4eb9951de00650a7202a: Time spent bootstrapping tablet: real 0.151s	user 0.030s	sys 0.039s
I20260710 13:16:39.058511  1731 tablet_bootstrap.cc:492] T 1ae6ce079ec8466fb396de790daeef6d P 2bd14b7f08aa421a8e3168b1df632093: No bootstrap required, opened a new log
I20260710 13:16:39.058254  1732 consensus_queue.cc:237] T 94ab1d6dcd4f4d0ea0d5986da063648b P 58c6db1672694f31a239ee88133d1240 [LEADER]: Queue going to LEADER mode. State: All replicated index: 0, Majority replicated index: 0, Committed index: 0, Last appended: 0.0, Last appended by leader: 0, Current term: 1, Majority size: 2, State: 0, Mode: LEADER, active raft config: opid_index: -1 OBSOLETE_local: false peers { permanent_uuid: "58c6db1672694f31a239ee88133d1240" member_type: VOTER last_known_addr { host: "127.0.107.193" port: 44603 } } peers { permanent_uuid: "2bd14b7f08aa421a8e3168b1df632093" member_type: VOTER last_known_addr { host: "127.0.107.194" port: 41749 } } peers { permanent_uuid: "aa24d458e1bf4eb9951de00650a7202a" member_type: VOTER last_known_addr { host: "127.0.107.195" port: 45911 } }
I20260710 13:16:39.058712  1614 tablet_service.cc:1917] Received RequestConsensusVote() RPC: tablet_id: "db05fee9be4e432685280f7422229401" candidate_uuid: "aa24d458e1bf4eb9951de00650a7202a" candidate_term: 1 candidate_status { last_received { term: 0 index: 0 } } ignore_live_leader: false dest_uuid: "2bd14b7f08aa421a8e3168b1df632093"
I20260710 13:16:39.058964  1731 ts_tablet_manager.cc:1403] T 1ae6ce079ec8466fb396de790daeef6d P 2bd14b7f08aa421a8e3168b1df632093: Time spent bootstrapping tablet: real 0.134s	user 0.060s	sys 0.054s
I20260710 13:16:39.060817  1783 leader_election.cc:290] T 93d595e83b8a4efe9837737e85b43da5 P 58c6db1672694f31a239ee88133d1240 [CANDIDATE]: Term 1 pre-election: Requested pre-vote from peers 2bd14b7f08aa421a8e3168b1df632093 (127.0.107.194:41749), aa24d458e1bf4eb9951de00650a7202a (127.0.107.195:45911)
I20260710 13:16:39.057276  1757 leader_election.cc:290] T db05fee9be4e432685280f7422229401 P aa24d458e1bf4eb9951de00650a7202a [CANDIDATE]: Term 1 election: Requested vote from peers 58c6db1672694f31a239ee88133d1240 (127.0.107.193:44603), 2bd14b7f08aa421a8e3168b1df632093 (127.0.107.194:41749)
I20260710 13:16:39.058002  1613 tablet_service.cc:1917] Received RequestConsensusVote() RPC: tablet_id: "93d595e83b8a4efe9837737e85b43da5" candidate_uuid: "58c6db1672694f31a239ee88133d1240" candidate_term: 1 candidate_status { last_received { term: 0 index: 0 } } ignore_live_leader: false dest_uuid: "2bd14b7f08aa421a8e3168b1df632093" is_pre_election: true
I20260710 13:16:39.054838  1728 tablet_bootstrap.cc:492] T a431d20c1a994eb79c49696e8afdd640 P 58c6db1672694f31a239ee88133d1240: No bootstrap required, opened a new log
W20260710 13:16:39.061651  1653 leader_election.cc:343] T db05fee9be4e432685280f7422229401 P aa24d458e1bf4eb9951de00650a7202a [CANDIDATE]: Term 1 election: Tablet error from VoteRequest() call to peer 2bd14b7f08aa421a8e3168b1df632093 (127.0.107.194:41749): Illegal state: must be running to vote when last-logged opid is not known
I20260710 13:16:39.062462  1728 ts_tablet_manager.cc:1403] T a431d20c1a994eb79c49696e8afdd640 P 58c6db1672694f31a239ee88133d1240: Time spent bootstrapping tablet: real 0.153s	user 0.043s	sys 0.098s
I20260710 13:16:39.063525  1730 raft_consensus.cc:359] T 94ab1d6dcd4f4d0ea0d5986da063648b P aa24d458e1bf4eb9951de00650a7202a [term 0 FOLLOWER]: Replica starting. Triggering 0 pending ops. Active config: opid_index: -1 OBSOLETE_local: false peers { permanent_uuid: "58c6db1672694f31a239ee88133d1240" member_type: VOTER last_known_addr { host: "127.0.107.193" port: 44603 } } peers { permanent_uuid: "2bd14b7f08aa421a8e3168b1df632093" member_type: VOTER last_known_addr { host: "127.0.107.194" port: 41749 } } peers { permanent_uuid: "aa24d458e1bf4eb9951de00650a7202a" member_type: VOTER last_known_addr { host: "127.0.107.195" port: 45911 } }
I20260710 13:16:39.064052  1730 raft_consensus.cc:385] T 94ab1d6dcd4f4d0ea0d5986da063648b P aa24d458e1bf4eb9951de00650a7202a [term 0 FOLLOWER]: Consensus starting up: Expiring failure detector timer to make a prompt election more likely
I20260710 13:16:39.064306  1730 raft_consensus.cc:740] T 94ab1d6dcd4f4d0ea0d5986da063648b P aa24d458e1bf4eb9951de00650a7202a [term 0 FOLLOWER]: Becoming Follower/Learner. State: Replica: aa24d458e1bf4eb9951de00650a7202a, State: Initialized, Role: FOLLOWER
I20260710 13:16:39.064810  1730 consensus_queue.cc:260] T 94ab1d6dcd4f4d0ea0d5986da063648b P aa24d458e1bf4eb9951de00650a7202a [NON_LEADER]: Queue going to NON_LEADER mode. State: All replicated index: 0, Majority replicated index: 0, Committed index: 0, Last appended: 0.0, Last appended by leader: 0, Current term: 0, Majority size: -1, State: 0, Mode: NON_LEADER, active raft config: opid_index: -1 OBSOLETE_local: false peers { permanent_uuid: "58c6db1672694f31a239ee88133d1240" member_type: VOTER last_known_addr { host: "127.0.107.193" port: 44603 } } peers { permanent_uuid: "2bd14b7f08aa421a8e3168b1df632093" member_type: VOTER last_known_addr { host: "127.0.107.194" port: 41749 } } peers { permanent_uuid: "aa24d458e1bf4eb9951de00650a7202a" member_type: VOTER last_known_addr { host: "127.0.107.195" port: 45911 } }
I20260710 13:16:39.067008  1731 raft_consensus.cc:359] T 1ae6ce079ec8466fb396de790daeef6d P 2bd14b7f08aa421a8e3168b1df632093 [term 0 FOLLOWER]: Replica starting. Triggering 0 pending ops. Active config: opid_index: -1 OBSOLETE_local: false peers { permanent_uuid: "58c6db1672694f31a239ee88133d1240" member_type: VOTER last_known_addr { host: "127.0.107.193" port: 44603 } } peers { permanent_uuid: "2bd14b7f08aa421a8e3168b1df632093" member_type: VOTER last_known_addr { host: "127.0.107.194" port: 41749 } } peers { permanent_uuid: "aa24d458e1bf4eb9951de00650a7202a" member_type: VOTER last_known_addr { host: "127.0.107.195" port: 45911 } }
I20260710 13:16:39.067507  1731 raft_consensus.cc:385] T 1ae6ce079ec8466fb396de790daeef6d P 2bd14b7f08aa421a8e3168b1df632093 [term 0 FOLLOWER]: Consensus starting up: Expiring failure detector timer to make a prompt election more likely
I20260710 13:16:39.067727  1731 raft_consensus.cc:740] T 1ae6ce079ec8466fb396de790daeef6d P 2bd14b7f08aa421a8e3168b1df632093 [term 0 FOLLOWER]: Becoming Follower/Learner. State: Replica: 2bd14b7f08aa421a8e3168b1df632093, State: Initialized, Role: FOLLOWER
