I20260710 13:16:24.560750   431 raft_consensus.cc:2243] T 2b30716165a644a29b69525d112dd066 P 94adc33f3b31455e88f7f4a6d8b2faef [term 5 FOLLOWER]: Raft consensus shutting down.
I20260710 13:16:24.561088   431 raft_consensus.cc:2272] T 2b30716165a644a29b69525d112dd066 P 94adc33f3b31455e88f7f4a6d8b2faef [term 5 FOLLOWER]: Raft consensus is shut down!
I20260710 13:16:24.586187   431 tablet_server.cc:196] TabletServer@127.0.107.195:0 shutdown complete.
I20260710 13:16:24.601663   431 master.cc:562] Master@127.0.107.254:44919 shutting down...
I20260710 13:16:24.715219   431 raft_consensus.cc:2243] T 00000000000000000000000000000000 P 8c8e142899aa43248477bac2bae26a50 [term 1 LEADER]: Raft consensus shutting down.
I20260710 13:16:24.715716   431 raft_consensus.cc:2272] T 00000000000000000000000000000000 P 8c8e142899aa43248477bac2bae26a50 [term 1 FOLLOWER]: Raft consensus is shut down!
I20260710 13:16:24.716005   431 tablet_replica.cc:333] T 00000000000000000000000000000000 P 8c8e142899aa43248477bac2bae26a50: stopping tablet replica
I20260710 13:16:24.733773   431 master.cc:584] Master@127.0.107.254:44919 shutdown complete.
94adc33f3b31455e88f7f4a6d8b2faef  1
b04709b3dac74713864f23d48e8861c7  4
ed82ee4ac6454f4d978ab73d123b4dba  4
[       OK ] LeaderRebalancerTest.FunctionalTestForDivided (12606 ms)
[ RUN      ] LeaderRebalancerTest.FunctionalTestForNotDivided
I20260710 13:16:24.774571   431 internal_mini_cluster.cc:156] Creating distributed mini masters. Addrs: 127.0.107.254:43399
I20260710 13:16:24.775758   431 file_cache.cc:504] Constructed file cache file cache with capacity 419430
W20260710 13:16:24.781169   920 instance_detector.cc:116] could not retrieve AWS instance metadata: Network error: curl error: HTTP response code said error: The requested URL returned error: 404
W20260710 13:16:24.782531   921 instance_detector.cc:116] could not retrieve Azure instance metadata: Network error: curl error: HTTP response code said error: The requested URL returned error: 404
I20260710 13:16:24.783209   431 server_base.cc:1061] running on GCE node
W20260710 13:16:24.783181   923 instance_detector.cc:116] could not retrieve OpenStack instance metadata: Network error: curl error: HTTP response code said error: The requested URL returned error: 404
I20260710 13:16:24.784262   431 hybrid_clock.cc:584] initializing the hybrid clock with 'system_unsync' time source
W20260710 13:16:24.784489   431 system_unsync_time.cc:38] NTP support is disabled. Clock error bounds will not be accurate. This configuration is not suitable for distributed clusters.
I20260710 13:16:24.784689   431 hybrid_clock.cc:648] HybridClock initialized: now 1783689384784670 us; error 0 us; skew 500 ppm
I20260710 13:16:24.785250   431 server_base.cc:861] Flag tcmalloc_max_total_thread_cache_bytes is not working since tcmalloc is not enabled.
I20260710 13:16:24.787912   431 webserver.cc:533] Webserver started at http://127.0.107.254:46029/ using document root <none> and password file <none>
I20260710 13:16:24.788450   431 fs_manager.cc:362] Metadata directory not provided
I20260710 13:16:24.788668   431 fs_manager.cc:368] Using write-ahead log directory (fs_wal_dir) as metadata directory
I20260710 13:16:24.788959   431 server_base.cc:909] This appears to be a new deployment of Kudu; creating new FS layout
I20260710 13:16:24.790055   431 fs_manager.cc:1068] Generated new instance metadata in path /tmp/dist-test-taskqDCQmz/test-tmp/auto_leader_rebalancer-test.0.LeaderRebalancerTest.FunctionalTestForNotDivided.1783689372003924-431-0/minicluster-data/master-0-root/instance:
uuid: "0f5df5bb2a144beab88c8ae1abff1795"
format_stamp: "Formatted at 2026-07-10 13:16:24 on dist-test-slave-0hw8"
I20260710 13:16:24.794343   431 fs_manager.cc:696] Time spent creating directory manager: real 0.004s	user 0.006s	sys 0.000s
I20260710 13:16:24.797668   928 log_block_manager.cc:4127] Time spent loading block containers with low live blocks: real 0.000s	user 0.000s	sys 0.000s
I20260710 13:16:24.798462   431 fs_manager.cc:730] Time spent opening block manager: real 0.002s	user 0.003s	sys 0.000s
I20260710 13:16:24.798748   431 fs_manager.cc:647] Opened local filesystem: /tmp/dist-test-taskqDCQmz/test-tmp/auto_leader_rebalancer-test.0.LeaderRebalancerTest.FunctionalTestForNotDivided.1783689372003924-431-0/minicluster-data/master-0-root
uuid: "0f5df5bb2a144beab88c8ae1abff1795"
format_stamp: "Formatted at 2026-07-10 13:16:24 on dist-test-slave-0hw8"
I20260710 13:16:24.798979   431 fs_report.cc:389] FS layout report
--------------------
wal directory: /tmp/dist-test-taskqDCQmz/test-tmp/auto_leader_rebalancer-test.0.LeaderRebalancerTest.FunctionalTestForNotDivided.1783689372003924-431-0/minicluster-data/master-0-root
metadata directory: /tmp/dist-test-taskqDCQmz/test-tmp/auto_leader_rebalancer-test.0.LeaderRebalancerTest.FunctionalTestForNotDivided.1783689372003924-431-0/minicluster-data/master-0-root
1 data directories: /tmp/dist-test-taskqDCQmz/test-tmp/auto_leader_rebalancer-test.0.LeaderRebalancerTest.FunctionalTestForNotDivided.1783689372003924-431-0/minicluster-data/master-0-root/data
Total live blocks: 0
Total live bytes: 0
Total live bytes (after alignment): 0
Total number of LBM containers: 0 (0 full)
Did not check for missing blocks
Did not check for orphaned blocks
Total full LBM containers with extra space: 0 (0 repaired)
Total full LBM container extra space in bytes: 0 (0 repaired)
Total incomplete LBM containers: 0 (0 repaired)
Total LBM partial records: 0 (0 repaired)
Total corrupted LBM metadata records in RocksDB: 0 (0 repaired)
I20260710 13:16:24.848978   431 rpc_server.cc:225] running with OpenSSL 1.1.1  11 Sep 2018
I20260710 13:16:24.850098   431 kserver.cc:163] Server-wide thread pool size limit: 3276
I20260710 13:16:24.886585   431 rpc_server.cc:307] RPC server started. Bound to: 127.0.107.254:43399
I20260710 13:16:24.886662   979 acceptor_pool.cc:272] collecting diagnostics on the listening RPC socket 127.0.107.254:43399 every 8 connection(s)
I20260710 13:16:24.890669   980 data_dirs.cc:400] Could only allocate 1 dirs of requested 3 for tablet 00000000000000000000000000000000. 1 dirs total, 0 dirs full, 0 dirs failed
I20260710 13:16:24.900300   980 tablet_bootstrap.cc:492] T 00000000000000000000000000000000 P 0f5df5bb2a144beab88c8ae1abff1795: Bootstrap starting.
I20260710 13:16:24.905299   980 tablet_bootstrap.cc:654] T 00000000000000000000000000000000 P 0f5df5bb2a144beab88c8ae1abff1795: Neither blocks nor log segments found. Creating new log.
I20260710 13:16:24.909462   980 tablet_bootstrap.cc:492] T 00000000000000000000000000000000 P 0f5df5bb2a144beab88c8ae1abff1795: No bootstrap required, opened a new log
I20260710 13:16:24.911432   980 raft_consensus.cc:359] T 00000000000000000000000000000000 P 0f5df5bb2a144beab88c8ae1abff1795 [term 0 FOLLOWER]: Replica starting. Triggering 0 pending ops. Active config: opid_index: -1 OBSOLETE_local: true peers { permanent_uuid: "0f5df5bb2a144beab88c8ae1abff1795" member_type: VOTER }
I20260710 13:16:24.911764   980 raft_consensus.cc:385] T 00000000000000000000000000000000 P 0f5df5bb2a144beab88c8ae1abff1795 [term 0 FOLLOWER]: Consensus starting up: Expiring failure detector timer to make a prompt election more likely
I20260710 13:16:24.911986   980 raft_consensus.cc:740] T 00000000000000000000000000000000 P 0f5df5bb2a144beab88c8ae1abff1795 [term 0 FOLLOWER]: Becoming Follower/Learner. State: Replica: 0f5df5bb2a144beab88c8ae1abff1795, State: Initialized, Role: FOLLOWER
I20260710 13:16:24.912521   980 consensus_queue.cc:260] T 00000000000000000000000000000000 P 0f5df5bb2a144beab88c8ae1abff1795 [NON_LEADER]: Queue going to NON_LEADER mode. State: All replicated index: 0, Majority replicated index: 0, Committed index: 0, Last appended: 0.0, Last appended by leader: 0, Current term: 0, Majority size: -1, State: 0, Mode: NON_LEADER, active raft config: opid_index: -1 OBSOLETE_local: true peers { permanent_uuid: "0f5df5bb2a144beab88c8ae1abff1795" member_type: VOTER }
I20260710 13:16:24.912925   980 raft_consensus.cc:399] T 00000000000000000000000000000000 P 0f5df5bb2a144beab88c8ae1abff1795 [term 0 FOLLOWER]: Only one voter in the Raft config. Triggering election immediately
I20260710 13:16:24.913108   980 raft_consensus.cc:493] T 00000000000000000000000000000000 P 0f5df5bb2a144beab88c8ae1abff1795 [term 0 FOLLOWER]: Starting leader election (initial election of a single-replica configuration)
I20260710 13:16:24.913322   980 raft_consensus.cc:3060] T 00000000000000000000000000000000 P 0f5df5bb2a144beab88c8ae1abff1795 [term 0 FOLLOWER]: Advancing to term 1
I20260710 13:16:24.917058   980 raft_consensus.cc:515] T 00000000000000000000000000000000 P 0f5df5bb2a144beab88c8ae1abff1795 [term 1 FOLLOWER]: Starting leader election with config: opid_index: -1 OBSOLETE_local: true peers { permanent_uuid: "0f5df5bb2a144beab88c8ae1abff1795" member_type: VOTER }
I20260710 13:16:24.917496   980 leader_election.cc:304] T 00000000000000000000000000000000 P 0f5df5bb2a144beab88c8ae1abff1795 [CANDIDATE]: Term 1 election: Election decided. Result: candidate won. Election summary: received 1 responses out of 1 voters: 1 yes votes; 0 no votes. yes voters: 0f5df5bb2a144beab88c8ae1abff1795; no voters: 
I20260710 13:16:24.918583   980 leader_election.cc:290] T 00000000000000000000000000000000 P 0f5df5bb2a144beab88c8ae1abff1795 [CANDIDATE]: Term 1 election: Requested vote from peers 
I20260710 13:16:24.919075   983 raft_consensus.cc:2804] T 00000000000000000000000000000000 P 0f5df5bb2a144beab88c8ae1abff1795 [term 1 FOLLOWER]: Leader election won for term 1
I20260710 13:16:24.920406   983 raft_consensus.cc:697] T 00000000000000000000000000000000 P 0f5df5bb2a144beab88c8ae1abff1795 [term 1 LEADER]: Becoming Leader. State: Replica: 0f5df5bb2a144beab88c8ae1abff1795, State: Running, Role: LEADER
I20260710 13:16:24.921113   983 consensus_queue.cc:237] T 00000000000000000000000000000000 P 0f5df5bb2a144beab88c8ae1abff1795 [LEADER]: Queue going to LEADER mode. State: All replicated index: 0, Majority replicated index: 0, Committed index: 0, Last appended: 0.0, Last appended by leader: 0, Current term: 1, Majority size: 1, State: 0, Mode: LEADER, active raft config: opid_index: -1 OBSOLETE_local: true peers { permanent_uuid: "0f5df5bb2a144beab88c8ae1abff1795" member_type: VOTER }
I20260710 13:16:24.921355   980 sys_catalog.cc:565] T 00000000000000000000000000000000 P 0f5df5bb2a144beab88c8ae1abff1795 [sys.catalog]: configured and running, proceeding with master startup.
I20260710 13:16:24.925999   984 sys_catalog.cc:455] T 00000000000000000000000000000000 P 0f5df5bb2a144beab88c8ae1abff1795 [sys.catalog]: SysCatalogTable state changed. Reason: RaftConsensus started. Latest consensus state: current_term: 1 leader_uuid: "0f5df5bb2a144beab88c8ae1abff1795" committed_config { opid_index: -1 OBSOLETE_local: true peers { permanent_uuid: "0f5df5bb2a144beab88c8ae1abff1795" member_type: VOTER } }
I20260710 13:16:24.926215   985 sys_catalog.cc:455] T 00000000000000000000000000000000 P 0f5df5bb2a144beab88c8ae1abff1795 [sys.catalog]: SysCatalogTable state changed. Reason: New leader 0f5df5bb2a144beab88c8ae1abff1795. Latest consensus state: current_term: 1 leader_uuid: "0f5df5bb2a144beab88c8ae1abff1795" committed_config { opid_index: -1 OBSOLETE_local: true peers { permanent_uuid: "0f5df5bb2a144beab88c8ae1abff1795" member_type: VOTER } }
I20260710 13:16:24.926815   984 sys_catalog.cc:458] T 00000000000000000000000000000000 P 0f5df5bb2a144beab88c8ae1abff1795 [sys.catalog]: This master's current role is: LEADER
I20260710 13:16:24.926898   985 sys_catalog.cc:458] T 00000000000000000000000000000000 P 0f5df5bb2a144beab88c8ae1abff1795 [sys.catalog]: This master's current role is: LEADER
I20260710 13:16:24.932118   991 catalog_manager.cc:1511] Loading table and tablet metadata into memory...
I20260710 13:16:24.938516   991 catalog_manager.cc:1520] Initializing Kudu cluster ID...
I20260710 13:16:24.939752   431 internal_mini_cluster.cc:184] Waiting to initialize catalog manager on master 0
I20260710 13:16:24.947206   991 catalog_manager.cc:1383] Generated new cluster ID: 3523d882546b414c9bbed58e83a4b8c5
I20260710 13:16:24.947463   991 catalog_manager.cc:1531] Initializing Kudu internal certificate authority...
I20260710 13:16:24.971133   991 catalog_manager.cc:1406] Generated new certificate authority record
I20260710 13:16:24.972273   991 catalog_manager.cc:1540] Loading token signing keys...
I20260710 13:16:24.984890   991 catalog_manager.cc:6070] T 00000000000000000000000000000000 P 0f5df5bb2a144beab88c8ae1abff1795: Generated new TSK 0
I20260710 13:16:24.985426   991 catalog_manager.cc:1550] Initializing in-progress tserver states...
I20260710 13:16:25.006342   431 file_cache.cc:504] Constructed file cache file cache with capacity 419430
W20260710 13:16:25.012104  1001 instance_detector.cc:116] could not retrieve AWS instance metadata: Network error: curl error: HTTP response code said error: The requested URL returned error: 404
W20260710 13:16:25.013118  1002 instance_detector.cc:116] could not retrieve Azure instance metadata: Network error: curl error: HTTP response code said error: The requested URL returned error: 404
W20260710 13:16:25.014678  1004 instance_detector.cc:116] could not retrieve OpenStack instance metadata: Network error: curl error: HTTP response code said error: The requested URL returned error: 404
I20260710 13:16:25.015151   431 server_base.cc:1061] running on GCE node
I20260710 13:16:25.015944   431 hybrid_clock.cc:584] initializing the hybrid clock with 'system_unsync' time source
W20260710 13:16:25.016110   431 system_unsync_time.cc:38] NTP support is disabled. Clock error bounds will not be accurate. This configuration is not suitable for distributed clusters.
I20260710 13:16:25.016232   431 hybrid_clock.cc:648] HybridClock initialized: now 1783689385016220 us; error 0 us; skew 500 ppm
I20260710 13:16:25.016662   431 server_base.cc:861] Flag tcmalloc_max_total_thread_cache_bytes is not working since tcmalloc is not enabled.
I20260710 13:16:25.018786   431 webserver.cc:533] Webserver started at http://127.0.107.193:36369/ using document root <none> and password file <none>
I20260710 13:16:25.019243   431 fs_manager.cc:362] Metadata directory not provided
I20260710 13:16:25.019398   431 fs_manager.cc:368] Using write-ahead log directory (fs_wal_dir) as metadata directory
I20260710 13:16:25.019593   431 server_base.cc:909] This appears to be a new deployment of Kudu; creating new FS layout
I20260710 13:16:25.020496   431 fs_manager.cc:1068] Generated new instance metadata in path /tmp/dist-test-taskqDCQmz/test-tmp/auto_leader_rebalancer-test.0.LeaderRebalancerTest.FunctionalTestForNotDivided.1783689372003924-431-0/minicluster-data/ts-0-root/instance:
uuid: "987a73c3c2e04ec6acb4e9a8075aef52"
format_stamp: "Formatted at 2026-07-10 13:16:25 on dist-test-slave-0hw8"
I20260710 13:16:25.024732   431 fs_manager.cc:696] Time spent creating directory manager: real 0.004s	user 0.002s	sys 0.003s
I20260710 13:16:25.027956  1009 log_block_manager.cc:4127] Time spent loading block containers with low live blocks: real 0.000s	user 0.000s	sys 0.000s
I20260710 13:16:25.028651   431 fs_manager.cc:730] Time spent opening block manager: real 0.002s	user 0.003s	sys 0.000s
I20260710 13:16:25.028951   431 fs_manager.cc:647] Opened local filesystem: /tmp/dist-test-taskqDCQmz/test-tmp/auto_leader_rebalancer-test.0.LeaderRebalancerTest.FunctionalTestForNotDivided.1783689372003924-431-0/minicluster-data/ts-0-root
uuid: "987a73c3c2e04ec6acb4e9a8075aef52"
format_stamp: "Formatted at 2026-07-10 13:16:25 on dist-test-slave-0hw8"
I20260710 13:16:25.029222   431 fs_report.cc:389] FS layout report
--------------------
wal directory: /tmp/dist-test-taskqDCQmz/test-tmp/auto_leader_rebalancer-test.0.LeaderRebalancerTest.FunctionalTestForNotDivided.1783689372003924-431-0/minicluster-data/ts-0-root
metadata directory: /tmp/dist-test-taskqDCQmz/test-tmp/auto_leader_rebalancer-test.0.LeaderRebalancerTest.FunctionalTestForNotDivided.1783689372003924-431-0/minicluster-data/ts-0-root
1 data directories: /tmp/dist-test-taskqDCQmz/test-tmp/auto_leader_rebalancer-test.0.LeaderRebalancerTest.FunctionalTestForNotDivided.1783689372003924-431-0/minicluster-data/ts-0-root/data
Total live blocks: 0
Total live bytes: 0
Total live bytes (after alignment): 0
Total number of LBM containers: 0 (0 full)
Did not check for missing blocks
Did not check for orphaned blocks
Total full LBM containers with extra space: 0 (0 repaired)
Total full LBM container extra space in bytes: 0 (0 repaired)
Total incomplete LBM containers: 0 (0 repaired)
Total LBM partial records: 0 (0 repaired)
Total corrupted LBM metadata records in RocksDB: 0 (0 repaired)
I20260710 13:16:25.051662   431 rpc_server.cc:225] running with OpenSSL 1.1.1  11 Sep 2018
I20260710 13:16:25.052799   431 kserver.cc:163] Server-wide thread pool size limit: 3276
I20260710 13:16:25.054167   431 txn_system_client.cc:432] TxnSystemClient initialization is disabled...
I20260710 13:16:25.056288   431 ts_tablet_manager.cc:585] Loaded tablet metadata (0 total tablets, 0 live tablets)
I20260710 13:16:25.056509   431 ts_tablet_manager.cc:531] Time spent load tablet metadata: real 0.000s	user 0.000s	sys 0.000s
I20260710 13:16:25.056743   431 ts_tablet_manager.cc:616] Registered 0 tablets
I20260710 13:16:25.056921   431 ts_tablet_manager.cc:595] Time spent register tablets: real 0.000s	user 0.000s	sys 0.000s
I20260710 13:16:25.095209   431 rpc_server.cc:307] RPC server started. Bound to: 127.0.107.193:46281
I20260710 13:16:25.095291  1071 acceptor_pool.cc:272] collecting diagnostics on the listening RPC socket 127.0.107.193:46281 every 8 connection(s)
I20260710 13:16:25.099764   431 file_cache.cc:504] Constructed file cache file cache with capacity 419430
W20260710 13:16:25.107453  1076 instance_detector.cc:116] could not retrieve AWS instance metadata: Network error: curl error: HTTP response code said error: The requested URL returned error: 404
W20260710 13:16:25.108882  1077 instance_detector.cc:116] could not retrieve Azure instance metadata: Network error: curl error: HTTP response code said error: The requested URL returned error: 404
W20260710 13:16:25.110672  1079 instance_detector.cc:116] could not retrieve OpenStack instance metadata: Network error: curl error: HTTP response code said error: The requested URL returned error: 404
I20260710 13:16:25.111611   431 server_base.cc:1061] running on GCE node
I20260710 13:16:25.112537   431 hybrid_clock.cc:584] initializing the hybrid clock with 'system_unsync' time source
W20260710 13:16:25.112749   431 system_unsync_time.cc:38] NTP support is disabled. Clock error bounds will not be accurate. This configuration is not suitable for distributed clusters.
I20260710 13:16:25.112916   431 hybrid_clock.cc:648] HybridClock initialized: now 1783689385112881 us; error 0 us; skew 500 ppm
I20260710 13:16:25.113461   431 server_base.cc:861] Flag tcmalloc_max_total_thread_cache_bytes is not working since tcmalloc is not enabled.
I20260710 13:16:25.116045   431 webserver.cc:533] Webserver started at http://127.0.107.194:38747/ using document root <none> and password file <none>
I20260710 13:16:25.116667   431 fs_manager.cc:362] Metadata directory not provided
I20260710 13:16:25.116962   431 fs_manager.cc:368] Using write-ahead log directory (fs_wal_dir) as metadata directory
I20260710 13:16:25.117053  1072 heartbeater.cc:344] Connected to a master server at 127.0.107.254:43399
I20260710 13:16:25.117242   431 server_base.cc:909] This appears to be a new deployment of Kudu; creating new FS layout
I20260710 13:16:25.117424  1072 heartbeater.cc:461] Registering TS with master...
I20260710 13:16:25.118299  1072 heartbeater.cc:507] Master 127.0.107.254:43399 requested a full tablet report, sending...
I20260710 13:16:25.118741   431 fs_manager.cc:1068] Generated new instance metadata in path /tmp/dist-test-taskqDCQmz/test-tmp/auto_leader_rebalancer-test.0.LeaderRebalancerTest.FunctionalTestForNotDivided.1783689372003924-431-0/minicluster-data/ts-1-root/instance:
uuid: "667d7d3655c549cea3a725c72356af90"
format_stamp: "Formatted at 2026-07-10 13:16:25 on dist-test-slave-0hw8"
I20260710 13:16:25.120440   945 ts_manager.cc:194] Registered new tserver with Master: 987a73c3c2e04ec6acb4e9a8075aef52 (127.0.107.193:46281)
I20260710 13:16:25.122049   945 master_service.cc:502] Signed X509 certificate for tserver {username='slave'} at 127.0.0.1:47292
I20260710 13:16:25.123916   431 fs_manager.cc:696] Time spent creating directory manager: real 0.005s	user 0.004s	sys 0.000s
I20260710 13:16:25.127369  1084 log_block_manager.cc:4127] Time spent loading block containers with low live blocks: real 0.000s	user 0.000s	sys 0.000s
I20260710 13:16:25.128125   431 fs_manager.cc:730] Time spent opening block manager: real 0.002s	user 0.002s	sys 0.001s
I20260710 13:16:25.128430   431 fs_manager.cc:647] Opened local filesystem: /tmp/dist-test-taskqDCQmz/test-tmp/auto_leader_rebalancer-test.0.LeaderRebalancerTest.FunctionalTestForNotDivided.1783689372003924-431-0/minicluster-data/ts-1-root
uuid: "667d7d3655c549cea3a725c72356af90"
format_stamp: "Formatted at 2026-07-10 13:16:25 on dist-test-slave-0hw8"
I20260710 13:16:25.128731   431 fs_report.cc:389] FS layout report
--------------------
wal directory: /tmp/dist-test-taskqDCQmz/test-tmp/auto_leader_rebalancer-test.0.LeaderRebalancerTest.FunctionalTestForNotDivided.1783689372003924-431-0/minicluster-data/ts-1-root
metadata directory: /tmp/dist-test-taskqDCQmz/test-tmp/auto_leader_rebalancer-test.0.LeaderRebalancerTest.FunctionalTestForNotDivided.1783689372003924-431-0/minicluster-data/ts-1-root
1 data directories: /tmp/dist-test-taskqDCQmz/test-tmp/auto_leader_rebalancer-test.0.LeaderRebalancerTest.FunctionalTestForNotDivided.1783689372003924-431-0/minicluster-data/ts-1-root/data
Total live blocks: 0
Total live bytes: 0
Total live bytes (after alignment): 0
Total number of LBM containers: 0 (0 full)
Did not check for missing blocks
Did not check for orphaned blocks
Total full LBM containers with extra space: 0 (0 repaired)
Total full LBM container extra space in bytes: 0 (0 repaired)
Total incomplete LBM containers: 0 (0 repaired)
Total LBM partial records: 0 (0 repaired)
Total corrupted LBM metadata records in RocksDB: 0 (0 repaired)
I20260710 13:16:25.160409   431 rpc_server.cc:225] running with OpenSSL 1.1.1  11 Sep 2018
I20260710 13:16:25.161676   431 kserver.cc:163] Server-wide thread pool size limit: 3276
I20260710 13:16:25.163261   431 txn_system_client.cc:432] TxnSystemClient initialization is disabled...
I20260710 13:16:25.165450   431 ts_tablet_manager.cc:585] Loaded tablet metadata (0 total tablets, 0 live tablets)
I20260710 13:16:25.165689   431 ts_tablet_manager.cc:531] Time spent load tablet metadata: real 0.000s	user 0.000s	sys 0.000s
I20260710 13:16:25.165948   431 ts_tablet_manager.cc:616] Registered 0 tablets
I20260710 13:16:25.166139   431 ts_tablet_manager.cc:595] Time spent register tablets: real 0.000s	user 0.000s	sys 0.000s
I20260710 13:16:25.207302   431 rpc_server.cc:307] RPC server started. Bound to: 127.0.107.194:40263
I20260710 13:16:25.207379  1146 acceptor_pool.cc:272] collecting diagnostics on the listening RPC socket 127.0.107.194:40263 every 8 connection(s)
I20260710 13:16:25.212224   431 file_cache.cc:504] Constructed file cache file cache with capacity 419430
W20260710 13:16:25.219305  1150 instance_detector.cc:116] could not retrieve AWS instance metadata: Network error: curl error: HTTP response code said error: The requested URL returned error: 404
W20260710 13:16:25.219962  1151 instance_detector.cc:116] could not retrieve Azure instance metadata: Network error: curl error: HTTP response code said error: The requested URL returned error: 404
I20260710 13:16:25.222621   431 server_base.cc:1061] running on GCE node
I20260710 13:16:25.223366  1147 heartbeater.cc:344] Connected to a master server at 127.0.107.254:43399
W20260710 13:16:25.223517  1154 instance_detector.cc:116] could not retrieve OpenStack instance metadata: Network error: curl error: HTTP response code said error: The requested URL returned error: 404
I20260710 13:16:25.223716  1147 heartbeater.cc:461] Registering TS with master...
I20260710 13:16:25.224462   431 hybrid_clock.cc:584] initializing the hybrid clock with 'system_unsync' time source
I20260710 13:16:25.224480  1147 heartbeater.cc:507] Master 127.0.107.254:43399 requested a full tablet report, sending...
W20260710 13:16:25.224735   431 system_unsync_time.cc:38] NTP support is disabled. Clock error bounds will not be accurate. This configuration is not suitable for distributed clusters.
I20260710 13:16:25.224987   431 hybrid_clock.cc:648] HybridClock initialized: now 1783689385224952 us; error 0 us; skew 500 ppm
I20260710 13:16:25.225539   431 server_base.cc:861] Flag tcmalloc_max_total_thread_cache_bytes is not working since tcmalloc is not enabled.
I20260710 13:16:25.226568   945 ts_manager.cc:194] Registered new tserver with Master: 667d7d3655c549cea3a725c72356af90 (127.0.107.194:40263)
I20260710 13:16:25.227854   945 master_service.cc:502] Signed X509 certificate for tserver {username='slave'} at 127.0.0.1:47306
I20260710 13:16:25.228232   431 webserver.cc:533] Webserver started at http://127.0.107.195:38009/ using document root <none> and password file <none>
I20260710 13:16:25.228789   431 fs_manager.cc:362] Metadata directory not provided
I20260710 13:16:25.229038   431 fs_manager.cc:368] Using write-ahead log directory (fs_wal_dir) as metadata directory
I20260710 13:16:25.229319   431 server_base.cc:909] This appears to be a new deployment of Kudu; creating new FS layout
I20260710 13:16:25.230540   431 fs_manager.cc:1068] Generated new instance metadata in path /tmp/dist-test-taskqDCQmz/test-tmp/auto_leader_rebalancer-test.0.LeaderRebalancerTest.FunctionalTestForNotDivided.1783689372003924-431-0/minicluster-data/ts-2-root/instance:
uuid: "c047125d9d434635b777b8a426b7492b"
format_stamp: "Formatted at 2026-07-10 13:16:25 on dist-test-slave-0hw8"
I20260710 13:16:25.234441   431 fs_manager.cc:696] Time spent creating directory manager: real 0.003s	user 0.002s	sys 0.001s
I20260710 13:16:25.237421  1158 log_block_manager.cc:4127] Time spent loading block containers with low live blocks: real 0.000s	user 0.000s	sys 0.000s
I20260710 13:16:25.238171   431 fs_manager.cc:730] Time spent opening block manager: real 0.002s	user 0.002s	sys 0.000s
I20260710 13:16:25.238446   431 fs_manager.cc:647] Opened local filesystem: /tmp/dist-test-taskqDCQmz/test-tmp/auto_leader_rebalancer-test.0.LeaderRebalancerTest.FunctionalTestForNotDivided.1783689372003924-431-0/minicluster-data/ts-2-root
uuid: "c047125d9d434635b777b8a426b7492b"
format_stamp: "Formatted at 2026-07-10 13:16:25 on dist-test-slave-0hw8"
I20260710 13:16:25.238701   431 fs_report.cc:389] FS layout report
--------------------
wal directory: /tmp/dist-test-taskqDCQmz/test-tmp/auto_leader_rebalancer-test.0.LeaderRebalancerTest.FunctionalTestForNotDivided.1783689372003924-431-0/minicluster-data/ts-2-root
metadata directory: /tmp/dist-test-taskqDCQmz/test-tmp/auto_leader_rebalancer-test.0.LeaderRebalancerTest.FunctionalTestForNotDivided.1783689372003924-431-0/minicluster-data/ts-2-root
1 data directories: /tmp/dist-test-taskqDCQmz/test-tmp/auto_leader_rebalancer-test.0.LeaderRebalancerTest.FunctionalTestForNotDivided.1783689372003924-431-0/minicluster-data/ts-2-root/data
Total live blocks: 0
Total live bytes: 0
Total live bytes (after alignment): 0
Total number of LBM containers: 0 (0 full)
Did not check for missing blocks
Did not check for orphaned blocks
Total full LBM containers with extra space: 0 (0 repaired)
Total full LBM container extra space in bytes: 0 (0 repaired)
Total incomplete LBM containers: 0 (0 repaired)
Total LBM partial records: 0 (0 repaired)
Total corrupted LBM metadata records in RocksDB: 0 (0 repaired)
I20260710 13:16:25.254207   431 rpc_server.cc:225] running with OpenSSL 1.1.1  11 Sep 2018
I20260710 13:16:25.255337   431 kserver.cc:163] Server-wide thread pool size limit: 3276
I20260710 13:16:25.256698   431 txn_system_client.cc:432] TxnSystemClient initialization is disabled...
I20260710 13:16:25.258671   431 ts_tablet_manager.cc:585] Loaded tablet metadata (0 total tablets, 0 live tablets)
I20260710 13:16:25.258935   431 ts_tablet_manager.cc:531] Time spent load tablet metadata: real 0.000s	user 0.000s	sys 0.000s
I20260710 13:16:25.259184   431 ts_tablet_manager.cc:616] Registered 0 tablets
I20260710 13:16:25.259335   431 ts_tablet_manager.cc:595] Time spent register tablets: real 0.000s	user 0.000s	sys 0.000s
I20260710 13:16:25.297902   431 rpc_server.cc:307] RPC server started. Bound to: 127.0.107.195:36983
I20260710 13:16:25.297989  1220 acceptor_pool.cc:272] collecting diagnostics on the listening RPC socket 127.0.107.195:36983 every 8 connection(s)
I20260710 13:16:25.311434  1221 heartbeater.cc:344] Connected to a master server at 127.0.107.254:43399
I20260710 13:16:25.311759  1221 heartbeater.cc:461] Registering TS with master...
I20260710 13:16:25.312470  1221 heartbeater.cc:507] Master 127.0.107.254:43399 requested a full tablet report, sending...
I20260710 13:16:25.314327   945 ts_manager.cc:194] Registered new tserver with Master: c047125d9d434635b777b8a426b7492b (127.0.107.195:36983)
I20260710 13:16:25.315402   431 internal_mini_cluster.cc:371] 3 TS(s) registered with all masters after 0.014552296s
I20260710 13:16:25.315881   945 master_service.cc:502] Signed X509 certificate for tserver {username='slave'} at 127.0.0.1:47318
I20260710 13:16:25.339380   945 catalog_manager.cc:2283] Servicing CreateTable request from {username='slave'} at 127.0.0.1:47324:
name: "test-workload"
schema {
  columns {
    name: "key"
    type: INT32
    is_key: true
    is_nullable: false
    encoding: AUTO_ENCODING
    compression: DEFAULT_COMPRESSION
    cfile_block_size: 0
    immutable: false
  }
  columns {
    name: "int_val"
    type: INT32
    is_key: false
    is_nullable: false
    encoding: AUTO_ENCODING
    compression: DEFAULT_COMPRESSION
    cfile_block_size: 0
    immutable: false
  }
  columns {
    name: "string_val"
    type: STRING
    is_key: false
    is_nullable: true
    encoding: AUTO_ENCODING
    compression: DEFAULT_COMPRESSION
    cfile_block_size: 0
    immutable: false
  }
}
num_replicas: 3
split_rows_range_bounds {
  rows: "\004\001\000\314\314\314\014\004\001\000\230\231\231\031\004\001\000dff&\004\001\0000333\004\001\000\374\377\377?\004\001\000\310\314\314L\004\001\000\224\231\231Y\004\001\000`fff\004\001\000,33s""\004\001\000\314\314\314\014\004\001\000\230\231\231\031\004\001\000dff&\004\001\0000333\004\001\000\374\377\377?\004\001\000\310\314\314L\004\001\000\224\231\231Y\004\001\000`fff\004\001\000,33s"
  indirect_data: """"
}
partition_schema {
  range_schema {
    columns {
      name: "key"
    }
  }
}
W20260710 13:16:25.342196   945 catalog_manager.cc:7077] The number of live tablet servers is not enough to re-replicate a tablet replica of the newly created table test-workload in case of a server failure: 4 tablet servers would be needed, 3 are available. Consider bringing up more tablet servers.
I20260710 13:16:25.415315  1186 tablet_service.cc:1511] Processing CreateTablet for tablet ac14757872a949ce8fbdbde1e84b7f37 (DEFAULT_TABLE table=test-workload [id=c3f436967d9e47b6b351f069dfd454c7]), partition=RANGE (key) PARTITION VALUES < 214748364
I20260710 13:16:25.417047  1186 data_dirs.cc:400] Could only allocate 1 dirs of requested 3 for tablet ac14757872a949ce8fbdbde1e84b7f37. 1 dirs total, 0 dirs full, 0 dirs failed
I20260710 13:16:25.421095  1184 tablet_service.cc:1511] Processing CreateTablet for tablet 865acade901e409c8c347d6442b83b77 (DEFAULT_TABLE table=test-workload [id=c3f436967d9e47b6b351f069dfd454c7]), partition=RANGE (key) PARTITION 429496728 <= VALUES < 644245092
I20260710 13:16:25.421932  1183 tablet_service.cc:1511] Processing CreateTablet for tablet 8382087de1ec43fb9c30aba25a41daa0 (DEFAULT_TABLE table=test-workload [id=c3f436967d9e47b6b351f069dfd454c7]), partition=RANGE (key) PARTITION 644245092 <= VALUES < 858993456
I20260710 13:16:25.422639  1184 data_dirs.cc:400] Could only allocate 1 dirs of requested 3 for tablet 865acade901e409c8c347d6442b83b77. 1 dirs total, 0 dirs full, 0 dirs failed
I20260710 13:16:25.423345  1183 data_dirs.cc:400] Could only allocate 1 dirs of requested 3 for tablet 8382087de1ec43fb9c30aba25a41daa0. 1 dirs total, 0 dirs full, 0 dirs failed
I20260710 13:16:25.428627  1181 tablet_service.cc:1511] Processing CreateTablet for tablet bfcc269235a34539a904cfc03dc3ca7f (DEFAULT_TABLE table=test-workload [id=c3f436967d9e47b6b351f069dfd454c7]), partition=RANGE (key) PARTITION 1073741820 <= VALUES < 1288490184
I20260710 13:16:25.430037  1181 data_dirs.cc:400] Could only allocate 1 dirs of requested 3 for tablet bfcc269235a34539a904cfc03dc3ca7f. 1 dirs total, 0 dirs full, 0 dirs failed
I20260710 13:16:25.431520  1185 tablet_service.cc:1511] Processing CreateTablet for tablet 0dbf85c654ec43eba125d620f8cea2b0 (DEFAULT_TABLE table=test-workload [id=c3f436967d9e47b6b351f069dfd454c7]), partition=RANGE (key) PARTITION 214748364 <= VALUES < 429496728
I20260710 13:16:25.432906  1182 tablet_service.cc:1511] Processing CreateTablet for tablet ed4290b0ec484f4eb1b54a6bfac32324 (DEFAULT_TABLE table=test-workload [id=c3f436967d9e47b6b351f069dfd454c7]), partition=RANGE (key) PARTITION 858993456 <= VALUES < 1073741820
I20260710 13:16:25.433445  1185 data_dirs.cc:400] Could only allocate 1 dirs of requested 3 for tablet 0dbf85c654ec43eba125d620f8cea2b0. 1 dirs total, 0 dirs full, 0 dirs failed
I20260710 13:16:25.434336  1182 data_dirs.cc:400] Could only allocate 1 dirs of requested 3 for tablet ed4290b0ec484f4eb1b54a6bfac32324. 1 dirs total, 0 dirs full, 0 dirs failed
I20260710 13:16:25.436771  1180 tablet_service.cc:1511] Processing CreateTablet for tablet f196e532092d46cdb659d5e63eaff700 (DEFAULT_TABLE table=test-workload [id=c3f436967d9e47b6b351f069dfd454c7]), partition=RANGE (key) PARTITION 1288490184 <= VALUES < 1503238548
I20260710 13:16:25.436771  1037 tablet_service.cc:1511] Processing CreateTablet for tablet ac14757872a949ce8fbdbde1e84b7f37 (DEFAULT_TABLE table=test-workload [id=c3f436967d9e47b6b351f069dfd454c7]), partition=RANGE (key) PARTITION VALUES < 214748364
I20260710 13:16:25.438150  1180 data_dirs.cc:400] Could only allocate 1 dirs of requested 3 for tablet f196e532092d46cdb659d5e63eaff700. 1 dirs total, 0 dirs full, 0 dirs failed
I20260710 13:16:25.438449  1037 data_dirs.cc:400] Could only allocate 1 dirs of requested 3 for tablet ac14757872a949ce8fbdbde1e84b7f37. 1 dirs total, 0 dirs full, 0 dirs failed
I20260710 13:16:25.442050  1036 tablet_service.cc:1511] Processing CreateTablet for tablet 0dbf85c654ec43eba125d620f8cea2b0 (DEFAULT_TABLE table=test-workload [id=c3f436967d9e47b6b351f069dfd454c7]), partition=RANGE (key) PARTITION 214748364 <= VALUES < 429496728
I20260710 13:16:25.443387  1036 data_dirs.cc:400] Could only allocate 1 dirs of requested 3 for tablet 0dbf85c654ec43eba125d620f8cea2b0. 1 dirs total, 0 dirs full, 0 dirs failed
I20260710 13:16:25.444051  1179 tablet_service.cc:1511] Processing CreateTablet for tablet b6a0bf07dc734f279ea0628302e212ff (DEFAULT_TABLE table=test-workload [id=c3f436967d9e47b6b351f069dfd454c7]), partition=RANGE (key) PARTITION 1503238548 <= VALUES < 1717986912
I20260710 13:16:25.449618  1035 tablet_service.cc:1511] Processing CreateTablet for tablet 865acade901e409c8c347d6442b83b77 (DEFAULT_TABLE table=test-workload [id=c3f436967d9e47b6b351f069dfd454c7]), partition=RANGE (key) PARTITION 429496728 <= VALUES < 644245092
I20260710 13:16:25.451076  1035 data_dirs.cc:400] Could only allocate 1 dirs of requested 3 for tablet 865acade901e409c8c347d6442b83b77. 1 dirs total, 0 dirs full, 0 dirs failed
I20260710 13:16:25.455343  1177 tablet_service.cc:1511] Processing CreateTablet for tablet df0bdae7e81447b6bf89b70c920b3325 (DEFAULT_TABLE table=test-workload [id=c3f436967d9e47b6b351f069dfd454c7]), partition=RANGE (key) PARTITION 1932735276 <= VALUES
I20260710 13:16:25.455960  1034 tablet_service.cc:1511] Processing CreateTablet for tablet 8382087de1ec43fb9c30aba25a41daa0 (DEFAULT_TABLE table=test-workload [id=c3f436967d9e47b6b351f069dfd454c7]), partition=RANGE (key) PARTITION 644245092 <= VALUES < 858993456
I20260710 13:16:25.456425  1033 tablet_service.cc:1511] Processing CreateTablet for tablet ed4290b0ec484f4eb1b54a6bfac32324 (DEFAULT_TABLE table=test-workload [id=c3f436967d9e47b6b351f069dfd454c7]), partition=RANGE (key) PARTITION 858993456 <= VALUES < 1073741820
I20260710 13:16:25.457412  1034 data_dirs.cc:400] Could only allocate 1 dirs of requested 3 for tablet 8382087de1ec43fb9c30aba25a41daa0. 1 dirs total, 0 dirs full, 0 dirs failed
I20260710 13:16:25.449618  1178 tablet_service.cc:1511] Processing CreateTablet for tablet 4b18dd75fdbc4662ac16d7f7825fa991 (DEFAULT_TABLE table=test-workload [id=c3f436967d9e47b6b351f069dfd454c7]), partition=RANGE (key) PARTITION 1717986912 <= VALUES < 1932735276
I20260710 13:16:25.459297  1032 tablet_service.cc:1511] Processing CreateTablet for tablet bfcc269235a34539a904cfc03dc3ca7f (DEFAULT_TABLE table=test-workload [id=c3f436967d9e47b6b351f069dfd454c7]), partition=RANGE (key) PARTITION 1073741820 <= VALUES < 1288490184
I20260710 13:16:25.460624  1032 data_dirs.cc:400] Could only allocate 1 dirs of requested 3 for tablet bfcc269235a34539a904cfc03dc3ca7f. 1 dirs total, 0 dirs full, 0 dirs failed
I20260710 13:16:25.460830  1031 tablet_service.cc:1511] Processing CreateTablet for tablet f196e532092d46cdb659d5e63eaff700 (DEFAULT_TABLE table=test-workload [id=c3f436967d9e47b6b351f069dfd454c7]), partition=RANGE (key) PARTITION 1288490184 <= VALUES < 1503238548
I20260710 13:16:25.462144  1031 data_dirs.cc:400] Could only allocate 1 dirs of requested 3 for tablet f196e532092d46cdb659d5e63eaff700. 1 dirs total, 0 dirs full, 0 dirs failed
I20260710 13:16:25.464370  1030 tablet_service.cc:1511] Processing CreateTablet for tablet b6a0bf07dc734f279ea0628302e212ff (DEFAULT_TABLE table=test-workload [id=c3f436967d9e47b6b351f069dfd454c7]), partition=RANGE (key) PARTITION 1503238548 <= VALUES < 1717986912
I20260710 13:16:25.465801  1030 data_dirs.cc:400] Could only allocate 1 dirs of requested 3 for tablet b6a0bf07dc734f279ea0628302e212ff. 1 dirs total, 0 dirs full, 0 dirs failed
I20260710 13:16:25.468297  1029 tablet_service.cc:1511] Processing CreateTablet for tablet 4b18dd75fdbc4662ac16d7f7825fa991 (DEFAULT_TABLE table=test-workload [id=c3f436967d9e47b6b351f069dfd454c7]), partition=RANGE (key) PARTITION 1717986912 <= VALUES < 1932735276
I20260710 13:16:25.469731  1029 data_dirs.cc:400] Could only allocate 1 dirs of requested 3 for tablet 4b18dd75fdbc4662ac16d7f7825fa991. 1 dirs total, 0 dirs full, 0 dirs failed
I20260710 13:16:25.471459  1033 data_dirs.cc:400] Could only allocate 1 dirs of requested 3 for tablet ed4290b0ec484f4eb1b54a6bfac32324. 1 dirs total, 0 dirs full, 0 dirs failed
I20260710 13:16:25.473651  1028 tablet_service.cc:1511] Processing CreateTablet for tablet df0bdae7e81447b6bf89b70c920b3325 (DEFAULT_TABLE table=test-workload [id=c3f436967d9e47b6b351f069dfd454c7]), partition=RANGE (key) PARTITION 1932735276 <= VALUES
I20260710 13:16:25.479039  1028 data_dirs.cc:400] Could only allocate 1 dirs of requested 3 for tablet df0bdae7e81447b6bf89b70c920b3325. 1 dirs total, 0 dirs full, 0 dirs failed
I20260710 13:16:25.482191  1179 data_dirs.cc:400] Could only allocate 1 dirs of requested 3 for tablet b6a0bf07dc734f279ea0628302e212ff. 1 dirs total, 0 dirs full, 0 dirs failed
I20260710 13:16:25.495011  1177 data_dirs.cc:400] Could only allocate 1 dirs of requested 3 for tablet df0bdae7e81447b6bf89b70c920b3325. 1 dirs total, 0 dirs full, 0 dirs failed
I20260710 13:16:25.531939  1178 data_dirs.cc:400] Could only allocate 1 dirs of requested 3 for tablet 4b18dd75fdbc4662ac16d7f7825fa991. 1 dirs total, 0 dirs full, 0 dirs failed
I20260710 13:16:25.540319  1237 tablet_bootstrap.cc:492] T ac14757872a949ce8fbdbde1e84b7f37 P 987a73c3c2e04ec6acb4e9a8075aef52: Bootstrap starting.
I20260710 13:16:25.544500  1236 tablet_bootstrap.cc:492] T 8382087de1ec43fb9c30aba25a41daa0 P c047125d9d434635b777b8a426b7492b: Bootstrap starting.
I20260710 13:16:25.555553  1112 tablet_service.cc:1511] Processing CreateTablet for tablet ac14757872a949ce8fbdbde1e84b7f37 (DEFAULT_TABLE table=test-workload [id=c3f436967d9e47b6b351f069dfd454c7]), partition=RANGE (key) PARTITION VALUES < 214748364
I20260710 13:16:25.555801  1111 tablet_service.cc:1511] Processing CreateTablet for tablet 0dbf85c654ec43eba125d620f8cea2b0 (DEFAULT_TABLE table=test-workload [id=c3f436967d9e47b6b351f069dfd454c7]), partition=RANGE (key) PARTITION 214748364 <= VALUES < 429496728
I20260710 13:16:25.556795  1112 data_dirs.cc:400] Could only allocate 1 dirs of requested 3 for tablet ac14757872a949ce8fbdbde1e84b7f37. 1 dirs total, 0 dirs full, 0 dirs failed
I20260710 13:16:25.558048  1110 tablet_service.cc:1511] Processing CreateTablet for tablet 865acade901e409c8c347d6442b83b77 (DEFAULT_TABLE table=test-workload [id=c3f436967d9e47b6b351f069dfd454c7]), partition=RANGE (key) PARTITION 429496728 <= VALUES < 644245092
I20260710 13:16:25.558184  1106 tablet_service.cc:1511] Processing CreateTablet for tablet f196e532092d46cdb659d5e63eaff700 (DEFAULT_TABLE table=test-workload [id=c3f436967d9e47b6b351f069dfd454c7]), partition=RANGE (key) PARTITION 1288490184 <= VALUES < 1503238548
I20260710 13:16:25.559360  1110 data_dirs.cc:400] Could only allocate 1 dirs of requested 3 for tablet 865acade901e409c8c347d6442b83b77. 1 dirs total, 0 dirs full, 0 dirs failed
I20260710 13:16:25.560043  1105 tablet_service.cc:1511] Processing CreateTablet for tablet b6a0bf07dc734f279ea0628302e212ff (DEFAULT_TABLE table=test-workload [id=c3f436967d9e47b6b351f069dfd454c7]), partition=RANGE (key) PARTITION 1503238548 <= VALUES < 1717986912
I20260710 13:16:25.562167  1237 tablet_bootstrap.cc:654] T ac14757872a949ce8fbdbde1e84b7f37 P 987a73c3c2e04ec6acb4e9a8075aef52: Neither blocks nor log segments found. Creating new log.
I20260710 13:16:25.563838  1107 tablet_service.cc:1511] Processing CreateTablet for tablet bfcc269235a34539a904cfc03dc3ca7f (DEFAULT_TABLE table=test-workload [id=c3f436967d9e47b6b351f069dfd454c7]), partition=RANGE (key) PARTITION 1073741820 <= VALUES < 1288490184
I20260710 13:16:25.563889  1109 tablet_service.cc:1511] Processing CreateTablet for tablet 8382087de1ec43fb9c30aba25a41daa0 (DEFAULT_TABLE table=test-workload [id=c3f436967d9e47b6b351f069dfd454c7]), partition=RANGE (key) PARTITION 644245092 <= VALUES < 858993456
I20260710 13:16:25.566597  1104 tablet_service.cc:1511] Processing CreateTablet for tablet 4b18dd75fdbc4662ac16d7f7825fa991 (DEFAULT_TABLE table=test-workload [id=c3f436967d9e47b6b351f069dfd454c7]), partition=RANGE (key) PARTITION 1717986912 <= VALUES < 1932735276
I20260710 13:16:25.567597  1111 data_dirs.cc:400] Could only allocate 1 dirs of requested 3 for tablet 0dbf85c654ec43eba125d620f8cea2b0. 1 dirs total, 0 dirs full, 0 dirs failed
I20260710 13:16:25.568460  1107 data_dirs.cc:400] Could only allocate 1 dirs of requested 3 for tablet bfcc269235a34539a904cfc03dc3ca7f. 1 dirs total, 0 dirs full, 0 dirs failed
I20260710 13:16:25.575394  1109 data_dirs.cc:400] Could only allocate 1 dirs of requested 3 for tablet 8382087de1ec43fb9c30aba25a41daa0. 1 dirs total, 0 dirs full, 0 dirs failed
I20260710 13:16:25.579377  1106 data_dirs.cc:400] Could only allocate 1 dirs of requested 3 for tablet f196e532092d46cdb659d5e63eaff700. 1 dirs total, 0 dirs full, 0 dirs failed
I20260710 13:16:25.581478  1236 tablet_bootstrap.cc:654] T 8382087de1ec43fb9c30aba25a41daa0 P c047125d9d434635b777b8a426b7492b: Neither blocks nor log segments found. Creating new log.
I20260710 13:16:25.583110  1104 data_dirs.cc:400] Could only allocate 1 dirs of requested 3 for tablet 4b18dd75fdbc4662ac16d7f7825fa991. 1 dirs total, 0 dirs full, 0 dirs failed
I20260710 13:16:25.586146  1105 data_dirs.cc:400] Could only allocate 1 dirs of requested 3 for tablet b6a0bf07dc734f279ea0628302e212ff. 1 dirs total, 0 dirs full, 0 dirs failed
I20260710 13:16:25.566325  1108 tablet_service.cc:1511] Processing CreateTablet for tablet ed4290b0ec484f4eb1b54a6bfac32324 (DEFAULT_TABLE table=test-workload [id=c3f436967d9e47b6b351f069dfd454c7]), partition=RANGE (key) PARTITION 858993456 <= VALUES < 1073741820
I20260710 13:16:25.590077  1108 data_dirs.cc:400] Could only allocate 1 dirs of requested 3 for tablet ed4290b0ec484f4eb1b54a6bfac32324. 1 dirs total, 0 dirs full, 0 dirs failed
I20260710 13:16:25.592840  1103 tablet_service.cc:1511] Processing CreateTablet for tablet df0bdae7e81447b6bf89b70c920b3325 (DEFAULT_TABLE table=test-workload [id=c3f436967d9e47b6b351f069dfd454c7]), partition=RANGE (key) PARTITION 1932735276 <= VALUES
I20260710 13:16:25.594463  1103 data_dirs.cc:400] Could only allocate 1 dirs of requested 3 for tablet df0bdae7e81447b6bf89b70c920b3325. 1 dirs total, 0 dirs full, 0 dirs failed
I20260710 13:16:25.619585  1237 tablet_bootstrap.cc:492] T ac14757872a949ce8fbdbde1e84b7f37 P 987a73c3c2e04ec6acb4e9a8075aef52: No bootstrap required, opened a new log
I20260710 13:16:25.620105  1237 ts_tablet_manager.cc:1403] T ac14757872a949ce8fbdbde1e84b7f37 P 987a73c3c2e04ec6acb4e9a8075aef52: Time spent bootstrapping tablet: real 0.080s	user 0.040s	sys 0.024s
I20260710 13:16:25.622866  1237 raft_consensus.cc:359] T ac14757872a949ce8fbdbde1e84b7f37 P 987a73c3c2e04ec6acb4e9a8075aef52 [term 0 FOLLOWER]: Replica starting. Triggering 0 pending ops. Active config: opid_index: -1 OBSOLETE_local: false peers { permanent_uuid: "c047125d9d434635b777b8a426b7492b" member_type: VOTER last_known_addr { host: "127.0.107.195" port: 36983 } } peers { permanent_uuid: "667d7d3655c549cea3a725c72356af90" member_type: VOTER last_known_addr { host: "127.0.107.194" port: 40263 } } peers { permanent_uuid: "987a73c3c2e04ec6acb4e9a8075aef52" member_type: VOTER last_known_addr { host: "127.0.107.193" port: 46281 } }
I20260710 13:16:25.623546  1237 raft_consensus.cc:385] T ac14757872a949ce8fbdbde1e84b7f37 P 987a73c3c2e04ec6acb4e9a8075aef52 [term 0 FOLLOWER]: Consensus starting up: Expiring failure detector timer to make a prompt election more likely
I20260710 13:16:25.623829  1237 raft_consensus.cc:740] T ac14757872a949ce8fbdbde1e84b7f37 P 987a73c3c2e04ec6acb4e9a8075aef52 [term 0 FOLLOWER]: Becoming Follower/Learner. State: Replica: 987a73c3c2e04ec6acb4e9a8075aef52, State: Initialized, Role: FOLLOWER
I20260710 13:16:25.624629  1237 consensus_queue.cc:260] T ac14757872a949ce8fbdbde1e84b7f37 P 987a73c3c2e04ec6acb4e9a8075aef52 [NON_LEADER]: Queue going to NON_LEADER mode. State: All replicated index: 0, Majority replicated index: 0, Committed index: 0, Last appended: 0.0, Last appended by leader: 0, Current term: 0, Majority size: -1, State: 0, Mode: NON_LEADER, active raft config: opid_index: -1 OBSOLETE_local: false peers { permanent_uuid: "c047125d9d434635b777b8a426b7492b" member_type: VOTER last_known_addr { host: "127.0.107.195" port: 36983 } } peers { permanent_uuid: "667d7d3655c549cea3a725c72356af90" member_type: VOTER last_known_addr { host: "127.0.107.194" port: 40263 } } peers { permanent_uuid: "987a73c3c2e04ec6acb4e9a8075aef52" member_type: VOTER last_known_addr { host: "127.0.107.193" port: 46281 } }
I20260710 13:16:25.641659  1236 tablet_bootstrap.cc:492] T 8382087de1ec43fb9c30aba25a41daa0 P c047125d9d434635b777b8a426b7492b: No bootstrap required, opened a new log
I20260710 13:16:25.642084  1236 ts_tablet_manager.cc:1403] T 8382087de1ec43fb9c30aba25a41daa0 P c047125d9d434635b777b8a426b7492b: Time spent bootstrapping tablet: real 0.099s	user 0.012s	sys 0.000s
I20260710 13:16:25.647409  1239 tablet_bootstrap.cc:492] T ac14757872a949ce8fbdbde1e84b7f37 P 667d7d3655c549cea3a725c72356af90: Bootstrap starting.
I20260710 13:16:25.644694  1236 raft_consensus.cc:359] T 8382087de1ec43fb9c30aba25a41daa0 P c047125d9d434635b777b8a426b7492b [term 0 FOLLOWER]: Replica starting. Triggering 0 pending ops. Active config: opid_index: -1 OBSOLETE_local: false peers { permanent_uuid: "987a73c3c2e04ec6acb4e9a8075aef52" member_type: VOTER last_known_addr { host: "127.0.107.193" port: 46281 } } peers { permanent_uuid: "667d7d3655c549cea3a725c72356af90" member_type: VOTER last_known_addr { host: "127.0.107.194" port: 40263 } } peers { permanent_uuid: "c047125d9d434635b777b8a426b7492b" member_type: VOTER last_known_addr { host: "127.0.107.195" port: 36983 } }
I20260710 13:16:25.658937  1236 raft_consensus.cc:385] T 8382087de1ec43fb9c30aba25a41daa0 P c047125d9d434635b777b8a426b7492b [term 0 FOLLOWER]: Consensus starting up: Expiring failure detector timer to make a prompt election more likely
I20260710 13:16:25.659273  1236 raft_consensus.cc:740] T 8382087de1ec43fb9c30aba25a41daa0 P c047125d9d434635b777b8a426b7492b [term 0 FOLLOWER]: Becoming Follower/Learner. State: Replica: c047125d9d434635b777b8a426b7492b, State: Initialized, Role: FOLLOWER
I20260710 13:16:25.659957  1236 consensus_queue.cc:260] T 8382087de1ec43fb9c30aba25a41daa0 P c047125d9d434635b777b8a426b7492b [NON_LEADER]: Queue going to NON_LEADER mode. State: All replicated index: 0, Majority replicated index: 0, Committed index: 0, Last appended: 0.0, Last appended by leader: 0, Current term: 0, Majority size: -1, State: 0, Mode: NON_LEADER, active raft config: opid_index: -1 OBSOLETE_local: false peers { permanent_uuid: "987a73c3c2e04ec6acb4e9a8075aef52" member_type: VOTER last_known_addr { host: "127.0.107.193" port: 46281 } } peers { permanent_uuid: "667d7d3655c549cea3a725c72356af90" member_type: VOTER last_known_addr { host: "127.0.107.194" port: 40263 } } peers { permanent_uuid: "c047125d9d434635b777b8a426b7492b" member_type: VOTER last_known_addr { host: "127.0.107.195" port: 36983 } }
