I20260710 13:14:11.356650  1749 raft_consensus.cc:515] T 7ca191531cec4174b2d27b8f733a792f P cff4e35fccee424eb9b7de0dc8d9f8f0 [term 0 FOLLOWER]: Starting pre-election with config: opid_index: -1 OBSOLETE_local: false peers { permanent_uuid: "aecffcd3c1ac467f9cb43dbce6d563bf" member_type: VOTER last_known_addr { host: "127.0.107.193" port: 33913 } } peers { permanent_uuid: "d76a0e8c2f8741828989300c3a70ab54" member_type: VOTER last_known_addr { host: "127.0.107.194" port: 37319 } } peers { permanent_uuid: "cff4e35fccee424eb9b7de0dc8d9f8f0" member_type: VOTER last_known_addr { host: "127.0.107.195" port: 44017 } }
I20260710 13:14:11.358531  1744 ts_tablet_manager.cc:1434] T 3a64ab635a61479dac8831556d0cd601 P d76a0e8c2f8741828989300c3a70ab54: Time spent starting tablet: real 0.012s	user 0.005s	sys 0.003s
I20260710 13:14:11.358723  1749 leader_election.cc:290] T 7ca191531cec4174b2d27b8f733a792f P cff4e35fccee424eb9b7de0dc8d9f8f0 [CANDIDATE]: Term 1 pre-election: Requested pre-vote from peers aecffcd3c1ac467f9cb43dbce6d563bf (127.0.107.193:33913), d76a0e8c2f8741828989300c3a70ab54 (127.0.107.194:37319)
I20260710 13:14:11.359457  1744 tablet_bootstrap.cc:492] T 633c5e65c2e642f394382d1d6a406918 P d76a0e8c2f8741828989300c3a70ab54: Bootstrap starting.
I20260710 13:14:11.359843  1629 tablet_service.cc:1917] Received RequestConsensusVote() RPC: tablet_id: "7ca191531cec4174b2d27b8f733a792f" candidate_uuid: "cff4e35fccee424eb9b7de0dc8d9f8f0" candidate_term: 1 candidate_status { last_received { term: 0 index: 0 } } ignore_live_leader: false dest_uuid: "d76a0e8c2f8741828989300c3a70ab54" is_pre_election: true
I20260710 13:14:11.360304  1555 tablet_service.cc:1917] Received RequestConsensusVote() RPC: tablet_id: "7ca191531cec4174b2d27b8f733a792f" candidate_uuid: "cff4e35fccee424eb9b7de0dc8d9f8f0" candidate_term: 1 candidate_status { last_received { term: 0 index: 0 } } ignore_live_leader: false dest_uuid: "aecffcd3c1ac467f9cb43dbce6d563bf" is_pre_election: true
W20260710 13:14:11.361248  1670 leader_election.cc:343] T 7ca191531cec4174b2d27b8f733a792f P cff4e35fccee424eb9b7de0dc8d9f8f0 [CANDIDATE]: Term 1 pre-election: Tablet error from VoteRequest() call to peer d76a0e8c2f8741828989300c3a70ab54 (127.0.107.194:37319): Illegal state: must be running to vote when last-logged opid is not known
I20260710 13:14:11.358371  1745 raft_consensus.cc:359] T f8d096dc333d49c0946df0ffd50eede0 P cff4e35fccee424eb9b7de0dc8d9f8f0 [term 0 FOLLOWER]: Replica starting. Triggering 0 pending ops. Active config: opid_index: -1 OBSOLETE_local: false peers { permanent_uuid: "aecffcd3c1ac467f9cb43dbce6d563bf" member_type: VOTER last_known_addr { host: "127.0.107.193" port: 33913 } } peers { permanent_uuid: "d76a0e8c2f8741828989300c3a70ab54" member_type: VOTER last_known_addr { host: "127.0.107.194" port: 37319 } } peers { permanent_uuid: "cff4e35fccee424eb9b7de0dc8d9f8f0" member_type: VOTER last_known_addr { host: "127.0.107.195" port: 44017 } }
I20260710 13:14:11.362118  1745 raft_consensus.cc:385] T f8d096dc333d49c0946df0ffd50eede0 P cff4e35fccee424eb9b7de0dc8d9f8f0 [term 0 FOLLOWER]: Consensus starting up: Expiring failure detector timer to make a prompt election more likely
I20260710 13:14:11.362427  1745 raft_consensus.cc:740] T f8d096dc333d49c0946df0ffd50eede0 P cff4e35fccee424eb9b7de0dc8d9f8f0 [term 0 FOLLOWER]: Becoming Follower/Learner. State: Replica: cff4e35fccee424eb9b7de0dc8d9f8f0, State: Initialized, Role: FOLLOWER
W20260710 13:14:11.362977  1669 leader_election.cc:343] T 7ca191531cec4174b2d27b8f733a792f P cff4e35fccee424eb9b7de0dc8d9f8f0 [CANDIDATE]: Term 1 pre-election: Tablet error from VoteRequest() call to peer aecffcd3c1ac467f9cb43dbce6d563bf (127.0.107.193:33913): Illegal state: must be running to vote when last-logged opid is not known
I20260710 13:14:11.363117  1745 consensus_queue.cc:260] T f8d096dc333d49c0946df0ffd50eede0 P cff4e35fccee424eb9b7de0dc8d9f8f0 [NON_LEADER]: Queue going to NON_LEADER mode. State: All replicated index: 0, Majority replicated index: 0, Committed index: 0, Last appended: 0.0, Last appended by leader: 0, Current term: 0, Majority size: -1, State: 0, Mode: NON_LEADER, active raft config: opid_index: -1 OBSOLETE_local: false peers { permanent_uuid: "aecffcd3c1ac467f9cb43dbce6d563bf" member_type: VOTER last_known_addr { host: "127.0.107.193" port: 33913 } } peers { permanent_uuid: "d76a0e8c2f8741828989300c3a70ab54" member_type: VOTER last_known_addr { host: "127.0.107.194" port: 37319 } } peers { permanent_uuid: "cff4e35fccee424eb9b7de0dc8d9f8f0" member_type: VOTER last_known_addr { host: "127.0.107.195" port: 44017 } }
I20260710 13:14:11.363408  1669 leader_election.cc:304] T 7ca191531cec4174b2d27b8f733a792f P cff4e35fccee424eb9b7de0dc8d9f8f0 [CANDIDATE]: Term 1 pre-election: Election decided. Result: candidate lost. Election summary: received 3 responses out of 3 voters: 1 yes votes; 2 no votes. yes voters: cff4e35fccee424eb9b7de0dc8d9f8f0; no voters: aecffcd3c1ac467f9cb43dbce6d563bf, d76a0e8c2f8741828989300c3a70ab54
I20260710 13:14:11.364813  1759 raft_consensus.cc:2749] T 7ca191531cec4174b2d27b8f733a792f P cff4e35fccee424eb9b7de0dc8d9f8f0 [term 0 FOLLOWER]: Leader pre-election lost for term 1. Reason: could not achieve majority
I20260710 13:14:11.365095  1745 ts_tablet_manager.cc:1434] T f8d096dc333d49c0946df0ffd50eede0 P cff4e35fccee424eb9b7de0dc8d9f8f0: Time spent starting tablet: real 0.009s	user 0.005s	sys 0.000s
I20260710 13:14:11.366005  1745 tablet_bootstrap.cc:492] T c93b407ba0e74bb1805461c74816f67d P cff4e35fccee424eb9b7de0dc8d9f8f0: Bootstrap starting.
I20260710 13:14:11.368356  1744 tablet_bootstrap.cc:654] T 633c5e65c2e642f394382d1d6a406918 P d76a0e8c2f8741828989300c3a70ab54: Neither blocks nor log segments found. Creating new log.
I20260710 13:14:11.371490  1449 catalog_manager.cc:5697] T 3a64ab635a61479dac8831556d0cd601 P aecffcd3c1ac467f9cb43dbce6d563bf reported cstate change: term changed from 0 to 1, leader changed from <none> to aecffcd3c1ac467f9cb43dbce6d563bf (127.0.107.193). New cstate: current_term: 1 leader_uuid: "aecffcd3c1ac467f9cb43dbce6d563bf" committed_config { opid_index: -1 OBSOLETE_local: false peers { permanent_uuid: "aecffcd3c1ac467f9cb43dbce6d563bf" member_type: VOTER last_known_addr { host: "127.0.107.193" port: 33913 } health_report { overall_health: HEALTHY } } peers { permanent_uuid: "d76a0e8c2f8741828989300c3a70ab54" member_type: VOTER last_known_addr { host: "127.0.107.194" port: 37319 } health_report { overall_health: UNKNOWN } } peers { permanent_uuid: "cff4e35fccee424eb9b7de0dc8d9f8f0" member_type: VOTER last_known_addr { host: "127.0.107.195" port: 44017 } health_report { overall_health: UNKNOWN } } }
I20260710 13:14:11.373230  1746 tablet_bootstrap.cc:654] T bd23afd67c3041b3bad92043994c72d4 P aecffcd3c1ac467f9cb43dbce6d563bf: Neither blocks nor log segments found. Creating new log.
I20260710 13:14:11.374109  1555 raft_consensus.cc:3060] T 42ffd5f02ab34b0abf80fce45b0ef5ae P aecffcd3c1ac467f9cb43dbce6d563bf [term 0 FOLLOWER]: Advancing to term 1
I20260710 13:14:11.387742  1759 consensus_queue.cc:1048] T 42ffd5f02ab34b0abf80fce45b0ef5ae P cff4e35fccee424eb9b7de0dc8d9f8f0 [LEADER]: Connected to new peer: Peer: permanent_uuid: "aecffcd3c1ac467f9cb43dbce6d563bf" member_type: VOTER last_known_addr { host: "127.0.107.193" port: 33913 }, Status: LMP_MISMATCH, Last received: 0.0, Next index: 1, Last known committed idx: 0, Time since last communication: 0.001s
I20260710 13:14:11.398885  1745 tablet_bootstrap.cc:654] T c93b407ba0e74bb1805461c74816f67d P cff4e35fccee424eb9b7de0dc8d9f8f0: Neither blocks nor log segments found. Creating new log.
I20260710 13:14:11.405423  1744 tablet_bootstrap.cc:492] T 633c5e65c2e642f394382d1d6a406918 P d76a0e8c2f8741828989300c3a70ab54: No bootstrap required, opened a new log
I20260710 13:14:11.405767  1744 ts_tablet_manager.cc:1403] T 633c5e65c2e642f394382d1d6a406918 P d76a0e8c2f8741828989300c3a70ab54: Time spent bootstrapping tablet: real 0.047s	user 0.018s	sys 0.024s
I20260710 13:14:11.408000  1745 tablet_bootstrap.cc:492] T c93b407ba0e74bb1805461c74816f67d P cff4e35fccee424eb9b7de0dc8d9f8f0: No bootstrap required, opened a new log
I20260710 13:14:11.408442  1745 ts_tablet_manager.cc:1403] T c93b407ba0e74bb1805461c74816f67d P cff4e35fccee424eb9b7de0dc8d9f8f0: Time spent bootstrapping tablet: real 0.043s	user 0.008s	sys 0.003s
I20260710 13:14:11.408250  1744 raft_consensus.cc:359] T 633c5e65c2e642f394382d1d6a406918 P d76a0e8c2f8741828989300c3a70ab54 [term 0 FOLLOWER]: Replica starting. Triggering 0 pending ops. Active config: opid_index: -1 OBSOLETE_local: false peers { permanent_uuid: "aecffcd3c1ac467f9cb43dbce6d563bf" member_type: VOTER last_known_addr { host: "127.0.107.193" port: 33913 } } peers { permanent_uuid: "d76a0e8c2f8741828989300c3a70ab54" member_type: VOTER last_known_addr { host: "127.0.107.194" port: 37319 } } peers { permanent_uuid: "cff4e35fccee424eb9b7de0dc8d9f8f0" member_type: VOTER last_known_addr { host: "127.0.107.195" port: 44017 } }
I20260710 13:14:11.408895  1744 raft_consensus.cc:385] T 633c5e65c2e642f394382d1d6a406918 P d76a0e8c2f8741828989300c3a70ab54 [term 0 FOLLOWER]: Consensus starting up: Expiring failure detector timer to make a prompt election more likely
I20260710 13:14:11.409176  1744 raft_consensus.cc:740] T 633c5e65c2e642f394382d1d6a406918 P d76a0e8c2f8741828989300c3a70ab54 [term 0 FOLLOWER]: Becoming Follower/Learner. State: Replica: d76a0e8c2f8741828989300c3a70ab54, State: Initialized, Role: FOLLOWER
I20260710 13:14:11.409914  1744 consensus_queue.cc:260] T 633c5e65c2e642f394382d1d6a406918 P d76a0e8c2f8741828989300c3a70ab54 [NON_LEADER]: Queue going to NON_LEADER mode. State: All replicated index: 0, Majority replicated index: 0, Committed index: 0, Last appended: 0.0, Last appended by leader: 0, Current term: 0, Majority size: -1, State: 0, Mode: NON_LEADER, active raft config: opid_index: -1 OBSOLETE_local: false peers { permanent_uuid: "aecffcd3c1ac467f9cb43dbce6d563bf" member_type: VOTER last_known_addr { host: "127.0.107.193" port: 33913 } } peers { permanent_uuid: "d76a0e8c2f8741828989300c3a70ab54" member_type: VOTER last_known_addr { host: "127.0.107.194" port: 37319 } } peers { permanent_uuid: "cff4e35fccee424eb9b7de0dc8d9f8f0" member_type: VOTER last_known_addr { host: "127.0.107.195" port: 44017 } }
I20260710 13:14:11.410976  1745 raft_consensus.cc:359] T c93b407ba0e74bb1805461c74816f67d P cff4e35fccee424eb9b7de0dc8d9f8f0 [term 0 FOLLOWER]: Replica starting. Triggering 0 pending ops. Active config: opid_index: -1 OBSOLETE_local: false peers { permanent_uuid: "aecffcd3c1ac467f9cb43dbce6d563bf" member_type: VOTER last_known_addr { host: "127.0.107.193" port: 33913 } } peers { permanent_uuid: "d76a0e8c2f8741828989300c3a70ab54" member_type: VOTER last_known_addr { host: "127.0.107.194" port: 37319 } } peers { permanent_uuid: "cff4e35fccee424eb9b7de0dc8d9f8f0" member_type: VOTER last_known_addr { host: "127.0.107.195" port: 44017 } }
I20260710 13:14:11.411602  1745 raft_consensus.cc:385] T c93b407ba0e74bb1805461c74816f67d P cff4e35fccee424eb9b7de0dc8d9f8f0 [term 0 FOLLOWER]: Consensus starting up: Expiring failure detector timer to make a prompt election more likely
I20260710 13:14:11.411849  1745 raft_consensus.cc:740] T c93b407ba0e74bb1805461c74816f67d P cff4e35fccee424eb9b7de0dc8d9f8f0 [term 0 FOLLOWER]: Becoming Follower/Learner. State: Replica: cff4e35fccee424eb9b7de0dc8d9f8f0, State: Initialized, Role: FOLLOWER
I20260710 13:14:11.412592  1745 consensus_queue.cc:260] T c93b407ba0e74bb1805461c74816f67d P cff4e35fccee424eb9b7de0dc8d9f8f0 [NON_LEADER]: Queue going to NON_LEADER mode. State: All replicated index: 0, Majority replicated index: 0, Committed index: 0, Last appended: 0.0, Last appended by leader: 0, Current term: 0, Majority size: -1, State: 0, Mode: NON_LEADER, active raft config: opid_index: -1 OBSOLETE_local: false peers { permanent_uuid: "aecffcd3c1ac467f9cb43dbce6d563bf" member_type: VOTER last_known_addr { host: "127.0.107.193" port: 33913 } } peers { permanent_uuid: "d76a0e8c2f8741828989300c3a70ab54" member_type: VOTER last_known_addr { host: "127.0.107.194" port: 37319 } } peers { permanent_uuid: "cff4e35fccee424eb9b7de0dc8d9f8f0" member_type: VOTER last_known_addr { host: "127.0.107.195" port: 44017 } }
I20260710 13:14:11.414996  1744 ts_tablet_manager.cc:1434] T 633c5e65c2e642f394382d1d6a406918 P d76a0e8c2f8741828989300c3a70ab54: Time spent starting tablet: real 0.009s	user 0.007s	sys 0.000s
I20260710 13:14:11.415937  1744 tablet_bootstrap.cc:492] T f8d096dc333d49c0946df0ffd50eede0 P d76a0e8c2f8741828989300c3a70ab54: Bootstrap starting.
I20260710 13:14:11.421638  1744 tablet_bootstrap.cc:654] T f8d096dc333d49c0946df0ffd50eede0 P d76a0e8c2f8741828989300c3a70ab54: Neither blocks nor log segments found. Creating new log.
I20260710 13:14:11.421813  1745 ts_tablet_manager.cc:1434] T c93b407ba0e74bb1805461c74816f67d P cff4e35fccee424eb9b7de0dc8d9f8f0: Time spent starting tablet: real 0.013s	user 0.006s	sys 0.001s
I20260710 13:14:11.422791  1745 tablet_bootstrap.cc:492] T 633c5e65c2e642f394382d1d6a406918 P cff4e35fccee424eb9b7de0dc8d9f8f0: Bootstrap starting.
I20260710 13:14:11.431005  1745 tablet_bootstrap.cc:654] T 633c5e65c2e642f394382d1d6a406918 P cff4e35fccee424eb9b7de0dc8d9f8f0: Neither blocks nor log segments found. Creating new log.
I20260710 13:14:11.432444  1744 tablet_bootstrap.cc:492] T f8d096dc333d49c0946df0ffd50eede0 P d76a0e8c2f8741828989300c3a70ab54: No bootstrap required, opened a new log
I20260710 13:14:11.432921  1744 ts_tablet_manager.cc:1403] T f8d096dc333d49c0946df0ffd50eede0 P d76a0e8c2f8741828989300c3a70ab54: Time spent bootstrapping tablet: real 0.017s	user 0.014s	sys 0.000s
I20260710 13:14:11.436223  1744 raft_consensus.cc:359] T f8d096dc333d49c0946df0ffd50eede0 P d76a0e8c2f8741828989300c3a70ab54 [term 0 FOLLOWER]: Replica starting. Triggering 0 pending ops. Active config: opid_index: -1 OBSOLETE_local: false peers { permanent_uuid: "aecffcd3c1ac467f9cb43dbce6d563bf" member_type: VOTER last_known_addr { host: "127.0.107.193" port: 33913 } } peers { permanent_uuid: "d76a0e8c2f8741828989300c3a70ab54" member_type: VOTER last_known_addr { host: "127.0.107.194" port: 37319 } } peers { permanent_uuid: "cff4e35fccee424eb9b7de0dc8d9f8f0" member_type: VOTER last_known_addr { host: "127.0.107.195" port: 44017 } }
I20260710 13:14:11.437108  1744 raft_consensus.cc:385] T f8d096dc333d49c0946df0ffd50eede0 P d76a0e8c2f8741828989300c3a70ab54 [term 0 FOLLOWER]: Consensus starting up: Expiring failure detector timer to make a prompt election more likely
I20260710 13:14:11.437187  1776 raft_consensus.cc:493] T 633c5e65c2e642f394382d1d6a406918 P aecffcd3c1ac467f9cb43dbce6d563bf [term 0 FOLLOWER]: Starting pre-election (no leader contacted us within the election timeout)
I20260710 13:14:11.437510  1744 raft_consensus.cc:740] T f8d096dc333d49c0946df0ffd50eede0 P d76a0e8c2f8741828989300c3a70ab54 [term 0 FOLLOWER]: Becoming Follower/Learner. State: Replica: d76a0e8c2f8741828989300c3a70ab54, State: Initialized, Role: FOLLOWER
I20260710 13:14:11.437922  1776 raft_consensus.cc:515] T 633c5e65c2e642f394382d1d6a406918 P aecffcd3c1ac467f9cb43dbce6d563bf [term 0 FOLLOWER]: Starting pre-election with config: opid_index: -1 OBSOLETE_local: false peers { permanent_uuid: "aecffcd3c1ac467f9cb43dbce6d563bf" member_type: VOTER last_known_addr { host: "127.0.107.193" port: 33913 } } peers { permanent_uuid: "d76a0e8c2f8741828989300c3a70ab54" member_type: VOTER last_known_addr { host: "127.0.107.194" port: 37319 } } peers { permanent_uuid: "cff4e35fccee424eb9b7de0dc8d9f8f0" member_type: VOTER last_known_addr { host: "127.0.107.195" port: 44017 } }
I20260710 13:14:11.438628  1744 consensus_queue.cc:260] T f8d096dc333d49c0946df0ffd50eede0 P d76a0e8c2f8741828989300c3a70ab54 [NON_LEADER]: Queue going to NON_LEADER mode. State: All replicated index: 0, Majority replicated index: 0, Committed index: 0, Last appended: 0.0, Last appended by leader: 0, Current term: 0, Majority size: -1, State: 0, Mode: NON_LEADER, active raft config: opid_index: -1 OBSOLETE_local: false peers { permanent_uuid: "aecffcd3c1ac467f9cb43dbce6d563bf" member_type: VOTER last_known_addr { host: "127.0.107.193" port: 33913 } } peers { permanent_uuid: "d76a0e8c2f8741828989300c3a70ab54" member_type: VOTER last_known_addr { host: "127.0.107.194" port: 37319 } } peers { permanent_uuid: "cff4e35fccee424eb9b7de0dc8d9f8f0" member_type: VOTER last_known_addr { host: "127.0.107.195" port: 44017 } }
I20260710 13:14:11.441910  1629 tablet_service.cc:1917] Received RequestConsensusVote() RPC: tablet_id: "633c5e65c2e642f394382d1d6a406918" candidate_uuid: "aecffcd3c1ac467f9cb43dbce6d563bf" candidate_term: 1 candidate_status { last_received { term: 0 index: 0 } } ignore_live_leader: false dest_uuid: "d76a0e8c2f8741828989300c3a70ab54" is_pre_election: true
I20260710 13:14:11.442528  1629 raft_consensus.cc:2468] T 633c5e65c2e642f394382d1d6a406918 P d76a0e8c2f8741828989300c3a70ab54 [term 0 FOLLOWER]: Leader pre-election vote request: Granting yes vote for candidate aecffcd3c1ac467f9cb43dbce6d563bf in term 0.
I20260710 13:14:11.443455  1776 leader_election.cc:290] T 633c5e65c2e642f394382d1d6a406918 P aecffcd3c1ac467f9cb43dbce6d563bf [CANDIDATE]: Term 1 pre-election: Requested pre-vote from peers d76a0e8c2f8741828989300c3a70ab54 (127.0.107.194:37319), cff4e35fccee424eb9b7de0dc8d9f8f0 (127.0.107.195:44017)
I20260710 13:14:11.443662  1702 tablet_service.cc:1917] Received RequestConsensusVote() RPC: tablet_id: "633c5e65c2e642f394382d1d6a406918" candidate_uuid: "aecffcd3c1ac467f9cb43dbce6d563bf" candidate_term: 1 candidate_status { last_received { term: 0 index: 0 } } ignore_live_leader: false dest_uuid: "cff4e35fccee424eb9b7de0dc8d9f8f0" is_pre_election: true
I20260710 13:14:11.444144  1744 ts_tablet_manager.cc:1434] T f8d096dc333d49c0946df0ffd50eede0 P d76a0e8c2f8741828989300c3a70ab54: Time spent starting tablet: real 0.011s	user 0.009s	sys 0.000s
I20260710 13:14:11.445139  1744 tablet_bootstrap.cc:492] T c93b407ba0e74bb1805461c74816f67d P d76a0e8c2f8741828989300c3a70ab54: Bootstrap starting.
I20260710 13:14:11.444053  1521 leader_election.cc:304] T 633c5e65c2e642f394382d1d6a406918 P aecffcd3c1ac467f9cb43dbce6d563bf [CANDIDATE]: Term 1 pre-election: Election decided. Result: candidate won. Election summary: received 2 responses out of 3 voters: 2 yes votes; 0 no votes. yes voters: aecffcd3c1ac467f9cb43dbce6d563bf, d76a0e8c2f8741828989300c3a70ab54; no voters: 
W20260710 13:14:11.447432  1520 leader_election.cc:343] T 633c5e65c2e642f394382d1d6a406918 P aecffcd3c1ac467f9cb43dbce6d563bf [CANDIDATE]: Term 1 pre-election: Tablet error from VoteRequest() call to peer cff4e35fccee424eb9b7de0dc8d9f8f0 (127.0.107.195:44017): Illegal state: must be running to vote when last-logged opid is not known
I20260710 13:14:11.447614  1776 raft_consensus.cc:2804] T 633c5e65c2e642f394382d1d6a406918 P aecffcd3c1ac467f9cb43dbce6d563bf [term 0 FOLLOWER]: Leader pre-election won for term 1
I20260710 13:14:11.448004  1776 raft_consensus.cc:493] T 633c5e65c2e642f394382d1d6a406918 P aecffcd3c1ac467f9cb43dbce6d563bf [term 0 FOLLOWER]: Starting leader election (no leader contacted us within the election timeout)
I20260710 13:14:11.448379  1776 raft_consensus.cc:3060] T 633c5e65c2e642f394382d1d6a406918 P aecffcd3c1ac467f9cb43dbce6d563bf [term 0 FOLLOWER]: Advancing to term 1
I20260710 13:14:11.451619  1744 tablet_bootstrap.cc:654] T c93b407ba0e74bb1805461c74816f67d P d76a0e8c2f8741828989300c3a70ab54: Neither blocks nor log segments found. Creating new log.
I20260710 13:14:11.454300  1745 tablet_bootstrap.cc:492] T 633c5e65c2e642f394382d1d6a406918 P cff4e35fccee424eb9b7de0dc8d9f8f0: No bootstrap required, opened a new log
I20260710 13:14:11.454762  1745 ts_tablet_manager.cc:1403] T 633c5e65c2e642f394382d1d6a406918 P cff4e35fccee424eb9b7de0dc8d9f8f0: Time spent bootstrapping tablet: real 0.032s	user 0.015s	sys 0.004s
I20260710 13:14:11.458254  1745 raft_consensus.cc:359] T 633c5e65c2e642f394382d1d6a406918 P cff4e35fccee424eb9b7de0dc8d9f8f0 [term 0 FOLLOWER]: Replica starting. Triggering 0 pending ops. Active config: opid_index: -1 OBSOLETE_local: false peers { permanent_uuid: "aecffcd3c1ac467f9cb43dbce6d563bf" member_type: VOTER last_known_addr { host: "127.0.107.193" port: 33913 } } peers { permanent_uuid: "d76a0e8c2f8741828989300c3a70ab54" member_type: VOTER last_known_addr { host: "127.0.107.194" port: 37319 } } peers { permanent_uuid: "cff4e35fccee424eb9b7de0dc8d9f8f0" member_type: VOTER last_known_addr { host: "127.0.107.195" port: 44017 } }
I20260710 13:14:11.459133  1745 raft_consensus.cc:385] T 633c5e65c2e642f394382d1d6a406918 P cff4e35fccee424eb9b7de0dc8d9f8f0 [term 0 FOLLOWER]: Consensus starting up: Expiring failure detector timer to make a prompt election more likely
I20260710 13:14:11.459467  1745 raft_consensus.cc:740] T 633c5e65c2e642f394382d1d6a406918 P cff4e35fccee424eb9b7de0dc8d9f8f0 [term 0 FOLLOWER]: Becoming Follower/Learner. State: Replica: cff4e35fccee424eb9b7de0dc8d9f8f0, State: Initialized, Role: FOLLOWER
I20260710 13:14:11.460305  1745 consensus_queue.cc:260] T 633c5e65c2e642f394382d1d6a406918 P cff4e35fccee424eb9b7de0dc8d9f8f0 [NON_LEADER]: Queue going to NON_LEADER mode. State: All replicated index: 0, Majority replicated index: 0, Committed index: 0, Last appended: 0.0, Last appended by leader: 0, Current term: 0, Majority size: -1, State: 0, Mode: NON_LEADER, active raft config: opid_index: -1 OBSOLETE_local: false peers { permanent_uuid: "aecffcd3c1ac467f9cb43dbce6d563bf" member_type: VOTER last_known_addr { host: "127.0.107.193" port: 33913 } } peers { permanent_uuid: "d76a0e8c2f8741828989300c3a70ab54" member_type: VOTER last_known_addr { host: "127.0.107.194" port: 37319 } } peers { permanent_uuid: "cff4e35fccee424eb9b7de0dc8d9f8f0" member_type: VOTER last_known_addr { host: "127.0.107.195" port: 44017 } }
I20260710 13:14:11.462944  1745 ts_tablet_manager.cc:1434] T 633c5e65c2e642f394382d1d6a406918 P cff4e35fccee424eb9b7de0dc8d9f8f0: Time spent starting tablet: real 0.008s	user 0.008s	sys 0.000s
I20260710 13:14:11.464512  1745 tablet_bootstrap.cc:492] T 8fe37bbd76844e638ab119e8b2c09e1f P cff4e35fccee424eb9b7de0dc8d9f8f0: Bootstrap starting.
I20260710 13:14:11.477350  1745 tablet_bootstrap.cc:654] T 8fe37bbd76844e638ab119e8b2c09e1f P cff4e35fccee424eb9b7de0dc8d9f8f0: Neither blocks nor log segments found. Creating new log.
I20260710 13:14:11.484943  1776 raft_consensus.cc:515] T 633c5e65c2e642f394382d1d6a406918 P aecffcd3c1ac467f9cb43dbce6d563bf [term 1 FOLLOWER]: Starting leader election with config: opid_index: -1 OBSOLETE_local: false peers { permanent_uuid: "aecffcd3c1ac467f9cb43dbce6d563bf" member_type: VOTER last_known_addr { host: "127.0.107.193" port: 33913 } } peers { permanent_uuid: "d76a0e8c2f8741828989300c3a70ab54" member_type: VOTER last_known_addr { host: "127.0.107.194" port: 37319 } } peers { permanent_uuid: "cff4e35fccee424eb9b7de0dc8d9f8f0" member_type: VOTER last_known_addr { host: "127.0.107.195" port: 44017 } }
I20260710 13:14:11.487102  1776 leader_election.cc:290] T 633c5e65c2e642f394382d1d6a406918 P aecffcd3c1ac467f9cb43dbce6d563bf [CANDIDATE]: Term 1 election: Requested vote from peers d76a0e8c2f8741828989300c3a70ab54 (127.0.107.194:37319), cff4e35fccee424eb9b7de0dc8d9f8f0 (127.0.107.195:44017)
I20260710 13:14:11.488695  1629 tablet_service.cc:1917] Received RequestConsensusVote() RPC: tablet_id: "633c5e65c2e642f394382d1d6a406918" candidate_uuid: "aecffcd3c1ac467f9cb43dbce6d563bf" candidate_term: 1 candidate_status { last_received { term: 0 index: 0 } } ignore_live_leader: false dest_uuid: "d76a0e8c2f8741828989300c3a70ab54"
I20260710 13:14:11.489020  1702 tablet_service.cc:1917] Received RequestConsensusVote() RPC: tablet_id: "633c5e65c2e642f394382d1d6a406918" candidate_uuid: "aecffcd3c1ac467f9cb43dbce6d563bf" candidate_term: 1 candidate_status { last_received { term: 0 index: 0 } } ignore_live_leader: false dest_uuid: "cff4e35fccee424eb9b7de0dc8d9f8f0"
I20260710 13:14:11.489439  1629 raft_consensus.cc:3060] T 633c5e65c2e642f394382d1d6a406918 P d76a0e8c2f8741828989300c3a70ab54 [term 0 FOLLOWER]: Advancing to term 1
I20260710 13:14:11.489593  1702 raft_consensus.cc:3060] T 633c5e65c2e642f394382d1d6a406918 P cff4e35fccee424eb9b7de0dc8d9f8f0 [term 0 FOLLOWER]: Advancing to term 1
I20260710 13:14:11.496004  1745 tablet_bootstrap.cc:492] T 8fe37bbd76844e638ab119e8b2c09e1f P cff4e35fccee424eb9b7de0dc8d9f8f0: No bootstrap required, opened a new log
I20260710 13:14:11.496479  1745 ts_tablet_manager.cc:1403] T 8fe37bbd76844e638ab119e8b2c09e1f P cff4e35fccee424eb9b7de0dc8d9f8f0: Time spent bootstrapping tablet: real 0.032s	user 0.018s	sys 0.000s
I20260710 13:14:11.497462  1629 raft_consensus.cc:2468] T 633c5e65c2e642f394382d1d6a406918 P d76a0e8c2f8741828989300c3a70ab54 [term 1 FOLLOWER]: Leader election vote request: Granting yes vote for candidate aecffcd3c1ac467f9cb43dbce6d563bf in term 1.
I20260710 13:14:11.498627  1521 leader_election.cc:304] T 633c5e65c2e642f394382d1d6a406918 P aecffcd3c1ac467f9cb43dbce6d563bf [CANDIDATE]: Term 1 election: Election decided. Result: candidate won. Election summary: received 2 responses out of 3 voters: 2 yes votes; 0 no votes. yes voters: aecffcd3c1ac467f9cb43dbce6d563bf, d76a0e8c2f8741828989300c3a70ab54; no voters: 
I20260710 13:14:11.499415  1776 raft_consensus.cc:2804] T 633c5e65c2e642f394382d1d6a406918 P aecffcd3c1ac467f9cb43dbce6d563bf [term 1 FOLLOWER]: Leader election won for term 1
I20260710 13:14:11.499112  1745 raft_consensus.cc:359] T 8fe37bbd76844e638ab119e8b2c09e1f P cff4e35fccee424eb9b7de0dc8d9f8f0 [term 0 FOLLOWER]: Replica starting. Triggering 0 pending ops. Active config: opid_index: -1 OBSOLETE_local: false peers { permanent_uuid: "aecffcd3c1ac467f9cb43dbce6d563bf" member_type: VOTER last_known_addr { host: "127.0.107.193" port: 33913 } } peers { permanent_uuid: "d76a0e8c2f8741828989300c3a70ab54" member_type: VOTER last_known_addr { host: "127.0.107.194" port: 37319 } } peers { permanent_uuid: "cff4e35fccee424eb9b7de0dc8d9f8f0" member_type: VOTER last_known_addr { host: "127.0.107.195" port: 44017 } }
I20260710 13:14:11.499869  1745 raft_consensus.cc:385] T 8fe37bbd76844e638ab119e8b2c09e1f P cff4e35fccee424eb9b7de0dc8d9f8f0 [term 0 FOLLOWER]: Consensus starting up: Expiring failure detector timer to make a prompt election more likely
I20260710 13:14:11.500092  1776 raft_consensus.cc:697] T 633c5e65c2e642f394382d1d6a406918 P aecffcd3c1ac467f9cb43dbce6d563bf [term 1 LEADER]: Becoming Leader. State: Replica: aecffcd3c1ac467f9cb43dbce6d563bf, State: Running, Role: LEADER
I20260710 13:14:11.500159  1745 raft_consensus.cc:740] T 8fe37bbd76844e638ab119e8b2c09e1f P cff4e35fccee424eb9b7de0dc8d9f8f0 [term 0 FOLLOWER]: Becoming Follower/Learner. State: Replica: cff4e35fccee424eb9b7de0dc8d9f8f0, State: Initialized, Role: FOLLOWER
I20260710 13:14:11.501050  1745 consensus_queue.cc:260] T 8fe37bbd76844e638ab119e8b2c09e1f P cff4e35fccee424eb9b7de0dc8d9f8f0 [NON_LEADER]: Queue going to NON_LEADER mode. State: All replicated index: 0, Majority replicated index: 0, Committed index: 0, Last appended: 0.0, Last appended by leader: 0, Current term: 0, Majority size: -1, State: 0, Mode: NON_LEADER, active raft config: opid_index: -1 OBSOLETE_local: false peers { permanent_uuid: "aecffcd3c1ac467f9cb43dbce6d563bf" member_type: VOTER last_known_addr { host: "127.0.107.193" port: 33913 } } peers { permanent_uuid: "d76a0e8c2f8741828989300c3a70ab54" member_type: VOTER last_known_addr { host: "127.0.107.194" port: 37319 } } peers { permanent_uuid: "cff4e35fccee424eb9b7de0dc8d9f8f0" member_type: VOTER last_known_addr { host: "127.0.107.195" port: 44017 } }
I20260710 13:14:11.500996  1776 consensus_queue.cc:237] T 633c5e65c2e642f394382d1d6a406918 P aecffcd3c1ac467f9cb43dbce6d563bf [LEADER]: Queue going to LEADER mode. State: All replicated index: 0, Majority replicated index: 0, Committed index: 0, Last appended: 0.0, Last appended by leader: 0, Current term: 1, Majority size: 2, State: 0, Mode: LEADER, active raft config: opid_index: -1 OBSOLETE_local: false peers { permanent_uuid: "aecffcd3c1ac467f9cb43dbce6d563bf" member_type: VOTER last_known_addr { host: "127.0.107.193" port: 33913 } } peers { permanent_uuid: "d76a0e8c2f8741828989300c3a70ab54" member_type: VOTER last_known_addr { host: "127.0.107.194" port: 37319 } } peers { permanent_uuid: "cff4e35fccee424eb9b7de0dc8d9f8f0" member_type: VOTER last_known_addr { host: "127.0.107.195" port: 44017 } }
I20260710 13:14:11.501684  1702 raft_consensus.cc:2468] T 633c5e65c2e642f394382d1d6a406918 P cff4e35fccee424eb9b7de0dc8d9f8f0 [term 1 FOLLOWER]: Leader election vote request: Granting yes vote for candidate aecffcd3c1ac467f9cb43dbce6d563bf in term 1.
I20260710 13:14:11.503106  1744 tablet_bootstrap.cc:492] T c93b407ba0e74bb1805461c74816f67d P d76a0e8c2f8741828989300c3a70ab54: No bootstrap required, opened a new log
I20260710 13:14:11.504056  1744 ts_tablet_manager.cc:1403] T c93b407ba0e74bb1805461c74816f67d P d76a0e8c2f8741828989300c3a70ab54: Time spent bootstrapping tablet: real 0.059s	user 0.037s	sys 0.006s
I20260710 13:14:11.504284  1746 tablet_bootstrap.cc:492] T bd23afd67c3041b3bad92043994c72d4 P aecffcd3c1ac467f9cb43dbce6d563bf: No bootstrap required, opened a new log
I20260710 13:14:11.504729  1746 ts_tablet_manager.cc:1403] T bd23afd67c3041b3bad92043994c72d4 P aecffcd3c1ac467f9cb43dbce6d563bf: Time spent bootstrapping tablet: real 0.150s	user 0.034s	sys 0.077s
I20260710 13:14:11.505393  1745 ts_tablet_manager.cc:1434] T 8fe37bbd76844e638ab119e8b2c09e1f P cff4e35fccee424eb9b7de0dc8d9f8f0: Time spent starting tablet: real 0.009s	user 0.007s	sys 0.000s
I20260710 13:14:11.506594  1745 tablet_bootstrap.cc:492] T 50aec7f0f60f4885aa975d7a6e5ad57b P cff4e35fccee424eb9b7de0dc8d9f8f0: Bootstrap starting.
I20260710 13:14:11.506624  1744 raft_consensus.cc:359] T c93b407ba0e74bb1805461c74816f67d P d76a0e8c2f8741828989300c3a70ab54 [term 0 FOLLOWER]: Replica starting. Triggering 0 pending ops. Active config: opid_index: -1 OBSOLETE_local: false peers { permanent_uuid: "aecffcd3c1ac467f9cb43dbce6d563bf" member_type: VOTER last_known_addr { host: "127.0.107.193" port: 33913 } } peers { permanent_uuid: "d76a0e8c2f8741828989300c3a70ab54" member_type: VOTER last_known_addr { host: "127.0.107.194" port: 37319 } } peers { permanent_uuid: "cff4e35fccee424eb9b7de0dc8d9f8f0" member_type: VOTER last_known_addr { host: "127.0.107.195" port: 44017 } }
I20260710 13:14:11.508047  1744 raft_consensus.cc:385] T c93b407ba0e74bb1805461c74816f67d P d76a0e8c2f8741828989300c3a70ab54 [term 0 FOLLOWER]: Consensus starting up: Expiring failure detector timer to make a prompt election more likely
I20260710 13:14:11.507570  1746 raft_consensus.cc:359] T bd23afd67c3041b3bad92043994c72d4 P aecffcd3c1ac467f9cb43dbce6d563bf [term 0 FOLLOWER]: Replica starting. Triggering 0 pending ops. Active config: opid_index: -1 OBSOLETE_local: false peers { permanent_uuid: "aecffcd3c1ac467f9cb43dbce6d563bf" member_type: VOTER last_known_addr { host: "127.0.107.193" port: 33913 } } peers { permanent_uuid: "d76a0e8c2f8741828989300c3a70ab54" member_type: VOTER last_known_addr { host: "127.0.107.194" port: 37319 } } peers { permanent_uuid: "cff4e35fccee424eb9b7de0dc8d9f8f0" member_type: VOTER last_known_addr { host: "127.0.107.195" port: 44017 } }
I20260710 13:14:11.508394  1746 raft_consensus.cc:385] T bd23afd67c3041b3bad92043994c72d4 P aecffcd3c1ac467f9cb43dbce6d563bf [term 0 FOLLOWER]: Consensus starting up: Expiring failure detector timer to make a prompt election more likely
I20260710 13:14:11.508684  1746 raft_consensus.cc:740] T bd23afd67c3041b3bad92043994c72d4 P aecffcd3c1ac467f9cb43dbce6d563bf [term 0 FOLLOWER]: Becoming Follower/Learner. State: Replica: aecffcd3c1ac467f9cb43dbce6d563bf, State: Initialized, Role: FOLLOWER
I20260710 13:14:11.509323  1746 consensus_queue.cc:260] T bd23afd67c3041b3bad92043994c72d4 P aecffcd3c1ac467f9cb43dbce6d563bf [NON_LEADER]: Queue going to NON_LEADER mode. State: All replicated index: 0, Majority replicated index: 0, Committed index: 0, Last appended: 0.0, Last appended by leader: 0, Current term: 0, Majority size: -1, State: 0, Mode: NON_LEADER, active raft config: opid_index: -1 OBSOLETE_local: false peers { permanent_uuid: "aecffcd3c1ac467f9cb43dbce6d563bf" member_type: VOTER last_known_addr { host: "127.0.107.193" port: 33913 } } peers { permanent_uuid: "d76a0e8c2f8741828989300c3a70ab54" member_type: VOTER last_known_addr { host: "127.0.107.194" port: 37319 } } peers { permanent_uuid: "cff4e35fccee424eb9b7de0dc8d9f8f0" member_type: VOTER last_known_addr { host: "127.0.107.195" port: 44017 } }
I20260710 13:14:11.511638  1746 ts_tablet_manager.cc:1434] T bd23afd67c3041b3bad92043994c72d4 P aecffcd3c1ac467f9cb43dbce6d563bf: Time spent starting tablet: real 0.007s	user 0.007s	sys 0.000s
I20260710 13:14:11.512588  1746 tablet_bootstrap.cc:492] T 7ca191531cec4174b2d27b8f733a792f P aecffcd3c1ac467f9cb43dbce6d563bf: Bootstrap starting.
I20260710 13:14:11.518280  1744 raft_consensus.cc:740] T c93b407ba0e74bb1805461c74816f67d P d76a0e8c2f8741828989300c3a70ab54 [term 0 FOLLOWER]: Becoming Follower/Learner. State: Replica: d76a0e8c2f8741828989300c3a70ab54, State: Initialized, Role: FOLLOWER
I20260710 13:14:11.512641  1745 tablet_bootstrap.cc:654] T 50aec7f0f60f4885aa975d7a6e5ad57b P cff4e35fccee424eb9b7de0dc8d9f8f0: Neither blocks nor log segments found. Creating new log.
I20260710 13:14:11.519309  1744 consensus_queue.cc:260] T c93b407ba0e74bb1805461c74816f67d P d76a0e8c2f8741828989300c3a70ab54 [NON_LEADER]: Queue going to NON_LEADER mode. State: All replicated index: 0, Majority replicated index: 0, Committed index: 0, Last appended: 0.0, Last appended by leader: 0, Current term: 0, Majority size: -1, State: 0, Mode: NON_LEADER, active raft config: opid_index: -1 OBSOLETE_local: false peers { permanent_uuid: "aecffcd3c1ac467f9cb43dbce6d563bf" member_type: VOTER last_known_addr { host: "127.0.107.193" port: 33913 } } peers { permanent_uuid: "d76a0e8c2f8741828989300c3a70ab54" member_type: VOTER last_known_addr { host: "127.0.107.194" port: 37319 } } peers { permanent_uuid: "cff4e35fccee424eb9b7de0dc8d9f8f0" member_type: VOTER last_known_addr { host: "127.0.107.195" port: 44017 } }
I20260710 13:14:11.521668  1744 ts_tablet_manager.cc:1434] T c93b407ba0e74bb1805461c74816f67d P d76a0e8c2f8741828989300c3a70ab54: Time spent starting tablet: real 0.017s	user 0.006s	sys 0.000s
I20260710 13:14:11.526923  1744 tablet_bootstrap.cc:492] T 7ca191531cec4174b2d27b8f733a792f P d76a0e8c2f8741828989300c3a70ab54: Bootstrap starting.
I20260710 13:14:11.528437  1745 tablet_bootstrap.cc:492] T 50aec7f0f60f4885aa975d7a6e5ad57b P cff4e35fccee424eb9b7de0dc8d9f8f0: No bootstrap required, opened a new log
I20260710 13:14:11.528921  1745 ts_tablet_manager.cc:1403] T 50aec7f0f60f4885aa975d7a6e5ad57b P cff4e35fccee424eb9b7de0dc8d9f8f0: Time spent bootstrapping tablet: real 0.022s	user 0.005s	sys 0.004s
I20260710 13:14:11.531653  1745 raft_consensus.cc:359] T 50aec7f0f60f4885aa975d7a6e5ad57b P cff4e35fccee424eb9b7de0dc8d9f8f0 [term 0 FOLLOWER]: Replica starting. Triggering 0 pending ops. Active config: opid_index: -1 OBSOLETE_local: false peers { permanent_uuid: "aecffcd3c1ac467f9cb43dbce6d563bf" member_type: VOTER last_known_addr { host: "127.0.107.193" port: 33913 } } peers { permanent_uuid: "d76a0e8c2f8741828989300c3a70ab54" member_type: VOTER last_known_addr { host: "127.0.107.194" port: 37319 } } peers { permanent_uuid: "cff4e35fccee424eb9b7de0dc8d9f8f0" member_type: VOTER last_known_addr { host: "127.0.107.195" port: 44017 } }
I20260710 13:14:11.532400  1745 raft_consensus.cc:385] T 50aec7f0f60f4885aa975d7a6e5ad57b P cff4e35fccee424eb9b7de0dc8d9f8f0 [term 0 FOLLOWER]: Consensus starting up: Expiring failure detector timer to make a prompt election more likely
I20260710 13:14:11.532696  1745 raft_consensus.cc:740] T 50aec7f0f60f4885aa975d7a6e5ad57b P cff4e35fccee424eb9b7de0dc8d9f8f0 [term 0 FOLLOWER]: Becoming Follower/Learner. State: Replica: cff4e35fccee424eb9b7de0dc8d9f8f0, State: Initialized, Role: FOLLOWER
I20260710 13:14:11.533180  1749 consensus_queue.cc:1048] T 42ffd5f02ab34b0abf80fce45b0ef5ae P cff4e35fccee424eb9b7de0dc8d9f8f0 [LEADER]: Connected to new peer: Peer: permanent_uuid: "d76a0e8c2f8741828989300c3a70ab54" member_type: VOTER last_known_addr { host: "127.0.107.194" port: 37319 }, Status: LMP_MISMATCH, Last received: 0.0, Next index: 1, Last known committed idx: 0, Time since last communication: 0.001s
I20260710 13:14:11.538878  1749 raft_consensus.cc:493] T 8fe37bbd76844e638ab119e8b2c09e1f P cff4e35fccee424eb9b7de0dc8d9f8f0 [term 0 FOLLOWER]: Starting pre-election (no leader contacted us within the election timeout)
I20260710 13:14:11.542295  1745 consensus_queue.cc:260] T 50aec7f0f60f4885aa975d7a6e5ad57b P cff4e35fccee424eb9b7de0dc8d9f8f0 [NON_LEADER]: Queue going to NON_LEADER mode. State: All replicated index: 0, Majority replicated index: 0, Committed index: 0, Last appended: 0.0, Last appended by leader: 0, Current term: 0, Majority size: -1, State: 0, Mode: NON_LEADER, active raft config: opid_index: -1 OBSOLETE_local: false peers { permanent_uuid: "aecffcd3c1ac467f9cb43dbce6d563bf" member_type: VOTER last_known_addr { host: "127.0.107.193" port: 33913 } } peers { permanent_uuid: "d76a0e8c2f8741828989300c3a70ab54" member_type: VOTER last_known_addr { host: "127.0.107.194" port: 37319 } } peers { permanent_uuid: "cff4e35fccee424eb9b7de0dc8d9f8f0" member_type: VOTER last_known_addr { host: "127.0.107.195" port: 44017 } }
I20260710 13:14:11.539542  1749 raft_consensus.cc:515] T 8fe37bbd76844e638ab119e8b2c09e1f P cff4e35fccee424eb9b7de0dc8d9f8f0 [term 0 FOLLOWER]: Starting pre-election with config: opid_index: -1 OBSOLETE_local: false peers { permanent_uuid: "aecffcd3c1ac467f9cb43dbce6d563bf" member_type: VOTER last_known_addr { host: "127.0.107.193" port: 33913 } } peers { permanent_uuid: "d76a0e8c2f8741828989300c3a70ab54" member_type: VOTER last_known_addr { host: "127.0.107.194" port: 37319 } } peers { permanent_uuid: "cff4e35fccee424eb9b7de0dc8d9f8f0" member_type: VOTER last_known_addr { host: "127.0.107.195" port: 44017 } }
I20260710 13:14:11.552208  1759 raft_consensus.cc:493] T f8d096dc333d49c0946df0ffd50eede0 P cff4e35fccee424eb9b7de0dc8d9f8f0 [term 0 FOLLOWER]: Starting pre-election (no leader contacted us within the election timeout)
I20260710 13:14:11.555403  1759 raft_consensus.cc:515] T f8d096dc333d49c0946df0ffd50eede0 P cff4e35fccee424eb9b7de0dc8d9f8f0 [term 0 FOLLOWER]: Starting pre-election with config: opid_index: -1 OBSOLETE_local: false peers { permanent_uuid: "aecffcd3c1ac467f9cb43dbce6d563bf" member_type: VOTER last_known_addr { host: "127.0.107.193" port: 33913 } } peers { permanent_uuid: "d76a0e8c2f8741828989300c3a70ab54" member_type: VOTER last_known_addr { host: "127.0.107.194" port: 37319 } } peers { permanent_uuid: "cff4e35fccee424eb9b7de0dc8d9f8f0" member_type: VOTER last_known_addr { host: "127.0.107.195" port: 44017 } }
I20260710 13:14:11.561404  1759 leader_election.cc:290] T f8d096dc333d49c0946df0ffd50eede0 P cff4e35fccee424eb9b7de0dc8d9f8f0 [CANDIDATE]: Term 1 pre-election: Requested pre-vote from peers aecffcd3c1ac467f9cb43dbce6d563bf (127.0.107.193:33913), d76a0e8c2f8741828989300c3a70ab54 (127.0.107.194:37319)
I20260710 13:14:11.562134  1555 tablet_service.cc:1917] Received RequestConsensusVote() RPC: tablet_id: "f8d096dc333d49c0946df0ffd50eede0" candidate_uuid: "cff4e35fccee424eb9b7de0dc8d9f8f0" candidate_term: 1 candidate_status { last_received { term: 0 index: 0 } } ignore_live_leader: false dest_uuid: "aecffcd3c1ac467f9cb43dbce6d563bf" is_pre_election: true
I20260710 13:14:11.560890  1453 catalog_manager.cc:5697] T 633c5e65c2e642f394382d1d6a406918 P aecffcd3c1ac467f9cb43dbce6d563bf reported cstate change: term changed from 0 to 1, leader changed from <none> to aecffcd3c1ac467f9cb43dbce6d563bf (127.0.107.193). New cstate: current_term: 1 leader_uuid: "aecffcd3c1ac467f9cb43dbce6d563bf" committed_config { opid_index: -1 OBSOLETE_local: false peers { permanent_uuid: "aecffcd3c1ac467f9cb43dbce6d563bf" member_type: VOTER last_known_addr { host: "127.0.107.193" port: 33913 } health_report { overall_health: HEALTHY } } peers { permanent_uuid: "d76a0e8c2f8741828989300c3a70ab54" member_type: VOTER last_known_addr { host: "127.0.107.194" port: 37319 } health_report { overall_health: UNKNOWN } } peers { permanent_uuid: "cff4e35fccee424eb9b7de0dc8d9f8f0" member_type: VOTER last_known_addr { host: "127.0.107.195" port: 44017 } health_report { overall_health: UNKNOWN } } }
I20260710 13:14:11.562520  1629 tablet_service.cc:1917] Received RequestConsensusVote() RPC: tablet_id: "f8d096dc333d49c0946df0ffd50eede0" candidate_uuid: "cff4e35fccee424eb9b7de0dc8d9f8f0" candidate_term: 1 candidate_status { last_received { term: 0 index: 0 } } ignore_live_leader: false dest_uuid: "d76a0e8c2f8741828989300c3a70ab54" is_pre_election: true
I20260710 13:14:11.563796  1555 raft_consensus.cc:2468] T f8d096dc333d49c0946df0ffd50eede0 P aecffcd3c1ac467f9cb43dbce6d563bf [term 0 FOLLOWER]: Leader pre-election vote request: Granting yes vote for candidate cff4e35fccee424eb9b7de0dc8d9f8f0 in term 0.
I20260710 13:14:11.564054  1629 raft_consensus.cc:2468] T f8d096dc333d49c0946df0ffd50eede0 P d76a0e8c2f8741828989300c3a70ab54 [term 0 FOLLOWER]: Leader pre-election vote request: Granting yes vote for candidate cff4e35fccee424eb9b7de0dc8d9f8f0 in term 0.
I20260710 13:14:11.565204  1670 leader_election.cc:304] T f8d096dc333d49c0946df0ffd50eede0 P cff4e35fccee424eb9b7de0dc8d9f8f0 [CANDIDATE]: Term 1 pre-election: Election decided. Result: candidate won. Election summary: received 2 responses out of 3 voters: 2 yes votes; 0 no votes. yes voters: cff4e35fccee424eb9b7de0dc8d9f8f0, d76a0e8c2f8741828989300c3a70ab54; no voters: 
I20260710 13:14:11.565629  1744 tablet_bootstrap.cc:654] T 7ca191531cec4174b2d27b8f733a792f P d76a0e8c2f8741828989300c3a70ab54: Neither blocks nor log segments found. Creating new log.
I20260710 13:14:11.566905  1759 raft_consensus.cc:2804] T f8d096dc333d49c0946df0ffd50eede0 P cff4e35fccee424eb9b7de0dc8d9f8f0 [term 0 FOLLOWER]: Leader pre-election won for term 1
I20260710 13:14:11.567266  1759 raft_consensus.cc:493] T f8d096dc333d49c0946df0ffd50eede0 P cff4e35fccee424eb9b7de0dc8d9f8f0 [term 0 FOLLOWER]: Starting leader election (no leader contacted us within the election timeout)
I20260710 13:14:11.567618  1759 raft_consensus.cc:3060] T f8d096dc333d49c0946df0ffd50eede0 P cff4e35fccee424eb9b7de0dc8d9f8f0 [term 0 FOLLOWER]: Advancing to term 1
I20260710 13:14:11.570919  1745 ts_tablet_manager.cc:1434] T 50aec7f0f60f4885aa975d7a6e5ad57b P cff4e35fccee424eb9b7de0dc8d9f8f0: Time spent starting tablet: real 0.042s	user 0.016s	sys 0.012s
I20260710 13:14:11.566519  1746 tablet_bootstrap.cc:654] T 7ca191531cec4174b2d27b8f733a792f P aecffcd3c1ac467f9cb43dbce6d563bf: Neither blocks nor log segments found. Creating new log.
I20260710 13:14:11.571843  1745 tablet_bootstrap.cc:492] T 216ef4fe4a9244e2b12c698b1c4bea1f P cff4e35fccee424eb9b7de0dc8d9f8f0: Bootstrap starting.
I20260710 13:14:11.569381  1749 leader_election.cc:290] T 8fe37bbd76844e638ab119e8b2c09e1f P cff4e35fccee424eb9b7de0dc8d9f8f0 [CANDIDATE]: Term 1 pre-election: Requested pre-vote from peers aecffcd3c1ac467f9cb43dbce6d563bf (127.0.107.193:33913), d76a0e8c2f8741828989300c3a70ab54 (127.0.107.194:37319)
I20260710 13:14:11.574797  1555 tablet_service.cc:1917] Received RequestConsensusVote() RPC: tablet_id: "8fe37bbd76844e638ab119e8b2c09e1f" candidate_uuid: "cff4e35fccee424eb9b7de0dc8d9f8f0" candidate_term: 1 candidate_status { last_received { term: 0 index: 0 } } ignore_live_leader: false dest_uuid: "aecffcd3c1ac467f9cb43dbce6d563bf" is_pre_election: true
I20260710 13:14:11.582278  1629 tablet_service.cc:1917] Received RequestConsensusVote() RPC: tablet_id: "8fe37bbd76844e638ab119e8b2c09e1f" candidate_uuid: "cff4e35fccee424eb9b7de0dc8d9f8f0" candidate_term: 1 candidate_status { last_received { term: 0 index: 0 } } ignore_live_leader: false dest_uuid: "d76a0e8c2f8741828989300c3a70ab54" is_pre_election: true
W20260710 13:14:11.583359  1669 leader_election.cc:343] T 8fe37bbd76844e638ab119e8b2c09e1f P cff4e35fccee424eb9b7de0dc8d9f8f0 [CANDIDATE]: Term 1 pre-election: Tablet error from VoteRequest() call to peer aecffcd3c1ac467f9cb43dbce6d563bf (127.0.107.193:33913): Illegal state: must be running to vote when last-logged opid is not known
W20260710 13:14:11.584044  1670 leader_election.cc:343] T 8fe37bbd76844e638ab119e8b2c09e1f P cff4e35fccee424eb9b7de0dc8d9f8f0 [CANDIDATE]: Term 1 pre-election: Tablet error from VoteRequest() call to peer d76a0e8c2f8741828989300c3a70ab54 (127.0.107.194:37319): Illegal state: must be running to vote when last-logged opid is not known
I20260710 13:14:11.584457  1670 leader_election.cc:304] T 8fe37bbd76844e638ab119e8b2c09e1f P cff4e35fccee424eb9b7de0dc8d9f8f0 [CANDIDATE]: Term 1 pre-election: Election decided. Result: candidate lost. Election summary: received 3 responses out of 3 voters: 1 yes votes; 2 no votes. yes voters: cff4e35fccee424eb9b7de0dc8d9f8f0; no voters: aecffcd3c1ac467f9cb43dbce6d563bf, d76a0e8c2f8741828989300c3a70ab54
I20260710 13:14:11.582046  1759 raft_consensus.cc:515] T f8d096dc333d49c0946df0ffd50eede0 P cff4e35fccee424eb9b7de0dc8d9f8f0 [term 1 FOLLOWER]: Starting leader election with config: opid_index: -1 OBSOLETE_local: false peers { permanent_uuid: "aecffcd3c1ac467f9cb43dbce6d563bf" member_type: VOTER last_known_addr { host: "127.0.107.193" port: 33913 } } peers { permanent_uuid: "d76a0e8c2f8741828989300c3a70ab54" member_type: VOTER last_known_addr { host: "127.0.107.194" port: 37319 } } peers { permanent_uuid: "cff4e35fccee424eb9b7de0dc8d9f8f0" member_type: VOTER last_known_addr { host: "127.0.107.195" port: 44017 } }
I20260710 13:14:11.588310  1555 tablet_service.cc:1917] Received RequestConsensusVote() RPC: tablet_id: "f8d096dc333d49c0946df0ffd50eede0" candidate_uuid: "cff4e35fccee424eb9b7de0dc8d9f8f0" candidate_term: 1 candidate_status { last_received { term: 0 index: 0 } } ignore_live_leader: false dest_uuid: "aecffcd3c1ac467f9cb43dbce6d563bf"
I20260710 13:14:11.588896  1555 raft_consensus.cc:3060] T f8d096dc333d49c0946df0ffd50eede0 P aecffcd3c1ac467f9cb43dbce6d563bf [term 0 FOLLOWER]: Advancing to term 1
I20260710 13:14:11.590541  1745 tablet_bootstrap.cc:654] T 216ef4fe4a9244e2b12c698b1c4bea1f P cff4e35fccee424eb9b7de0dc8d9f8f0: Neither blocks nor log segments found. Creating new log.
I20260710 13:14:11.591789  1749 raft_consensus.cc:2749] T 8fe37bbd76844e638ab119e8b2c09e1f P cff4e35fccee424eb9b7de0dc8d9f8f0 [term 0 FOLLOWER]: Leader pre-election lost for term 1. Reason: could not achieve majority
I20260710 13:14:11.594918  1746 tablet_bootstrap.cc:492] T 7ca191531cec4174b2d27b8f733a792f P aecffcd3c1ac467f9cb43dbce6d563bf: No bootstrap required, opened a new log
I20260710 13:14:11.595386  1746 ts_tablet_manager.cc:1403] T 7ca191531cec4174b2d27b8f733a792f P aecffcd3c1ac467f9cb43dbce6d563bf: Time spent bootstrapping tablet: real 0.083s	user 0.014s	sys 0.000s
I20260710 13:14:11.595882  1779 raft_consensus.cc:493] T 4d9ae6c00b514589b3d0bd3a76273a62 P d76a0e8c2f8741828989300c3a70ab54 [term 0 FOLLOWER]: Starting pre-election (no leader contacted us within the election timeout)
I20260710 13:14:11.596329  1779 raft_consensus.cc:515] T 4d9ae6c00b514589b3d0bd3a76273a62 P d76a0e8c2f8741828989300c3a70ab54 [term 0 FOLLOWER]: Starting pre-election with config: opid_index: -1 OBSOLETE_local: false peers { permanent_uuid: "aecffcd3c1ac467f9cb43dbce6d563bf" member_type: VOTER last_known_addr { host: "127.0.107.193" port: 33913 } } peers { permanent_uuid: "d76a0e8c2f8741828989300c3a70ab54" member_type: VOTER last_known_addr { host: "127.0.107.194" port: 37319 } } peers { permanent_uuid: "cff4e35fccee424eb9b7de0dc8d9f8f0" member_type: VOTER last_known_addr { host: "127.0.107.195" port: 44017 } }
I20260710 13:14:11.596980  1555 raft_consensus.cc:2468] T f8d096dc333d49c0946df0ffd50eede0 P aecffcd3c1ac467f9cb43dbce6d563bf [term 1 FOLLOWER]: Leader election vote request: Granting yes vote for candidate cff4e35fccee424eb9b7de0dc8d9f8f0 in term 1.
I20260710 13:14:11.597858  1746 raft_consensus.cc:359] T 7ca191531cec4174b2d27b8f733a792f P aecffcd3c1ac467f9cb43dbce6d563bf [term 0 FOLLOWER]: Replica starting. Triggering 0 pending ops. Active config: opid_index: -1 OBSOLETE_local: false peers { permanent_uuid: "aecffcd3c1ac467f9cb43dbce6d563bf" member_type: VOTER last_known_addr { host: "127.0.107.193" port: 33913 } } peers { permanent_uuid: "d76a0e8c2f8741828989300c3a70ab54" member_type: VOTER last_known_addr { host: "127.0.107.194" port: 37319 } } peers { permanent_uuid: "cff4e35fccee424eb9b7de0dc8d9f8f0" member_type: VOTER last_known_addr { host: "127.0.107.195" port: 44017 } }
I20260710 13:14:11.598517  1746 raft_consensus.cc:385] T 7ca191531cec4174b2d27b8f733a792f P aecffcd3c1ac467f9cb43dbce6d563bf [term 0 FOLLOWER]: Consensus starting up: Expiring failure detector timer to make a prompt election more likely
I20260710 13:14:11.598407  1669 leader_election.cc:304] T f8d096dc333d49c0946df0ffd50eede0 P cff4e35fccee424eb9b7de0dc8d9f8f0 [CANDIDATE]: Term 1 election: Election decided. Result: candidate won. Election summary: received 2 responses out of 3 voters: 2 yes votes; 0 no votes. yes voters: aecffcd3c1ac467f9cb43dbce6d563bf, cff4e35fccee424eb9b7de0dc8d9f8f0; no voters: 
I20260710 13:14:11.598892  1746 raft_consensus.cc:740] T 7ca191531cec4174b2d27b8f733a792f P aecffcd3c1ac467f9cb43dbce6d563bf [term 0 FOLLOWER]: Becoming Follower/Learner. State: Replica: aecffcd3c1ac467f9cb43dbce6d563bf, State: Initialized, Role: FOLLOWER
