I20260710 13:16:37.513049  1214 raft_consensus.cc:3060] T d307fca4d9874039885ba302501a360d P 19f9ce5b5aa047ef9b05e87a8e8e10b4 [term 4 FOLLOWER]: Advancing to term 5
I20260710 13:16:37.513326  1065 raft_consensus.cc:740] T d307fca4d9874039885ba302501a360d P 4827ce49584e4632b8f719d5d1ff5f6a [term 4 LEADER]: Becoming Follower/Learner. State: Replica: 4827ce49584e4632b8f719d5d1ff5f6a, State: Running, Role: LEADER
I20260710 13:16:37.514051  1065 consensus_queue.cc:260] T d307fca4d9874039885ba302501a360d P 4827ce49584e4632b8f719d5d1ff5f6a [NON_LEADER]: Queue going to NON_LEADER mode. State: All replicated index: 0, Majority replicated index: 4, Committed index: 4, Last appended: 4.4, Last appended by leader: 4, Current term: 4, Majority size: -1, State: 0, Mode: NON_LEADER, active raft config: opid_index: -1 OBSOLETE_local: false peers { permanent_uuid: "19f9ce5b5aa047ef9b05e87a8e8e10b4" member_type: VOTER last_known_addr { host: "127.0.107.195" port: 43267 } } peers { permanent_uuid: "7d790b770ce24a16929c3662bc85abc0" member_type: VOTER last_known_addr { host: "127.0.107.194" port: 43841 } } peers { permanent_uuid: "4827ce49584e4632b8f719d5d1ff5f6a" member_type: VOTER last_known_addr { host: "127.0.107.193" port: 40587 } }
I20260710 13:16:37.514869  1065 raft_consensus.cc:3060] T d307fca4d9874039885ba302501a360d P 4827ce49584e4632b8f719d5d1ff5f6a [term 4 FOLLOWER]: Advancing to term 5
I20260710 13:16:37.517683  1214 raft_consensus.cc:2468] T d307fca4d9874039885ba302501a360d P 19f9ce5b5aa047ef9b05e87a8e8e10b4 [term 5 FOLLOWER]: Leader election vote request: Granting yes vote for candidate 7d790b770ce24a16929c3662bc85abc0 in term 5.
I20260710 13:16:37.518821  1065 raft_consensus.cc:2468] T d307fca4d9874039885ba302501a360d P 4827ce49584e4632b8f719d5d1ff5f6a [term 5 FOLLOWER]: Leader election vote request: Granting yes vote for candidate 7d790b770ce24a16929c3662bc85abc0 in term 5.
I20260710 13:16:37.518855  1106 leader_election.cc:304] T d307fca4d9874039885ba302501a360d P 7d790b770ce24a16929c3662bc85abc0 [CANDIDATE]: Term 5 election: Election decided. Result: candidate won. Election summary: received 2 responses out of 3 voters: 2 yes votes; 0 no votes. yes voters: 19f9ce5b5aa047ef9b05e87a8e8e10b4, 7d790b770ce24a16929c3662bc85abc0; no voters: 
I20260710 13:16:37.519721  1358 raft_consensus.cc:2804] T d307fca4d9874039885ba302501a360d P 7d790b770ce24a16929c3662bc85abc0 [term 5 FOLLOWER]: Leader election won for term 5
I20260710 13:16:37.520725  1358 raft_consensus.cc:697] T d307fca4d9874039885ba302501a360d P 7d790b770ce24a16929c3662bc85abc0 [term 5 LEADER]: Becoming Leader. State: Replica: 7d790b770ce24a16929c3662bc85abc0, State: Running, Role: LEADER
I20260710 13:16:37.521582  1358 consensus_queue.cc:237] T d307fca4d9874039885ba302501a360d P 7d790b770ce24a16929c3662bc85abc0 [LEADER]: Queue going to LEADER mode. State: All replicated index: 0, Majority replicated index: 4, Committed index: 4, Last appended: 4.4, Last appended by leader: 4, Current term: 5, Majority size: 2, State: 0, Mode: LEADER, active raft config: opid_index: -1 OBSOLETE_local: false peers { permanent_uuid: "19f9ce5b5aa047ef9b05e87a8e8e10b4" member_type: VOTER last_known_addr { host: "127.0.107.195" port: 43267 } } peers { permanent_uuid: "7d790b770ce24a16929c3662bc85abc0" member_type: VOTER last_known_addr { host: "127.0.107.194" port: 43841 } } peers { permanent_uuid: "4827ce49584e4632b8f719d5d1ff5f6a" member_type: VOTER last_known_addr { host: "127.0.107.193" port: 40587 } }
I20260710 13:16:37.527732   962 catalog_manager.cc:5697] T d307fca4d9874039885ba302501a360d P 7d790b770ce24a16929c3662bc85abc0 reported cstate change: term changed from 4 to 5, leader changed from 4827ce49584e4632b8f719d5d1ff5f6a (127.0.107.193) to 7d790b770ce24a16929c3662bc85abc0 (127.0.107.194). New cstate: current_term: 5 leader_uuid: "7d790b770ce24a16929c3662bc85abc0" committed_config { opid_index: -1 OBSOLETE_local: false peers { permanent_uuid: "19f9ce5b5aa047ef9b05e87a8e8e10b4" member_type: VOTER last_known_addr { host: "127.0.107.195" port: 43267 } health_report { overall_health: UNKNOWN } } peers { permanent_uuid: "7d790b770ce24a16929c3662bc85abc0" member_type: VOTER last_known_addr { host: "127.0.107.194" port: 43841 } health_report { overall_health: HEALTHY } } peers { permanent_uuid: "4827ce49584e4632b8f719d5d1ff5f6a" member_type: VOTER last_known_addr { host: "127.0.107.193" port: 40587 } health_report { overall_health: UNKNOWN } } }
I20260710 13:16:37.644243  1065 raft_consensus.cc:1275] T e1ead2b43c7f465ebbad63d99b074d00 P 4827ce49584e4632b8f719d5d1ff5f6a [term 2 FOLLOWER]: Refusing update from remote peer 19f9ce5b5aa047ef9b05e87a8e8e10b4: Log matching property violated. Preceding OpId in replica: term: 1 index: 1. Preceding OpId from leader: term: 2 index: 2. (index mismatch)
I20260710 13:16:37.645598  1361 consensus_queue.cc:1048] T e1ead2b43c7f465ebbad63d99b074d00 P 19f9ce5b5aa047ef9b05e87a8e8e10b4 [LEADER]: Connected to new peer: Peer: permanent_uuid: "4827ce49584e4632b8f719d5d1ff5f6a" member_type: VOTER last_known_addr { host: "127.0.107.193" port: 40587 }, Status: LMP_MISMATCH, Last received: 0.0, Next index: 2, Last known committed idx: 1, Time since last communication: 0.000s
I20260710 13:16:37.660068  1138 raft_consensus.cc:1275] T e1ead2b43c7f465ebbad63d99b074d00 P 7d790b770ce24a16929c3662bc85abc0 [term 2 FOLLOWER]: Refusing update from remote peer 19f9ce5b5aa047ef9b05e87a8e8e10b4: Log matching property violated. Preceding OpId in replica: term: 1 index: 1. Preceding OpId from leader: term: 2 index: 2. (index mismatch)
I20260710 13:16:37.661896  1421 consensus_queue.cc:1048] T e1ead2b43c7f465ebbad63d99b074d00 P 19f9ce5b5aa047ef9b05e87a8e8e10b4 [LEADER]: Connected to new peer: Peer: permanent_uuid: "7d790b770ce24a16929c3662bc85abc0" member_type: VOTER last_known_addr { host: "127.0.107.194" port: 43841 }, Status: LMP_MISMATCH, Last received: 0.0, Next index: 2, Last known committed idx: 1, Time since last communication: 0.000s
I20260710 13:16:37.784091  1407 raft_consensus.cc:993] T ac23d48a56884f3fb01dc03fb65a9ff8 P 4827ce49584e4632b8f719d5d1ff5f6a: : Instructing follower 7d790b770ce24a16929c3662bc85abc0 to start an election
I20260710 13:16:37.784621  1382 raft_consensus.cc:1081] T ac23d48a56884f3fb01dc03fb65a9ff8 P 4827ce49584e4632b8f719d5d1ff5f6a [term 2 LEADER]: Signalling peer 7d790b770ce24a16929c3662bc85abc0 to start an election
I20260710 13:16:37.786042  1138 tablet_service.cc:2044] Received Run Leader Election RPC: tablet_id: "ac23d48a56884f3fb01dc03fb65a9ff8"
dest_uuid: "7d790b770ce24a16929c3662bc85abc0"
 from {username='slave'} at 127.0.0.1:54372
I20260710 13:16:37.786612  1138 raft_consensus.cc:493] T ac23d48a56884f3fb01dc03fb65a9ff8 P 7d790b770ce24a16929c3662bc85abc0 [term 2 FOLLOWER]: Starting forced leader election (received explicit request)
I20260710 13:16:37.786999  1138 raft_consensus.cc:3060] T ac23d48a56884f3fb01dc03fb65a9ff8 P 7d790b770ce24a16929c3662bc85abc0 [term 2 FOLLOWER]: Advancing to term 3
I20260710 13:16:37.792407  1138 raft_consensus.cc:515] T ac23d48a56884f3fb01dc03fb65a9ff8 P 7d790b770ce24a16929c3662bc85abc0 [term 3 FOLLOWER]: Starting forced leader election with config: opid_index: -1 OBSOLETE_local: false peers { permanent_uuid: "4827ce49584e4632b8f719d5d1ff5f6a" member_type: VOTER last_known_addr { host: "127.0.107.193" port: 40587 } } peers { permanent_uuid: "7d790b770ce24a16929c3662bc85abc0" member_type: VOTER last_known_addr { host: "127.0.107.194" port: 43841 } } peers { permanent_uuid: "19f9ce5b5aa047ef9b05e87a8e8e10b4" member_type: VOTER last_known_addr { host: "127.0.107.195" port: 43267 } }
I20260710 13:16:37.794201  1138 leader_election.cc:290] T ac23d48a56884f3fb01dc03fb65a9ff8 P 7d790b770ce24a16929c3662bc85abc0 [CANDIDATE]: Term 3 election: Requested vote from peers 4827ce49584e4632b8f719d5d1ff5f6a (127.0.107.193:40587), 19f9ce5b5aa047ef9b05e87a8e8e10b4 (127.0.107.195:43267)
I20260710 13:16:37.795018  1065 tablet_service.cc:1917] Received RequestConsensusVote() RPC: tablet_id: "ac23d48a56884f3fb01dc03fb65a9ff8" candidate_uuid: "7d790b770ce24a16929c3662bc85abc0" candidate_term: 3 candidate_status { last_received { term: 2 index: 2 } } ignore_live_leader: true dest_uuid: "4827ce49584e4632b8f719d5d1ff5f6a"
I20260710 13:16:37.795133  1214 tablet_service.cc:1917] Received RequestConsensusVote() RPC: tablet_id: "ac23d48a56884f3fb01dc03fb65a9ff8" candidate_uuid: "7d790b770ce24a16929c3662bc85abc0" candidate_term: 3 candidate_status { last_received { term: 2 index: 2 } } ignore_live_leader: true dest_uuid: "19f9ce5b5aa047ef9b05e87a8e8e10b4"
I20260710 13:16:37.795562  1065 raft_consensus.cc:3055] T ac23d48a56884f3fb01dc03fb65a9ff8 P 4827ce49584e4632b8f719d5d1ff5f6a [term 2 LEADER]: Stepping down as leader of term 2
I20260710 13:16:37.795684  1214 raft_consensus.cc:3060] T ac23d48a56884f3fb01dc03fb65a9ff8 P 19f9ce5b5aa047ef9b05e87a8e8e10b4 [term 2 FOLLOWER]: Advancing to term 3
I20260710 13:16:37.795984  1065 raft_consensus.cc:740] T ac23d48a56884f3fb01dc03fb65a9ff8 P 4827ce49584e4632b8f719d5d1ff5f6a [term 2 LEADER]: Becoming Follower/Learner. State: Replica: 4827ce49584e4632b8f719d5d1ff5f6a, State: Running, Role: LEADER
I20260710 13:16:37.796741  1065 consensus_queue.cc:260] T ac23d48a56884f3fb01dc03fb65a9ff8 P 4827ce49584e4632b8f719d5d1ff5f6a [NON_LEADER]: Queue going to NON_LEADER mode. State: All replicated index: 0, Majority replicated index: 2, Committed index: 2, Last appended: 2.2, Last appended by leader: 2, Current term: 2, Majority size: -1, State: 0, Mode: NON_LEADER, active raft config: opid_index: -1 OBSOLETE_local: false peers { permanent_uuid: "4827ce49584e4632b8f719d5d1ff5f6a" member_type: VOTER last_known_addr { host: "127.0.107.193" port: 40587 } } peers { permanent_uuid: "7d790b770ce24a16929c3662bc85abc0" member_type: VOTER last_known_addr { host: "127.0.107.194" port: 43841 } } peers { permanent_uuid: "19f9ce5b5aa047ef9b05e87a8e8e10b4" member_type: VOTER last_known_addr { host: "127.0.107.195" port: 43267 } }
I20260710 13:16:37.797667  1065 raft_consensus.cc:3060] T ac23d48a56884f3fb01dc03fb65a9ff8 P 4827ce49584e4632b8f719d5d1ff5f6a [term 2 FOLLOWER]: Advancing to term 3
I20260710 13:16:37.800810  1214 raft_consensus.cc:2468] T ac23d48a56884f3fb01dc03fb65a9ff8 P 19f9ce5b5aa047ef9b05e87a8e8e10b4 [term 3 FOLLOWER]: Leader election vote request: Granting yes vote for candidate 7d790b770ce24a16929c3662bc85abc0 in term 3.
I20260710 13:16:37.802032  1106 leader_election.cc:304] T ac23d48a56884f3fb01dc03fb65a9ff8 P 7d790b770ce24a16929c3662bc85abc0 [CANDIDATE]: Term 3 election: Election decided. Result: candidate won. Election summary: received 2 responses out of 3 voters: 2 yes votes; 0 no votes. yes voters: 19f9ce5b5aa047ef9b05e87a8e8e10b4, 7d790b770ce24a16929c3662bc85abc0; no voters: 
I20260710 13:16:37.802157  1065 raft_consensus.cc:2468] T ac23d48a56884f3fb01dc03fb65a9ff8 P 4827ce49584e4632b8f719d5d1ff5f6a [term 3 FOLLOWER]: Leader election vote request: Granting yes vote for candidate 7d790b770ce24a16929c3662bc85abc0 in term 3.
I20260710 13:16:37.802754  1358 raft_consensus.cc:2804] T ac23d48a56884f3fb01dc03fb65a9ff8 P 7d790b770ce24a16929c3662bc85abc0 [term 3 FOLLOWER]: Leader election won for term 3
I20260710 13:16:37.803200  1358 raft_consensus.cc:697] T ac23d48a56884f3fb01dc03fb65a9ff8 P 7d790b770ce24a16929c3662bc85abc0 [term 3 LEADER]: Becoming Leader. State: Replica: 7d790b770ce24a16929c3662bc85abc0, State: Running, Role: LEADER
I20260710 13:16:37.803954  1358 consensus_queue.cc:237] T ac23d48a56884f3fb01dc03fb65a9ff8 P 7d790b770ce24a16929c3662bc85abc0 [LEADER]: Queue going to LEADER mode. State: All replicated index: 0, Majority replicated index: 2, Committed index: 2, Last appended: 2.2, Last appended by leader: 2, Current term: 3, Majority size: 2, State: 0, Mode: LEADER, active raft config: opid_index: -1 OBSOLETE_local: false peers { permanent_uuid: "4827ce49584e4632b8f719d5d1ff5f6a" member_type: VOTER last_known_addr { host: "127.0.107.193" port: 40587 } } peers { permanent_uuid: "7d790b770ce24a16929c3662bc85abc0" member_type: VOTER last_known_addr { host: "127.0.107.194" port: 43841 } } peers { permanent_uuid: "19f9ce5b5aa047ef9b05e87a8e8e10b4" member_type: VOTER last_known_addr { host: "127.0.107.195" port: 43267 } }
I20260710 13:16:37.810557   963 catalog_manager.cc:5697] T ac23d48a56884f3fb01dc03fb65a9ff8 P 7d790b770ce24a16929c3662bc85abc0 reported cstate change: term changed from 2 to 3, leader changed from 4827ce49584e4632b8f719d5d1ff5f6a (127.0.107.193) to 7d790b770ce24a16929c3662bc85abc0 (127.0.107.194). New cstate: current_term: 3 leader_uuid: "7d790b770ce24a16929c3662bc85abc0" committed_config { opid_index: -1 OBSOLETE_local: false peers { permanent_uuid: "4827ce49584e4632b8f719d5d1ff5f6a" member_type: VOTER last_known_addr { host: "127.0.107.193" port: 40587 } health_report { overall_health: UNKNOWN } } peers { permanent_uuid: "7d790b770ce24a16929c3662bc85abc0" member_type: VOTER last_known_addr { host: "127.0.107.194" port: 43841 } health_report { overall_health: HEALTHY } } peers { permanent_uuid: "19f9ce5b5aa047ef9b05e87a8e8e10b4" member_type: VOTER last_known_addr { host: "127.0.107.195" port: 43267 } health_report { overall_health: UNKNOWN } } }
I20260710 13:16:37.903362  1214 raft_consensus.cc:1275] T d307fca4d9874039885ba302501a360d P 19f9ce5b5aa047ef9b05e87a8e8e10b4 [term 5 FOLLOWER]: Refusing update from remote peer 7d790b770ce24a16929c3662bc85abc0: Log matching property violated. Preceding OpId in replica: term: 4 index: 4. Preceding OpId from leader: term: 5 index: 5. (index mismatch)
I20260710 13:16:37.904644  1358 consensus_queue.cc:1048] T d307fca4d9874039885ba302501a360d P 7d790b770ce24a16929c3662bc85abc0 [LEADER]: Connected to new peer: Peer: permanent_uuid: "19f9ce5b5aa047ef9b05e87a8e8e10b4" member_type: VOTER last_known_addr { host: "127.0.107.195" port: 43267 }, Status: LMP_MISMATCH, Last received: 0.0, Next index: 5, Last known committed idx: 4, Time since last communication: 0.000s
I20260710 13:16:37.915022  1065 raft_consensus.cc:1275] T 122c96ab41ab4ba49270f7a63af46676 P 4827ce49584e4632b8f719d5d1ff5f6a [term 3 FOLLOWER]: Refusing update from remote peer 19f9ce5b5aa047ef9b05e87a8e8e10b4: Log matching property violated. Preceding OpId in replica: term: 2 index: 2. Preceding OpId from leader: term: 3 index: 3. (index mismatch)
I20260710 13:16:37.915048  1064 raft_consensus.cc:1275] T d307fca4d9874039885ba302501a360d P 4827ce49584e4632b8f719d5d1ff5f6a [term 5 FOLLOWER]: Refusing update from remote peer 7d790b770ce24a16929c3662bc85abc0: Log matching property violated. Preceding OpId in replica: term: 4 index: 4. Preceding OpId from leader: term: 5 index: 5. (index mismatch)
I20260710 13:16:37.917018  1421 consensus_queue.cc:1048] T 122c96ab41ab4ba49270f7a63af46676 P 19f9ce5b5aa047ef9b05e87a8e8e10b4 [LEADER]: Connected to new peer: Peer: permanent_uuid: "4827ce49584e4632b8f719d5d1ff5f6a" member_type: VOTER last_known_addr { host: "127.0.107.193" port: 40587 }, Status: LMP_MISMATCH, Last received: 0.0, Next index: 3, Last known committed idx: 2, Time since last communication: 0.000s
I20260710 13:16:37.917054  1358 consensus_queue.cc:1048] T d307fca4d9874039885ba302501a360d P 7d790b770ce24a16929c3662bc85abc0 [LEADER]: Connected to new peer: Peer: permanent_uuid: "4827ce49584e4632b8f719d5d1ff5f6a" member_type: VOTER last_known_addr { host: "127.0.107.193" port: 40587 }, Status: LMP_MISMATCH, Last received: 0.0, Next index: 5, Last known committed idx: 4, Time since last communication: 0.000s
I20260710 13:16:37.926383  1138 raft_consensus.cc:1275] T 122c96ab41ab4ba49270f7a63af46676 P 7d790b770ce24a16929c3662bc85abc0 [term 3 FOLLOWER]: Refusing update from remote peer 19f9ce5b5aa047ef9b05e87a8e8e10b4: Log matching property violated. Preceding OpId in replica: term: 2 index: 2. Preceding OpId from leader: term: 3 index: 3. (index mismatch)
I20260710 13:16:37.928570  1409 consensus_queue.cc:1048] T 122c96ab41ab4ba49270f7a63af46676 P 19f9ce5b5aa047ef9b05e87a8e8e10b4 [LEADER]: Connected to new peer: Peer: permanent_uuid: "7d790b770ce24a16929c3662bc85abc0" member_type: VOTER last_known_addr { host: "127.0.107.194" port: 43841 }, Status: LMP_MISMATCH, Last received: 0.0, Next index: 3, Last known committed idx: 2, Time since last communication: 0.000s
I20260710 13:16:38.186486  1214 raft_consensus.cc:1275] T ac23d48a56884f3fb01dc03fb65a9ff8 P 19f9ce5b5aa047ef9b05e87a8e8e10b4 [term 3 FOLLOWER]: Refusing update from remote peer 7d790b770ce24a16929c3662bc85abc0: Log matching property violated. Preceding OpId in replica: term: 2 index: 2. Preceding OpId from leader: term: 3 index: 3. (index mismatch)
I20260710 13:16:38.187659  1358 consensus_queue.cc:1048] T ac23d48a56884f3fb01dc03fb65a9ff8 P 7d790b770ce24a16929c3662bc85abc0 [LEADER]: Connected to new peer: Peer: permanent_uuid: "19f9ce5b5aa047ef9b05e87a8e8e10b4" member_type: VOTER last_known_addr { host: "127.0.107.195" port: 43267 }, Status: LMP_MISMATCH, Last received: 0.0, Next index: 3, Last known committed idx: 2, Time since last communication: 0.000s
I20260710 13:16:38.198154  1065 raft_consensus.cc:1275] T ac23d48a56884f3fb01dc03fb65a9ff8 P 4827ce49584e4632b8f719d5d1ff5f6a [term 3 FOLLOWER]: Refusing update from remote peer 7d790b770ce24a16929c3662bc85abc0: Log matching property violated. Preceding OpId in replica: term: 2 index: 2. Preceding OpId from leader: term: 3 index: 3. (index mismatch)
I20260710 13:16:38.202618  1416 consensus_queue.cc:1048] T ac23d48a56884f3fb01dc03fb65a9ff8 P 7d790b770ce24a16929c3662bc85abc0 [LEADER]: Connected to new peer: Peer: permanent_uuid: "4827ce49584e4632b8f719d5d1ff5f6a" member_type: VOTER last_known_addr { host: "127.0.107.193" port: 40587 }, Status: LMP_MISMATCH, Last received: 0.0, Next index: 3, Last known committed idx: 2, Time since last communication: 0.000s
I20260710 13:16:38.219905   431 auto_leader_rebalancer.cc:141] leader rebalance for table test-workload
I20260710 13:16:38.226708   431 tablet_server.cc:179] TabletServer@127.0.107.193:0 shutting down...
I20260710 13:16:38.249349   431 ts_tablet_manager.cc:1507] Shutting down tablet manager...
I20260710 13:16:38.250025   431 tablet_replica.cc:333] T 0ec1011e0ea84611b443d726fff273b3 P 4827ce49584e4632b8f719d5d1ff5f6a: stopping tablet replica
I20260710 13:16:38.250653   431 raft_consensus.cc:2243] T 0ec1011e0ea84611b443d726fff273b3 P 4827ce49584e4632b8f719d5d1ff5f6a [term 2 FOLLOWER]: Raft consensus shutting down.
I20260710 13:16:38.251123   431 raft_consensus.cc:2272] T 0ec1011e0ea84611b443d726fff273b3 P 4827ce49584e4632b8f719d5d1ff5f6a [term 2 FOLLOWER]: Raft consensus is shut down!
I20260710 13:16:38.252916   431 tablet_replica.cc:333] T 122c96ab41ab4ba49270f7a63af46676 P 4827ce49584e4632b8f719d5d1ff5f6a: stopping tablet replica
I20260710 13:16:38.253551   431 raft_consensus.cc:2243] T 122c96ab41ab4ba49270f7a63af46676 P 4827ce49584e4632b8f719d5d1ff5f6a [term 3 FOLLOWER]: Raft consensus shutting down.
I20260710 13:16:38.253939   431 raft_consensus.cc:2272] T 122c96ab41ab4ba49270f7a63af46676 P 4827ce49584e4632b8f719d5d1ff5f6a [term 3 FOLLOWER]: Raft consensus is shut down!
I20260710 13:16:38.255950   431 tablet_replica.cc:333] T a665e774c6ae4a8aaaccc58819fca4a7 P 4827ce49584e4632b8f719d5d1ff5f6a: stopping tablet replica
I20260710 13:16:38.256630   431 raft_consensus.cc:2243] T a665e774c6ae4a8aaaccc58819fca4a7 P 4827ce49584e4632b8f719d5d1ff5f6a [term 2 FOLLOWER]: Raft consensus shutting down.
I20260710 13:16:38.257040   431 raft_consensus.cc:2272] T a665e774c6ae4a8aaaccc58819fca4a7 P 4827ce49584e4632b8f719d5d1ff5f6a [term 2 FOLLOWER]: Raft consensus is shut down!
I20260710 13:16:38.258600   431 tablet_replica.cc:333] T b12f5556de87479798a17928ed7ab2d6 P 4827ce49584e4632b8f719d5d1ff5f6a: stopping tablet replica
I20260710 13:16:38.259081   431 raft_consensus.cc:2243] T b12f5556de87479798a17928ed7ab2d6 P 4827ce49584e4632b8f719d5d1ff5f6a [term 3 LEADER]: Raft consensus shutting down.
I20260710 13:16:38.259788   431 raft_consensus.cc:2272] T b12f5556de87479798a17928ed7ab2d6 P 4827ce49584e4632b8f719d5d1ff5f6a [term 3 FOLLOWER]: Raft consensus is shut down!
I20260710 13:16:38.261250   431 tablet_replica.cc:333] T c0f520b6e3a743bd81c890dfa2a6f66c P 4827ce49584e4632b8f719d5d1ff5f6a: stopping tablet replica
I20260710 13:16:38.261857   431 raft_consensus.cc:2243] T c0f520b6e3a743bd81c890dfa2a6f66c P 4827ce49584e4632b8f719d5d1ff5f6a [term 2 LEADER]: Raft consensus shutting down.
I20260710 13:16:38.262573   431 raft_consensus.cc:2272] T c0f520b6e3a743bd81c890dfa2a6f66c P 4827ce49584e4632b8f719d5d1ff5f6a [term 2 FOLLOWER]: Raft consensus is shut down!
I20260710 13:16:38.264312   431 tablet_replica.cc:333] T d307fca4d9874039885ba302501a360d P 4827ce49584e4632b8f719d5d1ff5f6a: stopping tablet replica
I20260710 13:16:38.264784   431 raft_consensus.cc:2243] T d307fca4d9874039885ba302501a360d P 4827ce49584e4632b8f719d5d1ff5f6a [term 5 FOLLOWER]: Raft consensus shutting down.
I20260710 13:16:38.265161   431 raft_consensus.cc:2272] T d307fca4d9874039885ba302501a360d P 4827ce49584e4632b8f719d5d1ff5f6a [term 5 FOLLOWER]: Raft consensus is shut down!
I20260710 13:16:38.267185   431 tablet_replica.cc:333] T 4ac30dd47fd14f34a04c55b76d7a30ef P 4827ce49584e4632b8f719d5d1ff5f6a: stopping tablet replica
I20260710 13:16:38.267674   431 raft_consensus.cc:2243] T 4ac30dd47fd14f34a04c55b76d7a30ef P 4827ce49584e4632b8f719d5d1ff5f6a [term 3 LEADER]: Raft consensus shutting down.
I20260710 13:16:38.268316   431 raft_consensus.cc:2272] T 4ac30dd47fd14f34a04c55b76d7a30ef P 4827ce49584e4632b8f719d5d1ff5f6a [term 3 FOLLOWER]: Raft consensus is shut down!
I20260710 13:16:38.270298   431 tablet_replica.cc:333] T ac23d48a56884f3fb01dc03fb65a9ff8 P 4827ce49584e4632b8f719d5d1ff5f6a: stopping tablet replica
I20260710 13:16:38.270851   431 raft_consensus.cc:2243] T ac23d48a56884f3fb01dc03fb65a9ff8 P 4827ce49584e4632b8f719d5d1ff5f6a [term 3 FOLLOWER]: Raft consensus shutting down.
I20260710 13:16:38.271255   431 raft_consensus.cc:2272] T ac23d48a56884f3fb01dc03fb65a9ff8 P 4827ce49584e4632b8f719d5d1ff5f6a [term 3 FOLLOWER]: Raft consensus is shut down!
W20260710 13:16:38.271734  1179 proxy.cc:239] Call had error, refreshing address and retrying: Remote error: Service unavailable: service kudu.consensus.ConsensusService not registered on TabletServer [suppressed 1 similar messages]
I20260710 13:16:38.273538   431 tablet_replica.cc:333] T fcec276085dd4460ab99c7e1a0d7d4f3 P 4827ce49584e4632b8f719d5d1ff5f6a: stopping tablet replica
I20260710 13:16:38.274119   431 raft_consensus.cc:2243] T fcec276085dd4460ab99c7e1a0d7d4f3 P 4827ce49584e4632b8f719d5d1ff5f6a [term 3 LEADER]: Raft consensus shutting down.
W20260710 13:16:38.274675  1179 consensus_peers.cc:597] T e1ead2b43c7f465ebbad63d99b074d00 P 19f9ce5b5aa047ef9b05e87a8e8e10b4 -> Peer 4827ce49584e4632b8f719d5d1ff5f6a (127.0.107.193:40587): Couldn't send request to peer 4827ce49584e4632b8f719d5d1ff5f6a. Status: Remote error: Service unavailable: service kudu.consensus.ConsensusService not registered on TabletServer. This is attempt 1: this message will repeat every 5th retry.
I20260710 13:16:38.274829   431 raft_consensus.cc:2272] T fcec276085dd4460ab99c7e1a0d7d4f3 P 4827ce49584e4632b8f719d5d1ff5f6a [term 3 FOLLOWER]: Raft consensus is shut down!
I20260710 13:16:38.276412   431 tablet_replica.cc:333] T e1ead2b43c7f465ebbad63d99b074d00 P 4827ce49584e4632b8f719d5d1ff5f6a: stopping tablet replica
I20260710 13:16:38.276907   431 raft_consensus.cc:2243] T e1ead2b43c7f465ebbad63d99b074d00 P 4827ce49584e4632b8f719d5d1ff5f6a [term 2 FOLLOWER]: Raft consensus shutting down.
I20260710 13:16:38.277328   431 raft_consensus.cc:2272] T e1ead2b43c7f465ebbad63d99b074d00 P 4827ce49584e4632b8f719d5d1ff5f6a [term 2 FOLLOWER]: Raft consensus is shut down!
I20260710 13:16:38.318408   431 tablet_server.cc:196] TabletServer@127.0.107.193:0 shutdown complete.
I20260710 13:16:38.336546   431 tablet_server.cc:179] TabletServer@127.0.107.194:0 shutting down...
I20260710 13:16:38.364864   431 ts_tablet_manager.cc:1507] Shutting down tablet manager...
I20260710 13:16:38.365633   431 tablet_replica.cc:333] T a665e774c6ae4a8aaaccc58819fca4a7 P 7d790b770ce24a16929c3662bc85abc0: stopping tablet replica
I20260710 13:16:38.366345   431 raft_consensus.cc:2243] T a665e774c6ae4a8aaaccc58819fca4a7 P 7d790b770ce24a16929c3662bc85abc0 [term 2 LEADER]: Raft consensus shutting down.
I20260710 13:16:38.367182   431 raft_consensus.cc:2272] T a665e774c6ae4a8aaaccc58819fca4a7 P 7d790b770ce24a16929c3662bc85abc0 [term 2 FOLLOWER]: Raft consensus is shut down!
I20260710 13:16:38.368927   431 tablet_replica.cc:333] T b12f5556de87479798a17928ed7ab2d6 P 7d790b770ce24a16929c3662bc85abc0: stopping tablet replica
I20260710 13:16:38.369513   431 raft_consensus.cc:2243] T b12f5556de87479798a17928ed7ab2d6 P 7d790b770ce24a16929c3662bc85abc0 [term 3 FOLLOWER]: Raft consensus shutting down.
I20260710 13:16:38.369910   431 raft_consensus.cc:2272] T b12f5556de87479798a17928ed7ab2d6 P 7d790b770ce24a16929c3662bc85abc0 [term 3 FOLLOWER]: Raft consensus is shut down!
I20260710 13:16:38.371405   431 tablet_replica.cc:333] T fcec276085dd4460ab99c7e1a0d7d4f3 P 7d790b770ce24a16929c3662bc85abc0: stopping tablet replica
I20260710 13:16:38.371881   431 raft_consensus.cc:2243] T fcec276085dd4460ab99c7e1a0d7d4f3 P 7d790b770ce24a16929c3662bc85abc0 [term 3 FOLLOWER]: Raft consensus shutting down.
I20260710 13:16:38.372262   431 raft_consensus.cc:2272] T fcec276085dd4460ab99c7e1a0d7d4f3 P 7d790b770ce24a16929c3662bc85abc0 [term 3 FOLLOWER]: Raft consensus is shut down!
I20260710 13:16:38.373765   431 tablet_replica.cc:333] T e1ead2b43c7f465ebbad63d99b074d00 P 7d790b770ce24a16929c3662bc85abc0: stopping tablet replica
I20260710 13:16:38.374226   431 raft_consensus.cc:2243] T e1ead2b43c7f465ebbad63d99b074d00 P 7d790b770ce24a16929c3662bc85abc0 [term 2 FOLLOWER]: Raft consensus shutting down.
I20260710 13:16:38.374590   431 raft_consensus.cc:2272] T e1ead2b43c7f465ebbad63d99b074d00 P 7d790b770ce24a16929c3662bc85abc0 [term 2 FOLLOWER]: Raft consensus is shut down!
I20260710 13:16:38.376554   431 tablet_replica.cc:333] T 4ac30dd47fd14f34a04c55b76d7a30ef P 7d790b770ce24a16929c3662bc85abc0: stopping tablet replica
I20260710 13:16:38.377090   431 raft_consensus.cc:2243] T 4ac30dd47fd14f34a04c55b76d7a30ef P 7d790b770ce24a16929c3662bc85abc0 [term 3 FOLLOWER]: Raft consensus shutting down.
I20260710 13:16:38.377620   431 raft_consensus.cc:2272] T 4ac30dd47fd14f34a04c55b76d7a30ef P 7d790b770ce24a16929c3662bc85abc0 [term 3 FOLLOWER]: Raft consensus is shut down!
I20260710 13:16:38.379367   431 tablet_replica.cc:333] T c0f520b6e3a743bd81c890dfa2a6f66c P 7d790b770ce24a16929c3662bc85abc0: stopping tablet replica
I20260710 13:16:38.379894   431 raft_consensus.cc:2243] T c0f520b6e3a743bd81c890dfa2a6f66c P 7d790b770ce24a16929c3662bc85abc0 [term 2 FOLLOWER]: Raft consensus shutting down.
I20260710 13:16:38.380373   431 raft_consensus.cc:2272] T c0f520b6e3a743bd81c890dfa2a6f66c P 7d790b770ce24a16929c3662bc85abc0 [term 2 FOLLOWER]: Raft consensus is shut down!
I20260710 13:16:38.382383   431 tablet_replica.cc:333] T d307fca4d9874039885ba302501a360d P 7d790b770ce24a16929c3662bc85abc0: stopping tablet replica
W20260710 13:16:38.382640  1179 consensus_peers.cc:597] T 122c96ab41ab4ba49270f7a63af46676 P 19f9ce5b5aa047ef9b05e87a8e8e10b4 -> Peer 4827ce49584e4632b8f719d5d1ff5f6a (127.0.107.193:40587): Couldn't send request to peer 4827ce49584e4632b8f719d5d1ff5f6a. Status: Network error: Client connection negotiation failed: client connection to 127.0.107.193:40587: connect: Connection refused (error 111). This is attempt 1: this message will repeat every 5th retry.
I20260710 13:16:38.382860   431 raft_consensus.cc:2243] T d307fca4d9874039885ba302501a360d P 7d790b770ce24a16929c3662bc85abc0 [term 5 LEADER]: Raft consensus shutting down.
I20260710 13:16:38.383589   431 raft_consensus.cc:2272] T d307fca4d9874039885ba302501a360d P 7d790b770ce24a16929c3662bc85abc0 [term 5 FOLLOWER]: Raft consensus is shut down!
I20260710 13:16:38.385340   431 tablet_replica.cc:333] T ac23d48a56884f3fb01dc03fb65a9ff8 P 7d790b770ce24a16929c3662bc85abc0: stopping tablet replica
I20260710 13:16:38.385795   431 raft_consensus.cc:2243] T ac23d48a56884f3fb01dc03fb65a9ff8 P 7d790b770ce24a16929c3662bc85abc0 [term 3 LEADER]: Raft consensus shutting down.
I20260710 13:16:38.386444   431 raft_consensus.cc:2272] T ac23d48a56884f3fb01dc03fb65a9ff8 P 7d790b770ce24a16929c3662bc85abc0 [term 3 FOLLOWER]: Raft consensus is shut down!
I20260710 13:16:38.388110   431 tablet_replica.cc:333] T 122c96ab41ab4ba49270f7a63af46676 P 7d790b770ce24a16929c3662bc85abc0: stopping tablet replica
I20260710 13:16:38.388574   431 raft_consensus.cc:2243] T 122c96ab41ab4ba49270f7a63af46676 P 7d790b770ce24a16929c3662bc85abc0 [term 3 FOLLOWER]: Raft consensus shutting down.
I20260710 13:16:38.388952   431 raft_consensus.cc:2272] T 122c96ab41ab4ba49270f7a63af46676 P 7d790b770ce24a16929c3662bc85abc0 [term 3 FOLLOWER]: Raft consensus is shut down!
I20260710 13:16:38.390775   431 tablet_replica.cc:333] T 0ec1011e0ea84611b443d726fff273b3 P 7d790b770ce24a16929c3662bc85abc0: stopping tablet replica
I20260710 13:16:38.391216   431 raft_consensus.cc:2243] T 0ec1011e0ea84611b443d726fff273b3 P 7d790b770ce24a16929c3662bc85abc0 [term 2 FOLLOWER]: Raft consensus shutting down.
I20260710 13:16:38.391664   431 raft_consensus.cc:2272] T 0ec1011e0ea84611b443d726fff273b3 P 7d790b770ce24a16929c3662bc85abc0 [term 2 FOLLOWER]: Raft consensus is shut down!
I20260710 13:16:38.418766   431 tablet_server.cc:196] TabletServer@127.0.107.194:0 shutdown complete.
I20260710 13:16:38.437039   431 tablet_server.cc:179] TabletServer@127.0.107.195:0 shutting down...
W20260710 13:16:38.446768  1178 consensus_peers.cc:597] T 122c96ab41ab4ba49270f7a63af46676 P 19f9ce5b5aa047ef9b05e87a8e8e10b4 -> Peer 7d790b770ce24a16929c3662bc85abc0 (127.0.107.194:43841): Couldn't send request to peer 7d790b770ce24a16929c3662bc85abc0. Status: Network error: Client connection negotiation failed: client connection to 127.0.107.194:43841: connect: Connection refused (error 111). This is attempt 1: this message will repeat every 5th retry.
I20260710 13:16:38.461026   431 ts_tablet_manager.cc:1507] Shutting down tablet manager...
I20260710 13:16:38.461827   431 tablet_replica.cc:333] T a665e774c6ae4a8aaaccc58819fca4a7 P 19f9ce5b5aa047ef9b05e87a8e8e10b4: stopping tablet replica
I20260710 13:16:38.462677   431 raft_consensus.cc:2243] T a665e774c6ae4a8aaaccc58819fca4a7 P 19f9ce5b5aa047ef9b05e87a8e8e10b4 [term 2 FOLLOWER]: Raft consensus shutting down.
I20260710 13:16:38.463349   431 raft_consensus.cc:2272] T a665e774c6ae4a8aaaccc58819fca4a7 P 19f9ce5b5aa047ef9b05e87a8e8e10b4 [term 2 FOLLOWER]: Raft consensus is shut down!
W20260710 13:16:38.466138  1178 consensus_peers.cc:597] T 0ec1011e0ea84611b443d726fff273b3 P 19f9ce5b5aa047ef9b05e87a8e8e10b4 -> Peer 7d790b770ce24a16929c3662bc85abc0 (127.0.107.194:43841): Couldn't send request to peer 7d790b770ce24a16929c3662bc85abc0. Status: Network error: Client connection negotiation failed: client connection to 127.0.107.194:43841: connect: Connection refused (error 111). This is attempt 1: this message will repeat every 5th retry.
I20260710 13:16:38.467960   431 tablet_replica.cc:333] T b12f5556de87479798a17928ed7ab2d6 P 19f9ce5b5aa047ef9b05e87a8e8e10b4: stopping tablet replica
I20260710 13:16:38.468750   431 raft_consensus.cc:2243] T b12f5556de87479798a17928ed7ab2d6 P 19f9ce5b5aa047ef9b05e87a8e8e10b4 [term 3 FOLLOWER]: Raft consensus shutting down.
I20260710 13:16:38.469277   431 raft_consensus.cc:2272] T b12f5556de87479798a17928ed7ab2d6 P 19f9ce5b5aa047ef9b05e87a8e8e10b4 [term 3 FOLLOWER]: Raft consensus is shut down!
I20260710 13:16:38.471472   431 tablet_replica.cc:333] T ac23d48a56884f3fb01dc03fb65a9ff8 P 19f9ce5b5aa047ef9b05e87a8e8e10b4: stopping tablet replica
I20260710 13:16:38.472146   431 raft_consensus.cc:2243] T ac23d48a56884f3fb01dc03fb65a9ff8 P 19f9ce5b5aa047ef9b05e87a8e8e10b4 [term 3 FOLLOWER]: Raft consensus shutting down.
I20260710 13:16:38.472645   431 raft_consensus.cc:2272] T ac23d48a56884f3fb01dc03fb65a9ff8 P 19f9ce5b5aa047ef9b05e87a8e8e10b4 [term 3 FOLLOWER]: Raft consensus is shut down!
I20260710 13:16:38.475343   431 tablet_replica.cc:333] T fcec276085dd4460ab99c7e1a0d7d4f3 P 19f9ce5b5aa047ef9b05e87a8e8e10b4: stopping tablet replica
I20260710 13:16:38.476065   431 raft_consensus.cc:2243] T fcec276085dd4460ab99c7e1a0d7d4f3 P 19f9ce5b5aa047ef9b05e87a8e8e10b4 [term 3 FOLLOWER]: Raft consensus shutting down.
I20260710 13:16:38.476524   431 raft_consensus.cc:2272] T fcec276085dd4460ab99c7e1a0d7d4f3 P 19f9ce5b5aa047ef9b05e87a8e8e10b4 [term 3 FOLLOWER]: Raft consensus is shut down!
I20260710 13:16:38.478506   431 tablet_replica.cc:333] T e1ead2b43c7f465ebbad63d99b074d00 P 19f9ce5b5aa047ef9b05e87a8e8e10b4: stopping tablet replica
I20260710 13:16:38.479024   431 raft_consensus.cc:2243] T e1ead2b43c7f465ebbad63d99b074d00 P 19f9ce5b5aa047ef9b05e87a8e8e10b4 [term 2 LEADER]: Raft consensus shutting down.
I20260710 13:16:38.479697   431 raft_consensus.cc:2272] T e1ead2b43c7f465ebbad63d99b074d00 P 19f9ce5b5aa047ef9b05e87a8e8e10b4 [term 2 FOLLOWER]: Raft consensus is shut down!
I20260710 13:16:38.481675   431 tablet_replica.cc:333] T 0ec1011e0ea84611b443d726fff273b3 P 19f9ce5b5aa047ef9b05e87a8e8e10b4: stopping tablet replica
I20260710 13:16:38.482174   431 raft_consensus.cc:2243] T 0ec1011e0ea84611b443d726fff273b3 P 19f9ce5b5aa047ef9b05e87a8e8e10b4 [term 2 LEADER]: Raft consensus shutting down.
I20260710 13:16:38.482940   431 raft_consensus.cc:2272] T 0ec1011e0ea84611b443d726fff273b3 P 19f9ce5b5aa047ef9b05e87a8e8e10b4 [term 2 FOLLOWER]: Raft consensus is shut down!
I20260710 13:16:38.484719   431 tablet_replica.cc:333] T 122c96ab41ab4ba49270f7a63af46676 P 19f9ce5b5aa047ef9b05e87a8e8e10b4: stopping tablet replica
I20260710 13:16:38.485198   431 raft_consensus.cc:2243] T 122c96ab41ab4ba49270f7a63af46676 P 19f9ce5b5aa047ef9b05e87a8e8e10b4 [term 3 LEADER]: Raft consensus shutting down.
I20260710 13:16:38.485915   431 raft_consensus.cc:2272] T 122c96ab41ab4ba49270f7a63af46676 P 19f9ce5b5aa047ef9b05e87a8e8e10b4 [term 3 FOLLOWER]: Raft consensus is shut down!
I20260710 13:16:38.487751   431 tablet_replica.cc:333] T 4ac30dd47fd14f34a04c55b76d7a30ef P 19f9ce5b5aa047ef9b05e87a8e8e10b4: stopping tablet replica
I20260710 13:16:38.488370   431 raft_consensus.cc:2243] T 4ac30dd47fd14f34a04c55b76d7a30ef P 19f9ce5b5aa047ef9b05e87a8e8e10b4 [term 3 FOLLOWER]: Raft consensus shutting down.
I20260710 13:16:38.488773   431 raft_consensus.cc:2272] T 4ac30dd47fd14f34a04c55b76d7a30ef P 19f9ce5b5aa047ef9b05e87a8e8e10b4 [term 3 FOLLOWER]: Raft consensus is shut down!
I20260710 13:16:38.490391   431 tablet_replica.cc:333] T c0f520b6e3a743bd81c890dfa2a6f66c P 19f9ce5b5aa047ef9b05e87a8e8e10b4: stopping tablet replica
I20260710 13:16:38.490839   431 raft_consensus.cc:2243] T c0f520b6e3a743bd81c890dfa2a6f66c P 19f9ce5b5aa047ef9b05e87a8e8e10b4 [term 2 FOLLOWER]: Raft consensus shutting down.
I20260710 13:16:38.491240   431 raft_consensus.cc:2272] T c0f520b6e3a743bd81c890dfa2a6f66c P 19f9ce5b5aa047ef9b05e87a8e8e10b4 [term 2 FOLLOWER]: Raft consensus is shut down!
I20260710 13:16:38.492767   431 tablet_replica.cc:333] T d307fca4d9874039885ba302501a360d P 19f9ce5b5aa047ef9b05e87a8e8e10b4: stopping tablet replica
I20260710 13:16:38.493183   431 raft_consensus.cc:2243] T d307fca4d9874039885ba302501a360d P 19f9ce5b5aa047ef9b05e87a8e8e10b4 [term 5 FOLLOWER]: Raft consensus shutting down.
I20260710 13:16:38.493659   431 raft_consensus.cc:2272] T d307fca4d9874039885ba302501a360d P 19f9ce5b5aa047ef9b05e87a8e8e10b4 [term 5 FOLLOWER]: Raft consensus is shut down!
I20260710 13:16:38.523350   431 tablet_server.cc:196] TabletServer@127.0.107.195:0 shutdown complete.
I20260710 13:16:38.542896   431 master.cc:562] Master@127.0.107.254:34475 shutting down...
I20260710 13:16:38.564289   431 raft_consensus.cc:2243] T 00000000000000000000000000000000 P 0bc641883d0e4dec9960d3a51bd1013b [term 1 LEADER]: Raft consensus shutting down.
I20260710 13:16:38.564814   431 raft_consensus.cc:2272] T 00000000000000000000000000000000 P 0bc641883d0e4dec9960d3a51bd1013b [term 1 FOLLOWER]: Raft consensus is shut down!
I20260710 13:16:38.565163   431 tablet_replica.cc:333] T 00000000000000000000000000000000 P 0bc641883d0e4dec9960d3a51bd1013b: stopping tablet replica
I20260710 13:16:38.604168   431 master.cc:584] Master@127.0.107.254:34475 shutdown complete.
19f9ce5b5aa047ef9b05e87a8e8e10b4  1
4827ce49584e4632b8f719d5d1ff5f6a  5
7d790b770ce24a16929c3662bc85abc0  4
[       OK ] LeaderRebalancerTest.FunctionalTestForNotDivided (11667 ms)
[ RUN      ] LeaderRebalancerTest.AddTserver
I20260710 13:16:38.647346   431 internal_mini_cluster.cc:156] Creating distributed mini masters. Addrs: 127.0.107.254:35639
I20260710 13:16:38.648566   431 file_cache.cc:504] Constructed file cache file cache with capacity 419430
W20260710 13:16:38.654524  1436 instance_detector.cc:116] could not retrieve Azure instance metadata: Network error: curl error: HTTP response code said error: The requested URL returned error: 404
W20260710 13:16:38.654704  1435 instance_detector.cc:116] could not retrieve AWS instance metadata: Network error: curl error: HTTP response code said error: The requested URL returned error: 404
W20260710 13:16:38.655099  1438 instance_detector.cc:116] could not retrieve OpenStack instance metadata: Network error: curl error: HTTP response code said error: The requested URL returned error: 404
I20260710 13:16:38.656423   431 server_base.cc:1061] running on GCE node
I20260710 13:16:38.657246   431 hybrid_clock.cc:584] initializing the hybrid clock with 'system_unsync' time source
W20260710 13:16:38.657560   431 system_unsync_time.cc:38] NTP support is disabled. Clock error bounds will not be accurate. This configuration is not suitable for distributed clusters.
I20260710 13:16:38.657737   431 hybrid_clock.cc:648] HybridClock initialized: now 1783689398657703 us; error 0 us; skew 500 ppm
I20260710 13:16:38.658288   431 server_base.cc:861] Flag tcmalloc_max_total_thread_cache_bytes is not working since tcmalloc is not enabled.
I20260710 13:16:38.661597   431 webserver.cc:533] Webserver started at http://127.0.107.254:37889/ using document root <none> and password file <none>
I20260710 13:16:38.662127   431 fs_manager.cc:362] Metadata directory not provided
I20260710 13:16:38.662303   431 fs_manager.cc:368] Using write-ahead log directory (fs_wal_dir) as metadata directory
I20260710 13:16:38.662642   431 server_base.cc:909] This appears to be a new deployment of Kudu; creating new FS layout
I20260710 13:16:38.663708   431 fs_manager.cc:1068] Generated new instance metadata in path /tmp/dist-test-task0Rfhvu/test-tmp/auto_leader_rebalancer-test.0.LeaderRebalancerTest.AddTserver.1783689373817772-431-0/minicluster-data/master-0-root/instance:
uuid: "ca06822961d14c0da9398e6150fbb779"
format_stamp: "Formatted at 2026-07-10 13:16:38 on dist-test-slave-dgm9"
I20260710 13:16:38.668076   431 fs_manager.cc:696] Time spent creating directory manager: real 0.004s	user 0.006s	sys 0.000s
I20260710 13:16:38.671469  1443 log_block_manager.cc:4127] Time spent loading block containers with low live blocks: real 0.000s	user 0.000s	sys 0.000s
I20260710 13:16:38.672290   431 fs_manager.cc:730] Time spent opening block manager: real 0.002s	user 0.002s	sys 0.000s
I20260710 13:16:38.672583   431 fs_manager.cc:647] Opened local filesystem: /tmp/dist-test-task0Rfhvu/test-tmp/auto_leader_rebalancer-test.0.LeaderRebalancerTest.AddTserver.1783689373817772-431-0/minicluster-data/master-0-root
uuid: "ca06822961d14c0da9398e6150fbb779"
format_stamp: "Formatted at 2026-07-10 13:16:38 on dist-test-slave-dgm9"
I20260710 13:16:38.672871   431 fs_report.cc:389] FS layout report
--------------------
wal directory: /tmp/dist-test-task0Rfhvu/test-tmp/auto_leader_rebalancer-test.0.LeaderRebalancerTest.AddTserver.1783689373817772-431-0/minicluster-data/master-0-root
metadata directory: /tmp/dist-test-task0Rfhvu/test-tmp/auto_leader_rebalancer-test.0.LeaderRebalancerTest.AddTserver.1783689373817772-431-0/minicluster-data/master-0-root
1 data directories: /tmp/dist-test-task0Rfhvu/test-tmp/auto_leader_rebalancer-test.0.LeaderRebalancerTest.AddTserver.1783689373817772-431-0/minicluster-data/master-0-root/data
Total live blocks: 0
Total live bytes: 0
Total live bytes (after alignment): 0
Total number of LBM containers: 0 (0 full)
Did not check for missing blocks
Did not check for orphaned blocks
Total full LBM containers with extra space: 0 (0 repaired)
Total full LBM container extra space in bytes: 0 (0 repaired)
Total incomplete LBM containers: 0 (0 repaired)
Total LBM partial records: 0 (0 repaired)
Total corrupted LBM metadata records in RocksDB: 0 (0 repaired)
I20260710 13:16:38.697758   431 rpc_server.cc:225] running with OpenSSL 1.1.1  11 Sep 2018
I20260710 13:16:38.698997   431 kserver.cc:163] Server-wide thread pool size limit: 3276
I20260710 13:16:38.774995   431 rpc_server.cc:307] RPC server started. Bound to: 127.0.107.254:35639
I20260710 13:16:38.775113  1494 acceptor_pool.cc:272] collecting diagnostics on the listening RPC socket 127.0.107.254:35639 every 8 connection(s)
I20260710 13:16:38.778930  1495 data_dirs.cc:400] Could only allocate 1 dirs of requested 3 for tablet 00000000000000000000000000000000. 1 dirs total, 0 dirs full, 0 dirs failed
I20260710 13:16:38.797096  1495 tablet_bootstrap.cc:492] T 00000000000000000000000000000000 P ca06822961d14c0da9398e6150fbb779: Bootstrap starting.
I20260710 13:16:38.802023  1495 tablet_bootstrap.cc:654] T 00000000000000000000000000000000 P ca06822961d14c0da9398e6150fbb779: Neither blocks nor log segments found. Creating new log.
I20260710 13:16:38.806406  1495 tablet_bootstrap.cc:492] T 00000000000000000000000000000000 P ca06822961d14c0da9398e6150fbb779: No bootstrap required, opened a new log
I20260710 13:16:38.808538  1495 raft_consensus.cc:359] T 00000000000000000000000000000000 P ca06822961d14c0da9398e6150fbb779 [term 0 FOLLOWER]: Replica starting. Triggering 0 pending ops. Active config: opid_index: -1 OBSOLETE_local: true peers { permanent_uuid: "ca06822961d14c0da9398e6150fbb779" member_type: VOTER }
I20260710 13:16:38.808892  1495 raft_consensus.cc:385] T 00000000000000000000000000000000 P ca06822961d14c0da9398e6150fbb779 [term 0 FOLLOWER]: Consensus starting up: Expiring failure detector timer to make a prompt election more likely
I20260710 13:16:38.809178  1495 raft_consensus.cc:740] T 00000000000000000000000000000000 P ca06822961d14c0da9398e6150fbb779 [term 0 FOLLOWER]: Becoming Follower/Learner. State: Replica: ca06822961d14c0da9398e6150fbb779, State: Initialized, Role: FOLLOWER
I20260710 13:16:38.809753  1495 consensus_queue.cc:260] T 00000000000000000000000000000000 P ca06822961d14c0da9398e6150fbb779 [NON_LEADER]: Queue going to NON_LEADER mode. State: All replicated index: 0, Majority replicated index: 0, Committed index: 0, Last appended: 0.0, Last appended by leader: 0, Current term: 0, Majority size: -1, State: 0, Mode: NON_LEADER, active raft config: opid_index: -1 OBSOLETE_local: true peers { permanent_uuid: "ca06822961d14c0da9398e6150fbb779" member_type: VOTER }
I20260710 13:16:38.810187  1495 raft_consensus.cc:399] T 00000000000000000000000000000000 P ca06822961d14c0da9398e6150fbb779 [term 0 FOLLOWER]: Only one voter in the Raft config. Triggering election immediately
I20260710 13:16:38.810458  1495 raft_consensus.cc:493] T 00000000000000000000000000000000 P ca06822961d14c0da9398e6150fbb779 [term 0 FOLLOWER]: Starting leader election (initial election of a single-replica configuration)
I20260710 13:16:38.810704  1495 raft_consensus.cc:3060] T 00000000000000000000000000000000 P ca06822961d14c0da9398e6150fbb779 [term 0 FOLLOWER]: Advancing to term 1
I20260710 13:16:38.879364  1495 raft_consensus.cc:515] T 00000000000000000000000000000000 P ca06822961d14c0da9398e6150fbb779 [term 1 FOLLOWER]: Starting leader election with config: opid_index: -1 OBSOLETE_local: true peers { permanent_uuid: "ca06822961d14c0da9398e6150fbb779" member_type: VOTER }
I20260710 13:16:38.880146  1495 leader_election.cc:304] T 00000000000000000000000000000000 P ca06822961d14c0da9398e6150fbb779 [CANDIDATE]: Term 1 election: Election decided. Result: candidate won. Election summary: received 1 responses out of 1 voters: 1 yes votes; 0 no votes. yes voters: ca06822961d14c0da9398e6150fbb779; no voters: 
I20260710 13:16:38.881651  1495 leader_election.cc:290] T 00000000000000000000000000000000 P ca06822961d14c0da9398e6150fbb779 [CANDIDATE]: Term 1 election: Requested vote from peers 
I20260710 13:16:38.881953  1498 raft_consensus.cc:2804] T 00000000000000000000000000000000 P ca06822961d14c0da9398e6150fbb779 [term 1 FOLLOWER]: Leader election won for term 1
I20260710 13:16:38.885072  1498 raft_consensus.cc:697] T 00000000000000000000000000000000 P ca06822961d14c0da9398e6150fbb779 [term 1 LEADER]: Becoming Leader. State: Replica: ca06822961d14c0da9398e6150fbb779, State: Running, Role: LEADER
I20260710 13:16:38.885814  1498 consensus_queue.cc:237] T 00000000000000000000000000000000 P ca06822961d14c0da9398e6150fbb779 [LEADER]: Queue going to LEADER mode. State: All replicated index: 0, Majority replicated index: 0, Committed index: 0, Last appended: 0.0, Last appended by leader: 0, Current term: 1, Majority size: 1, State: 0, Mode: LEADER, active raft config: opid_index: -1 OBSOLETE_local: true peers { permanent_uuid: "ca06822961d14c0da9398e6150fbb779" member_type: VOTER }
I20260710 13:16:38.886322  1495 sys_catalog.cc:565] T 00000000000000000000000000000000 P ca06822961d14c0da9398e6150fbb779 [sys.catalog]: configured and running, proceeding with master startup.
I20260710 13:16:38.890540  1499 sys_catalog.cc:455] T 00000000000000000000000000000000 P ca06822961d14c0da9398e6150fbb779 [sys.catalog]: SysCatalogTable state changed. Reason: RaftConsensus started. Latest consensus state: current_term: 1 leader_uuid: "ca06822961d14c0da9398e6150fbb779" committed_config { opid_index: -1 OBSOLETE_local: true peers { permanent_uuid: "ca06822961d14c0da9398e6150fbb779" member_type: VOTER } }
I20260710 13:16:38.891255  1499 sys_catalog.cc:458] T 00000000000000000000000000000000 P ca06822961d14c0da9398e6150fbb779 [sys.catalog]: This master's current role is: LEADER
I20260710 13:16:38.891526  1500 sys_catalog.cc:455] T 00000000000000000000000000000000 P ca06822961d14c0da9398e6150fbb779 [sys.catalog]: SysCatalogTable state changed. Reason: New leader ca06822961d14c0da9398e6150fbb779. Latest consensus state: current_term: 1 leader_uuid: "ca06822961d14c0da9398e6150fbb779" committed_config { opid_index: -1 OBSOLETE_local: true peers { permanent_uuid: "ca06822961d14c0da9398e6150fbb779" member_type: VOTER } }
I20260710 13:16:38.892499  1500 sys_catalog.cc:458] T 00000000000000000000000000000000 P ca06822961d14c0da9398e6150fbb779 [sys.catalog]: This master's current role is: LEADER
I20260710 13:16:38.895607  1506 catalog_manager.cc:1511] Loading table and tablet metadata into memory...
I20260710 13:16:38.901858  1506 catalog_manager.cc:1520] Initializing Kudu cluster ID...
I20260710 13:16:38.903133   431 internal_mini_cluster.cc:184] Waiting to initialize catalog manager on master 0
I20260710 13:16:38.911329  1506 catalog_manager.cc:1383] Generated new cluster ID: c2e8d1518e8142ebace68b72aec18a4d
I20260710 13:16:38.911640  1506 catalog_manager.cc:1531] Initializing Kudu internal certificate authority...
I20260710 13:16:38.930999  1506 catalog_manager.cc:1406] Generated new certificate authority record
I20260710 13:16:38.932281  1506 catalog_manager.cc:1540] Loading token signing keys...
I20260710 13:16:38.947481  1506 catalog_manager.cc:6070] T 00000000000000000000000000000000 P ca06822961d14c0da9398e6150fbb779: Generated new TSK 0
I20260710 13:16:38.948261  1506 catalog_manager.cc:1550] Initializing in-progress tserver states...
I20260710 13:16:38.970168   431 file_cache.cc:504] Constructed file cache file cache with capacity 419430
W20260710 13:16:38.976856  1516 instance_detector.cc:116] could not retrieve AWS instance metadata: Network error: curl error: HTTP response code said error: The requested URL returned error: 404
W20260710 13:16:38.977146  1517 instance_detector.cc:116] could not retrieve Azure instance metadata: Network error: curl error: HTTP response code said error: The requested URL returned error: 404
W20260710 13:16:38.980320  1519 instance_detector.cc:116] could not retrieve OpenStack instance metadata: Network error: curl error: HTTP response code said error: The requested URL returned error: 404
I20260710 13:16:38.981145   431 server_base.cc:1061] running on GCE node
I20260710 13:16:38.982100   431 hybrid_clock.cc:584] initializing the hybrid clock with 'system_unsync' time source
W20260710 13:16:38.982456   431 system_unsync_time.cc:38] NTP support is disabled. Clock error bounds will not be accurate. This configuration is not suitable for distributed clusters.
I20260710 13:16:38.982682   431 hybrid_clock.cc:648] HybridClock initialized: now 1783689398982661 us; error 0 us; skew 500 ppm
I20260710 13:16:38.983320   431 server_base.cc:861] Flag tcmalloc_max_total_thread_cache_bytes is not working since tcmalloc is not enabled.
I20260710 13:16:38.986131   431 webserver.cc:533] Webserver started at http://127.0.107.193:46603/ using document root <none> and password file <none>
I20260710 13:16:38.986685   431 fs_manager.cc:362] Metadata directory not provided
I20260710 13:16:38.986913   431 fs_manager.cc:368] Using write-ahead log directory (fs_wal_dir) as metadata directory
I20260710 13:16:38.987217   431 server_base.cc:909] This appears to be a new deployment of Kudu; creating new FS layout
