I20260710 13:16:48.323225  1457 catalog_manager.cc:5697] T 921d0c3516224f308b64f9280c5a4ca7 P 623904e29ce14b5c9094d1f39bef7ac1 reported cstate change: config changed from index -1 to 2, NON_VOTER f2475ac47bc340f1ab569756a1ef6f32 (127.0.107.196) added. New cstate: current_term: 1 leader_uuid: "a628ce1f35e24bf388284da0459a2066" committed_config { opid_index: 2 OBSOLETE_local: false peers { permanent_uuid: "623904e29ce14b5c9094d1f39bef7ac1" member_type: VOTER last_known_addr { host: "127.0.107.193" port: 33609 } attrs { replace: true } } peers { permanent_uuid: "d8be1c4e4d6041e39401624dfd3549dd" member_type: VOTER last_known_addr { host: "127.0.107.194" port: 35723 } } peers { permanent_uuid: "a628ce1f35e24bf388284da0459a2066" member_type: VOTER last_known_addr { host: "127.0.107.195" port: 45757 } } peers { permanent_uuid: "f2475ac47bc340f1ab569756a1ef6f32" member_type: NON_VOTER last_known_addr { host: "127.0.107.196" port: 45991 } attrs { promote: true } } }
W20260710 13:16:48.329807  1677 consensus_peers.cc:597] T ac35b05de9e44a2788d9b00745ca86f6 P a628ce1f35e24bf388284da0459a2066 -> Peer f2475ac47bc340f1ab569756a1ef6f32 (127.0.107.196:45991): Couldn't send request to peer f2475ac47bc340f1ab569756a1ef6f32. Error code: TABLET_NOT_FOUND (6). Status: Not found: Tablet not found: ac35b05de9e44a2788d9b00745ca86f6. This is attempt 1: this message will repeat every 5th retry.
I20260710 13:16:48.329843  1635 raft_consensus.cc:1275] T ac35b05de9e44a2788d9b00745ca86f6 P d8be1c4e4d6041e39401624dfd3549dd [term 1 FOLLOWER]: Refusing update from remote peer a628ce1f35e24bf388284da0459a2066: Log matching property violated. Preceding OpId in replica: term: 1 index: 1. Preceding OpId from leader: term: 1 index: 2. (index mismatch)
I20260710 13:16:48.330602  1559 raft_consensus.cc:1275] T ac35b05de9e44a2788d9b00745ca86f6 P 623904e29ce14b5c9094d1f39bef7ac1 [term 1 FOLLOWER]: Refusing update from remote peer a628ce1f35e24bf388284da0459a2066: Log matching property violated. Preceding OpId in replica: term: 1 index: 1. Preceding OpId from leader: term: 1 index: 2. (index mismatch)
I20260710 13:16:48.331501  2110 consensus_queue.cc:1048] T ac35b05de9e44a2788d9b00745ca86f6 P a628ce1f35e24bf388284da0459a2066 [LEADER]: Connected to new peer: Peer: permanent_uuid: "d8be1c4e4d6041e39401624dfd3549dd" member_type: VOTER last_known_addr { host: "127.0.107.194" port: 35723 } attrs { replace: true }, Status: LMP_MISMATCH, Last received: 0.0, Next index: 2, Last known committed idx: 1, Time since last communication: 0.000s
I20260710 13:16:48.332315  2111 consensus_queue.cc:1048] T ac35b05de9e44a2788d9b00745ca86f6 P a628ce1f35e24bf388284da0459a2066 [LEADER]: Connected to new peer: Peer: permanent_uuid: "623904e29ce14b5c9094d1f39bef7ac1" member_type: VOTER last_known_addr { host: "127.0.107.193" port: 33609 }, Status: LMP_MISMATCH, Last received: 0.0, Next index: 2, Last known committed idx: 1, Time since last communication: 0.000s
I20260710 13:16:48.340925  2111 raft_consensus.cc:2955] T ac35b05de9e44a2788d9b00745ca86f6 P a628ce1f35e24bf388284da0459a2066 [term 1 LEADER]: Committing config change with OpId 1.2: config changed from index -1 to 2, NON_VOTER f2475ac47bc340f1ab569756a1ef6f32 (127.0.107.196) added. New config: { opid_index: 2 OBSOLETE_local: false peers { permanent_uuid: "623904e29ce14b5c9094d1f39bef7ac1" member_type: VOTER last_known_addr { host: "127.0.107.193" port: 33609 } } peers { permanent_uuid: "d8be1c4e4d6041e39401624dfd3549dd" member_type: VOTER last_known_addr { host: "127.0.107.194" port: 35723 } attrs { replace: true } } peers { permanent_uuid: "a628ce1f35e24bf388284da0459a2066" member_type: VOTER last_known_addr { host: "127.0.107.195" port: 45757 } } peers { permanent_uuid: "f2475ac47bc340f1ab569756a1ef6f32" member_type: NON_VOTER last_known_addr { host: "127.0.107.196" port: 45991 } attrs { promote: true } } }
I20260710 13:16:48.341866  1635 raft_consensus.cc:2955] T ac35b05de9e44a2788d9b00745ca86f6 P d8be1c4e4d6041e39401624dfd3549dd [term 1 FOLLOWER]: Committing config change with OpId 1.2: config changed from index -1 to 2, NON_VOTER f2475ac47bc340f1ab569756a1ef6f32 (127.0.107.196) added. New config: { opid_index: 2 OBSOLETE_local: false peers { permanent_uuid: "623904e29ce14b5c9094d1f39bef7ac1" member_type: VOTER last_known_addr { host: "127.0.107.193" port: 33609 } } peers { permanent_uuid: "d8be1c4e4d6041e39401624dfd3549dd" member_type: VOTER last_known_addr { host: "127.0.107.194" port: 35723 } attrs { replace: true } } peers { permanent_uuid: "a628ce1f35e24bf388284da0459a2066" member_type: VOTER last_known_addr { host: "127.0.107.195" port: 45757 } } peers { permanent_uuid: "f2475ac47bc340f1ab569756a1ef6f32" member_type: NON_VOTER last_known_addr { host: "127.0.107.196" port: 45991 } attrs { promote: true } } }
I20260710 13:16:48.349946  1559 raft_consensus.cc:2955] T ac35b05de9e44a2788d9b00745ca86f6 P 623904e29ce14b5c9094d1f39bef7ac1 [term 1 FOLLOWER]: Committing config change with OpId 1.2: config changed from index -1 to 2, NON_VOTER f2475ac47bc340f1ab569756a1ef6f32 (127.0.107.196) added. New config: { opid_index: 2 OBSOLETE_local: false peers { permanent_uuid: "623904e29ce14b5c9094d1f39bef7ac1" member_type: VOTER last_known_addr { host: "127.0.107.193" port: 33609 } } peers { permanent_uuid: "d8be1c4e4d6041e39401624dfd3549dd" member_type: VOTER last_known_addr { host: "127.0.107.194" port: 35723 } attrs { replace: true } } peers { permanent_uuid: "a628ce1f35e24bf388284da0459a2066" member_type: VOTER last_known_addr { host: "127.0.107.195" port: 45757 } } peers { permanent_uuid: "f2475ac47bc340f1ab569756a1ef6f32" member_type: NON_VOTER last_known_addr { host: "127.0.107.196" port: 45991 } attrs { promote: true } } }
I20260710 13:16:48.353904  1457 catalog_manager.cc:5697] T ac35b05de9e44a2788d9b00745ca86f6 P d8be1c4e4d6041e39401624dfd3549dd reported cstate change: config changed from index -1 to 2, NON_VOTER f2475ac47bc340f1ab569756a1ef6f32 (127.0.107.196) added. New cstate: current_term: 1 leader_uuid: "a628ce1f35e24bf388284da0459a2066" committed_config { opid_index: 2 OBSOLETE_local: false peers { permanent_uuid: "623904e29ce14b5c9094d1f39bef7ac1" member_type: VOTER last_known_addr { host: "127.0.107.193" port: 33609 } } peers { permanent_uuid: "d8be1c4e4d6041e39401624dfd3549dd" member_type: VOTER last_known_addr { host: "127.0.107.194" port: 35723 } attrs { replace: true } } peers { permanent_uuid: "a628ce1f35e24bf388284da0459a2066" member_type: VOTER last_known_addr { host: "127.0.107.195" port: 45757 } } peers { permanent_uuid: "f2475ac47bc340f1ab569756a1ef6f32" member_type: NON_VOTER last_known_addr { host: "127.0.107.196" port: 45991 } attrs { promote: true } } }
I20260710 13:16:48.355967  1633 consensus_queue.cc:237] T 0661644f7f7c49d5b59b4ce6aaaabe27 P d8be1c4e4d6041e39401624dfd3549dd [LEADER]: Queue going to LEADER mode. State: All replicated index: 0, Majority replicated index: 1, Committed index: 1, Last appended: 1.1, Last appended by leader: 0, Current term: 1, Majority size: 2, State: 0, Mode: LEADER, active raft config: opid_index: 2 OBSOLETE_local: false peers { permanent_uuid: "623904e29ce14b5c9094d1f39bef7ac1" member_type: VOTER last_known_addr { host: "127.0.107.193" port: 33609 } } peers { permanent_uuid: "d8be1c4e4d6041e39401624dfd3549dd" member_type: VOTER last_known_addr { host: "127.0.107.194" port: 35723 } } peers { permanent_uuid: "a628ce1f35e24bf388284da0459a2066" member_type: VOTER last_known_addr { host: "127.0.107.195" port: 45757 } attrs { replace: true } } peers { permanent_uuid: "f2475ac47bc340f1ab569756a1ef6f32" member_type: NON_VOTER last_known_addr { host: "127.0.107.196" port: 45991 } attrs { promote: true } }
I20260710 13:16:48.370932  1706 raft_consensus.cc:1275] T 0661644f7f7c49d5b59b4ce6aaaabe27 P a628ce1f35e24bf388284da0459a2066 [term 1 FOLLOWER]: Refusing update from remote peer d8be1c4e4d6041e39401624dfd3549dd: Log matching property violated. Preceding OpId in replica: term: 1 index: 1. Preceding OpId from leader: term: 1 index: 2. (index mismatch)
W20260710 13:16:48.371109  1603 consensus_peers.cc:597] T 0661644f7f7c49d5b59b4ce6aaaabe27 P d8be1c4e4d6041e39401624dfd3549dd -> Peer f2475ac47bc340f1ab569756a1ef6f32 (127.0.107.196:45991): Couldn't send request to peer f2475ac47bc340f1ab569756a1ef6f32. Error code: TABLET_NOT_FOUND (6). Status: Not found: Tablet not found: 0661644f7f7c49d5b59b4ce6aaaabe27. This is attempt 1: this message will repeat every 5th retry.
I20260710 13:16:48.372291  2096 consensus_queue.cc:1048] T 0661644f7f7c49d5b59b4ce6aaaabe27 P d8be1c4e4d6041e39401624dfd3549dd [LEADER]: Connected to new peer: Peer: permanent_uuid: "a628ce1f35e24bf388284da0459a2066" member_type: VOTER last_known_addr { host: "127.0.107.195" port: 45757 } attrs { replace: true }, Status: LMP_MISMATCH, Last received: 0.0, Next index: 2, Last known committed idx: 1, Time since last communication: 0.000s
I20260710 13:16:48.371378  1559 raft_consensus.cc:1275] T 0661644f7f7c49d5b59b4ce6aaaabe27 P 623904e29ce14b5c9094d1f39bef7ac1 [term 1 FOLLOWER]: Refusing update from remote peer d8be1c4e4d6041e39401624dfd3549dd: Log matching property violated. Preceding OpId in replica: term: 1 index: 1. Preceding OpId from leader: term: 1 index: 2. (index mismatch)
I20260710 13:16:48.374228  2096 consensus_queue.cc:1048] T 0661644f7f7c49d5b59b4ce6aaaabe27 P d8be1c4e4d6041e39401624dfd3549dd [LEADER]: Connected to new peer: Peer: permanent_uuid: "623904e29ce14b5c9094d1f39bef7ac1" member_type: VOTER last_known_addr { host: "127.0.107.193" port: 33609 }, Status: LMP_MISMATCH, Last received: 0.0, Next index: 2, Last known committed idx: 1, Time since last communication: 0.000s
I20260710 13:16:48.381495  2096 raft_consensus.cc:2955] T 0661644f7f7c49d5b59b4ce6aaaabe27 P d8be1c4e4d6041e39401624dfd3549dd [term 1 LEADER]: Committing config change with OpId 1.2: config changed from index -1 to 2, NON_VOTER f2475ac47bc340f1ab569756a1ef6f32 (127.0.107.196) added. New config: { opid_index: 2 OBSOLETE_local: false peers { permanent_uuid: "623904e29ce14b5c9094d1f39bef7ac1" member_type: VOTER last_known_addr { host: "127.0.107.193" port: 33609 } } peers { permanent_uuid: "d8be1c4e4d6041e39401624dfd3549dd" member_type: VOTER last_known_addr { host: "127.0.107.194" port: 35723 } } peers { permanent_uuid: "a628ce1f35e24bf388284da0459a2066" member_type: VOTER last_known_addr { host: "127.0.107.195" port: 45757 } attrs { replace: true } } peers { permanent_uuid: "f2475ac47bc340f1ab569756a1ef6f32" member_type: NON_VOTER last_known_addr { host: "127.0.107.196" port: 45991 } attrs { promote: true } } }
I20260710 13:16:48.383172  1706 raft_consensus.cc:2955] T 0661644f7f7c49d5b59b4ce6aaaabe27 P a628ce1f35e24bf388284da0459a2066 [term 1 FOLLOWER]: Committing config change with OpId 1.2: config changed from index -1 to 2, NON_VOTER f2475ac47bc340f1ab569756a1ef6f32 (127.0.107.196) added. New config: { opid_index: 2 OBSOLETE_local: false peers { permanent_uuid: "623904e29ce14b5c9094d1f39bef7ac1" member_type: VOTER last_known_addr { host: "127.0.107.193" port: 33609 } } peers { permanent_uuid: "d8be1c4e4d6041e39401624dfd3549dd" member_type: VOTER last_known_addr { host: "127.0.107.194" port: 35723 } } peers { permanent_uuid: "a628ce1f35e24bf388284da0459a2066" member_type: VOTER last_known_addr { host: "127.0.107.195" port: 45757 } attrs { replace: true } } peers { permanent_uuid: "f2475ac47bc340f1ab569756a1ef6f32" member_type: NON_VOTER last_known_addr { host: "127.0.107.196" port: 45991 } attrs { promote: true } } }
I20260710 13:16:48.401003  1460 catalog_manager.cc:5697] T 0661644f7f7c49d5b59b4ce6aaaabe27 P a628ce1f35e24bf388284da0459a2066 reported cstate change: config changed from index -1 to 2, NON_VOTER f2475ac47bc340f1ab569756a1ef6f32 (127.0.107.196) added. New cstate: current_term: 1 leader_uuid: "d8be1c4e4d6041e39401624dfd3549dd" committed_config { opid_index: 2 OBSOLETE_local: false peers { permanent_uuid: "623904e29ce14b5c9094d1f39bef7ac1" member_type: VOTER last_known_addr { host: "127.0.107.193" port: 33609 } } peers { permanent_uuid: "d8be1c4e4d6041e39401624dfd3549dd" member_type: VOTER last_known_addr { host: "127.0.107.194" port: 35723 } } peers { permanent_uuid: "a628ce1f35e24bf388284da0459a2066" member_type: VOTER last_known_addr { host: "127.0.107.195" port: 45757 } attrs { replace: true } } peers { permanent_uuid: "f2475ac47bc340f1ab569756a1ef6f32" member_type: NON_VOTER last_known_addr { host: "127.0.107.196" port: 45991 } attrs { promote: true } } }
I20260710 13:16:48.404300  1559 raft_consensus.cc:2955] T 0661644f7f7c49d5b59b4ce6aaaabe27 P 623904e29ce14b5c9094d1f39bef7ac1 [term 1 FOLLOWER]: Committing config change with OpId 1.2: config changed from index -1 to 2, NON_VOTER f2475ac47bc340f1ab569756a1ef6f32 (127.0.107.196) added. New config: { opid_index: 2 OBSOLETE_local: false peers { permanent_uuid: "623904e29ce14b5c9094d1f39bef7ac1" member_type: VOTER last_known_addr { host: "127.0.107.193" port: 33609 } } peers { permanent_uuid: "d8be1c4e4d6041e39401624dfd3549dd" member_type: VOTER last_known_addr { host: "127.0.107.194" port: 35723 } } peers { permanent_uuid: "a628ce1f35e24bf388284da0459a2066" member_type: VOTER last_known_addr { host: "127.0.107.195" port: 45757 } attrs { replace: true } } peers { permanent_uuid: "f2475ac47bc340f1ab569756a1ef6f32" member_type: NON_VOTER last_known_addr { host: "127.0.107.196" port: 45991 } attrs { promote: true } } }
I20260710 13:16:48.639775  2132 ts_tablet_manager.cc:933] T b4739130887048808eda5dbb33d69979 P f2475ac47bc340f1ab569756a1ef6f32: Initiating tablet copy from peer a628ce1f35e24bf388284da0459a2066 (127.0.107.195:45757)
I20260710 13:16:48.641597  2132 tablet_copy_client.cc:323] T b4739130887048808eda5dbb33d69979 P f2475ac47bc340f1ab569756a1ef6f32: tablet copy: Beginning tablet copy session from remote peer at address 127.0.107.195:45757
I20260710 13:16:48.643066  1721 tablet_copy_service.cc:140] P a628ce1f35e24bf388284da0459a2066: Received BeginTabletCopySession request for tablet b4739130887048808eda5dbb33d69979 from peer f2475ac47bc340f1ab569756a1ef6f32 ({username='slave'} at 127.0.0.1:60466)
I20260710 13:16:48.643522  1721 tablet_copy_service.cc:161] P a628ce1f35e24bf388284da0459a2066: Beginning new tablet copy session on tablet b4739130887048808eda5dbb33d69979 from peer f2475ac47bc340f1ab569756a1ef6f32 at {username='slave'} at 127.0.0.1:60466: session id = f2475ac47bc340f1ab569756a1ef6f32-b4739130887048808eda5dbb33d69979
I20260710 13:16:48.648162  1721 tablet_copy_source_session.cc:215] T b4739130887048808eda5dbb33d69979 P a628ce1f35e24bf388284da0459a2066: Tablet Copy: opened 0 blocks and 1 log segments
I20260710 13:16:48.650872  2132 data_dirs.cc:400] Could only allocate 1 dirs of requested 3 for tablet b4739130887048808eda5dbb33d69979. 1 dirs total, 0 dirs full, 0 dirs failed
I20260710 13:16:48.661072  2132 tablet_copy_client.cc:806] T b4739130887048808eda5dbb33d69979 P f2475ac47bc340f1ab569756a1ef6f32: tablet copy: Starting download of 0 data blocks...
I20260710 13:16:48.661619  2132 tablet_copy_client.cc:670] T b4739130887048808eda5dbb33d69979 P f2475ac47bc340f1ab569756a1ef6f32: tablet copy: Starting download of 1 WAL segments...
I20260710 13:16:48.664755  2132 tablet_copy_client.cc:538] T b4739130887048808eda5dbb33d69979 P f2475ac47bc340f1ab569756a1ef6f32: tablet copy: Tablet Copy complete. Replacing tablet superblock.
I20260710 13:16:48.673296  2132 tablet_bootstrap.cc:492] T b4739130887048808eda5dbb33d69979 P f2475ac47bc340f1ab569756a1ef6f32: Bootstrap starting.
I20260710 13:16:48.684872  2134 ts_tablet_manager.cc:933] T 921d0c3516224f308b64f9280c5a4ca7 P f2475ac47bc340f1ab569756a1ef6f32: Initiating tablet copy from peer a628ce1f35e24bf388284da0459a2066 (127.0.107.195:45757)
I20260710 13:16:48.687395  2134 tablet_copy_client.cc:323] T 921d0c3516224f308b64f9280c5a4ca7 P f2475ac47bc340f1ab569756a1ef6f32: tablet copy: Beginning tablet copy session from remote peer at address 127.0.107.195:45757
I20260710 13:16:48.689719  1721 tablet_copy_service.cc:140] P a628ce1f35e24bf388284da0459a2066: Received BeginTabletCopySession request for tablet 921d0c3516224f308b64f9280c5a4ca7 from peer f2475ac47bc340f1ab569756a1ef6f32 ({username='slave'} at 127.0.0.1:60466)
I20260710 13:16:48.690251  1721 tablet_copy_service.cc:161] P a628ce1f35e24bf388284da0459a2066: Beginning new tablet copy session on tablet 921d0c3516224f308b64f9280c5a4ca7 from peer f2475ac47bc340f1ab569756a1ef6f32 at {username='slave'} at 127.0.0.1:60466: session id = f2475ac47bc340f1ab569756a1ef6f32-921d0c3516224f308b64f9280c5a4ca7
I20260710 13:16:48.697522  1721 tablet_copy_source_session.cc:215] T 921d0c3516224f308b64f9280c5a4ca7 P a628ce1f35e24bf388284da0459a2066: Tablet Copy: opened 0 blocks and 1 log segments
I20260710 13:16:48.698825  2132 tablet_bootstrap.cc:492] T b4739130887048808eda5dbb33d69979 P f2475ac47bc340f1ab569756a1ef6f32: Bootstrap replayed 1/1 log segments. Stats: ops{read=2 overwritten=0 applied=2 ignored=0} inserts{seen=0 ignored=0} mutations{seen=0 ignored=0} orphaned_commits=0. Pending: 0 replicates
I20260710 13:16:48.699802  2132 tablet_bootstrap.cc:492] T b4739130887048808eda5dbb33d69979 P f2475ac47bc340f1ab569756a1ef6f32: Bootstrap complete.
I20260710 13:16:48.700445  2132 ts_tablet_manager.cc:1403] T b4739130887048808eda5dbb33d69979 P f2475ac47bc340f1ab569756a1ef6f32: Time spent bootstrapping tablet: real 0.027s	user 0.016s	sys 0.004s
I20260710 13:16:48.700660  2134 data_dirs.cc:400] Could only allocate 1 dirs of requested 3 for tablet 921d0c3516224f308b64f9280c5a4ca7. 1 dirs total, 0 dirs full, 0 dirs failed
I20260710 13:16:48.703495  2132 raft_consensus.cc:359] T b4739130887048808eda5dbb33d69979 P f2475ac47bc340f1ab569756a1ef6f32 [term 1 LEARNER]: Replica starting. Triggering 0 pending ops. Active config: opid_index: 2 OBSOLETE_local: false peers { permanent_uuid: "623904e29ce14b5c9094d1f39bef7ac1" member_type: VOTER last_known_addr { host: "127.0.107.193" port: 33609 } } peers { permanent_uuid: "d8be1c4e4d6041e39401624dfd3549dd" member_type: VOTER last_known_addr { host: "127.0.107.194" port: 35723 } attrs { replace: true } } peers { permanent_uuid: "a628ce1f35e24bf388284da0459a2066" member_type: VOTER last_known_addr { host: "127.0.107.195" port: 45757 } } peers { permanent_uuid: "f2475ac47bc340f1ab569756a1ef6f32" member_type: NON_VOTER last_known_addr { host: "127.0.107.196" port: 45991 } attrs { promote: true } }
I20260710 13:16:48.704313  2132 raft_consensus.cc:740] T b4739130887048808eda5dbb33d69979 P f2475ac47bc340f1ab569756a1ef6f32 [term 1 LEARNER]: Becoming Follower/Learner. State: Replica: f2475ac47bc340f1ab569756a1ef6f32, State: Initialized, Role: LEARNER
I20260710 13:16:48.704988  2132 consensus_queue.cc:260] T b4739130887048808eda5dbb33d69979 P f2475ac47bc340f1ab569756a1ef6f32 [NON_LEADER]: Queue going to NON_LEADER mode. State: All replicated index: 0, Majority replicated index: 0, Committed index: 2, Last appended: 1.2, Last appended by leader: 2, Current term: 0, Majority size: -1, State: 0, Mode: NON_LEADER, active raft config: opid_index: 2 OBSOLETE_local: false peers { permanent_uuid: "623904e29ce14b5c9094d1f39bef7ac1" member_type: VOTER last_known_addr { host: "127.0.107.193" port: 33609 } } peers { permanent_uuid: "d8be1c4e4d6041e39401624dfd3549dd" member_type: VOTER last_known_addr { host: "127.0.107.194" port: 35723 } attrs { replace: true } } peers { permanent_uuid: "a628ce1f35e24bf388284da0459a2066" member_type: VOTER last_known_addr { host: "127.0.107.195" port: 45757 } } peers { permanent_uuid: "f2475ac47bc340f1ab569756a1ef6f32" member_type: NON_VOTER last_known_addr { host: "127.0.107.196" port: 45991 } attrs { promote: true } }
I20260710 13:16:48.718106  2132 ts_tablet_manager.cc:1434] T b4739130887048808eda5dbb33d69979 P f2475ac47bc340f1ab569756a1ef6f32: Time spent starting tablet: real 0.017s	user 0.010s	sys 0.008s
I20260710 13:16:48.720743  2134 tablet_copy_client.cc:806] T 921d0c3516224f308b64f9280c5a4ca7 P f2475ac47bc340f1ab569756a1ef6f32: tablet copy: Starting download of 0 data blocks...
I20260710 13:16:48.721357  2134 tablet_copy_client.cc:670] T 921d0c3516224f308b64f9280c5a4ca7 P f2475ac47bc340f1ab569756a1ef6f32: tablet copy: Starting download of 1 WAL segments...
I20260710 13:16:48.723627  1721 tablet_copy_service.cc:342] P a628ce1f35e24bf388284da0459a2066: Request end of tablet copy session f2475ac47bc340f1ab569756a1ef6f32-b4739130887048808eda5dbb33d69979 received from {username='slave'} at 127.0.0.1:60466
I20260710 13:16:48.724086  1721 tablet_copy_service.cc:434] P a628ce1f35e24bf388284da0459a2066: ending tablet copy session f2475ac47bc340f1ab569756a1ef6f32-b4739130887048808eda5dbb33d69979 on tablet b4739130887048808eda5dbb33d69979 with peer f2475ac47bc340f1ab569756a1ef6f32
I20260710 13:16:48.727909  2134 tablet_copy_client.cc:538] T 921d0c3516224f308b64f9280c5a4ca7 P f2475ac47bc340f1ab569756a1ef6f32: tablet copy: Tablet Copy complete. Replacing tablet superblock.
I20260710 13:16:48.735981  2134 tablet_bootstrap.cc:492] T 921d0c3516224f308b64f9280c5a4ca7 P f2475ac47bc340f1ab569756a1ef6f32: Bootstrap starting.
I20260710 13:16:48.758540  2134 tablet_bootstrap.cc:492] T 921d0c3516224f308b64f9280c5a4ca7 P f2475ac47bc340f1ab569756a1ef6f32: Bootstrap replayed 1/1 log segments. Stats: ops{read=2 overwritten=0 applied=2 ignored=0} inserts{seen=0 ignored=0} mutations{seen=0 ignored=0} orphaned_commits=0. Pending: 0 replicates
I20260710 13:16:48.759244  2134 tablet_bootstrap.cc:492] T 921d0c3516224f308b64f9280c5a4ca7 P f2475ac47bc340f1ab569756a1ef6f32: Bootstrap complete.
I20260710 13:16:48.759758  2134 ts_tablet_manager.cc:1403] T 921d0c3516224f308b64f9280c5a4ca7 P f2475ac47bc340f1ab569756a1ef6f32: Time spent bootstrapping tablet: real 0.024s	user 0.011s	sys 0.010s
I20260710 13:16:48.762466  2134 raft_consensus.cc:359] T 921d0c3516224f308b64f9280c5a4ca7 P f2475ac47bc340f1ab569756a1ef6f32 [term 1 LEARNER]: Replica starting. Triggering 0 pending ops. Active config: opid_index: 2 OBSOLETE_local: false peers { permanent_uuid: "623904e29ce14b5c9094d1f39bef7ac1" member_type: VOTER last_known_addr { host: "127.0.107.193" port: 33609 } attrs { replace: true } } peers { permanent_uuid: "d8be1c4e4d6041e39401624dfd3549dd" member_type: VOTER last_known_addr { host: "127.0.107.194" port: 35723 } } peers { permanent_uuid: "a628ce1f35e24bf388284da0459a2066" member_type: VOTER last_known_addr { host: "127.0.107.195" port: 45757 } } peers { permanent_uuid: "f2475ac47bc340f1ab569756a1ef6f32" member_type: NON_VOTER last_known_addr { host: "127.0.107.196" port: 45991 } attrs { promote: true } }
I20260710 13:16:48.763289  2134 raft_consensus.cc:740] T 921d0c3516224f308b64f9280c5a4ca7 P f2475ac47bc340f1ab569756a1ef6f32 [term 1 LEARNER]: Becoming Follower/Learner. State: Replica: f2475ac47bc340f1ab569756a1ef6f32, State: Initialized, Role: LEARNER
I20260710 13:16:48.764261  2134 consensus_queue.cc:260] T 921d0c3516224f308b64f9280c5a4ca7 P f2475ac47bc340f1ab569756a1ef6f32 [NON_LEADER]: Queue going to NON_LEADER mode. State: All replicated index: 0, Majority replicated index: 0, Committed index: 2, Last appended: 1.2, Last appended by leader: 2, Current term: 0, Majority size: -1, State: 0, Mode: NON_LEADER, active raft config: opid_index: 2 OBSOLETE_local: false peers { permanent_uuid: "623904e29ce14b5c9094d1f39bef7ac1" member_type: VOTER last_known_addr { host: "127.0.107.193" port: 33609 } attrs { replace: true } } peers { permanent_uuid: "d8be1c4e4d6041e39401624dfd3549dd" member_type: VOTER last_known_addr { host: "127.0.107.194" port: 35723 } } peers { permanent_uuid: "a628ce1f35e24bf388284da0459a2066" member_type: VOTER last_known_addr { host: "127.0.107.195" port: 45757 } } peers { permanent_uuid: "f2475ac47bc340f1ab569756a1ef6f32" member_type: NON_VOTER last_known_addr { host: "127.0.107.196" port: 45991 } attrs { promote: true } }
I20260710 13:16:48.766867  2134 ts_tablet_manager.cc:1434] T 921d0c3516224f308b64f9280c5a4ca7 P f2475ac47bc340f1ab569756a1ef6f32: Time spent starting tablet: real 0.007s	user 0.004s	sys 0.004s
I20260710 13:16:48.768512  1720 tablet_copy_service.cc:342] P a628ce1f35e24bf388284da0459a2066: Request end of tablet copy session f2475ac47bc340f1ab569756a1ef6f32-921d0c3516224f308b64f9280c5a4ca7 received from {username='slave'} at 127.0.0.1:60466
I20260710 13:16:48.768898  1720 tablet_copy_service.cc:434] P a628ce1f35e24bf388284da0459a2066: ending tablet copy session f2475ac47bc340f1ab569756a1ef6f32-921d0c3516224f308b64f9280c5a4ca7 on tablet 921d0c3516224f308b64f9280c5a4ca7 with peer f2475ac47bc340f1ab569756a1ef6f32
I20260710 13:16:48.851418  2134 ts_tablet_manager.cc:933] T ac35b05de9e44a2788d9b00745ca86f6 P f2475ac47bc340f1ab569756a1ef6f32: Initiating tablet copy from peer a628ce1f35e24bf388284da0459a2066 (127.0.107.195:45757)
I20260710 13:16:48.853025  2134 tablet_copy_client.cc:323] T ac35b05de9e44a2788d9b00745ca86f6 P f2475ac47bc340f1ab569756a1ef6f32: tablet copy: Beginning tablet copy session from remote peer at address 127.0.107.195:45757
I20260710 13:16:48.854463  1720 tablet_copy_service.cc:140] P a628ce1f35e24bf388284da0459a2066: Received BeginTabletCopySession request for tablet ac35b05de9e44a2788d9b00745ca86f6 from peer f2475ac47bc340f1ab569756a1ef6f32 ({username='slave'} at 127.0.0.1:60466)
I20260710 13:16:48.854967  1720 tablet_copy_service.cc:161] P a628ce1f35e24bf388284da0459a2066: Beginning new tablet copy session on tablet ac35b05de9e44a2788d9b00745ca86f6 from peer f2475ac47bc340f1ab569756a1ef6f32 at {username='slave'} at 127.0.0.1:60466: session id = f2475ac47bc340f1ab569756a1ef6f32-ac35b05de9e44a2788d9b00745ca86f6
I20260710 13:16:48.860567  1720 tablet_copy_source_session.cc:215] T ac35b05de9e44a2788d9b00745ca86f6 P a628ce1f35e24bf388284da0459a2066: Tablet Copy: opened 0 blocks and 1 log segments
I20260710 13:16:48.863641  2134 data_dirs.cc:400] Could only allocate 1 dirs of requested 3 for tablet ac35b05de9e44a2788d9b00745ca86f6. 1 dirs total, 0 dirs full, 0 dirs failed
I20260710 13:16:48.879591  2134 tablet_copy_client.cc:806] T ac35b05de9e44a2788d9b00745ca86f6 P f2475ac47bc340f1ab569756a1ef6f32: tablet copy: Starting download of 0 data blocks...
I20260710 13:16:48.880147  2134 tablet_copy_client.cc:670] T ac35b05de9e44a2788d9b00745ca86f6 P f2475ac47bc340f1ab569756a1ef6f32: tablet copy: Starting download of 1 WAL segments...
I20260710 13:16:48.883443  2134 tablet_copy_client.cc:538] T ac35b05de9e44a2788d9b00745ca86f6 P f2475ac47bc340f1ab569756a1ef6f32: tablet copy: Tablet Copy complete. Replacing tablet superblock.
I20260710 13:16:48.891935  2134 tablet_bootstrap.cc:492] T ac35b05de9e44a2788d9b00745ca86f6 P f2475ac47bc340f1ab569756a1ef6f32: Bootstrap starting.
I20260710 13:16:48.912277  2134 tablet_bootstrap.cc:492] T ac35b05de9e44a2788d9b00745ca86f6 P f2475ac47bc340f1ab569756a1ef6f32: Bootstrap replayed 1/1 log segments. Stats: ops{read=2 overwritten=0 applied=2 ignored=0} inserts{seen=0 ignored=0} mutations{seen=0 ignored=0} orphaned_commits=0. Pending: 0 replicates
I20260710 13:16:48.913054  2134 tablet_bootstrap.cc:492] T ac35b05de9e44a2788d9b00745ca86f6 P f2475ac47bc340f1ab569756a1ef6f32: Bootstrap complete.
I20260710 13:16:48.913620  2134 ts_tablet_manager.cc:1403] T ac35b05de9e44a2788d9b00745ca86f6 P f2475ac47bc340f1ab569756a1ef6f32: Time spent bootstrapping tablet: real 0.022s	user 0.019s	sys 0.003s
I20260710 13:16:48.915951  2134 raft_consensus.cc:359] T ac35b05de9e44a2788d9b00745ca86f6 P f2475ac47bc340f1ab569756a1ef6f32 [term 1 LEARNER]: Replica starting. Triggering 0 pending ops. Active config: opid_index: 2 OBSOLETE_local: false peers { permanent_uuid: "623904e29ce14b5c9094d1f39bef7ac1" member_type: VOTER last_known_addr { host: "127.0.107.193" port: 33609 } } peers { permanent_uuid: "d8be1c4e4d6041e39401624dfd3549dd" member_type: VOTER last_known_addr { host: "127.0.107.194" port: 35723 } attrs { replace: true } } peers { permanent_uuid: "a628ce1f35e24bf388284da0459a2066" member_type: VOTER last_known_addr { host: "127.0.107.195" port: 45757 } } peers { permanent_uuid: "f2475ac47bc340f1ab569756a1ef6f32" member_type: NON_VOTER last_known_addr { host: "127.0.107.196" port: 45991 } attrs { promote: true } }
I20260710 13:16:48.916805  2134 raft_consensus.cc:740] T ac35b05de9e44a2788d9b00745ca86f6 P f2475ac47bc340f1ab569756a1ef6f32 [term 1 LEARNER]: Becoming Follower/Learner. State: Replica: f2475ac47bc340f1ab569756a1ef6f32, State: Initialized, Role: LEARNER
I20260710 13:16:48.917441  2134 consensus_queue.cc:260] T ac35b05de9e44a2788d9b00745ca86f6 P f2475ac47bc340f1ab569756a1ef6f32 [NON_LEADER]: Queue going to NON_LEADER mode. State: All replicated index: 0, Majority replicated index: 0, Committed index: 2, Last appended: 1.2, Last appended by leader: 2, Current term: 0, Majority size: -1, State: 0, Mode: NON_LEADER, active raft config: opid_index: 2 OBSOLETE_local: false peers { permanent_uuid: "623904e29ce14b5c9094d1f39bef7ac1" member_type: VOTER last_known_addr { host: "127.0.107.193" port: 33609 } } peers { permanent_uuid: "d8be1c4e4d6041e39401624dfd3549dd" member_type: VOTER last_known_addr { host: "127.0.107.194" port: 35723 } attrs { replace: true } } peers { permanent_uuid: "a628ce1f35e24bf388284da0459a2066" member_type: VOTER last_known_addr { host: "127.0.107.195" port: 45757 } } peers { permanent_uuid: "f2475ac47bc340f1ab569756a1ef6f32" member_type: NON_VOTER last_known_addr { host: "127.0.107.196" port: 45991 } attrs { promote: true } }
I20260710 13:16:48.919471  2134 ts_tablet_manager.cc:1434] T ac35b05de9e44a2788d9b00745ca86f6 P f2475ac47bc340f1ab569756a1ef6f32: Time spent starting tablet: real 0.006s	user 0.004s	sys 0.000s
I20260710 13:16:48.921449  1720 tablet_copy_service.cc:342] P a628ce1f35e24bf388284da0459a2066: Request end of tablet copy session f2475ac47bc340f1ab569756a1ef6f32-ac35b05de9e44a2788d9b00745ca86f6 received from {username='slave'} at 127.0.0.1:60466
I20260710 13:16:48.921844  1720 tablet_copy_service.cc:434] P a628ce1f35e24bf388284da0459a2066: ending tablet copy session f2475ac47bc340f1ab569756a1ef6f32-ac35b05de9e44a2788d9b00745ca86f6 on tablet ac35b05de9e44a2788d9b00745ca86f6 with peer f2475ac47bc340f1ab569756a1ef6f32
I20260710 13:16:48.963837  2134 ts_tablet_manager.cc:933] T 0661644f7f7c49d5b59b4ce6aaaabe27 P f2475ac47bc340f1ab569756a1ef6f32: Initiating tablet copy from peer d8be1c4e4d6041e39401624dfd3549dd (127.0.107.194:35723)
I20260710 13:16:48.965986  2134 tablet_copy_client.cc:323] T 0661644f7f7c49d5b59b4ce6aaaabe27 P f2475ac47bc340f1ab569756a1ef6f32: tablet copy: Beginning tablet copy session from remote peer at address 127.0.107.194:35723
I20260710 13:16:48.967581  1647 tablet_copy_service.cc:140] P d8be1c4e4d6041e39401624dfd3549dd: Received BeginTabletCopySession request for tablet 0661644f7f7c49d5b59b4ce6aaaabe27 from peer f2475ac47bc340f1ab569756a1ef6f32 ({username='slave'} at 127.0.0.1:42558)
I20260710 13:16:48.968086  1647 tablet_copy_service.cc:161] P d8be1c4e4d6041e39401624dfd3549dd: Beginning new tablet copy session on tablet 0661644f7f7c49d5b59b4ce6aaaabe27 from peer f2475ac47bc340f1ab569756a1ef6f32 at {username='slave'} at 127.0.0.1:42558: session id = f2475ac47bc340f1ab569756a1ef6f32-0661644f7f7c49d5b59b4ce6aaaabe27
I20260710 13:16:48.975031  1647 tablet_copy_source_session.cc:215] T 0661644f7f7c49d5b59b4ce6aaaabe27 P d8be1c4e4d6041e39401624dfd3549dd: Tablet Copy: opened 0 blocks and 1 log segments
I20260710 13:16:48.978278  2134 data_dirs.cc:400] Could only allocate 1 dirs of requested 3 for tablet 0661644f7f7c49d5b59b4ce6aaaabe27. 1 dirs total, 0 dirs full, 0 dirs failed
I20260710 13:16:48.989029  2134 tablet_copy_client.cc:806] T 0661644f7f7c49d5b59b4ce6aaaabe27 P f2475ac47bc340f1ab569756a1ef6f32: tablet copy: Starting download of 0 data blocks...
I20260710 13:16:48.989554  2134 tablet_copy_client.cc:670] T 0661644f7f7c49d5b59b4ce6aaaabe27 P f2475ac47bc340f1ab569756a1ef6f32: tablet copy: Starting download of 1 WAL segments...
I20260710 13:16:48.992828  2134 tablet_copy_client.cc:538] T 0661644f7f7c49d5b59b4ce6aaaabe27 P f2475ac47bc340f1ab569756a1ef6f32: tablet copy: Tablet Copy complete. Replacing tablet superblock.
I20260710 13:16:48.997831  2134 tablet_bootstrap.cc:492] T 0661644f7f7c49d5b59b4ce6aaaabe27 P f2475ac47bc340f1ab569756a1ef6f32: Bootstrap starting.
I20260710 13:16:49.011253  2134 tablet_bootstrap.cc:492] T 0661644f7f7c49d5b59b4ce6aaaabe27 P f2475ac47bc340f1ab569756a1ef6f32: Bootstrap replayed 1/1 log segments. Stats: ops{read=2 overwritten=0 applied=2 ignored=0} inserts{seen=0 ignored=0} mutations{seen=0 ignored=0} orphaned_commits=0. Pending: 0 replicates
I20260710 13:16:49.011889  2134 tablet_bootstrap.cc:492] T 0661644f7f7c49d5b59b4ce6aaaabe27 P f2475ac47bc340f1ab569756a1ef6f32: Bootstrap complete.
I20260710 13:16:49.012359  2134 ts_tablet_manager.cc:1403] T 0661644f7f7c49d5b59b4ce6aaaabe27 P f2475ac47bc340f1ab569756a1ef6f32: Time spent bootstrapping tablet: real 0.015s	user 0.010s	sys 0.002s
I20260710 13:16:49.014631  2134 raft_consensus.cc:359] T 0661644f7f7c49d5b59b4ce6aaaabe27 P f2475ac47bc340f1ab569756a1ef6f32 [term 1 LEARNER]: Replica starting. Triggering 0 pending ops. Active config: opid_index: 2 OBSOLETE_local: false peers { permanent_uuid: "623904e29ce14b5c9094d1f39bef7ac1" member_type: VOTER last_known_addr { host: "127.0.107.193" port: 33609 } } peers { permanent_uuid: "d8be1c4e4d6041e39401624dfd3549dd" member_type: VOTER last_known_addr { host: "127.0.107.194" port: 35723 } } peers { permanent_uuid: "a628ce1f35e24bf388284da0459a2066" member_type: VOTER last_known_addr { host: "127.0.107.195" port: 45757 } attrs { replace: true } } peers { permanent_uuid: "f2475ac47bc340f1ab569756a1ef6f32" member_type: NON_VOTER last_known_addr { host: "127.0.107.196" port: 45991 } attrs { promote: true } }
I20260710 13:16:49.015326  2134 raft_consensus.cc:740] T 0661644f7f7c49d5b59b4ce6aaaabe27 P f2475ac47bc340f1ab569756a1ef6f32 [term 1 LEARNER]: Becoming Follower/Learner. State: Replica: f2475ac47bc340f1ab569756a1ef6f32, State: Initialized, Role: LEARNER
I20260710 13:16:49.015863  2134 consensus_queue.cc:260] T 0661644f7f7c49d5b59b4ce6aaaabe27 P f2475ac47bc340f1ab569756a1ef6f32 [NON_LEADER]: Queue going to NON_LEADER mode. State: All replicated index: 0, Majority replicated index: 0, Committed index: 2, Last appended: 1.2, Last appended by leader: 2, Current term: 0, Majority size: -1, State: 0, Mode: NON_LEADER, active raft config: opid_index: 2 OBSOLETE_local: false peers { permanent_uuid: "623904e29ce14b5c9094d1f39bef7ac1" member_type: VOTER last_known_addr { host: "127.0.107.193" port: 33609 } } peers { permanent_uuid: "d8be1c4e4d6041e39401624dfd3549dd" member_type: VOTER last_known_addr { host: "127.0.107.194" port: 35723 } } peers { permanent_uuid: "a628ce1f35e24bf388284da0459a2066" member_type: VOTER last_known_addr { host: "127.0.107.195" port: 45757 } attrs { replace: true } } peers { permanent_uuid: "f2475ac47bc340f1ab569756a1ef6f32" member_type: NON_VOTER last_known_addr { host: "127.0.107.196" port: 45991 } attrs { promote: true } }
I20260710 13:16:49.017721  2134 ts_tablet_manager.cc:1434] T 0661644f7f7c49d5b59b4ce6aaaabe27 P f2475ac47bc340f1ab569756a1ef6f32: Time spent starting tablet: real 0.005s	user 0.006s	sys 0.002s
I20260710 13:16:49.019336  1647 tablet_copy_service.cc:342] P d8be1c4e4d6041e39401624dfd3549dd: Request end of tablet copy session f2475ac47bc340f1ab569756a1ef6f32-0661644f7f7c49d5b59b4ce6aaaabe27 received from {username='slave'} at 127.0.0.1:42558
I20260710 13:16:49.019728  1647 tablet_copy_service.cc:434] P d8be1c4e4d6041e39401624dfd3549dd: ending tablet copy session f2475ac47bc340f1ab569756a1ef6f32-0661644f7f7c49d5b59b4ce6aaaabe27 on tablet 0661644f7f7c49d5b59b4ce6aaaabe27 with peer f2475ac47bc340f1ab569756a1ef6f32
I20260710 13:16:49.075919  2003 raft_consensus.cc:1217] T 921d0c3516224f308b64f9280c5a4ca7 P f2475ac47bc340f1ab569756a1ef6f32 [term 1 LEARNER]: Deduplicated request from leader. Original: 1.1->[1.2-1.2]   Dedup: 1.2->[]
I20260710 13:16:49.220785  2003 raft_consensus.cc:1217] T b4739130887048808eda5dbb33d69979 P f2475ac47bc340f1ab569756a1ef6f32 [term 1 LEARNER]: Deduplicated request from leader. Original: 1.1->[1.2-1.2]   Dedup: 1.2->[]
I20260710 13:16:49.396770  2003 raft_consensus.cc:1217] T ac35b05de9e44a2788d9b00745ca86f6 P f2475ac47bc340f1ab569756a1ef6f32 [term 1 LEARNER]: Deduplicated request from leader. Original: 1.1->[1.2-1.2]   Dedup: 1.2->[]
I20260710 13:16:49.438779  2003 raft_consensus.cc:1217] T 0661644f7f7c49d5b59b4ce6aaaabe27 P f2475ac47bc340f1ab569756a1ef6f32 [term 1 LEARNER]: Deduplicated request from leader. Original: 1.1->[1.2-1.2]   Dedup: 1.2->[]
I20260710 13:16:49.513160  2143 raft_consensus.cc:1064] T 921d0c3516224f308b64f9280c5a4ca7 P a628ce1f35e24bf388284da0459a2066: attempting to promote NON_VOTER f2475ac47bc340f1ab569756a1ef6f32 to VOTER
I20260710 13:16:49.515079  2143 consensus_queue.cc:237] T 921d0c3516224f308b64f9280c5a4ca7 P a628ce1f35e24bf388284da0459a2066 [LEADER]: Queue going to LEADER mode. State: All replicated index: 0, Majority replicated index: 2, Committed index: 2, Last appended: 1.2, Last appended by leader: 0, Current term: 1, Majority size: 3, State: 0, Mode: LEADER, active raft config: opid_index: 3 OBSOLETE_local: false peers { permanent_uuid: "623904e29ce14b5c9094d1f39bef7ac1" member_type: VOTER last_known_addr { host: "127.0.107.193" port: 33609 } attrs { replace: true } } peers { permanent_uuid: "d8be1c4e4d6041e39401624dfd3549dd" member_type: VOTER last_known_addr { host: "127.0.107.194" port: 35723 } } peers { permanent_uuid: "a628ce1f35e24bf388284da0459a2066" member_type: VOTER last_known_addr { host: "127.0.107.195" port: 45757 } } peers { permanent_uuid: "f2475ac47bc340f1ab569756a1ef6f32" member_type: VOTER last_known_addr { host: "127.0.107.196" port: 45991 } attrs { promote: false } }
I20260710 13:16:49.521600  2003 raft_consensus.cc:1275] T 921d0c3516224f308b64f9280c5a4ca7 P f2475ac47bc340f1ab569756a1ef6f32 [term 1 LEARNER]: Refusing update from remote peer a628ce1f35e24bf388284da0459a2066: Log matching property violated. Preceding OpId in replica: term: 1 index: 2. Preceding OpId from leader: term: 1 index: 3. (index mismatch)
I20260710 13:16:49.522645  1635 raft_consensus.cc:1275] T 921d0c3516224f308b64f9280c5a4ca7 P d8be1c4e4d6041e39401624dfd3549dd [term 1 FOLLOWER]: Refusing update from remote peer a628ce1f35e24bf388284da0459a2066: Log matching property violated. Preceding OpId in replica: term: 1 index: 2. Preceding OpId from leader: term: 1 index: 3. (index mismatch)
I20260710 13:16:49.523391  2143 consensus_queue.cc:1048] T 921d0c3516224f308b64f9280c5a4ca7 P a628ce1f35e24bf388284da0459a2066 [LEADER]: Connected to new peer: Peer: permanent_uuid: "f2475ac47bc340f1ab569756a1ef6f32" member_type: VOTER last_known_addr { host: "127.0.107.196" port: 45991 } attrs { promote: false }, Status: LMP_MISMATCH, Last received: 0.0, Next index: 3, Last known committed idx: 2, Time since last communication: 0.000s
I20260710 13:16:49.523981  1559 raft_consensus.cc:1275] T 921d0c3516224f308b64f9280c5a4ca7 P 623904e29ce14b5c9094d1f39bef7ac1 [term 1 FOLLOWER]: Refusing update from remote peer a628ce1f35e24bf388284da0459a2066: Log matching property violated. Preceding OpId in replica: term: 1 index: 2. Preceding OpId from leader: term: 1 index: 3. (index mismatch)
I20260710 13:16:49.524681  2111 consensus_queue.cc:1048] T 921d0c3516224f308b64f9280c5a4ca7 P a628ce1f35e24bf388284da0459a2066 [LEADER]: Connected to new peer: Peer: permanent_uuid: "d8be1c4e4d6041e39401624dfd3549dd" member_type: VOTER last_known_addr { host: "127.0.107.194" port: 35723 }, Status: LMP_MISMATCH, Last received: 0.0, Next index: 3, Last known committed idx: 2, Time since last communication: 0.000s
I20260710 13:16:49.525658  2110 consensus_queue.cc:1048] T 921d0c3516224f308b64f9280c5a4ca7 P a628ce1f35e24bf388284da0459a2066 [LEADER]: Connected to new peer: Peer: permanent_uuid: "623904e29ce14b5c9094d1f39bef7ac1" member_type: VOTER last_known_addr { host: "127.0.107.193" port: 33609 } attrs { replace: true }, Status: LMP_MISMATCH, Last received: 0.0, Next index: 3, Last known committed idx: 2, Time since last communication: 0.000s
I20260710 13:16:49.536842  2111 raft_consensus.cc:2955] T 921d0c3516224f308b64f9280c5a4ca7 P a628ce1f35e24bf388284da0459a2066 [term 1 LEADER]: Committing config change with OpId 1.3: config changed from index 2 to 3, f2475ac47bc340f1ab569756a1ef6f32 (127.0.107.196) changed from NON_VOTER to VOTER. New config: { opid_index: 3 OBSOLETE_local: false peers { permanent_uuid: "623904e29ce14b5c9094d1f39bef7ac1" member_type: VOTER last_known_addr { host: "127.0.107.193" port: 33609 } attrs { replace: true } } peers { permanent_uuid: "d8be1c4e4d6041e39401624dfd3549dd" member_type: VOTER last_known_addr { host: "127.0.107.194" port: 35723 } } peers { permanent_uuid: "a628ce1f35e24bf388284da0459a2066" member_type: VOTER last_known_addr { host: "127.0.107.195" port: 45757 } } peers { permanent_uuid: "f2475ac47bc340f1ab569756a1ef6f32" member_type: VOTER last_known_addr { host: "127.0.107.196" port: 45991 } attrs { promote: false } } }
I20260710 13:16:49.539426  1559 raft_consensus.cc:2955] T 921d0c3516224f308b64f9280c5a4ca7 P 623904e29ce14b5c9094d1f39bef7ac1 [term 1 FOLLOWER]: Committing config change with OpId 1.3: config changed from index 2 to 3, f2475ac47bc340f1ab569756a1ef6f32 (127.0.107.196) changed from NON_VOTER to VOTER. New config: { opid_index: 3 OBSOLETE_local: false peers { permanent_uuid: "623904e29ce14b5c9094d1f39bef7ac1" member_type: VOTER last_known_addr { host: "127.0.107.193" port: 33609 } attrs { replace: true } } peers { permanent_uuid: "d8be1c4e4d6041e39401624dfd3549dd" member_type: VOTER last_known_addr { host: "127.0.107.194" port: 35723 } } peers { permanent_uuid: "a628ce1f35e24bf388284da0459a2066" member_type: VOTER last_known_addr { host: "127.0.107.195" port: 45757 } } peers { permanent_uuid: "f2475ac47bc340f1ab569756a1ef6f32" member_type: VOTER last_known_addr { host: "127.0.107.196" port: 45991 } attrs { promote: false } } }
I20260710 13:16:49.540992  1635 raft_consensus.cc:2955] T 921d0c3516224f308b64f9280c5a4ca7 P d8be1c4e4d6041e39401624dfd3549dd [term 1 FOLLOWER]: Committing config change with OpId 1.3: config changed from index 2 to 3, f2475ac47bc340f1ab569756a1ef6f32 (127.0.107.196) changed from NON_VOTER to VOTER. New config: { opid_index: 3 OBSOLETE_local: false peers { permanent_uuid: "623904e29ce14b5c9094d1f39bef7ac1" member_type: VOTER last_known_addr { host: "127.0.107.193" port: 33609 } attrs { replace: true } } peers { permanent_uuid: "d8be1c4e4d6041e39401624dfd3549dd" member_type: VOTER last_known_addr { host: "127.0.107.194" port: 35723 } } peers { permanent_uuid: "a628ce1f35e24bf388284da0459a2066" member_type: VOTER last_known_addr { host: "127.0.107.195" port: 45757 } } peers { permanent_uuid: "f2475ac47bc340f1ab569756a1ef6f32" member_type: VOTER last_known_addr { host: "127.0.107.196" port: 45991 } attrs { promote: false } } }
I20260710 13:16:49.558313  2005 raft_consensus.cc:2955] T 921d0c3516224f308b64f9280c5a4ca7 P f2475ac47bc340f1ab569756a1ef6f32 [term 1 FOLLOWER]: Committing config change with OpId 1.3: config changed from index 2 to 3, f2475ac47bc340f1ab569756a1ef6f32 (127.0.107.196) changed from NON_VOTER to VOTER. New config: { opid_index: 3 OBSOLETE_local: false peers { permanent_uuid: "623904e29ce14b5c9094d1f39bef7ac1" member_type: VOTER last_known_addr { host: "127.0.107.193" port: 33609 } attrs { replace: true } } peers { permanent_uuid: "d8be1c4e4d6041e39401624dfd3549dd" member_type: VOTER last_known_addr { host: "127.0.107.194" port: 35723 } } peers { permanent_uuid: "a628ce1f35e24bf388284da0459a2066" member_type: VOTER last_known_addr { host: "127.0.107.195" port: 45757 } } peers { permanent_uuid: "f2475ac47bc340f1ab569756a1ef6f32" member_type: VOTER last_known_addr { host: "127.0.107.196" port: 45991 } attrs { promote: false } } }
I20260710 13:16:49.563807  1457 catalog_manager.cc:5697] T 921d0c3516224f308b64f9280c5a4ca7 P 623904e29ce14b5c9094d1f39bef7ac1 reported cstate change: config changed from index 2 to 3, f2475ac47bc340f1ab569756a1ef6f32 (127.0.107.196) changed from NON_VOTER to VOTER. New cstate: current_term: 1 leader_uuid: "a628ce1f35e24bf388284da0459a2066" committed_config { opid_index: 3 OBSOLETE_local: false peers { permanent_uuid: "623904e29ce14b5c9094d1f39bef7ac1" member_type: VOTER last_known_addr { host: "127.0.107.193" port: 33609 } attrs { replace: true } } peers { permanent_uuid: "d8be1c4e4d6041e39401624dfd3549dd" member_type: VOTER last_known_addr { host: "127.0.107.194" port: 35723 } } peers { permanent_uuid: "a628ce1f35e24bf388284da0459a2066" member_type: VOTER last_known_addr { host: "127.0.107.195" port: 45757 } } peers { permanent_uuid: "f2475ac47bc340f1ab569756a1ef6f32" member_type: VOTER last_known_addr { host: "127.0.107.196" port: 45991 } attrs { promote: false } } }
I20260710 13:16:49.592468  1710 consensus_queue.cc:237] T 921d0c3516224f308b64f9280c5a4ca7 P a628ce1f35e24bf388284da0459a2066 [LEADER]: Queue going to LEADER mode. State: All replicated index: 0, Majority replicated index: 3, Committed index: 3, Last appended: 1.3, Last appended by leader: 0, Current term: 1, Majority size: 2, State: 0, Mode: LEADER, active raft config: opid_index: 4 OBSOLETE_local: false peers { permanent_uuid: "d8be1c4e4d6041e39401624dfd3549dd" member_type: VOTER last_known_addr { host: "127.0.107.194" port: 35723 } } peers { permanent_uuid: "a628ce1f35e24bf388284da0459a2066" member_type: VOTER last_known_addr { host: "127.0.107.195" port: 45757 } } peers { permanent_uuid: "f2475ac47bc340f1ab569756a1ef6f32" member_type: VOTER last_known_addr { host: "127.0.107.196" port: 45991 } attrs { promote: false } }
I20260710 13:16:49.601166  2005 raft_consensus.cc:1275] T 921d0c3516224f308b64f9280c5a4ca7 P f2475ac47bc340f1ab569756a1ef6f32 [term 1 FOLLOWER]: Refusing update from remote peer a628ce1f35e24bf388284da0459a2066: Log matching property violated. Preceding OpId in replica: term: 1 index: 3. Preceding OpId from leader: term: 1 index: 4. (index mismatch)
I20260710 13:16:49.603098  2111 consensus_queue.cc:1048] T 921d0c3516224f308b64f9280c5a4ca7 P a628ce1f35e24bf388284da0459a2066 [LEADER]: Connected to new peer: Peer: permanent_uuid: "f2475ac47bc340f1ab569756a1ef6f32" member_type: VOTER last_known_addr { host: "127.0.107.196" port: 45991 } attrs { promote: false }, Status: LMP_MISMATCH, Last received: 0.0, Next index: 4, Last known committed idx: 3, Time since last communication: 0.000s
I20260710 13:16:49.603540  1635 raft_consensus.cc:1275] T 921d0c3516224f308b64f9280c5a4ca7 P d8be1c4e4d6041e39401624dfd3549dd [term 1 FOLLOWER]: Refusing update from remote peer a628ce1f35e24bf388284da0459a2066: Log matching property violated. Preceding OpId in replica: term: 1 index: 3. Preceding OpId from leader: term: 1 index: 4. (index mismatch)
I20260710 13:16:49.604931  2111 consensus_queue.cc:1048] T 921d0c3516224f308b64f9280c5a4ca7 P a628ce1f35e24bf388284da0459a2066 [LEADER]: Connected to new peer: Peer: permanent_uuid: "d8be1c4e4d6041e39401624dfd3549dd" member_type: VOTER last_known_addr { host: "127.0.107.194" port: 35723 }, Status: LMP_MISMATCH, Last received: 0.0, Next index: 4, Last known committed idx: 3, Time since last communication: 0.000s
I20260710 13:16:49.611065  2151 raft_consensus.cc:2955] T 921d0c3516224f308b64f9280c5a4ca7 P a628ce1f35e24bf388284da0459a2066 [term 1 LEADER]: Committing config change with OpId 1.4: config changed from index 3 to 4, VOTER 623904e29ce14b5c9094d1f39bef7ac1 (127.0.107.193) evicted. New config: { opid_index: 4 OBSOLETE_local: false peers { permanent_uuid: "d8be1c4e4d6041e39401624dfd3549dd" member_type: VOTER last_known_addr { host: "127.0.107.194" port: 35723 } } peers { permanent_uuid: "a628ce1f35e24bf388284da0459a2066" member_type: VOTER last_known_addr { host: "127.0.107.195" port: 45757 } } peers { permanent_uuid: "f2475ac47bc340f1ab569756a1ef6f32" member_type: VOTER last_known_addr { host: "127.0.107.196" port: 45991 } attrs { promote: false } } }
I20260710 13:16:49.612744  2005 raft_consensus.cc:2955] T 921d0c3516224f308b64f9280c5a4ca7 P f2475ac47bc340f1ab569756a1ef6f32 [term 1 FOLLOWER]: Committing config change with OpId 1.4: config changed from index 3 to 4, VOTER 623904e29ce14b5c9094d1f39bef7ac1 (127.0.107.193) evicted. New config: { opid_index: 4 OBSOLETE_local: false peers { permanent_uuid: "d8be1c4e4d6041e39401624dfd3549dd" member_type: VOTER last_known_addr { host: "127.0.107.194" port: 35723 } } peers { permanent_uuid: "a628ce1f35e24bf388284da0459a2066" member_type: VOTER last_known_addr { host: "127.0.107.195" port: 45757 } } peers { permanent_uuid: "f2475ac47bc340f1ab569756a1ef6f32" member_type: VOTER last_known_addr { host: "127.0.107.196" port: 45991 } attrs { promote: false } } }
I20260710 13:16:49.622210  1635 raft_consensus.cc:2955] T 921d0c3516224f308b64f9280c5a4ca7 P d8be1c4e4d6041e39401624dfd3549dd [term 1 FOLLOWER]: Committing config change with OpId 1.4: config changed from index 3 to 4, VOTER 623904e29ce14b5c9094d1f39bef7ac1 (127.0.107.193) evicted. New config: { opid_index: 4 OBSOLETE_local: false peers { permanent_uuid: "d8be1c4e4d6041e39401624dfd3549dd" member_type: VOTER last_known_addr { host: "127.0.107.194" port: 35723 } } peers { permanent_uuid: "a628ce1f35e24bf388284da0459a2066" member_type: VOTER last_known_addr { host: "127.0.107.195" port: 45757 } } peers { permanent_uuid: "f2475ac47bc340f1ab569756a1ef6f32" member_type: VOTER last_known_addr { host: "127.0.107.196" port: 45991 } attrs { promote: false } } }
I20260710 13:16:49.623107  1446 catalog_manager.cc:5210] ChangeConfig:REMOVE_PEER RPC for tablet 921d0c3516224f308b64f9280c5a4ca7 with cas_config_opid_index 3: ChangeConfig:REMOVE_PEER succeeded (attempt 1)
