I20260710 13:15:21.869010  6076 consensus_queue.cc:260] T 447b0bace2764c63864753d3ad59ae95 P 5b41d6a6f24a4b2899811c00b2ffaa1f [NON_LEADER]: Queue going to NON_LEADER mode. State: All replicated index: 0, Majority replicated index: 0, Committed index: 0, Last appended: 0.0, Last appended by leader: 0, Current term: 0, Majority size: -1, State: 0, Mode: NON_LEADER, active raft config: opid_index: -1 OBSOLETE_local: false peers { permanent_uuid: "cc41ac7308814d0383579ea39d87ea08" member_type: VOTER last_known_addr { host: "127.5.156.194" port: 46605 } } peers { permanent_uuid: "6d5f954d1ca74bb7b57054a5e53b406c" member_type: VOTER last_known_addr { host: "127.5.156.195" port: 36839 } } peers { permanent_uuid: "5b41d6a6f24a4b2899811c00b2ffaa1f" member_type: VOTER last_known_addr { host: "127.5.156.193" port: 34609 } }
I20260710 13:15:21.859778  6075 consensus_queue.cc:260] T 0b1fa00ae18148529c0c547787f23697 P cc41ac7308814d0383579ea39d87ea08 [NON_LEADER]: Queue going to NON_LEADER mode. State: All replicated index: 0, Majority replicated index: 0, Committed index: 0, Last appended: 0.0, Last appended by leader: 0, Current term: 0, Majority size: -1, State: 0, Mode: NON_LEADER, active raft config: opid_index: -1 OBSOLETE_local: false peers { permanent_uuid: "5b41d6a6f24a4b2899811c00b2ffaa1f" member_type: VOTER last_known_addr { host: "127.5.156.193" port: 34609 } } peers { permanent_uuid: "cc41ac7308814d0383579ea39d87ea08" member_type: VOTER last_known_addr { host: "127.5.156.194" port: 46605 } } peers { permanent_uuid: "6d5f954d1ca74bb7b57054a5e53b406c" member_type: VOTER last_known_addr { host: "127.5.156.195" port: 36839 } }
W20260710 13:15:21.871542  5846 outbound_call.cc:321] RPC callback for RPC call kudu.consensus.ConsensusService.RequestConsensusVote -> {remote=127.5.156.194:46605, user_credentials={real_user=slave}} blocked reactor thread for 57800.3us
W20260710 13:15:21.872582  5846 leader_election.cc:343] T 72c77c0a47f14d31aef6b3e8fc7d213b P 5b41d6a6f24a4b2899811c00b2ffaa1f [CANDIDATE]: Term 1 pre-election: Tablet error from VoteRequest() call to peer cc41ac7308814d0383579ea39d87ea08 (127.5.156.194:46605): Illegal state: must be running to vote when last-logged opid is not known
I20260710 13:15:21.873214  6074 tablet_bootstrap.cc:654] T 527651585da14c4fa3190bac837ce4e8 P 6d5f954d1ca74bb7b57054a5e53b406c: Neither blocks nor log segments found. Creating new log.
I20260710 13:15:21.875396  5957 tablet_service.cc:1917] Received RequestConsensusVote() RPC: tablet_id: "72c77c0a47f14d31aef6b3e8fc7d213b" candidate_uuid: "5b41d6a6f24a4b2899811c00b2ffaa1f" candidate_term: 1 candidate_status { last_received { term: 0 index: 0 } } ignore_live_leader: false dest_uuid: "cc41ac7308814d0383579ea39d87ea08"
I20260710 13:15:21.877256  6093 leader_election.cc:290] T 0b4107942bac4543ac80f3011b1eb7f0 P 6d5f954d1ca74bb7b57054a5e53b406c [CANDIDATE]: Term 1 pre-election: Requested pre-vote from peers 5b41d6a6f24a4b2899811c00b2ffaa1f (127.5.156.193:34609), cc41ac7308814d0383579ea39d87ea08 (127.5.156.194:46605)
I20260710 13:15:21.881348  6104 raft_consensus.cc:2804] T 72c77c0a47f14d31aef6b3e8fc7d213b P 5b41d6a6f24a4b2899811c00b2ffaa1f [term 1 FOLLOWER]: Leader election won for term 1
I20260710 13:15:21.881469  5957 tablet_service.cc:1917] Received RequestConsensusVote() RPC: tablet_id: "0b4107942bac4543ac80f3011b1eb7f0" candidate_uuid: "6d5f954d1ca74bb7b57054a5e53b406c" candidate_term: 1 candidate_status { last_received { term: 0 index: 0 } } ignore_live_leader: false dest_uuid: "cc41ac7308814d0383579ea39d87ea08" is_pre_election: true
I20260710 13:15:21.882892  6093 raft_consensus.cc:493] T 447b0bace2764c63864753d3ad59ae95 P 6d5f954d1ca74bb7b57054a5e53b406c [term 0 FOLLOWER]: Starting pre-election (no leader contacted us within the election timeout)
W20260710 13:15:21.884341  5995 leader_election.cc:343] T 0b4107942bac4543ac80f3011b1eb7f0 P 6d5f954d1ca74bb7b57054a5e53b406c [CANDIDATE]: Term 1 pre-election: Tablet error from VoteRequest() call to peer cc41ac7308814d0383579ea39d87ea08 (127.5.156.194:46605): Illegal state: must be running to vote when last-logged opid is not known
I20260710 13:15:21.884567  5882 tablet_service.cc:1917] Received RequestConsensusVote() RPC: tablet_id: "3f20d09e11e4425cbf109b634990aaf6" candidate_uuid: "cc41ac7308814d0383579ea39d87ea08" candidate_term: 1 candidate_status { last_received { term: 0 index: 0 } } ignore_live_leader: false dest_uuid: "5b41d6a6f24a4b2899811c00b2ffaa1f" is_pre_election: true
I20260710 13:15:21.884505  6093 raft_consensus.cc:515] T 447b0bace2764c63864753d3ad59ae95 P 6d5f954d1ca74bb7b57054a5e53b406c [term 0 FOLLOWER]: Starting pre-election with config: opid_index: -1 OBSOLETE_local: false peers { permanent_uuid: "cc41ac7308814d0383579ea39d87ea08" member_type: VOTER last_known_addr { host: "127.5.156.194" port: 46605 } } peers { permanent_uuid: "6d5f954d1ca74bb7b57054a5e53b406c" member_type: VOTER last_known_addr { host: "127.5.156.195" port: 36839 } } peers { permanent_uuid: "5b41d6a6f24a4b2899811c00b2ffaa1f" member_type: VOTER last_known_addr { host: "127.5.156.193" port: 34609 } }
I20260710 13:15:21.884835  5995 leader_election.cc:304] T 0b4107942bac4543ac80f3011b1eb7f0 P 6d5f954d1ca74bb7b57054a5e53b406c [CANDIDATE]: Term 1 pre-election: Election decided. Result: candidate lost. Election summary: received 3 responses out of 3 voters: 1 yes votes; 2 no votes. yes voters: 6d5f954d1ca74bb7b57054a5e53b406c; no voters: 5b41d6a6f24a4b2899811c00b2ffaa1f, cc41ac7308814d0383579ea39d87ea08
I20260710 13:15:21.886436  6093 leader_election.cc:290] T 447b0bace2764c63864753d3ad59ae95 P 6d5f954d1ca74bb7b57054a5e53b406c [CANDIDATE]: Term 1 pre-election: Requested pre-vote from peers cc41ac7308814d0383579ea39d87ea08 (127.5.156.194:46605), 5b41d6a6f24a4b2899811c00b2ffaa1f (127.5.156.193:34609)
I20260710 13:15:21.886680  6076 ts_tablet_manager.cc:1434] T 447b0bace2764c63864753d3ad59ae95 P 5b41d6a6f24a4b2899811c00b2ffaa1f: Time spent starting tablet: real 0.031s	user 0.003s	sys 0.013s
I20260710 13:15:21.886888  6093 raft_consensus.cc:2749] T 0b4107942bac4543ac80f3011b1eb7f0 P 6d5f954d1ca74bb7b57054a5e53b406c [term 0 FOLLOWER]: Leader pre-election lost for term 1. Reason: could not achieve majority
I20260710 13:15:21.881992  6081 raft_consensus.cc:515] T 527651585da14c4fa3190bac837ce4e8 P 5b41d6a6f24a4b2899811c00b2ffaa1f [term 1 FOLLOWER]: Starting leader election with config: opid_index: -1 OBSOLETE_local: false peers { permanent_uuid: "5b41d6a6f24a4b2899811c00b2ffaa1f" member_type: VOTER last_known_addr { host: "127.5.156.193" port: 34609 } } peers { permanent_uuid: "cc41ac7308814d0383579ea39d87ea08" member_type: VOTER last_known_addr { host: "127.5.156.194" port: 46605 } } peers { permanent_uuid: "6d5f954d1ca74bb7b57054a5e53b406c" member_type: VOTER last_known_addr { host: "127.5.156.195" port: 36839 } }
I20260710 13:15:21.888024  5882 tablet_service.cc:1917] Received RequestConsensusVote() RPC: tablet_id: "447b0bace2764c63864753d3ad59ae95" candidate_uuid: "6d5f954d1ca74bb7b57054a5e53b406c" candidate_term: 1 candidate_status { last_received { term: 0 index: 0 } } ignore_live_leader: false dest_uuid: "5b41d6a6f24a4b2899811c00b2ffaa1f" is_pre_election: true
I20260710 13:15:21.889329  5882 raft_consensus.cc:2468] T 447b0bace2764c63864753d3ad59ae95 P 5b41d6a6f24a4b2899811c00b2ffaa1f [term 0 FOLLOWER]: Leader pre-election vote request: Granting yes vote for candidate 6d5f954d1ca74bb7b57054a5e53b406c in term 0.
I20260710 13:15:21.889890  5957 tablet_service.cc:1917] Received RequestConsensusVote() RPC: tablet_id: "447b0bace2764c63864753d3ad59ae95" candidate_uuid: "6d5f954d1ca74bb7b57054a5e53b406c" candidate_term: 1 candidate_status { last_received { term: 0 index: 0 } } ignore_live_leader: false dest_uuid: "cc41ac7308814d0383579ea39d87ea08" is_pre_election: true
W20260710 13:15:21.892449  5995 leader_election.cc:343] T 447b0bace2764c63864753d3ad59ae95 P 6d5f954d1ca74bb7b57054a5e53b406c [CANDIDATE]: Term 1 pre-election: Tablet error from VoteRequest() call to peer cc41ac7308814d0383579ea39d87ea08 (127.5.156.194:46605): Illegal state: must be running to vote when last-logged opid is not known
I20260710 13:15:21.893627  5995 leader_election.cc:304] T 447b0bace2764c63864753d3ad59ae95 P 6d5f954d1ca74bb7b57054a5e53b406c [CANDIDATE]: Term 1 pre-election: Election decided. Result: candidate won. Election summary: received 3 responses out of 3 voters: 2 yes votes; 1 no votes. yes voters: 5b41d6a6f24a4b2899811c00b2ffaa1f, 6d5f954d1ca74bb7b57054a5e53b406c; no voters: cc41ac7308814d0383579ea39d87ea08
I20260710 13:15:21.894901  6093 raft_consensus.cc:2804] T 447b0bace2764c63864753d3ad59ae95 P 6d5f954d1ca74bb7b57054a5e53b406c [term 0 FOLLOWER]: Leader pre-election won for term 1
I20260710 13:15:21.895516  6075 ts_tablet_manager.cc:1434] T 0b1fa00ae18148529c0c547787f23697 P cc41ac7308814d0383579ea39d87ea08: Time spent starting tablet: real 0.067s	user 0.008s	sys 0.003s
I20260710 13:15:21.895478  6093 raft_consensus.cc:493] T 447b0bace2764c63864753d3ad59ae95 P 6d5f954d1ca74bb7b57054a5e53b406c [term 0 FOLLOWER]: Starting leader election (no leader contacted us within the election timeout)
I20260710 13:15:21.896126  6093 raft_consensus.cc:3060] T 447b0bace2764c63864753d3ad59ae95 P 6d5f954d1ca74bb7b57054a5e53b406c [term 0 FOLLOWER]: Advancing to term 1
I20260710 13:15:21.897046  6075 tablet_bootstrap.cc:492] T 39cf771131bc425fb04a1457f467c40e P cc41ac7308814d0383579ea39d87ea08: Bootstrap starting.
I20260710 13:15:21.897131  6081 leader_election.cc:290] T 527651585da14c4fa3190bac837ce4e8 P 5b41d6a6f24a4b2899811c00b2ffaa1f [CANDIDATE]: Term 1 election: Requested vote from peers cc41ac7308814d0383579ea39d87ea08 (127.5.156.194:46605), 6d5f954d1ca74bb7b57054a5e53b406c (127.5.156.195:36839)
W20260710 13:15:21.888476  5846 leader_election.cc:343] T 72c77c0a47f14d31aef6b3e8fc7d213b P 5b41d6a6f24a4b2899811c00b2ffaa1f [CANDIDATE]: Term 1 election: Tablet error from VoteRequest() call to peer cc41ac7308814d0383579ea39d87ea08 (127.5.156.194:46605): Illegal state: must be running to vote when last-logged opid is not known
W20260710 13:15:21.898406  5921 leader_election.cc:343] T 3f20d09e11e4425cbf109b634990aaf6 P cc41ac7308814d0383579ea39d87ea08 [CANDIDATE]: Term 1 pre-election: Tablet error from VoteRequest() call to peer 5b41d6a6f24a4b2899811c00b2ffaa1f (127.5.156.193:34609): Illegal state: must be running to vote when last-logged opid is not known
I20260710 13:15:21.898797  5921 leader_election.cc:304] T 3f20d09e11e4425cbf109b634990aaf6 P cc41ac7308814d0383579ea39d87ea08 [CANDIDATE]: Term 1 pre-election: Election decided. Result: candidate lost. Election summary: received 3 responses out of 3 voters: 1 yes votes; 2 no votes. yes voters: cc41ac7308814d0383579ea39d87ea08; no voters: 5b41d6a6f24a4b2899811c00b2ffaa1f, 6d5f954d1ca74bb7b57054a5e53b406c
I20260710 13:15:21.899012  5957 tablet_service.cc:1917] Received RequestConsensusVote() RPC: tablet_id: "527651585da14c4fa3190bac837ce4e8" candidate_uuid: "5b41d6a6f24a4b2899811c00b2ffaa1f" candidate_term: 1 candidate_status { last_received { term: 0 index: 0 } } ignore_live_leader: false dest_uuid: "cc41ac7308814d0383579ea39d87ea08"
I20260710 13:15:21.899577  5957 raft_consensus.cc:3060] T 527651585da14c4fa3190bac837ce4e8 P cc41ac7308814d0383579ea39d87ea08 [term 0 FOLLOWER]: Advancing to term 1
I20260710 13:15:21.900771  6030 tablet_service.cc:1917] Received RequestConsensusVote() RPC: tablet_id: "527651585da14c4fa3190bac837ce4e8" candidate_uuid: "5b41d6a6f24a4b2899811c00b2ffaa1f" candidate_term: 1 candidate_status { last_received { term: 0 index: 0 } } ignore_live_leader: false dest_uuid: "6d5f954d1ca74bb7b57054a5e53b406c"
W20260710 13:15:21.901897  5847 leader_election.cc:343] T 527651585da14c4fa3190bac837ce4e8 P 5b41d6a6f24a4b2899811c00b2ffaa1f [CANDIDATE]: Term 1 election: Tablet error from VoteRequest() call to peer 6d5f954d1ca74bb7b57054a5e53b406c (127.5.156.195:36839): Illegal state: must be running to vote when last-logged opid is not known
I20260710 13:15:21.902403  6104 raft_consensus.cc:697] T 72c77c0a47f14d31aef6b3e8fc7d213b P 5b41d6a6f24a4b2899811c00b2ffaa1f [term 1 LEADER]: Becoming Leader. State: Replica: 5b41d6a6f24a4b2899811c00b2ffaa1f, State: Running, Role: LEADER
I20260710 13:15:21.902500  6082 raft_consensus.cc:2749] T 3f20d09e11e4425cbf109b634990aaf6 P cc41ac7308814d0383579ea39d87ea08 [term 0 FOLLOWER]: Leader pre-election lost for term 1. Reason: could not achieve majority
I20260710 13:15:21.903389  6104 consensus_queue.cc:237] T 72c77c0a47f14d31aef6b3e8fc7d213b P 5b41d6a6f24a4b2899811c00b2ffaa1f [LEADER]: Queue going to LEADER mode. State: All replicated index: 0, Majority replicated index: 0, Committed index: 0, Last appended: 0.0, Last appended by leader: 0, Current term: 1, Majority size: 2, State: 0, Mode: LEADER, active raft config: opid_index: -1 OBSOLETE_local: false peers { permanent_uuid: "5b41d6a6f24a4b2899811c00b2ffaa1f" member_type: VOTER last_known_addr { host: "127.5.156.193" port: 34609 } } peers { permanent_uuid: "cc41ac7308814d0383579ea39d87ea08" member_type: VOTER last_known_addr { host: "127.5.156.194" port: 46605 } } peers { permanent_uuid: "6d5f954d1ca74bb7b57054a5e53b406c" member_type: VOTER last_known_addr { host: "127.5.156.195" port: 36839 } }
I20260710 13:15:21.896296  6076 tablet_bootstrap.cc:492] T 0b1fa00ae18148529c0c547787f23697 P 5b41d6a6f24a4b2899811c00b2ffaa1f: Bootstrap starting.
I20260710 13:15:21.905172  6093 raft_consensus.cc:515] T 447b0bace2764c63864753d3ad59ae95 P 6d5f954d1ca74bb7b57054a5e53b406c [term 1 FOLLOWER]: Starting leader election with config: opid_index: -1 OBSOLETE_local: false peers { permanent_uuid: "cc41ac7308814d0383579ea39d87ea08" member_type: VOTER last_known_addr { host: "127.5.156.194" port: 46605 } } peers { permanent_uuid: "6d5f954d1ca74bb7b57054a5e53b406c" member_type: VOTER last_known_addr { host: "127.5.156.195" port: 36839 } } peers { permanent_uuid: "5b41d6a6f24a4b2899811c00b2ffaa1f" member_type: VOTER last_known_addr { host: "127.5.156.193" port: 34609 } }
I20260710 13:15:21.907898  5956 tablet_service.cc:1917] Received RequestConsensusVote() RPC: tablet_id: "447b0bace2764c63864753d3ad59ae95" candidate_uuid: "6d5f954d1ca74bb7b57054a5e53b406c" candidate_term: 1 candidate_status { last_received { term: 0 index: 0 } } ignore_live_leader: false dest_uuid: "cc41ac7308814d0383579ea39d87ea08"
I20260710 13:15:21.908082  6093 leader_election.cc:290] T 447b0bace2764c63864753d3ad59ae95 P 6d5f954d1ca74bb7b57054a5e53b406c [CANDIDATE]: Term 1 election: Requested vote from peers cc41ac7308814d0383579ea39d87ea08 (127.5.156.194:46605), 5b41d6a6f24a4b2899811c00b2ffaa1f (127.5.156.193:34609)
I20260710 13:15:21.908649  5882 tablet_service.cc:1917] Received RequestConsensusVote() RPC: tablet_id: "447b0bace2764c63864753d3ad59ae95" candidate_uuid: "6d5f954d1ca74bb7b57054a5e53b406c" candidate_term: 1 candidate_status { last_received { term: 0 index: 0 } } ignore_live_leader: false dest_uuid: "5b41d6a6f24a4b2899811c00b2ffaa1f"
I20260710 13:15:21.909140  5882 raft_consensus.cc:3060] T 447b0bace2764c63864753d3ad59ae95 P 5b41d6a6f24a4b2899811c00b2ffaa1f [term 0 FOLLOWER]: Advancing to term 1
W20260710 13:15:21.909184  5995 leader_election.cc:343] T 447b0bace2764c63864753d3ad59ae95 P 6d5f954d1ca74bb7b57054a5e53b406c [CANDIDATE]: Term 1 election: Tablet error from VoteRequest() call to peer cc41ac7308814d0383579ea39d87ea08 (127.5.156.194:46605): Illegal state: must be running to vote when last-logged opid is not known
I20260710 13:15:21.910252  5957 raft_consensus.cc:2468] T 527651585da14c4fa3190bac837ce4e8 P cc41ac7308814d0383579ea39d87ea08 [term 1 FOLLOWER]: Leader election vote request: Granting yes vote for candidate 5b41d6a6f24a4b2899811c00b2ffaa1f in term 1.
I20260710 13:15:21.911646  6074 tablet_bootstrap.cc:492] T 527651585da14c4fa3190bac837ce4e8 P 6d5f954d1ca74bb7b57054a5e53b406c: No bootstrap required, opened a new log
I20260710 13:15:21.911430  5846 leader_election.cc:304] T 527651585da14c4fa3190bac837ce4e8 P 5b41d6a6f24a4b2899811c00b2ffaa1f [CANDIDATE]: Term 1 election: Election decided. Result: candidate won. Election summary: received 3 responses out of 3 voters: 2 yes votes; 1 no votes. yes voters: 5b41d6a6f24a4b2899811c00b2ffaa1f, cc41ac7308814d0383579ea39d87ea08; no voters: 6d5f954d1ca74bb7b57054a5e53b406c
I20260710 13:15:21.912081  6074 ts_tablet_manager.cc:1403] T 527651585da14c4fa3190bac837ce4e8 P 6d5f954d1ca74bb7b57054a5e53b406c: Time spent bootstrapping tablet: real 0.072s	user 0.013s	sys 0.009s
I20260710 13:15:21.913269  6105 raft_consensus.cc:2804] T 527651585da14c4fa3190bac837ce4e8 P 5b41d6a6f24a4b2899811c00b2ffaa1f [term 1 FOLLOWER]: Leader election won for term 1
I20260710 13:15:21.913779  6105 raft_consensus.cc:697] T 527651585da14c4fa3190bac837ce4e8 P 5b41d6a6f24a4b2899811c00b2ffaa1f [term 1 LEADER]: Becoming Leader. State: Replica: 5b41d6a6f24a4b2899811c00b2ffaa1f, State: Running, Role: LEADER
I20260710 13:15:21.914665  6105 consensus_queue.cc:237] T 527651585da14c4fa3190bac837ce4e8 P 5b41d6a6f24a4b2899811c00b2ffaa1f [LEADER]: Queue going to LEADER mode. State: All replicated index: 0, Majority replicated index: 0, Committed index: 0, Last appended: 0.0, Last appended by leader: 0, Current term: 1, Majority size: 2, State: 0, Mode: LEADER, active raft config: opid_index: -1 OBSOLETE_local: false peers { permanent_uuid: "5b41d6a6f24a4b2899811c00b2ffaa1f" member_type: VOTER last_known_addr { host: "127.5.156.193" port: 34609 } } peers { permanent_uuid: "cc41ac7308814d0383579ea39d87ea08" member_type: VOTER last_known_addr { host: "127.5.156.194" port: 46605 } } peers { permanent_uuid: "6d5f954d1ca74bb7b57054a5e53b406c" member_type: VOTER last_known_addr { host: "127.5.156.195" port: 36839 } }
I20260710 13:15:21.917079  5882 raft_consensus.cc:2468] T 447b0bace2764c63864753d3ad59ae95 P 5b41d6a6f24a4b2899811c00b2ffaa1f [term 1 FOLLOWER]: Leader election vote request: Granting yes vote for candidate 6d5f954d1ca74bb7b57054a5e53b406c in term 1.
I20260710 13:15:21.922294  6076 tablet_bootstrap.cc:654] T 0b1fa00ae18148529c0c547787f23697 P 5b41d6a6f24a4b2899811c00b2ffaa1f: Neither blocks nor log segments found. Creating new log.
I20260710 13:15:21.924003  5995 leader_election.cc:304] T 447b0bace2764c63864753d3ad59ae95 P 6d5f954d1ca74bb7b57054a5e53b406c [CANDIDATE]: Term 1 election: Election decided. Result: candidate won. Election summary: received 3 responses out of 3 voters: 2 yes votes; 1 no votes. yes voters: 5b41d6a6f24a4b2899811c00b2ffaa1f, 6d5f954d1ca74bb7b57054a5e53b406c; no voters: cc41ac7308814d0383579ea39d87ea08
I20260710 13:15:21.924823  6075 tablet_bootstrap.cc:654] T 39cf771131bc425fb04a1457f467c40e P cc41ac7308814d0383579ea39d87ea08: Neither blocks nor log segments found. Creating new log.
I20260710 13:15:21.926559  6093 raft_consensus.cc:2804] T 447b0bace2764c63864753d3ad59ae95 P 6d5f954d1ca74bb7b57054a5e53b406c [term 1 FOLLOWER]: Leader election won for term 1
I20260710 13:15:21.927045  6093 raft_consensus.cc:697] T 447b0bace2764c63864753d3ad59ae95 P 6d5f954d1ca74bb7b57054a5e53b406c [term 1 LEADER]: Becoming Leader. State: Replica: 6d5f954d1ca74bb7b57054a5e53b406c, State: Running, Role: LEADER
I20260710 13:15:21.927767  6093 consensus_queue.cc:237] T 447b0bace2764c63864753d3ad59ae95 P 6d5f954d1ca74bb7b57054a5e53b406c [LEADER]: Queue going to LEADER mode. State: All replicated index: 0, Majority replicated index: 0, Committed index: 0, Last appended: 0.0, Last appended by leader: 0, Current term: 1, Majority size: 2, State: 0, Mode: LEADER, active raft config: opid_index: -1 OBSOLETE_local: false peers { permanent_uuid: "cc41ac7308814d0383579ea39d87ea08" member_type: VOTER last_known_addr { host: "127.5.156.194" port: 46605 } } peers { permanent_uuid: "6d5f954d1ca74bb7b57054a5e53b406c" member_type: VOTER last_known_addr { host: "127.5.156.195" port: 36839 } } peers { permanent_uuid: "5b41d6a6f24a4b2899811c00b2ffaa1f" member_type: VOTER last_known_addr { host: "127.5.156.193" port: 34609 } }
I20260710 13:15:21.929085  6074 raft_consensus.cc:359] T 527651585da14c4fa3190bac837ce4e8 P 6d5f954d1ca74bb7b57054a5e53b406c [term 0 FOLLOWER]: Replica starting. Triggering 0 pending ops. Active config: opid_index: -1 OBSOLETE_local: false peers { permanent_uuid: "5b41d6a6f24a4b2899811c00b2ffaa1f" member_type: VOTER last_known_addr { host: "127.5.156.193" port: 34609 } } peers { permanent_uuid: "cc41ac7308814d0383579ea39d87ea08" member_type: VOTER last_known_addr { host: "127.5.156.194" port: 46605 } } peers { permanent_uuid: "6d5f954d1ca74bb7b57054a5e53b406c" member_type: VOTER last_known_addr { host: "127.5.156.195" port: 36839 } }
I20260710 13:15:21.929917  6074 raft_consensus.cc:385] T 527651585da14c4fa3190bac837ce4e8 P 6d5f954d1ca74bb7b57054a5e53b406c [term 0 FOLLOWER]: Consensus starting up: Expiring failure detector timer to make a prompt election more likely
I20260710 13:15:21.934350  6074 raft_consensus.cc:740] T 527651585da14c4fa3190bac837ce4e8 P 6d5f954d1ca74bb7b57054a5e53b406c [term 0 FOLLOWER]: Becoming Follower/Learner. State: Replica: 6d5f954d1ca74bb7b57054a5e53b406c, State: Initialized, Role: FOLLOWER
I20260710 13:15:21.942107  5778 catalog_manager.cc:5697] T 72c77c0a47f14d31aef6b3e8fc7d213b P 5b41d6a6f24a4b2899811c00b2ffaa1f reported cstate change: term changed from 0 to 1, leader changed from <none> to 5b41d6a6f24a4b2899811c00b2ffaa1f (127.5.156.193). New cstate: current_term: 1 leader_uuid: "5b41d6a6f24a4b2899811c00b2ffaa1f" committed_config { opid_index: -1 OBSOLETE_local: false peers { permanent_uuid: "5b41d6a6f24a4b2899811c00b2ffaa1f" member_type: VOTER last_known_addr { host: "127.5.156.193" port: 34609 } health_report { overall_health: HEALTHY } } peers { permanent_uuid: "cc41ac7308814d0383579ea39d87ea08" member_type: VOTER last_known_addr { host: "127.5.156.194" port: 46605 } health_report { overall_health: UNKNOWN } } peers { permanent_uuid: "6d5f954d1ca74bb7b57054a5e53b406c" member_type: VOTER last_known_addr { host: "127.5.156.195" port: 36839 } health_report { overall_health: UNKNOWN } } }
I20260710 13:15:21.946681  6074 consensus_queue.cc:260] T 527651585da14c4fa3190bac837ce4e8 P 6d5f954d1ca74bb7b57054a5e53b406c [NON_LEADER]: Queue going to NON_LEADER mode. State: All replicated index: 0, Majority replicated index: 0, Committed index: 0, Last appended: 0.0, Last appended by leader: 0, Current term: 0, Majority size: -1, State: 0, Mode: NON_LEADER, active raft config: opid_index: -1 OBSOLETE_local: false peers { permanent_uuid: "5b41d6a6f24a4b2899811c00b2ffaa1f" member_type: VOTER last_known_addr { host: "127.5.156.193" port: 34609 } } peers { permanent_uuid: "cc41ac7308814d0383579ea39d87ea08" member_type: VOTER last_known_addr { host: "127.5.156.194" port: 46605 } } peers { permanent_uuid: "6d5f954d1ca74bb7b57054a5e53b406c" member_type: VOTER last_known_addr { host: "127.5.156.195" port: 36839 } }
I20260710 13:15:21.949815  6074 ts_tablet_manager.cc:1434] T 527651585da14c4fa3190bac837ce4e8 P 6d5f954d1ca74bb7b57054a5e53b406c: Time spent starting tablet: real 0.037s	user 0.009s	sys 0.000s
I20260710 13:15:21.950838  6074 tablet_bootstrap.cc:492] T 0b1fa00ae18148529c0c547787f23697 P 6d5f954d1ca74bb7b57054a5e53b406c: Bootstrap starting.
I20260710 13:15:21.956918  6074 tablet_bootstrap.cc:654] T 0b1fa00ae18148529c0c547787f23697 P 6d5f954d1ca74bb7b57054a5e53b406c: Neither blocks nor log segments found. Creating new log.
I20260710 13:15:21.959417  6076 tablet_bootstrap.cc:492] T 0b1fa00ae18148529c0c547787f23697 P 5b41d6a6f24a4b2899811c00b2ffaa1f: No bootstrap required, opened a new log
I20260710 13:15:21.959801  6076 ts_tablet_manager.cc:1403] T 0b1fa00ae18148529c0c547787f23697 P 5b41d6a6f24a4b2899811c00b2ffaa1f: Time spent bootstrapping tablet: real 0.071s	user 0.010s	sys 0.002s
I20260710 13:15:21.961619  6075 tablet_bootstrap.cc:492] T 39cf771131bc425fb04a1457f467c40e P cc41ac7308814d0383579ea39d87ea08: No bootstrap required, opened a new log
I20260710 13:15:21.962093  6075 ts_tablet_manager.cc:1403] T 39cf771131bc425fb04a1457f467c40e P cc41ac7308814d0383579ea39d87ea08: Time spent bootstrapping tablet: real 0.065s	user 0.011s	sys 0.007s
I20260710 13:15:21.962041  6076 raft_consensus.cc:359] T 0b1fa00ae18148529c0c547787f23697 P 5b41d6a6f24a4b2899811c00b2ffaa1f [term 0 FOLLOWER]: Replica starting. Triggering 0 pending ops. Active config: opid_index: -1 OBSOLETE_local: false peers { permanent_uuid: "5b41d6a6f24a4b2899811c00b2ffaa1f" member_type: VOTER last_known_addr { host: "127.5.156.193" port: 34609 } } peers { permanent_uuid: "cc41ac7308814d0383579ea39d87ea08" member_type: VOTER last_known_addr { host: "127.5.156.194" port: 46605 } } peers { permanent_uuid: "6d5f954d1ca74bb7b57054a5e53b406c" member_type: VOTER last_known_addr { host: "127.5.156.195" port: 36839 } }
I20260710 13:15:21.962865  6076 raft_consensus.cc:385] T 0b1fa00ae18148529c0c547787f23697 P 5b41d6a6f24a4b2899811c00b2ffaa1f [term 0 FOLLOWER]: Consensus starting up: Expiring failure detector timer to make a prompt election more likely
I20260710 13:15:21.963157  6076 raft_consensus.cc:740] T 0b1fa00ae18148529c0c547787f23697 P 5b41d6a6f24a4b2899811c00b2ffaa1f [term 0 FOLLOWER]: Becoming Follower/Learner. State: Replica: 5b41d6a6f24a4b2899811c00b2ffaa1f, State: Initialized, Role: FOLLOWER
I20260710 13:15:21.963971  6076 consensus_queue.cc:260] T 0b1fa00ae18148529c0c547787f23697 P 5b41d6a6f24a4b2899811c00b2ffaa1f [NON_LEADER]: Queue going to NON_LEADER mode. State: All replicated index: 0, Majority replicated index: 0, Committed index: 0, Last appended: 0.0, Last appended by leader: 0, Current term: 0, Majority size: -1, State: 0, Mode: NON_LEADER, active raft config: opid_index: -1 OBSOLETE_local: false peers { permanent_uuid: "5b41d6a6f24a4b2899811c00b2ffaa1f" member_type: VOTER last_known_addr { host: "127.5.156.193" port: 34609 } } peers { permanent_uuid: "cc41ac7308814d0383579ea39d87ea08" member_type: VOTER last_known_addr { host: "127.5.156.194" port: 46605 } } peers { permanent_uuid: "6d5f954d1ca74bb7b57054a5e53b406c" member_type: VOTER last_known_addr { host: "127.5.156.195" port: 36839 } }
I20260710 13:15:21.965018  6075 raft_consensus.cc:359] T 39cf771131bc425fb04a1457f467c40e P cc41ac7308814d0383579ea39d87ea08 [term 0 FOLLOWER]: Replica starting. Triggering 0 pending ops. Active config: opid_index: -1 OBSOLETE_local: false peers { permanent_uuid: "5b41d6a6f24a4b2899811c00b2ffaa1f" member_type: VOTER last_known_addr { host: "127.5.156.193" port: 34609 } } peers { permanent_uuid: "cc41ac7308814d0383579ea39d87ea08" member_type: VOTER last_known_addr { host: "127.5.156.194" port: 46605 } } peers { permanent_uuid: "6d5f954d1ca74bb7b57054a5e53b406c" member_type: VOTER last_known_addr { host: "127.5.156.195" port: 36839 } }
I20260710 13:15:21.965727  6075 raft_consensus.cc:385] T 39cf771131bc425fb04a1457f467c40e P cc41ac7308814d0383579ea39d87ea08 [term 0 FOLLOWER]: Consensus starting up: Expiring failure detector timer to make a prompt election more likely
I20260710 13:15:21.966040  6075 raft_consensus.cc:740] T 39cf771131bc425fb04a1457f467c40e P cc41ac7308814d0383579ea39d87ea08 [term 0 FOLLOWER]: Becoming Follower/Learner. State: Replica: cc41ac7308814d0383579ea39d87ea08, State: Initialized, Role: FOLLOWER
I20260710 13:15:21.966418  6076 ts_tablet_manager.cc:1434] T 0b1fa00ae18148529c0c547787f23697 P 5b41d6a6f24a4b2899811c00b2ffaa1f: Time spent starting tablet: real 0.006s	user 0.006s	sys 0.001s
I20260710 13:15:21.966790  6075 consensus_queue.cc:260] T 39cf771131bc425fb04a1457f467c40e P cc41ac7308814d0383579ea39d87ea08 [NON_LEADER]: Queue going to NON_LEADER mode. State: All replicated index: 0, Majority replicated index: 0, Committed index: 0, Last appended: 0.0, Last appended by leader: 0, Current term: 0, Majority size: -1, State: 0, Mode: NON_LEADER, active raft config: opid_index: -1 OBSOLETE_local: false peers { permanent_uuid: "5b41d6a6f24a4b2899811c00b2ffaa1f" member_type: VOTER last_known_addr { host: "127.5.156.193" port: 34609 } } peers { permanent_uuid: "cc41ac7308814d0383579ea39d87ea08" member_type: VOTER last_known_addr { host: "127.5.156.194" port: 46605 } } peers { permanent_uuid: "6d5f954d1ca74bb7b57054a5e53b406c" member_type: VOTER last_known_addr { host: "127.5.156.195" port: 36839 } }
I20260710 13:15:21.967386  6076 tablet_bootstrap.cc:492] T 39cf771131bc425fb04a1457f467c40e P 5b41d6a6f24a4b2899811c00b2ffaa1f: Bootstrap starting.
I20260710 13:15:21.969197  6075 ts_tablet_manager.cc:1434] T 39cf771131bc425fb04a1457f467c40e P cc41ac7308814d0383579ea39d87ea08: Time spent starting tablet: real 0.007s	user 0.004s	sys 0.000s
I20260710 13:15:21.970335  6075 tablet_bootstrap.cc:492] T 3950ba45b71b4373973d76ee902b3999 P cc41ac7308814d0383579ea39d87ea08: Bootstrap starting.
I20260710 13:15:21.974013  6076 tablet_bootstrap.cc:654] T 39cf771131bc425fb04a1457f467c40e P 5b41d6a6f24a4b2899811c00b2ffaa1f: Neither blocks nor log segments found. Creating new log.
I20260710 13:15:21.976783  6075 tablet_bootstrap.cc:654] T 3950ba45b71b4373973d76ee902b3999 P cc41ac7308814d0383579ea39d87ea08: Neither blocks nor log segments found. Creating new log.
I20260710 13:15:21.989205  6105 raft_consensus.cc:493] T 9ade8fe60705432282fe6f76e743b740 P 5b41d6a6f24a4b2899811c00b2ffaa1f [term 0 FOLLOWER]: Starting pre-election (no leader contacted us within the election timeout)
I20260710 13:15:21.989763  6105 raft_consensus.cc:515] T 9ade8fe60705432282fe6f76e743b740 P 5b41d6a6f24a4b2899811c00b2ffaa1f [term 0 FOLLOWER]: Starting pre-election with config: opid_index: -1 OBSOLETE_local: false peers { permanent_uuid: "5b41d6a6f24a4b2899811c00b2ffaa1f" member_type: VOTER last_known_addr { host: "127.5.156.193" port: 34609 } } peers { permanent_uuid: "cc41ac7308814d0383579ea39d87ea08" member_type: VOTER last_known_addr { host: "127.5.156.194" port: 46605 } } peers { permanent_uuid: "6d5f954d1ca74bb7b57054a5e53b406c" member_type: VOTER last_known_addr { host: "127.5.156.195" port: 36839 } }
I20260710 13:15:21.991940  6105 leader_election.cc:290] T 9ade8fe60705432282fe6f76e743b740 P 5b41d6a6f24a4b2899811c00b2ffaa1f [CANDIDATE]: Term 1 pre-election: Requested pre-vote from peers cc41ac7308814d0383579ea39d87ea08 (127.5.156.194:46605), 6d5f954d1ca74bb7b57054a5e53b406c (127.5.156.195:36839)
I20260710 13:15:21.992609  5957 tablet_service.cc:1917] Received RequestConsensusVote() RPC: tablet_id: "9ade8fe60705432282fe6f76e743b740" candidate_uuid: "5b41d6a6f24a4b2899811c00b2ffaa1f" candidate_term: 1 candidate_status { last_received { term: 0 index: 0 } } ignore_live_leader: false dest_uuid: "cc41ac7308814d0383579ea39d87ea08" is_pre_election: true
I20260710 13:15:21.992952  6030 tablet_service.cc:1917] Received RequestConsensusVote() RPC: tablet_id: "9ade8fe60705432282fe6f76e743b740" candidate_uuid: "5b41d6a6f24a4b2899811c00b2ffaa1f" candidate_term: 1 candidate_status { last_received { term: 0 index: 0 } } ignore_live_leader: false dest_uuid: "6d5f954d1ca74bb7b57054a5e53b406c" is_pre_election: true
I20260710 13:15:21.993644  6030 raft_consensus.cc:2468] T 9ade8fe60705432282fe6f76e743b740 P 6d5f954d1ca74bb7b57054a5e53b406c [term 0 FOLLOWER]: Leader pre-election vote request: Granting yes vote for candidate 5b41d6a6f24a4b2899811c00b2ffaa1f in term 0.
I20260710 13:15:21.994576  5847 leader_election.cc:304] T 9ade8fe60705432282fe6f76e743b740 P 5b41d6a6f24a4b2899811c00b2ffaa1f [CANDIDATE]: Term 1 pre-election: Election decided. Result: candidate won. Election summary: received 2 responses out of 3 voters: 2 yes votes; 0 no votes. yes voters: 5b41d6a6f24a4b2899811c00b2ffaa1f, 6d5f954d1ca74bb7b57054a5e53b406c; no voters: 
I20260710 13:15:21.995293  6105 raft_consensus.cc:2804] T 9ade8fe60705432282fe6f76e743b740 P 5b41d6a6f24a4b2899811c00b2ffaa1f [term 0 FOLLOWER]: Leader pre-election won for term 1
I20260710 13:15:21.995656  6105 raft_consensus.cc:493] T 9ade8fe60705432282fe6f76e743b740 P 5b41d6a6f24a4b2899811c00b2ffaa1f [term 0 FOLLOWER]: Starting leader election (no leader contacted us within the election timeout)
I20260710 13:15:21.995977  6105 raft_consensus.cc:3060] T 9ade8fe60705432282fe6f76e743b740 P 5b41d6a6f24a4b2899811c00b2ffaa1f [term 0 FOLLOWER]: Advancing to term 1
I20260710 13:15:21.999214  6074 tablet_bootstrap.cc:492] T 0b1fa00ae18148529c0c547787f23697 P 6d5f954d1ca74bb7b57054a5e53b406c: No bootstrap required, opened a new log
I20260710 13:15:21.998769  5779 catalog_manager.cc:5697] T 447b0bace2764c63864753d3ad59ae95 P 6d5f954d1ca74bb7b57054a5e53b406c reported cstate change: term changed from 0 to 1, leader changed from <none> to 6d5f954d1ca74bb7b57054a5e53b406c (127.5.156.195). New cstate: current_term: 1 leader_uuid: "6d5f954d1ca74bb7b57054a5e53b406c" committed_config { opid_index: -1 OBSOLETE_local: false peers { permanent_uuid: "cc41ac7308814d0383579ea39d87ea08" member_type: VOTER last_known_addr { host: "127.5.156.194" port: 46605 } health_report { overall_health: UNKNOWN } } peers { permanent_uuid: "6d5f954d1ca74bb7b57054a5e53b406c" member_type: VOTER last_known_addr { host: "127.5.156.195" port: 36839 } health_report { overall_health: HEALTHY } } peers { permanent_uuid: "5b41d6a6f24a4b2899811c00b2ffaa1f" member_type: VOTER last_known_addr { host: "127.5.156.193" port: 34609 } health_report { overall_health: UNKNOWN } } }
I20260710 13:15:21.999622  6074 ts_tablet_manager.cc:1403] T 0b1fa00ae18148529c0c547787f23697 P 6d5f954d1ca74bb7b57054a5e53b406c: Time spent bootstrapping tablet: real 0.049s	user 0.016s	sys 0.020s
I20260710 13:15:22.000168  6076 tablet_bootstrap.cc:492] T 39cf771131bc425fb04a1457f467c40e P 5b41d6a6f24a4b2899811c00b2ffaa1f: No bootstrap required, opened a new log
I20260710 13:15:22.000599  6076 ts_tablet_manager.cc:1403] T 39cf771131bc425fb04a1457f467c40e P 5b41d6a6f24a4b2899811c00b2ffaa1f: Time spent bootstrapping tablet: real 0.033s	user 0.012s	sys 0.013s
I20260710 13:15:22.002038  6074 raft_consensus.cc:359] T 0b1fa00ae18148529c0c547787f23697 P 6d5f954d1ca74bb7b57054a5e53b406c [term 0 FOLLOWER]: Replica starting. Triggering 0 pending ops. Active config: opid_index: -1 OBSOLETE_local: false peers { permanent_uuid: "5b41d6a6f24a4b2899811c00b2ffaa1f" member_type: VOTER last_known_addr { host: "127.5.156.193" port: 34609 } } peers { permanent_uuid: "cc41ac7308814d0383579ea39d87ea08" member_type: VOTER last_known_addr { host: "127.5.156.194" port: 46605 } } peers { permanent_uuid: "6d5f954d1ca74bb7b57054a5e53b406c" member_type: VOTER last_known_addr { host: "127.5.156.195" port: 36839 } }
I20260710 13:15:22.002219  6105 raft_consensus.cc:515] T 9ade8fe60705432282fe6f76e743b740 P 5b41d6a6f24a4b2899811c00b2ffaa1f [term 1 FOLLOWER]: Starting leader election with config: opid_index: -1 OBSOLETE_local: false peers { permanent_uuid: "5b41d6a6f24a4b2899811c00b2ffaa1f" member_type: VOTER last_known_addr { host: "127.5.156.193" port: 34609 } } peers { permanent_uuid: "cc41ac7308814d0383579ea39d87ea08" member_type: VOTER last_known_addr { host: "127.5.156.194" port: 46605 } } peers { permanent_uuid: "6d5f954d1ca74bb7b57054a5e53b406c" member_type: VOTER last_known_addr { host: "127.5.156.195" port: 36839 } }
I20260710 13:15:22.002681  6074 raft_consensus.cc:385] T 0b1fa00ae18148529c0c547787f23697 P 6d5f954d1ca74bb7b57054a5e53b406c [term 0 FOLLOWER]: Consensus starting up: Expiring failure detector timer to make a prompt election more likely
I20260710 13:15:22.003067  6074 raft_consensus.cc:740] T 0b1fa00ae18148529c0c547787f23697 P 6d5f954d1ca74bb7b57054a5e53b406c [term 0 FOLLOWER]: Becoming Follower/Learner. State: Replica: 6d5f954d1ca74bb7b57054a5e53b406c, State: Initialized, Role: FOLLOWER
I20260710 13:15:22.003144  6076 raft_consensus.cc:359] T 39cf771131bc425fb04a1457f467c40e P 5b41d6a6f24a4b2899811c00b2ffaa1f [term 0 FOLLOWER]: Replica starting. Triggering 0 pending ops. Active config: opid_index: -1 OBSOLETE_local: false peers { permanent_uuid: "5b41d6a6f24a4b2899811c00b2ffaa1f" member_type: VOTER last_known_addr { host: "127.5.156.193" port: 34609 } } peers { permanent_uuid: "cc41ac7308814d0383579ea39d87ea08" member_type: VOTER last_known_addr { host: "127.5.156.194" port: 46605 } } peers { permanent_uuid: "6d5f954d1ca74bb7b57054a5e53b406c" member_type: VOTER last_known_addr { host: "127.5.156.195" port: 36839 } }
I20260710 13:15:22.003829  6076 raft_consensus.cc:385] T 39cf771131bc425fb04a1457f467c40e P 5b41d6a6f24a4b2899811c00b2ffaa1f [term 0 FOLLOWER]: Consensus starting up: Expiring failure detector timer to make a prompt election more likely
I20260710 13:15:22.004130  6076 raft_consensus.cc:740] T 39cf771131bc425fb04a1457f467c40e P 5b41d6a6f24a4b2899811c00b2ffaa1f [term 0 FOLLOWER]: Becoming Follower/Learner. State: Replica: 5b41d6a6f24a4b2899811c00b2ffaa1f, State: Initialized, Role: FOLLOWER
W20260710 13:15:22.004994  5846 leader_election.cc:343] T 9ade8fe60705432282fe6f76e743b740 P 5b41d6a6f24a4b2899811c00b2ffaa1f [CANDIDATE]: Term 1 pre-election: Tablet error from VoteRequest() call to peer cc41ac7308814d0383579ea39d87ea08 (127.5.156.194:46605): Illegal state: must be running to vote when last-logged opid is not known
I20260710 13:15:22.004796  6076 consensus_queue.cc:260] T 39cf771131bc425fb04a1457f467c40e P 5b41d6a6f24a4b2899811c00b2ffaa1f [NON_LEADER]: Queue going to NON_LEADER mode. State: All replicated index: 0, Majority replicated index: 0, Committed index: 0, Last appended: 0.0, Last appended by leader: 0, Current term: 0, Majority size: -1, State: 0, Mode: NON_LEADER, active raft config: opid_index: -1 OBSOLETE_local: false peers { permanent_uuid: "5b41d6a6f24a4b2899811c00b2ffaa1f" member_type: VOTER last_known_addr { host: "127.5.156.193" port: 34609 } } peers { permanent_uuid: "cc41ac7308814d0383579ea39d87ea08" member_type: VOTER last_known_addr { host: "127.5.156.194" port: 46605 } } peers { permanent_uuid: "6d5f954d1ca74bb7b57054a5e53b406c" member_type: VOTER last_known_addr { host: "127.5.156.195" port: 36839 } }
I20260710 13:15:22.004887  6074 consensus_queue.cc:260] T 0b1fa00ae18148529c0c547787f23697 P 6d5f954d1ca74bb7b57054a5e53b406c [NON_LEADER]: Queue going to NON_LEADER mode. State: All replicated index: 0, Majority replicated index: 0, Committed index: 0, Last appended: 0.0, Last appended by leader: 0, Current term: 0, Majority size: -1, State: 0, Mode: NON_LEADER, active raft config: opid_index: -1 OBSOLETE_local: false peers { permanent_uuid: "5b41d6a6f24a4b2899811c00b2ffaa1f" member_type: VOTER last_known_addr { host: "127.5.156.193" port: 34609 } } peers { permanent_uuid: "cc41ac7308814d0383579ea39d87ea08" member_type: VOTER last_known_addr { host: "127.5.156.194" port: 46605 } } peers { permanent_uuid: "6d5f954d1ca74bb7b57054a5e53b406c" member_type: VOTER last_known_addr { host: "127.5.156.195" port: 36839 } }
I20260710 13:15:22.005436  6030 tablet_service.cc:1917] Received RequestConsensusVote() RPC: tablet_id: "9ade8fe60705432282fe6f76e743b740" candidate_uuid: "5b41d6a6f24a4b2899811c00b2ffaa1f" candidate_term: 1 candidate_status { last_received { term: 0 index: 0 } } ignore_live_leader: false dest_uuid: "6d5f954d1ca74bb7b57054a5e53b406c"
I20260710 13:15:22.005981  6030 raft_consensus.cc:3060] T 9ade8fe60705432282fe6f76e743b740 P 6d5f954d1ca74bb7b57054a5e53b406c [term 0 FOLLOWER]: Advancing to term 1
I20260710 13:15:22.006215  5957 tablet_service.cc:1917] Received RequestConsensusVote() RPC: tablet_id: "9ade8fe60705432282fe6f76e743b740" candidate_uuid: "5b41d6a6f24a4b2899811c00b2ffaa1f" candidate_term: 1 candidate_status { last_received { term: 0 index: 0 } } ignore_live_leader: false dest_uuid: "cc41ac7308814d0383579ea39d87ea08"
I20260710 13:15:22.007063  6074 ts_tablet_manager.cc:1434] T 0b1fa00ae18148529c0c547787f23697 P 6d5f954d1ca74bb7b57054a5e53b406c: Time spent starting tablet: real 0.007s	user 0.007s	sys 0.000s
I20260710 13:15:22.007054  6080 raft_consensus.cc:493] T 0b1fa00ae18148529c0c547787f23697 P 6d5f954d1ca74bb7b57054a5e53b406c [term 0 FOLLOWER]: Starting pre-election (no leader contacted us within the election timeout)
W20260710 13:15:22.007652  5846 leader_election.cc:343] T 9ade8fe60705432282fe6f76e743b740 P 5b41d6a6f24a4b2899811c00b2ffaa1f [CANDIDATE]: Term 1 election: Tablet error from VoteRequest() call to peer cc41ac7308814d0383579ea39d87ea08 (127.5.156.194:46605): Illegal state: must be running to vote when last-logged opid is not known
I20260710 13:15:22.008023  6074 tablet_bootstrap.cc:492] T 3f20d09e11e4425cbf109b634990aaf6 P 6d5f954d1ca74bb7b57054a5e53b406c: Bootstrap starting.
I20260710 13:15:22.007612  6080 raft_consensus.cc:515] T 0b1fa00ae18148529c0c547787f23697 P 6d5f954d1ca74bb7b57054a5e53b406c [term 0 FOLLOWER]: Starting pre-election with config: opid_index: -1 OBSOLETE_local: false peers { permanent_uuid: "5b41d6a6f24a4b2899811c00b2ffaa1f" member_type: VOTER last_known_addr { host: "127.5.156.193" port: 34609 } } peers { permanent_uuid: "cc41ac7308814d0383579ea39d87ea08" member_type: VOTER last_known_addr { host: "127.5.156.194" port: 46605 } } peers { permanent_uuid: "6d5f954d1ca74bb7b57054a5e53b406c" member_type: VOTER last_known_addr { host: "127.5.156.195" port: 36839 } }
I20260710 13:15:22.010051  6080 leader_election.cc:290] T 0b1fa00ae18148529c0c547787f23697 P 6d5f954d1ca74bb7b57054a5e53b406c [CANDIDATE]: Term 1 pre-election: Requested pre-vote from peers 5b41d6a6f24a4b2899811c00b2ffaa1f (127.5.156.193:34609), cc41ac7308814d0383579ea39d87ea08 (127.5.156.194:46605)
I20260710 13:15:22.011672  5882 tablet_service.cc:1917] Received RequestConsensusVote() RPC: tablet_id: "0b1fa00ae18148529c0c547787f23697" candidate_uuid: "6d5f954d1ca74bb7b57054a5e53b406c" candidate_term: 1 candidate_status { last_received { term: 0 index: 0 } } ignore_live_leader: false dest_uuid: "5b41d6a6f24a4b2899811c00b2ffaa1f" is_pre_election: true
I20260710 13:15:22.012022  5957 tablet_service.cc:1917] Received RequestConsensusVote() RPC: tablet_id: "0b1fa00ae18148529c0c547787f23697" candidate_uuid: "6d5f954d1ca74bb7b57054a5e53b406c" candidate_term: 1 candidate_status { last_received { term: 0 index: 0 } } ignore_live_leader: false dest_uuid: "cc41ac7308814d0383579ea39d87ea08" is_pre_election: true
I20260710 13:15:22.012261  5882 raft_consensus.cc:2468] T 0b1fa00ae18148529c0c547787f23697 P 5b41d6a6f24a4b2899811c00b2ffaa1f [term 0 FOLLOWER]: Leader pre-election vote request: Granting yes vote for candidate 6d5f954d1ca74bb7b57054a5e53b406c in term 0.
I20260710 13:15:22.012579  5957 raft_consensus.cc:2468] T 0b1fa00ae18148529c0c547787f23697 P cc41ac7308814d0383579ea39d87ea08 [term 0 FOLLOWER]: Leader pre-election vote request: Granting yes vote for candidate 6d5f954d1ca74bb7b57054a5e53b406c in term 0.
I20260710 13:15:22.013697  6076 ts_tablet_manager.cc:1434] T 39cf771131bc425fb04a1457f467c40e P 5b41d6a6f24a4b2899811c00b2ffaa1f: Time spent starting tablet: real 0.013s	user 0.007s	sys 0.000s
I20260710 13:15:22.013453  5995 leader_election.cc:304] T 0b1fa00ae18148529c0c547787f23697 P 6d5f954d1ca74bb7b57054a5e53b406c [CANDIDATE]: Term 1 pre-election: Election decided. Result: candidate won. Election summary: received 2 responses out of 3 voters: 2 yes votes; 0 no votes. yes voters: 5b41d6a6f24a4b2899811c00b2ffaa1f, 6d5f954d1ca74bb7b57054a5e53b406c; no voters: 
I20260710 13:15:22.013450  6074 tablet_bootstrap.cc:654] T 3f20d09e11e4425cbf109b634990aaf6 P 6d5f954d1ca74bb7b57054a5e53b406c: Neither blocks nor log segments found. Creating new log.
I20260710 13:15:22.015784  6030 raft_consensus.cc:2468] T 9ade8fe60705432282fe6f76e743b740 P 6d5f954d1ca74bb7b57054a5e53b406c [term 1 FOLLOWER]: Leader election vote request: Granting yes vote for candidate 5b41d6a6f24a4b2899811c00b2ffaa1f in term 1.
I20260710 13:15:22.017060  5847 leader_election.cc:304] T 9ade8fe60705432282fe6f76e743b740 P 5b41d6a6f24a4b2899811c00b2ffaa1f [CANDIDATE]: Term 1 election: Election decided. Result: candidate won. Election summary: received 3 responses out of 3 voters: 2 yes votes; 1 no votes. yes voters: 5b41d6a6f24a4b2899811c00b2ffaa1f, 6d5f954d1ca74bb7b57054a5e53b406c; no voters: cc41ac7308814d0383579ea39d87ea08
I20260710 13:15:22.017946  6104 raft_consensus.cc:2804] T 9ade8fe60705432282fe6f76e743b740 P 5b41d6a6f24a4b2899811c00b2ffaa1f [term 1 FOLLOWER]: Leader election won for term 1
I20260710 13:15:22.018393  6104 raft_consensus.cc:697] T 9ade8fe60705432282fe6f76e743b740 P 5b41d6a6f24a4b2899811c00b2ffaa1f [term 1 LEADER]: Becoming Leader. State: Replica: 5b41d6a6f24a4b2899811c00b2ffaa1f, State: Running, Role: LEADER
I20260710 13:15:22.019733  6075 tablet_bootstrap.cc:492] T 3950ba45b71b4373973d76ee902b3999 P cc41ac7308814d0383579ea39d87ea08: No bootstrap required, opened a new log
I20260710 13:15:22.019203  6104 consensus_queue.cc:237] T 9ade8fe60705432282fe6f76e743b740 P 5b41d6a6f24a4b2899811c00b2ffaa1f [LEADER]: Queue going to LEADER mode. State: All replicated index: 0, Majority replicated index: 0, Committed index: 0, Last appended: 0.0, Last appended by leader: 0, Current term: 1, Majority size: 2, State: 0, Mode: LEADER, active raft config: opid_index: -1 OBSOLETE_local: false peers { permanent_uuid: "5b41d6a6f24a4b2899811c00b2ffaa1f" member_type: VOTER last_known_addr { host: "127.5.156.193" port: 34609 } } peers { permanent_uuid: "cc41ac7308814d0383579ea39d87ea08" member_type: VOTER last_known_addr { host: "127.5.156.194" port: 46605 } } peers { permanent_uuid: "6d5f954d1ca74bb7b57054a5e53b406c" member_type: VOTER last_known_addr { host: "127.5.156.195" port: 36839 } }
I20260710 13:15:22.020249  6075 ts_tablet_manager.cc:1403] T 3950ba45b71b4373973d76ee902b3999 P cc41ac7308814d0383579ea39d87ea08: Time spent bootstrapping tablet: real 0.050s	user 0.006s	sys 0.016s
I20260710 13:15:22.021916  6080 raft_consensus.cc:2804] T 0b1fa00ae18148529c0c547787f23697 P 6d5f954d1ca74bb7b57054a5e53b406c [term 0 FOLLOWER]: Leader pre-election won for term 1
I20260710 13:15:22.022296  6080 raft_consensus.cc:493] T 0b1fa00ae18148529c0c547787f23697 P 6d5f954d1ca74bb7b57054a5e53b406c [term 0 FOLLOWER]: Starting leader election (no leader contacted us within the election timeout)
I20260710 13:15:22.022626  6080 raft_consensus.cc:3060] T 0b1fa00ae18148529c0c547787f23697 P 6d5f954d1ca74bb7b57054a5e53b406c [term 0 FOLLOWER]: Advancing to term 1
I20260710 13:15:22.004549  6105 leader_election.cc:290] T 9ade8fe60705432282fe6f76e743b740 P 5b41d6a6f24a4b2899811c00b2ffaa1f [CANDIDATE]: Term 1 election: Requested vote from peers cc41ac7308814d0383579ea39d87ea08 (127.5.156.194:46605), 6d5f954d1ca74bb7b57054a5e53b406c (127.5.156.195:36839)
I20260710 13:15:22.023711  6075 raft_consensus.cc:359] T 3950ba45b71b4373973d76ee902b3999 P cc41ac7308814d0383579ea39d87ea08 [term 0 FOLLOWER]: Replica starting. Triggering 0 pending ops. Active config: opid_index: -1 OBSOLETE_local: false peers { permanent_uuid: "5b41d6a6f24a4b2899811c00b2ffaa1f" member_type: VOTER last_known_addr { host: "127.5.156.193" port: 34609 } } peers { permanent_uuid: "cc41ac7308814d0383579ea39d87ea08" member_type: VOTER last_known_addr { host: "127.5.156.194" port: 46605 } } peers { permanent_uuid: "6d5f954d1ca74bb7b57054a5e53b406c" member_type: VOTER last_known_addr { host: "127.5.156.195" port: 36839 } }
I20260710 13:15:22.024420  6075 raft_consensus.cc:385] T 3950ba45b71b4373973d76ee902b3999 P cc41ac7308814d0383579ea39d87ea08 [term 0 FOLLOWER]: Consensus starting up: Expiring failure detector timer to make a prompt election more likely
I20260710 13:15:22.024724  6075 raft_consensus.cc:740] T 3950ba45b71b4373973d76ee902b3999 P cc41ac7308814d0383579ea39d87ea08 [term 0 FOLLOWER]: Becoming Follower/Learner. State: Replica: cc41ac7308814d0383579ea39d87ea08, State: Initialized, Role: FOLLOWER
I20260710 13:15:22.016815  5778 catalog_manager.cc:5697] T 527651585da14c4fa3190bac837ce4e8 P 5b41d6a6f24a4b2899811c00b2ffaa1f reported cstate change: term changed from 0 to 1, leader changed from <none> to 5b41d6a6f24a4b2899811c00b2ffaa1f (127.5.156.193). New cstate: current_term: 1 leader_uuid: "5b41d6a6f24a4b2899811c00b2ffaa1f" committed_config { opid_index: -1 OBSOLETE_local: false peers { permanent_uuid: "5b41d6a6f24a4b2899811c00b2ffaa1f" member_type: VOTER last_known_addr { host: "127.5.156.193" port: 34609 } health_report { overall_health: HEALTHY } } peers { permanent_uuid: "cc41ac7308814d0383579ea39d87ea08" member_type: VOTER last_known_addr { host: "127.5.156.194" port: 46605 } health_report { overall_health: UNKNOWN } } peers { permanent_uuid: "6d5f954d1ca74bb7b57054a5e53b406c" member_type: VOTER last_known_addr { host: "127.5.156.195" port: 36839 } health_report { overall_health: UNKNOWN } } }
I20260710 13:15:22.026631  6075 consensus_queue.cc:260] T 3950ba45b71b4373973d76ee902b3999 P cc41ac7308814d0383579ea39d87ea08 [NON_LEADER]: Queue going to NON_LEADER mode. State: All replicated index: 0, Majority replicated index: 0, Committed index: 0, Last appended: 0.0, Last appended by leader: 0, Current term: 0, Majority size: -1, State: 0, Mode: NON_LEADER, active raft config: opid_index: -1 OBSOLETE_local: false peers { permanent_uuid: "5b41d6a6f24a4b2899811c00b2ffaa1f" member_type: VOTER last_known_addr { host: "127.5.156.193" port: 34609 } } peers { permanent_uuid: "cc41ac7308814d0383579ea39d87ea08" member_type: VOTER last_known_addr { host: "127.5.156.194" port: 46605 } } peers { permanent_uuid: "6d5f954d1ca74bb7b57054a5e53b406c" member_type: VOTER last_known_addr { host: "127.5.156.195" port: 36839 } }
I20260710 13:15:22.031102  6075 ts_tablet_manager.cc:1434] T 3950ba45b71b4373973d76ee902b3999 P cc41ac7308814d0383579ea39d87ea08: Time spent starting tablet: real 0.011s	user 0.004s	sys 0.004s
I20260710 13:15:22.033181  6074 tablet_bootstrap.cc:492] T 3f20d09e11e4425cbf109b634990aaf6 P 6d5f954d1ca74bb7b57054a5e53b406c: No bootstrap required, opened a new log
I20260710 13:15:22.033613  6074 ts_tablet_manager.cc:1403] T 3f20d09e11e4425cbf109b634990aaf6 P 6d5f954d1ca74bb7b57054a5e53b406c: Time spent bootstrapping tablet: real 0.026s	user 0.006s	sys 0.007s
I20260710 13:15:22.034948  6076 tablet_bootstrap.cc:492] T 3f20d09e11e4425cbf109b634990aaf6 P 5b41d6a6f24a4b2899811c00b2ffaa1f: Bootstrap starting.
