I20260710 13:12:44.837428 12695 leader_election.cc:304] T f9eb18cc955d4ad68c75b508c15a5b9f P 0b5d1c35017640469e3842844d5ac0b6 [CANDIDATE]: Term 2 election: Election decided. Result: candidate won. Election summary: received 2 responses out of 3 voters: 2 yes votes; 0 no votes. yes voters: 0b5d1c35017640469e3842844d5ac0b6, a6e6edd0379743e2a832998ba4fdc724; no voters: 
I20260710 13:12:44.838330 12921 raft_consensus.cc:2804] T f9eb18cc955d4ad68c75b508c15a5b9f P 0b5d1c35017640469e3842844d5ac0b6 [term 2 FOLLOWER]: Leader election won for term 2
I20260710 13:12:44.839177 12658 raft_consensus.cc:2468] T f9eb18cc955d4ad68c75b508c15a5b9f P e7d6739db6e54080b1cc06c487196941 [term 2 FOLLOWER]: Leader election vote request: Granting yes vote for candidate 0b5d1c35017640469e3842844d5ac0b6 in term 2.
I20260710 13:12:44.839845 12921 raft_consensus.cc:697] T f9eb18cc955d4ad68c75b508c15a5b9f P 0b5d1c35017640469e3842844d5ac0b6 [term 2 LEADER]: Becoming Leader. State: Replica: 0b5d1c35017640469e3842844d5ac0b6, State: Running, Role: LEADER
I20260710 13:12:44.840863 12921 consensus_queue.cc:237] T f9eb18cc955d4ad68c75b508c15a5b9f P 0b5d1c35017640469e3842844d5ac0b6 [LEADER]: Queue going to LEADER mode. State: All replicated index: 0, Majority replicated index: 1, Committed index: 1, Last appended: 1.1, Last appended by leader: 1, Current term: 2, Majority size: 2, State: 0, Mode: LEADER, active raft config: opid_index: -1 OBSOLETE_local: false peers { permanent_uuid: "a6e6edd0379743e2a832998ba4fdc724" member_type: VOTER last_known_addr { host: "127.12.40.1" port: 34179 } } peers { permanent_uuid: "e7d6739db6e54080b1cc06c487196941" member_type: VOTER last_known_addr { host: "127.12.40.2" port: 38877 } } peers { permanent_uuid: "0b5d1c35017640469e3842844d5ac0b6" member_type: VOTER last_known_addr { host: "127.12.40.3" port: 44421 } }
I20260710 13:12:44.848593 12480 catalog_manager.cc:5697] T f9eb18cc955d4ad68c75b508c15a5b9f P 0b5d1c35017640469e3842844d5ac0b6 reported cstate change: term changed from 1 to 2, leader changed from e7d6739db6e54080b1cc06c487196941 (127.12.40.2) to 0b5d1c35017640469e3842844d5ac0b6 (127.12.40.3). New cstate: current_term: 2 leader_uuid: "0b5d1c35017640469e3842844d5ac0b6" committed_config { opid_index: -1 OBSOLETE_local: false peers { permanent_uuid: "a6e6edd0379743e2a832998ba4fdc724" member_type: VOTER last_known_addr { host: "127.12.40.1" port: 34179 } health_report { overall_health: UNKNOWN } } peers { permanent_uuid: "e7d6739db6e54080b1cc06c487196941" member_type: VOTER last_known_addr { host: "127.12.40.2" port: 38877 } health_report { overall_health: UNKNOWN } } peers { permanent_uuid: "0b5d1c35017640469e3842844d5ac0b6" member_type: VOTER last_known_addr { host: "127.12.40.3" port: 44421 } health_report { overall_health: HEALTHY } } }
I20260710 13:12:44.916590 12922 raft_consensus.cc:993] T 86c956daee9b40c0b4b03a844bc28e94 P e7d6739db6e54080b1cc06c487196941: : Instructing follower 0b5d1c35017640469e3842844d5ac0b6 to start an election
I20260710 13:12:44.917073 12873 raft_consensus.cc:1081] T 86c956daee9b40c0b4b03a844bc28e94 P e7d6739db6e54080b1cc06c487196941 [term 2 LEADER]: Signalling peer 0b5d1c35017640469e3842844d5ac0b6 to start an election
I20260710 13:12:44.918545 12731 tablet_service.cc:2044] Received Run Leader Election RPC: tablet_id: "86c956daee9b40c0b4b03a844bc28e94"
dest_uuid: "0b5d1c35017640469e3842844d5ac0b6"
 from {username='slave'} at 127.0.0.1:60182
I20260710 13:12:44.918987 12731 raft_consensus.cc:493] T 86c956daee9b40c0b4b03a844bc28e94 P 0b5d1c35017640469e3842844d5ac0b6 [term 2 FOLLOWER]: Starting forced leader election (received explicit request)
I20260710 13:12:44.919343 12731 raft_consensus.cc:3060] T 86c956daee9b40c0b4b03a844bc28e94 P 0b5d1c35017640469e3842844d5ac0b6 [term 2 FOLLOWER]: Advancing to term 3
I20260710 13:12:44.923305 12731 raft_consensus.cc:515] T 86c956daee9b40c0b4b03a844bc28e94 P 0b5d1c35017640469e3842844d5ac0b6 [term 3 FOLLOWER]: Starting forced leader election with config: opid_index: -1 OBSOLETE_local: false peers { permanent_uuid: "a6e6edd0379743e2a832998ba4fdc724" member_type: VOTER last_known_addr { host: "127.12.40.1" port: 34179 } } peers { permanent_uuid: "e7d6739db6e54080b1cc06c487196941" member_type: VOTER last_known_addr { host: "127.12.40.2" port: 38877 } } peers { permanent_uuid: "0b5d1c35017640469e3842844d5ac0b6" member_type: VOTER last_known_addr { host: "127.12.40.3" port: 44421 } }
I20260710 13:12:44.924726 12731 leader_election.cc:290] T 86c956daee9b40c0b4b03a844bc28e94 P 0b5d1c35017640469e3842844d5ac0b6 [CANDIDATE]: Term 3 election: Requested vote from peers a6e6edd0379743e2a832998ba4fdc724 (127.12.40.1:34179), e7d6739db6e54080b1cc06c487196941 (127.12.40.2:38877)
I20260710 13:12:44.925609 12583 tablet_service.cc:1917] Received RequestConsensusVote() RPC: tablet_id: "86c956daee9b40c0b4b03a844bc28e94" candidate_uuid: "0b5d1c35017640469e3842844d5ac0b6" candidate_term: 3 candidate_status { last_received { term: 2 index: 2 } } ignore_live_leader: true dest_uuid: "a6e6edd0379743e2a832998ba4fdc724"
I20260710 13:12:44.925818 12658 tablet_service.cc:1917] Received RequestConsensusVote() RPC: tablet_id: "86c956daee9b40c0b4b03a844bc28e94" candidate_uuid: "0b5d1c35017640469e3842844d5ac0b6" candidate_term: 3 candidate_status { last_received { term: 2 index: 2 } } ignore_live_leader: true dest_uuid: "e7d6739db6e54080b1cc06c487196941"
I20260710 13:12:44.926172 12583 raft_consensus.cc:3060] T 86c956daee9b40c0b4b03a844bc28e94 P a6e6edd0379743e2a832998ba4fdc724 [term 2 FOLLOWER]: Advancing to term 3
I20260710 13:12:44.926272 12658 raft_consensus.cc:3055] T 86c956daee9b40c0b4b03a844bc28e94 P e7d6739db6e54080b1cc06c487196941 [term 2 LEADER]: Stepping down as leader of term 2
I20260710 13:12:44.926577 12658 raft_consensus.cc:740] T 86c956daee9b40c0b4b03a844bc28e94 P e7d6739db6e54080b1cc06c487196941 [term 2 LEADER]: Becoming Follower/Learner. State: Replica: e7d6739db6e54080b1cc06c487196941, State: Running, Role: LEADER
I20260710 13:12:44.927345 12658 consensus_queue.cc:260] T 86c956daee9b40c0b4b03a844bc28e94 P e7d6739db6e54080b1cc06c487196941 [NON_LEADER]: Queue going to NON_LEADER mode. State: All replicated index: 0, Majority replicated index: 2, Committed index: 2, Last appended: 2.2, Last appended by leader: 2, Current term: 2, Majority size: -1, State: 0, Mode: NON_LEADER, active raft config: opid_index: -1 OBSOLETE_local: false peers { permanent_uuid: "a6e6edd0379743e2a832998ba4fdc724" member_type: VOTER last_known_addr { host: "127.12.40.1" port: 34179 } } peers { permanent_uuid: "e7d6739db6e54080b1cc06c487196941" member_type: VOTER last_known_addr { host: "127.12.40.2" port: 38877 } } peers { permanent_uuid: "0b5d1c35017640469e3842844d5ac0b6" member_type: VOTER last_known_addr { host: "127.12.40.3" port: 44421 } }
I20260710 13:12:44.928409 12658 raft_consensus.cc:3060] T 86c956daee9b40c0b4b03a844bc28e94 P e7d6739db6e54080b1cc06c487196941 [term 2 FOLLOWER]: Advancing to term 3
I20260710 13:12:44.932231 12583 raft_consensus.cc:2468] T 86c956daee9b40c0b4b03a844bc28e94 P a6e6edd0379743e2a832998ba4fdc724 [term 3 FOLLOWER]: Leader election vote request: Granting yes vote for candidate 0b5d1c35017640469e3842844d5ac0b6 in term 3.
I20260710 13:12:44.933310 12695 leader_election.cc:304] T 86c956daee9b40c0b4b03a844bc28e94 P 0b5d1c35017640469e3842844d5ac0b6 [CANDIDATE]: Term 3 election: Election decided. Result: candidate won. Election summary: received 2 responses out of 3 voters: 2 yes votes; 0 no votes. yes voters: 0b5d1c35017640469e3842844d5ac0b6, a6e6edd0379743e2a832998ba4fdc724; no voters: 
I20260710 13:12:44.934108 12921 raft_consensus.cc:2804] T 86c956daee9b40c0b4b03a844bc28e94 P 0b5d1c35017640469e3842844d5ac0b6 [term 3 FOLLOWER]: Leader election won for term 3
I20260710 13:12:44.934115 12658 raft_consensus.cc:2468] T 86c956daee9b40c0b4b03a844bc28e94 P e7d6739db6e54080b1cc06c487196941 [term 3 FOLLOWER]: Leader election vote request: Granting yes vote for candidate 0b5d1c35017640469e3842844d5ac0b6 in term 3.
I20260710 13:12:44.934746 12921 raft_consensus.cc:697] T 86c956daee9b40c0b4b03a844bc28e94 P 0b5d1c35017640469e3842844d5ac0b6 [term 3 LEADER]: Becoming Leader. State: Replica: 0b5d1c35017640469e3842844d5ac0b6, State: Running, Role: LEADER
I20260710 13:12:44.935634 12921 consensus_queue.cc:237] T 86c956daee9b40c0b4b03a844bc28e94 P 0b5d1c35017640469e3842844d5ac0b6 [LEADER]: Queue going to LEADER mode. State: All replicated index: 0, Majority replicated index: 2, Committed index: 2, Last appended: 2.2, Last appended by leader: 2, Current term: 3, Majority size: 2, State: 0, Mode: LEADER, active raft config: opid_index: -1 OBSOLETE_local: false peers { permanent_uuid: "a6e6edd0379743e2a832998ba4fdc724" member_type: VOTER last_known_addr { host: "127.12.40.1" port: 34179 } } peers { permanent_uuid: "e7d6739db6e54080b1cc06c487196941" member_type: VOTER last_known_addr { host: "127.12.40.2" port: 38877 } } peers { permanent_uuid: "0b5d1c35017640469e3842844d5ac0b6" member_type: VOTER last_known_addr { host: "127.12.40.3" port: 44421 } }
I20260710 13:12:44.941885 12480 catalog_manager.cc:5697] T 86c956daee9b40c0b4b03a844bc28e94 P 0b5d1c35017640469e3842844d5ac0b6 reported cstate change: term changed from 2 to 3, leader changed from e7d6739db6e54080b1cc06c487196941 (127.12.40.2) to 0b5d1c35017640469e3842844d5ac0b6 (127.12.40.3). New cstate: current_term: 3 leader_uuid: "0b5d1c35017640469e3842844d5ac0b6" committed_config { opid_index: -1 OBSOLETE_local: false peers { permanent_uuid: "a6e6edd0379743e2a832998ba4fdc724" member_type: VOTER last_known_addr { host: "127.12.40.1" port: 34179 } health_report { overall_health: UNKNOWN } } peers { permanent_uuid: "e7d6739db6e54080b1cc06c487196941" member_type: VOTER last_known_addr { host: "127.12.40.2" port: 38877 } health_report { overall_health: UNKNOWN } } peers { permanent_uuid: "0b5d1c35017640469e3842844d5ac0b6" member_type: VOTER last_known_addr { host: "127.12.40.3" port: 44421 } health_report { overall_health: HEALTHY } } }
I20260710 13:12:44.956933 12658 raft_consensus.cc:1275] T 03027a946ea84a48a043b430c4d39a13 P e7d6739db6e54080b1cc06c487196941 [term 3 FOLLOWER]: Refusing update from remote peer a6e6edd0379743e2a832998ba4fdc724: Log matching property violated. Preceding OpId in replica: term: 2 index: 2. Preceding OpId from leader: term: 3 index: 3. (index mismatch)
I20260710 13:12:44.958176 12923 consensus_queue.cc:1048] T 03027a946ea84a48a043b430c4d39a13 P a6e6edd0379743e2a832998ba4fdc724 [LEADER]: Connected to new peer: Peer: permanent_uuid: "e7d6739db6e54080b1cc06c487196941" member_type: VOTER last_known_addr { host: "127.12.40.2" port: 38877 }, Status: LMP_MISMATCH, Last received: 0.0, Next index: 3, Last known committed idx: 2, Time since last communication: 0.000s
I20260710 13:12:44.970021 12731 raft_consensus.cc:1275] T 03027a946ea84a48a043b430c4d39a13 P 0b5d1c35017640469e3842844d5ac0b6 [term 3 FOLLOWER]: Refusing update from remote peer a6e6edd0379743e2a832998ba4fdc724: Log matching property violated. Preceding OpId in replica: term: 2 index: 2. Preceding OpId from leader: term: 3 index: 3. (index mismatch)
I20260710 13:12:44.972983 12936 consensus_queue.cc:1048] T 03027a946ea84a48a043b430c4d39a13 P a6e6edd0379743e2a832998ba4fdc724 [LEADER]: Connected to new peer: Peer: permanent_uuid: "0b5d1c35017640469e3842844d5ac0b6" member_type: VOTER last_known_addr { host: "127.12.40.3" port: 44421 }, Status: LMP_MISMATCH, Last received: 0.0, Next index: 3, Last known committed idx: 2, Time since last communication: 0.001s
I20260710 13:12:45.071753 12731 raft_consensus.cc:1275] T 55bd783ce3504d57bcf49935e7214078 P 0b5d1c35017640469e3842844d5ac0b6 [term 2 FOLLOWER]: Refusing update from remote peer a6e6edd0379743e2a832998ba4fdc724: Log matching property violated. Preceding OpId in replica: term: 1 index: 1. Preceding OpId from leader: term: 2 index: 2. (index mismatch)
I20260710 13:12:45.073046 12936 consensus_queue.cc:1048] T 55bd783ce3504d57bcf49935e7214078 P a6e6edd0379743e2a832998ba4fdc724 [LEADER]: Connected to new peer: Peer: permanent_uuid: "0b5d1c35017640469e3842844d5ac0b6" member_type: VOTER last_known_addr { host: "127.12.40.3" port: 44421 }, Status: LMP_MISMATCH, Last received: 0.0, Next index: 2, Last known committed idx: 1, Time since last communication: 0.000s
I20260710 13:12:45.081370 12658 raft_consensus.cc:1275] T 55bd783ce3504d57bcf49935e7214078 P e7d6739db6e54080b1cc06c487196941 [term 2 FOLLOWER]: Refusing update from remote peer a6e6edd0379743e2a832998ba4fdc724: Log matching property violated. Preceding OpId in replica: term: 1 index: 1. Preceding OpId from leader: term: 2 index: 2. (index mismatch)
I20260710 13:12:45.083101 12923 consensus_queue.cc:1048] T 55bd783ce3504d57bcf49935e7214078 P a6e6edd0379743e2a832998ba4fdc724 [LEADER]: Connected to new peer: Peer: permanent_uuid: "e7d6739db6e54080b1cc06c487196941" member_type: VOTER last_known_addr { host: "127.12.40.2" port: 38877 }, Status: LMP_MISMATCH, Last received: 0.0, Next index: 2, Last known committed idx: 1, Time since last communication: 0.000s
I20260710 13:12:45.293867 12583 raft_consensus.cc:1275] T f9eb18cc955d4ad68c75b508c15a5b9f P a6e6edd0379743e2a832998ba4fdc724 [term 2 FOLLOWER]: Refusing update from remote peer 0b5d1c35017640469e3842844d5ac0b6: Log matching property violated. Preceding OpId in replica: term: 1 index: 1. Preceding OpId from leader: term: 2 index: 2. (index mismatch)
I20260710 13:12:45.295279 12921 consensus_queue.cc:1048] T f9eb18cc955d4ad68c75b508c15a5b9f P 0b5d1c35017640469e3842844d5ac0b6 [LEADER]: Connected to new peer: Peer: permanent_uuid: "a6e6edd0379743e2a832998ba4fdc724" member_type: VOTER last_known_addr { host: "127.12.40.1" port: 34179 }, Status: LMP_MISMATCH, Last received: 0.0, Next index: 2, Last known committed idx: 1, Time since last communication: 0.000s
I20260710 13:12:45.305276 12658 raft_consensus.cc:1275] T f9eb18cc955d4ad68c75b508c15a5b9f P e7d6739db6e54080b1cc06c487196941 [term 2 FOLLOWER]: Refusing update from remote peer 0b5d1c35017640469e3842844d5ac0b6: Log matching property violated. Preceding OpId in replica: term: 1 index: 1. Preceding OpId from leader: term: 2 index: 2. (index mismatch)
I20260710 13:12:45.306979 12932 consensus_queue.cc:1048] T f9eb18cc955d4ad68c75b508c15a5b9f P 0b5d1c35017640469e3842844d5ac0b6 [LEADER]: Connected to new peer: Peer: permanent_uuid: "e7d6739db6e54080b1cc06c487196941" member_type: VOTER last_known_addr { host: "127.12.40.2" port: 38877 }, Status: LMP_MISMATCH, Last received: 0.0, Next index: 2, Last known committed idx: 1, Time since last communication: 0.001s
I20260710 13:12:45.404958 12731 raft_consensus.cc:1275] T 3c837df257bc4bdbb819b6cd56a79f14 P 0b5d1c35017640469e3842844d5ac0b6 [term 5 FOLLOWER]: Refusing update from remote peer a6e6edd0379743e2a832998ba4fdc724: Log matching property violated. Preceding OpId in replica: term: 4 index: 4. Preceding OpId from leader: term: 5 index: 5. (index mismatch)
I20260710 13:12:45.406260 12923 consensus_queue.cc:1048] T 3c837df257bc4bdbb819b6cd56a79f14 P a6e6edd0379743e2a832998ba4fdc724 [LEADER]: Connected to new peer: Peer: permanent_uuid: "0b5d1c35017640469e3842844d5ac0b6" member_type: VOTER last_known_addr { host: "127.12.40.3" port: 44421 }, Status: LMP_MISMATCH, Last received: 0.0, Next index: 5, Last known committed idx: 4, Time since last communication: 0.000s
I20260710 13:12:45.415695 12658 raft_consensus.cc:1275] T 3c837df257bc4bdbb819b6cd56a79f14 P e7d6739db6e54080b1cc06c487196941 [term 5 FOLLOWER]: Refusing update from remote peer a6e6edd0379743e2a832998ba4fdc724: Log matching property violated. Preceding OpId in replica: term: 4 index: 4. Preceding OpId from leader: term: 5 index: 5. (index mismatch)
I20260710 13:12:45.416944 12936 consensus_queue.cc:1048] T 3c837df257bc4bdbb819b6cd56a79f14 P a6e6edd0379743e2a832998ba4fdc724 [LEADER]: Connected to new peer: Peer: permanent_uuid: "e7d6739db6e54080b1cc06c487196941" member_type: VOTER last_known_addr { host: "127.12.40.2" port: 38877 }, Status: LMP_MISMATCH, Last received: 0.0, Next index: 5, Last known committed idx: 4, Time since last communication: 0.000s
I20260710 13:12:45.425083 12656 raft_consensus.cc:1275] T 86c956daee9b40c0b4b03a844bc28e94 P e7d6739db6e54080b1cc06c487196941 [term 3 FOLLOWER]: Refusing update from remote peer 0b5d1c35017640469e3842844d5ac0b6: Log matching property violated. Preceding OpId in replica: term: 2 index: 2. Preceding OpId from leader: term: 3 index: 3. (index mismatch)
I20260710 13:12:45.426659 12932 consensus_queue.cc:1048] T 86c956daee9b40c0b4b03a844bc28e94 P 0b5d1c35017640469e3842844d5ac0b6 [LEADER]: Connected to new peer: Peer: permanent_uuid: "e7d6739db6e54080b1cc06c487196941" member_type: VOTER last_known_addr { host: "127.12.40.2" port: 38877 }, Status: LMP_MISMATCH, Last received: 0.0, Next index: 3, Last known committed idx: 2, Time since last communication: 0.000s
I20260710 13:12:45.440500 12583 raft_consensus.cc:1275] T 86c956daee9b40c0b4b03a844bc28e94 P a6e6edd0379743e2a832998ba4fdc724 [term 3 FOLLOWER]: Refusing update from remote peer 0b5d1c35017640469e3842844d5ac0b6: Log matching property violated. Preceding OpId in replica: term: 2 index: 2. Preceding OpId from leader: term: 3 index: 3. (index mismatch)
I20260710 13:12:45.441802 12932 consensus_queue.cc:1048] T 86c956daee9b40c0b4b03a844bc28e94 P 0b5d1c35017640469e3842844d5ac0b6 [LEADER]: Connected to new peer: Peer: permanent_uuid: "a6e6edd0379743e2a832998ba4fdc724" member_type: VOTER last_known_addr { host: "127.12.40.1" port: 34179 }, Status: LMP_MISMATCH, Last received: 0.0, Next index: 3, Last known committed idx: 2, Time since last communication: 0.000s
I20260710 13:12:45.448880 12448 auto_leader_rebalancer.cc:141] leader rebalance for table test-workload
I20260710 13:12:45.455116 12448 tablet_server.cc:179] TabletServer@127.12.40.1:0 shutting down...
I20260710 13:12:45.488051 12448 ts_tablet_manager.cc:1507] Shutting down tablet manager...
I20260710 13:12:45.488662 12448 tablet_replica.cc:333] T bf56bc054e0b454393077b998d6b4a30 P a6e6edd0379743e2a832998ba4fdc724: stopping tablet replica
I20260710 13:12:45.489383 12448 raft_consensus.cc:2243] T bf56bc054e0b454393077b998d6b4a30 P a6e6edd0379743e2a832998ba4fdc724 [term 1 FOLLOWER]: Raft consensus shutting down.
I20260710 13:12:45.489835 12448 raft_consensus.cc:2272] T bf56bc054e0b454393077b998d6b4a30 P a6e6edd0379743e2a832998ba4fdc724 [term 1 FOLLOWER]: Raft consensus is shut down!
I20260710 13:12:45.492266 12448 tablet_replica.cc:333] T d60c9af449e24ff9ae0a8ce26b8c07d2 P a6e6edd0379743e2a832998ba4fdc724: stopping tablet replica
I20260710 13:12:45.492794 12448 raft_consensus.cc:2243] T d60c9af449e24ff9ae0a8ce26b8c07d2 P a6e6edd0379743e2a832998ba4fdc724 [term 3 FOLLOWER]: Raft consensus shutting down.
I20260710 13:12:45.493250 12448 raft_consensus.cc:2272] T d60c9af449e24ff9ae0a8ce26b8c07d2 P a6e6edd0379743e2a832998ba4fdc724 [term 3 FOLLOWER]: Raft consensus is shut down!
I20260710 13:12:45.494935 12448 tablet_replica.cc:333] T 86c956daee9b40c0b4b03a844bc28e94 P a6e6edd0379743e2a832998ba4fdc724: stopping tablet replica
I20260710 13:12:45.495478 12448 raft_consensus.cc:2243] T 86c956daee9b40c0b4b03a844bc28e94 P a6e6edd0379743e2a832998ba4fdc724 [term 3 FOLLOWER]: Raft consensus shutting down.
I20260710 13:12:45.495877 12448 raft_consensus.cc:2272] T 86c956daee9b40c0b4b03a844bc28e94 P a6e6edd0379743e2a832998ba4fdc724 [term 3 FOLLOWER]: Raft consensus is shut down!
I20260710 13:12:45.498021 12448 tablet_replica.cc:333] T 03027a946ea84a48a043b430c4d39a13 P a6e6edd0379743e2a832998ba4fdc724: stopping tablet replica
I20260710 13:12:45.498533 12448 raft_consensus.cc:2243] T 03027a946ea84a48a043b430c4d39a13 P a6e6edd0379743e2a832998ba4fdc724 [term 3 LEADER]: Raft consensus shutting down.
I20260710 13:12:45.499318 12448 raft_consensus.cc:2272] T 03027a946ea84a48a043b430c4d39a13 P a6e6edd0379743e2a832998ba4fdc724 [term 3 FOLLOWER]: Raft consensus is shut down!
I20260710 13:12:45.501751 12448 tablet_replica.cc:333] T b3ad9e3109b84766854c3a2fde17a0b2 P a6e6edd0379743e2a832998ba4fdc724: stopping tablet replica
I20260710 13:12:45.502240 12448 raft_consensus.cc:2243] T b3ad9e3109b84766854c3a2fde17a0b2 P a6e6edd0379743e2a832998ba4fdc724 [term 2 FOLLOWER]: Raft consensus shutting down.
I20260710 13:12:45.502789 12448 raft_consensus.cc:2272] T b3ad9e3109b84766854c3a2fde17a0b2 P a6e6edd0379743e2a832998ba4fdc724 [term 2 FOLLOWER]: Raft consensus is shut down!
I20260710 13:12:45.504606 12448 tablet_replica.cc:333] T f9eb18cc955d4ad68c75b508c15a5b9f P a6e6edd0379743e2a832998ba4fdc724: stopping tablet replica
I20260710 13:12:45.505056 12448 raft_consensus.cc:2243] T f9eb18cc955d4ad68c75b508c15a5b9f P a6e6edd0379743e2a832998ba4fdc724 [term 2 FOLLOWER]: Raft consensus shutting down.
I20260710 13:12:45.505438 12448 raft_consensus.cc:2272] T f9eb18cc955d4ad68c75b508c15a5b9f P a6e6edd0379743e2a832998ba4fdc724 [term 2 FOLLOWER]: Raft consensus is shut down!
I20260710 13:12:45.507793 12448 tablet_replica.cc:333] T 3c837df257bc4bdbb819b6cd56a79f14 P a6e6edd0379743e2a832998ba4fdc724: stopping tablet replica
I20260710 13:12:45.508338 12448 raft_consensus.cc:2243] T 3c837df257bc4bdbb819b6cd56a79f14 P a6e6edd0379743e2a832998ba4fdc724 [term 5 LEADER]: Raft consensus shutting down.
I20260710 13:12:45.509225 12448 raft_consensus.cc:2272] T 3c837df257bc4bdbb819b6cd56a79f14 P a6e6edd0379743e2a832998ba4fdc724 [term 5 FOLLOWER]: Raft consensus is shut down!
I20260710 13:12:45.511312 12448 tablet_replica.cc:333] T 55bd783ce3504d57bcf49935e7214078 P a6e6edd0379743e2a832998ba4fdc724: stopping tablet replica
I20260710 13:12:45.511842 12448 raft_consensus.cc:2243] T 55bd783ce3504d57bcf49935e7214078 P a6e6edd0379743e2a832998ba4fdc724 [term 2 LEADER]: Raft consensus shutting down.
I20260710 13:12:45.512640 12448 raft_consensus.cc:2272] T 55bd783ce3504d57bcf49935e7214078 P a6e6edd0379743e2a832998ba4fdc724 [term 2 FOLLOWER]: Raft consensus is shut down!
I20260710 13:12:45.514840 12448 tablet_replica.cc:333] T eae3cc1b738e432fbe59f8b634d535cc P a6e6edd0379743e2a832998ba4fdc724: stopping tablet replica
I20260710 13:12:45.515380 12448 raft_consensus.cc:2243] T eae3cc1b738e432fbe59f8b634d535cc P a6e6edd0379743e2a832998ba4fdc724 [term 3 FOLLOWER]: Raft consensus shutting down.
I20260710 13:12:45.515830 12448 raft_consensus.cc:2272] T eae3cc1b738e432fbe59f8b634d535cc P a6e6edd0379743e2a832998ba4fdc724 [term 3 FOLLOWER]: Raft consensus is shut down!
I20260710 13:12:45.613725 12448 tablet_server.cc:196] TabletServer@127.12.40.1:0 shutdown complete.
I20260710 13:12:45.631477 12448 tablet_server.cc:179] TabletServer@127.12.40.2:0 shutting down...
I20260710 13:12:45.653879 12448 ts_tablet_manager.cc:1507] Shutting down tablet manager...
I20260710 13:12:45.654572 12448 tablet_replica.cc:333] T 86c956daee9b40c0b4b03a844bc28e94 P e7d6739db6e54080b1cc06c487196941: stopping tablet replica
I20260710 13:12:45.655372 12448 raft_consensus.cc:2243] T 86c956daee9b40c0b4b03a844bc28e94 P e7d6739db6e54080b1cc06c487196941 [term 3 FOLLOWER]: Raft consensus shutting down.
I20260710 13:12:45.655822 12448 raft_consensus.cc:2272] T 86c956daee9b40c0b4b03a844bc28e94 P e7d6739db6e54080b1cc06c487196941 [term 3 FOLLOWER]: Raft consensus is shut down!
I20260710 13:12:45.657874 12448 tablet_replica.cc:333] T d60c9af449e24ff9ae0a8ce26b8c07d2 P e7d6739db6e54080b1cc06c487196941: stopping tablet replica
I20260710 13:12:45.658442 12448 raft_consensus.cc:2243] T d60c9af449e24ff9ae0a8ce26b8c07d2 P e7d6739db6e54080b1cc06c487196941 [term 3 LEADER]: Raft consensus shutting down.
I20260710 13:12:45.659255 12448 raft_consensus.cc:2272] T d60c9af449e24ff9ae0a8ce26b8c07d2 P e7d6739db6e54080b1cc06c487196941 [term 3 FOLLOWER]: Raft consensus is shut down!
I20260710 13:12:45.660893 12448 tablet_replica.cc:333] T eae3cc1b738e432fbe59f8b634d535cc P e7d6739db6e54080b1cc06c487196941: stopping tablet replica
I20260710 13:12:45.661381 12448 raft_consensus.cc:2243] T eae3cc1b738e432fbe59f8b634d535cc P e7d6739db6e54080b1cc06c487196941 [term 3 LEADER]: Raft consensus shutting down.
I20260710 13:12:45.662079 12448 raft_consensus.cc:2272] T eae3cc1b738e432fbe59f8b634d535cc P e7d6739db6e54080b1cc06c487196941 [term 3 FOLLOWER]: Raft consensus is shut down!
I20260710 13:12:45.663757 12448 tablet_replica.cc:333] T 55bd783ce3504d57bcf49935e7214078 P e7d6739db6e54080b1cc06c487196941: stopping tablet replica
I20260710 13:12:45.664234 12448 raft_consensus.cc:2243] T 55bd783ce3504d57bcf49935e7214078 P e7d6739db6e54080b1cc06c487196941 [term 2 FOLLOWER]: Raft consensus shutting down.
I20260710 13:12:45.664614 12448 raft_consensus.cc:2272] T 55bd783ce3504d57bcf49935e7214078 P e7d6739db6e54080b1cc06c487196941 [term 2 FOLLOWER]: Raft consensus is shut down!
I20260710 13:12:45.667197 12448 tablet_replica.cc:333] T 3c837df257bc4bdbb819b6cd56a79f14 P e7d6739db6e54080b1cc06c487196941: stopping tablet replica
I20260710 13:12:45.667703 12448 raft_consensus.cc:2243] T 3c837df257bc4bdbb819b6cd56a79f14 P e7d6739db6e54080b1cc06c487196941 [term 5 FOLLOWER]: Raft consensus shutting down.
I20260710 13:12:45.668099 12448 raft_consensus.cc:2272] T 3c837df257bc4bdbb819b6cd56a79f14 P e7d6739db6e54080b1cc06c487196941 [term 5 FOLLOWER]: Raft consensus is shut down!
I20260710 13:12:45.670117 12448 tablet_replica.cc:333] T bf56bc054e0b454393077b998d6b4a30 P e7d6739db6e54080b1cc06c487196941: stopping tablet replica
I20260710 13:12:45.670584 12448 raft_consensus.cc:2243] T bf56bc054e0b454393077b998d6b4a30 P e7d6739db6e54080b1cc06c487196941 [term 1 LEADER]: Raft consensus shutting down.
I20260710 13:12:45.671367 12448 raft_consensus.cc:2272] T bf56bc054e0b454393077b998d6b4a30 P e7d6739db6e54080b1cc06c487196941 [term 1 FOLLOWER]: Raft consensus is shut down!
I20260710 13:12:45.673110 12448 tablet_replica.cc:333] T b3ad9e3109b84766854c3a2fde17a0b2 P e7d6739db6e54080b1cc06c487196941: stopping tablet replica
I20260710 13:12:45.673563 12448 raft_consensus.cc:2243] T b3ad9e3109b84766854c3a2fde17a0b2 P e7d6739db6e54080b1cc06c487196941 [term 2 FOLLOWER]: Raft consensus shutting down.
I20260710 13:12:45.673974 12448 raft_consensus.cc:2272] T b3ad9e3109b84766854c3a2fde17a0b2 P e7d6739db6e54080b1cc06c487196941 [term 2 FOLLOWER]: Raft consensus is shut down!
I20260710 13:12:45.675480 12448 tablet_replica.cc:333] T 03027a946ea84a48a043b430c4d39a13 P e7d6739db6e54080b1cc06c487196941: stopping tablet replica
I20260710 13:12:45.675933 12448 raft_consensus.cc:2243] T 03027a946ea84a48a043b430c4d39a13 P e7d6739db6e54080b1cc06c487196941 [term 3 FOLLOWER]: Raft consensus shutting down.
I20260710 13:12:45.676302 12448 raft_consensus.cc:2272] T 03027a946ea84a48a043b430c4d39a13 P e7d6739db6e54080b1cc06c487196941 [term 3 FOLLOWER]: Raft consensus is shut down!
I20260710 13:12:45.678042 12448 tablet_replica.cc:333] T f9eb18cc955d4ad68c75b508c15a5b9f P e7d6739db6e54080b1cc06c487196941: stopping tablet replica
I20260710 13:12:45.678462 12448 raft_consensus.cc:2243] T f9eb18cc955d4ad68c75b508c15a5b9f P e7d6739db6e54080b1cc06c487196941 [term 2 FOLLOWER]: Raft consensus shutting down.
I20260710 13:12:45.678841 12448 raft_consensus.cc:2272] T f9eb18cc955d4ad68c75b508c15a5b9f P e7d6739db6e54080b1cc06c487196941 [term 2 FOLLOWER]: Raft consensus is shut down!
I20260710 13:12:45.707214 12448 tablet_server.cc:196] TabletServer@127.12.40.2:0 shutdown complete.
I20260710 13:12:45.723490 12448 tablet_server.cc:179] TabletServer@127.12.40.3:0 shutting down...
I20260710 13:12:45.748747 12448 ts_tablet_manager.cc:1507] Shutting down tablet manager...
I20260710 13:12:45.749415 12448 tablet_replica.cc:333] T bf56bc054e0b454393077b998d6b4a30 P 0b5d1c35017640469e3842844d5ac0b6: stopping tablet replica
I20260710 13:12:45.749979 12448 raft_consensus.cc:2243] T bf56bc054e0b454393077b998d6b4a30 P 0b5d1c35017640469e3842844d5ac0b6 [term 1 FOLLOWER]: Raft consensus shutting down.
I20260710 13:12:45.750378 12448 raft_consensus.cc:2272] T bf56bc054e0b454393077b998d6b4a30 P 0b5d1c35017640469e3842844d5ac0b6 [term 1 FOLLOWER]: Raft consensus is shut down!
I20260710 13:12:45.752027 12448 tablet_replica.cc:333] T d60c9af449e24ff9ae0a8ce26b8c07d2 P 0b5d1c35017640469e3842844d5ac0b6: stopping tablet replica
I20260710 13:12:45.752489 12448 raft_consensus.cc:2243] T d60c9af449e24ff9ae0a8ce26b8c07d2 P 0b5d1c35017640469e3842844d5ac0b6 [term 3 FOLLOWER]: Raft consensus shutting down.
I20260710 13:12:45.752862 12448 raft_consensus.cc:2272] T d60c9af449e24ff9ae0a8ce26b8c07d2 P 0b5d1c35017640469e3842844d5ac0b6 [term 3 FOLLOWER]: Raft consensus is shut down!
I20260710 13:12:45.754412 12448 tablet_replica.cc:333] T 03027a946ea84a48a043b430c4d39a13 P 0b5d1c35017640469e3842844d5ac0b6: stopping tablet replica
I20260710 13:12:45.754853 12448 raft_consensus.cc:2243] T 03027a946ea84a48a043b430c4d39a13 P 0b5d1c35017640469e3842844d5ac0b6 [term 3 FOLLOWER]: Raft consensus shutting down.
I20260710 13:12:45.755266 12448 raft_consensus.cc:2272] T 03027a946ea84a48a043b430c4d39a13 P 0b5d1c35017640469e3842844d5ac0b6 [term 3 FOLLOWER]: Raft consensus is shut down!
I20260710 13:12:45.757076 12448 tablet_replica.cc:333] T b3ad9e3109b84766854c3a2fde17a0b2 P 0b5d1c35017640469e3842844d5ac0b6: stopping tablet replica
I20260710 13:12:45.757617 12448 raft_consensus.cc:2243] T b3ad9e3109b84766854c3a2fde17a0b2 P 0b5d1c35017640469e3842844d5ac0b6 [term 2 LEADER]: Raft consensus shutting down.
I20260710 13:12:45.758332 12448 raft_consensus.cc:2272] T b3ad9e3109b84766854c3a2fde17a0b2 P 0b5d1c35017640469e3842844d5ac0b6 [term 2 FOLLOWER]: Raft consensus is shut down!
I20260710 13:12:45.760003 12448 tablet_replica.cc:333] T f9eb18cc955d4ad68c75b508c15a5b9f P 0b5d1c35017640469e3842844d5ac0b6: stopping tablet replica
I20260710 13:12:45.760469 12448 raft_consensus.cc:2243] T f9eb18cc955d4ad68c75b508c15a5b9f P 0b5d1c35017640469e3842844d5ac0b6 [term 2 LEADER]: Raft consensus shutting down.
I20260710 13:12:45.761153 12448 raft_consensus.cc:2272] T f9eb18cc955d4ad68c75b508c15a5b9f P 0b5d1c35017640469e3842844d5ac0b6 [term 2 FOLLOWER]: Raft consensus is shut down!
I20260710 13:12:45.763010 12448 tablet_replica.cc:333] T 3c837df257bc4bdbb819b6cd56a79f14 P 0b5d1c35017640469e3842844d5ac0b6: stopping tablet replica
I20260710 13:12:45.763558 12448 raft_consensus.cc:2243] T 3c837df257bc4bdbb819b6cd56a79f14 P 0b5d1c35017640469e3842844d5ac0b6 [term 5 FOLLOWER]: Raft consensus shutting down.
I20260710 13:12:45.763950 12448 raft_consensus.cc:2272] T 3c837df257bc4bdbb819b6cd56a79f14 P 0b5d1c35017640469e3842844d5ac0b6 [term 5 FOLLOWER]: Raft consensus is shut down!
I20260710 13:12:45.765734 12448 tablet_replica.cc:333] T 55bd783ce3504d57bcf49935e7214078 P 0b5d1c35017640469e3842844d5ac0b6: stopping tablet replica
I20260710 13:12:45.766187 12448 raft_consensus.cc:2243] T 55bd783ce3504d57bcf49935e7214078 P 0b5d1c35017640469e3842844d5ac0b6 [term 2 FOLLOWER]: Raft consensus shutting down.
I20260710 13:12:45.766558 12448 raft_consensus.cc:2272] T 55bd783ce3504d57bcf49935e7214078 P 0b5d1c35017640469e3842844d5ac0b6 [term 2 FOLLOWER]: Raft consensus is shut down!
I20260710 13:12:45.768424 12448 tablet_replica.cc:333] T 86c956daee9b40c0b4b03a844bc28e94 P 0b5d1c35017640469e3842844d5ac0b6: stopping tablet replica
I20260710 13:12:45.768872 12448 raft_consensus.cc:2243] T 86c956daee9b40c0b4b03a844bc28e94 P 0b5d1c35017640469e3842844d5ac0b6 [term 3 LEADER]: Raft consensus shutting down.
I20260710 13:12:45.769523 12448 raft_consensus.cc:2272] T 86c956daee9b40c0b4b03a844bc28e94 P 0b5d1c35017640469e3842844d5ac0b6 [term 3 FOLLOWER]: Raft consensus is shut down!
I20260710 13:12:45.771489 12448 tablet_replica.cc:333] T eae3cc1b738e432fbe59f8b634d535cc P 0b5d1c35017640469e3842844d5ac0b6: stopping tablet replica
I20260710 13:12:45.771911 12448 raft_consensus.cc:2243] T eae3cc1b738e432fbe59f8b634d535cc P 0b5d1c35017640469e3842844d5ac0b6 [term 3 FOLLOWER]: Raft consensus shutting down.
I20260710 13:12:45.772303 12448 raft_consensus.cc:2272] T eae3cc1b738e432fbe59f8b634d535cc P 0b5d1c35017640469e3842844d5ac0b6 [term 3 FOLLOWER]: Raft consensus is shut down!
I20260710 13:12:45.818034 12448 tablet_server.cc:196] TabletServer@127.12.40.3:0 shutdown complete.
I20260710 13:12:45.834825 12448 master.cc:562] Master@127.12.40.62:42143 shutting down...
I20260710 13:12:45.974031 12448 raft_consensus.cc:2243] T 00000000000000000000000000000000 P 978ac373a1ce470e92efdd1c0dd73a1b [term 1 LEADER]: Raft consensus shutting down.
I20260710 13:12:45.974666 12448 raft_consensus.cc:2272] T 00000000000000000000000000000000 P 978ac373a1ce470e92efdd1c0dd73a1b [term 1 FOLLOWER]: Raft consensus is shut down!
I20260710 13:12:45.975133 12448 tablet_replica.cc:333] T 00000000000000000000000000000000 P 978ac373a1ce470e92efdd1c0dd73a1b: stopping tablet replica
I20260710 13:12:45.994812 12448 master.cc:584] Master@127.12.40.62:42143 shutdown complete.
0b5d1c35017640469e3842844d5ac0b6  1
a6e6edd0379743e2a832998ba4fdc724  4
e7d6739db6e54080b1cc06c487196941  4
[       OK ] LeaderRebalancerTest.FunctionalTestForDivided (13078 ms)
[ RUN      ] LeaderRebalancerTest.FunctionalTestForNotDivided
I20260710 13:12:46.035742 12448 internal_mini_cluster.cc:156] Creating distributed mini masters. Addrs: 127.12.40.62:39805
I20260710 13:12:46.036916 12448 file_cache.cc:504] Constructed file cache file cache with capacity 419430
W20260710 13:12:46.042302 12951 instance_detector.cc:116] could not retrieve AWS instance metadata: Network error: curl error: HTTP response code said error: The requested URL returned error: 404
W20260710 13:12:46.043877 12952 instance_detector.cc:116] could not retrieve Azure instance metadata: Network error: curl error: HTTP response code said error: The requested URL returned error: 404
W20260710 13:12:46.044307 12954 instance_detector.cc:116] could not retrieve OpenStack instance metadata: Network error: curl error: HTTP response code said error: The requested URL returned error: 404
I20260710 13:12:46.045162 12448 server_base.cc:1061] running on GCE node
I20260710 13:12:46.045950 12448 hybrid_clock.cc:584] initializing the hybrid clock with 'system_unsync' time source
W20260710 13:12:46.046134 12448 system_unsync_time.cc:38] NTP support is disabled. Clock error bounds will not be accurate. This configuration is not suitable for distributed clusters.
I20260710 13:12:46.046253 12448 hybrid_clock.cc:648] HybridClock initialized: now 1783689166046242 us; error 0 us; skew 500 ppm
I20260710 13:12:46.046722 12448 server_base.cc:861] Flag tcmalloc_max_total_thread_cache_bytes is not working since tcmalloc is not enabled.
I20260710 13:12:46.049265 12448 webserver.cc:533] Webserver started at http://127.12.40.62:45319/ using document root <none> and password file <none>
I20260710 13:12:46.049737 12448 fs_manager.cc:362] Metadata directory not provided
I20260710 13:12:46.049896 12448 fs_manager.cc:368] Using write-ahead log directory (fs_wal_dir) as metadata directory
I20260710 13:12:46.050124 12448 server_base.cc:909] This appears to be a new deployment of Kudu; creating new FS layout
I20260710 13:12:46.051282 12448 fs_manager.cc:1068] Generated new instance metadata in path /tmp/dist-test-taskuMsfNA/test-tmp/auto_leader_rebalancer-test.0.LeaderRebalancerTest.FunctionalTestForNotDivided.1783689152792027-12448-0/minicluster-data/master-0-root/instance:
uuid: "3d7ed400f4df4d56af19089bcc613f86"
format_stamp: "Formatted at 2026-07-10 13:12:46 on dist-test-slave-f9vl"
I20260710 13:12:46.055656 12448 fs_manager.cc:696] Time spent creating directory manager: real 0.004s	user 0.003s	sys 0.001s
I20260710 13:12:46.058905 12959 log_block_manager.cc:4127] Time spent loading block containers with low live blocks: real 0.000s	user 0.000s	sys 0.000s
I20260710 13:12:46.059693 12448 fs_manager.cc:730] Time spent opening block manager: real 0.002s	user 0.002s	sys 0.001s
I20260710 13:12:46.059988 12448 fs_manager.cc:647] Opened local filesystem: /tmp/dist-test-taskuMsfNA/test-tmp/auto_leader_rebalancer-test.0.LeaderRebalancerTest.FunctionalTestForNotDivided.1783689152792027-12448-0/minicluster-data/master-0-root
uuid: "3d7ed400f4df4d56af19089bcc613f86"
format_stamp: "Formatted at 2026-07-10 13:12:46 on dist-test-slave-f9vl"
I20260710 13:12:46.060269 12448 fs_report.cc:389] FS layout report
--------------------
wal directory: /tmp/dist-test-taskuMsfNA/test-tmp/auto_leader_rebalancer-test.0.LeaderRebalancerTest.FunctionalTestForNotDivided.1783689152792027-12448-0/minicluster-data/master-0-root
metadata directory: /tmp/dist-test-taskuMsfNA/test-tmp/auto_leader_rebalancer-test.0.LeaderRebalancerTest.FunctionalTestForNotDivided.1783689152792027-12448-0/minicluster-data/master-0-root
1 data directories: /tmp/dist-test-taskuMsfNA/test-tmp/auto_leader_rebalancer-test.0.LeaderRebalancerTest.FunctionalTestForNotDivided.1783689152792027-12448-0/minicluster-data/master-0-root/data
Total live blocks: 0
Total live bytes: 0
Total live bytes (after alignment): 0
Total number of LBM containers: 0 (0 full)
Did not check for missing blocks
Did not check for orphaned blocks
Total full LBM containers with extra space: 0 (0 repaired)
Total full LBM container extra space in bytes: 0 (0 repaired)
Total incomplete LBM containers: 0 (0 repaired)
Total LBM partial records: 0 (0 repaired)
Total corrupted LBM metadata records in RocksDB: 0 (0 repaired)
I20260710 13:12:46.096083 12448 rpc_server.cc:225] running with OpenSSL 1.1.1  11 Sep 2018
I20260710 13:12:46.097786 12448 kserver.cc:163] Server-wide thread pool size limit: 3276
I20260710 13:12:46.136102 12448 rpc_server.cc:307] RPC server started. Bound to: 127.12.40.62:39805
I20260710 13:12:46.136197 13010 acceptor_pool.cc:272] collecting diagnostics on the listening RPC socket 127.12.40.62:39805 every 8 connection(s)
I20260710 13:12:46.140000 13011 data_dirs.cc:400] Could only allocate 1 dirs of requested 3 for tablet 00000000000000000000000000000000. 1 dirs total, 0 dirs full, 0 dirs failed
I20260710 13:12:46.149240 13011 tablet_bootstrap.cc:492] T 00000000000000000000000000000000 P 3d7ed400f4df4d56af19089bcc613f86: Bootstrap starting.
I20260710 13:12:46.153750 13011 tablet_bootstrap.cc:654] T 00000000000000000000000000000000 P 3d7ed400f4df4d56af19089bcc613f86: Neither blocks nor log segments found. Creating new log.
I20260710 13:12:46.157950 13011 tablet_bootstrap.cc:492] T 00000000000000000000000000000000 P 3d7ed400f4df4d56af19089bcc613f86: No bootstrap required, opened a new log
I20260710 13:12:46.160066 13011 raft_consensus.cc:359] T 00000000000000000000000000000000 P 3d7ed400f4df4d56af19089bcc613f86 [term 0 FOLLOWER]: Replica starting. Triggering 0 pending ops. Active config: opid_index: -1 OBSOLETE_local: true peers { permanent_uuid: "3d7ed400f4df4d56af19089bcc613f86" member_type: VOTER }
I20260710 13:12:46.160442 13011 raft_consensus.cc:385] T 00000000000000000000000000000000 P 3d7ed400f4df4d56af19089bcc613f86 [term 0 FOLLOWER]: Consensus starting up: Expiring failure detector timer to make a prompt election more likely
I20260710 13:12:46.160621 13011 raft_consensus.cc:740] T 00000000000000000000000000000000 P 3d7ed400f4df4d56af19089bcc613f86 [term 0 FOLLOWER]: Becoming Follower/Learner. State: Replica: 3d7ed400f4df4d56af19089bcc613f86, State: Initialized, Role: FOLLOWER
I20260710 13:12:46.161187 13011 consensus_queue.cc:260] T 00000000000000000000000000000000 P 3d7ed400f4df4d56af19089bcc613f86 [NON_LEADER]: Queue going to NON_LEADER mode. State: All replicated index: 0, Majority replicated index: 0, Committed index: 0, Last appended: 0.0, Last appended by leader: 0, Current term: 0, Majority size: -1, State: 0, Mode: NON_LEADER, active raft config: opid_index: -1 OBSOLETE_local: true peers { permanent_uuid: "3d7ed400f4df4d56af19089bcc613f86" member_type: VOTER }
I20260710 13:12:46.161586 13011 raft_consensus.cc:399] T 00000000000000000000000000000000 P 3d7ed400f4df4d56af19089bcc613f86 [term 0 FOLLOWER]: Only one voter in the Raft config. Triggering election immediately
I20260710 13:12:46.161834 13011 raft_consensus.cc:493] T 00000000000000000000000000000000 P 3d7ed400f4df4d56af19089bcc613f86 [term 0 FOLLOWER]: Starting leader election (initial election of a single-replica configuration)
I20260710 13:12:46.162071 13011 raft_consensus.cc:3060] T 00000000000000000000000000000000 P 3d7ed400f4df4d56af19089bcc613f86 [term 0 FOLLOWER]: Advancing to term 1
I20260710 13:12:46.166088 13011 raft_consensus.cc:515] T 00000000000000000000000000000000 P 3d7ed400f4df4d56af19089bcc613f86 [term 1 FOLLOWER]: Starting leader election with config: opid_index: -1 OBSOLETE_local: true peers { permanent_uuid: "3d7ed400f4df4d56af19089bcc613f86" member_type: VOTER }
I20260710 13:12:46.166540 13011 leader_election.cc:304] T 00000000000000000000000000000000 P 3d7ed400f4df4d56af19089bcc613f86 [CANDIDATE]: Term 1 election: Election decided. Result: candidate won. Election summary: received 1 responses out of 1 voters: 1 yes votes; 0 no votes. yes voters: 3d7ed400f4df4d56af19089bcc613f86; no voters: 
I20260710 13:12:46.167613 13011 leader_election.cc:290] T 00000000000000000000000000000000 P 3d7ed400f4df4d56af19089bcc613f86 [CANDIDATE]: Term 1 election: Requested vote from peers 
I20260710 13:12:46.167944 13014 raft_consensus.cc:2804] T 00000000000000000000000000000000 P 3d7ed400f4df4d56af19089bcc613f86 [term 1 FOLLOWER]: Leader election won for term 1
I20260710 13:12:46.169301 13014 raft_consensus.cc:697] T 00000000000000000000000000000000 P 3d7ed400f4df4d56af19089bcc613f86 [term 1 LEADER]: Becoming Leader. State: Replica: 3d7ed400f4df4d56af19089bcc613f86, State: Running, Role: LEADER
I20260710 13:12:46.169997 13014 consensus_queue.cc:237] T 00000000000000000000000000000000 P 3d7ed400f4df4d56af19089bcc613f86 [LEADER]: Queue going to LEADER mode. State: All replicated index: 0, Majority replicated index: 0, Committed index: 0, Last appended: 0.0, Last appended by leader: 0, Current term: 1, Majority size: 1, State: 0, Mode: LEADER, active raft config: opid_index: -1 OBSOLETE_local: true peers { permanent_uuid: "3d7ed400f4df4d56af19089bcc613f86" member_type: VOTER }
I20260710 13:12:46.170578 13011 sys_catalog.cc:565] T 00000000000000000000000000000000 P 3d7ed400f4df4d56af19089bcc613f86 [sys.catalog]: configured and running, proceeding with master startup.
I20260710 13:12:46.174543 13015 sys_catalog.cc:455] T 00000000000000000000000000000000 P 3d7ed400f4df4d56af19089bcc613f86 [sys.catalog]: SysCatalogTable state changed. Reason: RaftConsensus started. Latest consensus state: current_term: 1 leader_uuid: "3d7ed400f4df4d56af19089bcc613f86" committed_config { opid_index: -1 OBSOLETE_local: true peers { permanent_uuid: "3d7ed400f4df4d56af19089bcc613f86" member_type: VOTER } }
I20260710 13:12:46.175236 13015 sys_catalog.cc:458] T 00000000000000000000000000000000 P 3d7ed400f4df4d56af19089bcc613f86 [sys.catalog]: This master's current role is: LEADER
I20260710 13:12:46.175144 13016 sys_catalog.cc:455] T 00000000000000000000000000000000 P 3d7ed400f4df4d56af19089bcc613f86 [sys.catalog]: SysCatalogTable state changed. Reason: New leader 3d7ed400f4df4d56af19089bcc613f86. Latest consensus state: current_term: 1 leader_uuid: "3d7ed400f4df4d56af19089bcc613f86" committed_config { opid_index: -1 OBSOLETE_local: true peers { permanent_uuid: "3d7ed400f4df4d56af19089bcc613f86" member_type: VOTER } }
I20260710 13:12:46.175704 13016 sys_catalog.cc:458] T 00000000000000000000000000000000 P 3d7ed400f4df4d56af19089bcc613f86 [sys.catalog]: This master's current role is: LEADER
I20260710 13:12:46.177672 13020 catalog_manager.cc:1511] Loading table and tablet metadata into memory...
I20260710 13:12:46.185913 13020 catalog_manager.cc:1520] Initializing Kudu cluster ID...
I20260710 13:12:46.189275 12448 internal_mini_cluster.cc:184] Waiting to initialize catalog manager on master 0
I20260710 13:12:46.195976 13020 catalog_manager.cc:1383] Generated new cluster ID: 4b0f77c279ea4e00bcbd6ee7382a2ff0
I20260710 13:12:46.196326 13020 catalog_manager.cc:1531] Initializing Kudu internal certificate authority...
I20260710 13:12:46.220811 13020 catalog_manager.cc:1406] Generated new certificate authority record
I20260710 13:12:46.222275 13020 catalog_manager.cc:1540] Loading token signing keys...
I20260710 13:12:46.234591 13020 catalog_manager.cc:6070] T 00000000000000000000000000000000 P 3d7ed400f4df4d56af19089bcc613f86: Generated new TSK 0
I20260710 13:12:46.235253 13020 catalog_manager.cc:1550] Initializing in-progress tserver states...
I20260710 13:12:46.255817 12448 file_cache.cc:504] Constructed file cache file cache with capacity 419430
W20260710 13:12:46.261750 13032 instance_detector.cc:116] could not retrieve AWS instance metadata: Network error: curl error: HTTP response code said error: The requested URL returned error: 404
W20260710 13:12:46.262850 13033 instance_detector.cc:116] could not retrieve Azure instance metadata: Network error: curl error: HTTP response code said error: The requested URL returned error: 404
W20260710 13:12:46.264487 13035 instance_detector.cc:116] could not retrieve OpenStack instance metadata: Network error: curl error: HTTP response code said error: The requested URL returned error: 404
I20260710 13:12:46.265027 12448 server_base.cc:1061] running on GCE node
I20260710 13:12:46.265775 12448 hybrid_clock.cc:584] initializing the hybrid clock with 'system_unsync' time source
W20260710 13:12:46.265980 12448 system_unsync_time.cc:38] NTP support is disabled. Clock error bounds will not be accurate. This configuration is not suitable for distributed clusters.
I20260710 13:12:46.266162 12448 hybrid_clock.cc:648] HybridClock initialized: now 1783689166266148 us; error 0 us; skew 500 ppm
I20260710 13:12:46.266712 12448 server_base.cc:861] Flag tcmalloc_max_total_thread_cache_bytes is not working since tcmalloc is not enabled.
I20260710 13:12:46.269109 12448 webserver.cc:533] Webserver started at http://127.12.40.1:42877/ using document root <none> and password file <none>
I20260710 13:12:46.269593 12448 fs_manager.cc:362] Metadata directory not provided
I20260710 13:12:46.269776 12448 fs_manager.cc:368] Using write-ahead log directory (fs_wal_dir) as metadata directory
I20260710 13:12:46.270057 12448 server_base.cc:909] This appears to be a new deployment of Kudu; creating new FS layout
I20260710 13:12:46.271219 12448 fs_manager.cc:1068] Generated new instance metadata in path /tmp/dist-test-taskuMsfNA/test-tmp/auto_leader_rebalancer-test.0.LeaderRebalancerTest.FunctionalTestForNotDivided.1783689152792027-12448-0/minicluster-data/ts-0-root/instance:
uuid: "b476408cae91414f88abdd5fb08c76c2"
format_stamp: "Formatted at 2026-07-10 13:12:46 on dist-test-slave-f9vl"
I20260710 13:12:46.275671 12448 fs_manager.cc:696] Time spent creating directory manager: real 0.004s	user 0.003s	sys 0.001s
I20260710 13:12:46.278999 13040 log_block_manager.cc:4127] Time spent loading block containers with low live blocks: real 0.000s	user 0.000s	sys 0.000s
I20260710 13:12:46.279783 12448 fs_manager.cc:730] Time spent opening block manager: real 0.002s	user 0.002s	sys 0.001s
I20260710 13:12:46.280076 12448 fs_manager.cc:647] Opened local filesystem: /tmp/dist-test-taskuMsfNA/test-tmp/auto_leader_rebalancer-test.0.LeaderRebalancerTest.FunctionalTestForNotDivided.1783689152792027-12448-0/minicluster-data/ts-0-root
uuid: "b476408cae91414f88abdd5fb08c76c2"
format_stamp: "Formatted at 2026-07-10 13:12:46 on dist-test-slave-f9vl"
I20260710 13:12:46.280354 12448 fs_report.cc:389] FS layout report
--------------------
wal directory: /tmp/dist-test-taskuMsfNA/test-tmp/auto_leader_rebalancer-test.0.LeaderRebalancerTest.FunctionalTestForNotDivided.1783689152792027-12448-0/minicluster-data/ts-0-root
metadata directory: /tmp/dist-test-taskuMsfNA/test-tmp/auto_leader_rebalancer-test.0.LeaderRebalancerTest.FunctionalTestForNotDivided.1783689152792027-12448-0/minicluster-data/ts-0-root
1 data directories: /tmp/dist-test-taskuMsfNA/test-tmp/auto_leader_rebalancer-test.0.LeaderRebalancerTest.FunctionalTestForNotDivided.1783689152792027-12448-0/minicluster-data/ts-0-root/data
Total live blocks: 0
Total live bytes: 0
Total live bytes (after alignment): 0
Total number of LBM containers: 0 (0 full)
Did not check for missing blocks
Did not check for orphaned blocks
Total full LBM containers with extra space: 0 (0 repaired)
Total full LBM container extra space in bytes: 0 (0 repaired)
Total incomplete LBM containers: 0 (0 repaired)
Total LBM partial records: 0 (0 repaired)
Total corrupted LBM metadata records in RocksDB: 0 (0 repaired)
I20260710 13:12:46.291182 12448 rpc_server.cc:225] running with OpenSSL 1.1.1  11 Sep 2018
I20260710 13:12:46.292449 12448 kserver.cc:163] Server-wide thread pool size limit: 3276
I20260710 13:12:46.293954 12448 txn_system_client.cc:432] TxnSystemClient initialization is disabled...
I20260710 13:12:46.296322 12448 ts_tablet_manager.cc:585] Loaded tablet metadata (0 total tablets, 0 live tablets)
I20260710 13:12:46.296547 12448 ts_tablet_manager.cc:531] Time spent load tablet metadata: real 0.000s	user 0.000s	sys 0.000s
I20260710 13:12:46.296813 12448 ts_tablet_manager.cc:616] Registered 0 tablets
I20260710 13:12:46.297013 12448 ts_tablet_manager.cc:595] Time spent register tablets: real 0.000s	user 0.000s	sys 0.000s
I20260710 13:12:46.337508 12448 rpc_server.cc:307] RPC server started. Bound to: 127.12.40.1:37623
I20260710 13:12:46.337610 13102 acceptor_pool.cc:272] collecting diagnostics on the listening RPC socket 127.12.40.1:37623 every 8 connection(s)
I20260710 13:12:46.342603 12448 file_cache.cc:504] Constructed file cache file cache with capacity 419430
W20260710 13:12:46.349536 13107 instance_detector.cc:116] could not retrieve AWS instance metadata: Network error: curl error: HTTP response code said error: The requested URL returned error: 404
W20260710 13:12:46.350131 13108 instance_detector.cc:116] could not retrieve Azure instance metadata: Network error: curl error: HTTP response code said error: The requested URL returned error: 404
